[INFO] cloning repository https://github.com/mashiro-no-rabo/tcod-roguelike
[INFO] running `Command { std: "git" "-c" "credential.helper=" "-c" "credential.helper=/workspace/cargo-home/bin/git-credential-null" "clone" "--bare" "https://github.com/mashiro-no-rabo/tcod-roguelike" "/workspace/cache/git-repos/https%3A%2F%2Fgithub.com%2Fmashiro-no-rabo%2Ftcod-roguelike", kill_on_drop: false }`
[INFO] [stderr] Cloning into bare repository '/workspace/cache/git-repos/https%3A%2F%2Fgithub.com%2Fmashiro-no-rabo%2Ftcod-roguelike'...
[INFO] running `Command { std: "git" "rev-parse" "HEAD", kill_on_drop: false }`
[INFO] [stdout] a7e50cf4cfd85a5995153d320eabf84a1724ce85
[INFO] testing mashiro-no-rabo/tcod-roguelike against 1.98.0-beta.8+cargoflags=--release for beta-release-1.99-2
[INFO] running `Command { std: "git" "clone" "/workspace/cache/git-repos/https%3A%2F%2Fgithub.com%2Fmashiro-no-rabo%2Ftcod-roguelike" "/workspace/builds/worker-5-tc1/source", kill_on_drop: false }`
[INFO] [stderr] Cloning into '/workspace/builds/worker-5-tc1/source'...
[INFO] [stderr] done.
[INFO] started tweaking git repo https://github.com/mashiro-no-rabo/tcod-roguelike
[INFO] finished tweaking git repo https://github.com/mashiro-no-rabo/tcod-roguelike
[INFO] tweaked toml for git repo https://github.com/mashiro-no-rabo/tcod-roguelike written to /workspace/builds/worker-5-tc1/source/Cargo.toml
[INFO] validating manifest of git repo https://github.com/mashiro-no-rabo/tcod-roguelike on toolchain 1.98.0-beta.8
[INFO] running `Command { std: CARGO_HOME="/workspace/cargo-home" RUSTUP_HOME="/workspace/rustup-home" "/workspace/cargo-home/bin/cargo" "+1.98.0-beta.8" "metadata" "--manifest-path" "Cargo.toml" "--no-deps", kill_on_drop: false }`
[INFO] crate git repo https://github.com/mashiro-no-rabo/tcod-roguelike already has a lockfile, it will not be regenerated
[INFO] running `Command { std: CARGO_HOME="/workspace/cargo-home" RUSTUP_HOME="/workspace/rustup-home" "/workspace/cargo-home/bin/cargo" "+1.98.0-beta.8" "fetch" "--manifest-path" "Cargo.toml", kill_on_drop: false }`
[INFO] [stderr]     Updating crates.io index
[INFO] [stderr]  Downloading crates ...
[INFO] [stderr]   Downloaded specs v0.14.3
[INFO] [stderr]   Downloaded bitflags v0.1.1
[INFO] [stderr]   Downloaded tuple_utils v0.2.0
[INFO] [stderr]   Downloaded nonzero_signed v1.0.3
[INFO] [stderr]   Downloaded crossbeam-utils v0.2.2
[INFO] [stderr]   Downloaded mopa v0.2.2
[INFO] [stderr]   Downloaded shrev v1.0.1
[INFO] [stderr]   Downloaded shred-derive v0.5.1
[INFO] [stderr]   Downloaded crossbeam-deque v0.5.2
[INFO] [stderr]   Downloaded either v1.5.1
[INFO] [stderr]   Downloaded crossbeam-utils v0.5.0
[INFO] [stderr]   Downloaded crossbeam-deque v0.2.0
[INFO] [stderr]   Downloaded crossbeam-channel v0.2.6
[INFO] [stderr]   Downloaded parking_lot v0.6.4
[INFO] [stderr]   Downloaded parking_lot_core v0.3.1
[INFO] [stderr]   Downloaded hibitset v0.5.4
[INFO] [stderr]   Downloaded crossbeam v0.4.1
[INFO] [stderr]   Downloaded owning_ref v0.3.3
[INFO] [stderr]   Downloaded shred v0.7.1
[INFO] [stderr]   Downloaded derivative v1.0.2
[INFO] [stderr]   Downloaded crossbeam-epoch v0.3.1
[INFO] [stderr]   Downloaded crossbeam-epoch v0.5.2
[INFO] [stderr]   Downloaded crossbeam-epoch v0.6.1
[INFO] [stderr]   Downloaded parking_lot v0.5.5
[INFO] [stderr]   Downloaded rayon-core v1.4.1
[INFO] [stderr]   Downloaded atom v0.3.5
[INFO] [stderr]   Downloaded rayon v1.0.3
[INFO] [stderr]   Downloaded tcod v0.13.0
[INFO] [stderr]   Downloaded tcod-sys v5.0.0
[INFO] running `Command { std: "docker" "create" "-v" "/var/lib/crater-agent-workspace/builds/worker-5-tc1/source:/opt/rustwide/workdir:ro,Z" "-v" "/var/lib/crater-agent-workspace/builds/worker-5-tc1/target:/opt/rustwide/target:rw,Z" "-v" "/var/lib/crater-agent-workspace/cargo-home:/opt/rustwide/cargo-home:ro,Z" "-v" "/var/lib/crater-agent-workspace/rustup-home:/opt/rustwide/rustup-home:ro,Z" "-m" "1610612736" "--network" "none" "ghcr.io/rust-lang/crates-build-env/linux@sha256:8683fc1fc2eb5c9ac98e0d076ab094b2ffac7f99da555d2b6a2e27f346de2ec7" "sleep" "infinity", kill_on_drop: false }`
[INFO] [stdout] 0e0e63b1f2526ebac034fdf06f7df57f06689eebc6fd085f7cb410cae9268ded
[INFO] running `Command { std: "docker" "start" "0e0e63b1f2526ebac034fdf06f7df57f06689eebc6fd085f7cb410cae9268ded", kill_on_drop: false }`
[INFO] running `Command { std: "docker" "inspect" "0e0e63b1f2526ebac034fdf06f7df57f06689eebc6fd085f7cb410cae9268ded", kill_on_drop: false }`
[INFO] running `Command { std: "docker" "exec" "-e" "SOURCE_DIR=/opt/rustwide/workdir" "-e" "CARGO_HOME=/opt/rustwide/cargo-home" "-e" "RUSTUP_HOME=/opt/rustwide/rustup-home" "-e" "CARGO_TARGET_DIR=/opt/rustwide/target" "-w" "/opt/rustwide/workdir" "--user" "0:0" "0e0e63b1f2526ebac034fdf06f7df57f06689eebc6fd085f7cb410cae9268ded" "/opt/rustwide/cargo-home/bin/cargo" "+1.98.0-beta.8" "metadata" "--no-deps" "--format-version=1", kill_on_drop: false }`
[INFO] running `Command { std: "docker" "inspect" "0e0e63b1f2526ebac034fdf06f7df57f06689eebc6fd085f7cb410cae9268ded", kill_on_drop: false }`
[INFO] running `Command { std: "docker" "exec" "-e" "SOURCE_DIR=/opt/rustwide/workdir" "-e" "CARGO_HOME=/opt/rustwide/cargo-home" "-e" "RUSTUP_HOME=/opt/rustwide/rustup-home" "-e" "CARGO_TARGET_DIR=/opt/rustwide/target" "-e" "CARGO_INCREMENTAL=0" "-e" "RUST_BACKTRACE=full" "-e" "RUSTFLAGS=--cap-lints=warn" "-e" "RUSTDOCFLAGS=--cap-lints=warn" "-w" "/opt/rustwide/workdir" "--user" "0:0" "0e0e63b1f2526ebac034fdf06f7df57f06689eebc6fd085f7cb410cae9268ded" "/opt/rustwide/cargo-home/bin/cargo" "+1.98.0-beta.8" "build" "--frozen" "--message-format=json" "--release", kill_on_drop: false }`
[INFO] [stderr]    Compiling libc v0.2.49
[INFO] [stderr]    Compiling rand_core v0.4.0
[INFO] [stderr]    Compiling scopeguard v0.3.3
[INFO] [stderr]    Compiling arrayvec v0.4.10
[INFO] [stderr]    Compiling nodrop v0.1.13
[INFO] [stderr]    Compiling lazy_static v1.3.0
[INFO] [stderr]    Compiling memoffset v0.2.1
[INFO] [stderr]    Compiling stable_deref_trait v1.1.1
[INFO] [stderr]    Compiling smallvec v0.6.9
[INFO] [stderr]    Compiling rayon-core v1.4.1
[INFO] [stderr]    Compiling crossbeam-utils v0.5.0
[INFO] [stderr]    Compiling crossbeam-utils v0.2.2
[INFO] [stderr]    Compiling byteorder v1.3.1
[INFO] [stderr]    Compiling rayon v1.0.3
[INFO] [stderr]    Compiling parking_lot_core v0.3.1
[INFO] [stderr]    Compiling syn v0.15.26
[INFO] [stderr]    Compiling owning_ref v0.4.0
[INFO] [stderr]    Compiling crossbeam-utils v0.6.5
[INFO] [stderr]    Compiling pkg-config v0.3.14
[INFO] [stderr]    Compiling either v1.5.1
[INFO] [stderr]    Compiling owning_ref v0.3.3
[INFO] [stderr]    Compiling rand_pcg v0.1.2
[INFO] [stderr]    Compiling lock_api v0.1.5
[INFO] [stderr]    Compiling rand_chacha v0.1.1
[INFO] [stderr]    Compiling nonzero_signed v1.0.3
[INFO] [stderr]    Compiling rand_core v0.3.1
[INFO] [stderr]    Compiling rand v0.6.5
[INFO] [stderr]    Compiling mopa v0.2.2
[INFO] [stderr]    Compiling atom v0.3.5
[INFO] [stderr]    Compiling rand_xorshift v0.1.1
[INFO] [stderr]    Compiling rand_hc v0.1.0
[INFO] [stderr]    Compiling rand_isaac v0.1.1
[INFO] [stderr]    Compiling rand_jitter v0.1.3
[INFO] [stderr]    Compiling log v0.4.6
[INFO] [stderr]    Compiling tuple_utils v0.2.0
[INFO] [stderr]    Compiling rand v0.5.6
[INFO] [stderr]    Compiling num_cpus v1.10.0
[INFO] [stderr]    Compiling rand v0.4.6
[INFO] [stderr]    Compiling rand_os v0.1.2
[INFO] [stderr]    Compiling tcod-sys v5.0.0
[INFO] [stderr]    Compiling bitflags v0.1.1
[INFO] [stderr]    Compiling fnv v1.0.6
[INFO] [stderr]    Compiling lazy_static v0.1.16
[INFO] [stderr]    Compiling fxhash v0.2.1
[INFO] [stderr]    Compiling crossbeam-epoch v0.3.1
[INFO] [stderr]    Compiling crossbeam-epoch v0.6.1
[INFO] [stderr]    Compiling crossbeam-epoch v0.5.2
[INFO] [stderr]    Compiling crossbeam-deque v0.2.0
[INFO] [stderr]    Compiling crossbeam-deque v0.5.2
[INFO] [stderr]    Compiling parking_lot_core v0.2.14
[INFO] [stderr]    Compiling parking_lot v0.5.5
[INFO] [stderr]    Compiling parking_lot v0.6.4
[INFO] [stderr]    Compiling crossbeam-channel v0.2.6
[INFO] [stderr]    Compiling crossbeam v0.4.1
[INFO] [stderr]    Compiling shred v0.7.1
[INFO] [stderr]    Compiling hibitset v0.5.4
[INFO] [stderr] warning: tcod-sys@5.0.0: libtcod/src/zlib/gzlib.c: In function 'gz_open':
[INFO] [stderr] warning: tcod-sys@5.0.0: libtcod/src/zlib/gzlib.c:14:17: error: implicit declaration of function 'lseek'; did you mean 'fseek'? [-Wimplicit-function-declaration]
[INFO] [stderr] warning: tcod-sys@5.0.0:    14 | #  define LSEEK lseek
[INFO] [stderr] warning: tcod-sys@5.0.0:       |                 ^~~~~
[INFO] [stderr] warning: tcod-sys@5.0.0: libtcod/src/zlib/gzlib.c:256:24: note: in expansion of macro 'LSEEK'
[INFO] [stderr] warning: tcod-sys@5.0.0:   256 |         state->start = LSEEK(state->fd, 0, SEEK_CUR);
[INFO] [stderr] warning: tcod-sys@5.0.0:       |                        ^~~~~
[INFO] [stderr] error: failed to run custom build command for `tcod-sys v5.0.0`
[INFO] [stderr] note: To improve backtraces for build dependencies, set the CARGO_PROFILE_RELEASE_BUILD_OVERRIDE_DEBUG=true environment variable to enable debug information generation.
[INFO] [stderr] 
[INFO] [stderr] Caused by:
[INFO] [stderr]   process didn't exit successfully: `/opt/rustwide/target/release/build/tcod-sys-a9fbc06e07c5005b/build-script-build` (exit status: 101)
[INFO] [stderr]   --- stdout
[INFO] [stderr]   TARGET = Some("x86_64-unknown-linux-gnu")
[INFO] [stderr]   OPT_LEVEL = Some("3")
[INFO] [stderr]   HOST = Some("x86_64-unknown-linux-gnu")
[INFO] [stderr]   CC_x86_64-unknown-linux-gnu = None
[INFO] [stderr]   CC_x86_64_unknown_linux_gnu = None
[INFO] [stderr]   HOST_CC = None
[INFO] [stderr]   CC = None
[INFO] [stderr]   CFLAGS_x86_64-unknown-linux-gnu = None
[INFO] [stderr]   CFLAGS_x86_64_unknown_linux_gnu = None
[INFO] [stderr]   HOST_CFLAGS = None
[INFO] [stderr]   CFLAGS = None
[INFO] [stderr]   DEBUG = Some("false")
[INFO] [stderr]   running: "cc" "-O3" "-ffunction-sections" "-fdata-sections" "-fPIC" "-m64" "-Wall" "-Wextra" "-w" "-o" "/opt/rustwide/target/release/build/tcod-sys-c75d6d2192816de0/out/libtcod/src/zlib/adler32.o" "-c" "libtcod/src/zlib/adler32.c"
[INFO] [stderr]   exit status: 0
[INFO] [stderr]   running: "cc" "-O3" "-ffunction-sections" "-fdata-sections" "-fPIC" "-m64" "-Wall" "-Wextra" "-w" "-o" "/opt/rustwide/target/release/build/tcod-sys-c75d6d2192816de0/out/libtcod/src/zlib/crc32.o" "-c" "libtcod/src/zlib/crc32.c"
[INFO] [stderr]   exit status: 0
[INFO] [stderr]   running: "cc" "-O3" "-ffunction-sections" "-fdata-sections" "-fPIC" "-m64" "-Wall" "-Wextra" "-w" "-o" "/opt/rustwide/target/release/build/tcod-sys-c75d6d2192816de0/out/libtcod/src/zlib/deflate.o" "-c" "libtcod/src/zlib/deflate.c"
[INFO] [stderr]   exit status: 0
[INFO] [stderr]   running: "cc" "-O3" "-ffunction-sections" "-fdata-sections" "-fPIC" "-m64" "-Wall" "-Wextra" "-w" "-o" "/opt/rustwide/target/release/build/tcod-sys-c75d6d2192816de0/out/libtcod/src/zlib/infback.o" "-c" "libtcod/src/zlib/infback.c"
[INFO] [stderr]   exit status: 0
[INFO] [stderr]   running: "cc" "-O3" "-ffunction-sections" "-fdata-sections" "-fPIC" "-m64" "-Wall" "-Wextra" "-w" "-o" "/opt/rustwide/target/release/build/tcod-sys-c75d6d2192816de0/out/libtcod/src/zlib/inffast.o" "-c" "libtcod/src/zlib/inffast.c"
[INFO] [stderr]   exit status: 0
[INFO] [stderr]   running: "cc" "-O3" "-ffunction-sections" "-fdata-sections" "-fPIC" "-m64" "-Wall" "-Wextra" "-w" "-o" "/opt/rustwide/target/release/build/tcod-sys-c75d6d2192816de0/out/libtcod/src/zlib/inflate.o" "-c" "libtcod/src/zlib/inflate.c"
[INFO] [stderr]   exit status: 0
[INFO] [stderr]   running: "cc" "-O3" "-ffunction-sections" "-fdata-sections" "-fPIC" "-m64" "-Wall" "-Wextra" "-w" "-o" "/opt/rustwide/target/release/build/tcod-sys-c75d6d2192816de0/out/libtcod/src/zlib/inftrees.o" "-c" "libtcod/src/zlib/inftrees.c"
[INFO] [stderr]   exit status: 0
[INFO] [stderr]   running: "cc" "-O3" "-ffunction-sections" "-fdata-sections" "-fPIC" "-m64" "-Wall" "-Wextra" "-w" "-o" "/opt/rustwide/target/release/build/tcod-sys-c75d6d2192816de0/out/libtcod/src/zlib/trees.o" "-c" "libtcod/src/zlib/trees.c"
[INFO] [stderr]   exit status: 0
[INFO] [stderr]   running: "cc" "-O3" "-ffunction-sections" "-fdata-sections" "-fPIC" "-m64" "-Wall" "-Wextra" "-w" "-o" "/opt/rustwide/target/release/build/tcod-sys-c75d6d2192816de0/out/libtcod/src/zlib/zutil.o" "-c" "libtcod/src/zlib/zutil.c"
[INFO] [stderr]   exit status: 0
[INFO] [stderr]   running: "cc" "-O3" "-ffunction-sections" "-fdata-sections" "-fPIC" "-m64" "-Wall" "-Wextra" "-w" "-o" "/opt/rustwide/target/release/build/tcod-sys-c75d6d2192816de0/out/libtcod/src/zlib/compress.o" "-c" "libtcod/src/zlib/compress.c"
[INFO] [stderr]   exit status: 0
[INFO] [stderr]   running: "cc" "-O3" "-ffunction-sections" "-fdata-sections" "-fPIC" "-m64" "-Wall" "-Wextra" "-w" "-o" "/opt/rustwide/target/release/build/tcod-sys-c75d6d2192816de0/out/libtcod/src/zlib/uncompr.o" "-c" "libtcod/src/zlib/uncompr.c"
[INFO] [stderr]   exit status: 0
[INFO] [stderr]   running: "cc" "-O3" "-ffunction-sections" "-fdata-sections" "-fPIC" "-m64" "-Wall" "-Wextra" "-w" "-o" "/opt/rustwide/target/release/build/tcod-sys-c75d6d2192816de0/out/libtcod/src/zlib/gzclose.o" "-c" "libtcod/src/zlib/gzclose.c"
[INFO] [stderr]   exit status: 0
[INFO] [stderr]   running: "cc" "-O3" "-ffunction-sections" "-fdata-sections" "-fPIC" "-m64" "-Wall" "-Wextra" "-w" "-o" "/opt/rustwide/target/release/build/tcod-sys-c75d6d2192816de0/out/libtcod/src/zlib/gzlib.o" "-c" "libtcod/src/zlib/gzlib.c"
[INFO] [stderr]   cargo:warning=libtcod/src/zlib/gzlib.c: In function 'gz_open':
[INFO] [stderr]   cargo:warning=libtcod/src/zlib/gzlib.c:14:17: error: implicit declaration of function 'lseek'; did you mean 'fseek'? [-Wimplicit-function-declaration]
[INFO] [stderr]   cargo:warning=   14 | #  define LSEEK lseek
[INFO] [stderr]   cargo:warning=      |                 ^~~~~
[INFO] [stderr]   cargo:warning=libtcod/src/zlib/gzlib.c:256:24: note: in expansion of macro 'LSEEK'
[INFO] [stderr]   cargo:warning=  256 |         state->start = LSEEK(state->fd, 0, SEEK_CUR);
[INFO] [stderr]   cargo:warning=      |                        ^~~~~
[INFO] [stderr]   exit status: 1
[INFO] [stderr] 
[INFO] [stderr]   --- stderr
[INFO] [stderr] 
[INFO] [stderr]   thread 'main' (786) panicked at /opt/rustwide/cargo-home/registry/src/index.crates.io-1949cf8c6b5b557f/cc-1.0.29/src/lib.rs:2314:5:
[INFO] [stderr] 
[INFO] [stderr] 
[INFO] [stderr]   Internal error occurred: Command "cc" "-O3" "-ffunction-sections" "-fdata-sections" "-fPIC" "-m64" "-Wall" "-Wextra" "-w" "-o" "/opt/rustwide/target/release/build/tcod-sys-c75d6d2192816de0/out/libtcod/src/zlib/gzlib.o" "-c" "libtcod/src/zlib/gzlib.c" with args "cc" did not execute successfully (status code exit status: 1).
[INFO] [stderr] 
[INFO] [stderr] 
[INFO] [stderr]   stack backtrace:
[INFO] [stderr]      0:     0x57fb8a9e5eb1 - <<std[97b98282bc616a66]::sys::backtrace::BacktraceLock>::print::DisplayBacktrace as core[832e9a552fc17241]::fmt::Display>::fmt
[INFO] [stderr]      1:     0x57fb8a9f94da - core[832e9a552fc17241]::fmt::write
[INFO] [stderr]      2:     0x57fb8a9eb7dc - <std[97b98282bc616a66]::sys::stdio::unix::Stderr as std[97b98282bc616a66]::io::Write>::write_fmt
[INFO] [stderr]      3:     0x57fb8a9c5c16 - std[97b98282bc616a66]::panicking::default_hook::{closure#0}
[INFO] [stderr]      4:     0x57fb8a9dfba1 - std[97b98282bc616a66]::panicking::default_hook
[INFO] [stderr]      5:     0x57fb8a9dfd5b - std[97b98282bc616a66]::panicking::panic_with_hook
[INFO] [stderr]      6:     0x57fb8a9c5cc2 - std[97b98282bc616a66]::panicking::panic_handler::{closure#0}
[INFO] [stderr]      7:     0x57fb8a9bd459 - std[97b98282bc616a66]::sys::backtrace::__rust_end_short_backtrace::<std[97b98282bc616a66]::panicking::panic_handler::{closure#0}, !>
[INFO] [stderr]      8:     0x57fb8a9c65ad - __rustc[e3d8617bb01b7f69]::rust_begin_unwind
[INFO] [stderr]      9:     0x57fb8a9f9c4c - core[832e9a552fc17241]::panicking::panic_fmt
[INFO] [stderr]     10:     0x57fb8a97be07 - cc[5ce6d4460e592f16]::fail
[INFO] [stderr]     11:     0x57fb8a98a97d - <cc[5ce6d4460e592f16]::Build>::compile
[INFO] [stderr]     12:     0x57fb8a95f3cd - build_script_build[86fc114d14a56f]::build_libz
[INFO] [stderr]     13:     0x57fb8a9607d1 - build_script_build[86fc114d14a56f]::main
[INFO] [stderr]     14:     0x57fb8a964813 - <fn() as core[832e9a552fc17241]::ops::function::FnOnce<()>>::call_once
[INFO] [stderr]     15:     0x57fb8a95ec26 - std[97b98282bc616a66]::sys::backtrace::__rust_begin_short_backtrace::<fn(), ()>
[INFO] [stderr]     16:     0x57fb8a95f0e9 - std[97b98282bc616a66]::rt::lang_start::<()>::{closure#0}
[INFO] [stderr]     17:     0x57fb8a9def37 - std[97b98282bc616a66]::rt::lang_start_internal
[INFO] [stderr]     18:     0x57fb8a95ec11 - std[97b98282bc616a66]::rt::lang_start::<()>
[INFO] [stderr]     19:     0x57fb8a964895 - main
[INFO] [stderr]     20:     0x7e086bd69601 - <unknown>
[INFO] [stderr]     21:     0x7e086bd69718 - __libc_start_main
[INFO] [stderr]     22:     0x57fb8a95e395 - _start
[INFO] [stderr]     23:                0x0 - <unknown>
[INFO] [stderr] warning: build failed, waiting for other jobs to finish...
[INFO] running `Command { std: "docker" "inspect" "0e0e63b1f2526ebac034fdf06f7df57f06689eebc6fd085f7cb410cae9268ded", kill_on_drop: false }`
[INFO] running `Command { std: "docker" "rm" "-f" "0e0e63b1f2526ebac034fdf06f7df57f06689eebc6fd085f7cb410cae9268ded", kill_on_drop: false }`
[INFO] [stdout] 0e0e63b1f2526ebac034fdf06f7df57f06689eebc6fd085f7cb410cae9268ded
