[INFO] cloning repository https://github.com/marmistrz/poomas
[INFO] running `Command { std: "git" "-c" "credential.helper=" "-c" "credential.helper=/workspace/cargo-home/bin/git-credential-null" "clone" "--bare" "https://github.com/marmistrz/poomas" "/workspace/cache/git-repos/https%3A%2F%2Fgithub.com%2Fmarmistrz%2Fpoomas", kill_on_drop: false }`
[INFO] [stderr] Cloning into bare repository '/workspace/cache/git-repos/https%3A%2F%2Fgithub.com%2Fmarmistrz%2Fpoomas'...
[INFO] running `Command { std: "git" "rev-parse" "HEAD", kill_on_drop: false }`
[INFO] [stdout] c8a5acb6228c22c7ff5d1f0cebeb6bffd09c637f
[INFO] testing marmistrz/poomas against 1.98.0-beta.8+cargoflags=--release for beta-release-1.99-2
[INFO] running `Command { std: "git" "clone" "/workspace/cache/git-repos/https%3A%2F%2Fgithub.com%2Fmarmistrz%2Fpoomas" "/workspace/builds/worker-1-tc1/source", kill_on_drop: false }`
[INFO] [stderr] Cloning into '/workspace/builds/worker-1-tc1/source'...
[INFO] [stderr] done.
[INFO] started tweaking git repo https://github.com/marmistrz/poomas
[INFO] finished tweaking git repo https://github.com/marmistrz/poomas
[INFO] tweaked toml for git repo https://github.com/marmistrz/poomas written to /workspace/builds/worker-1-tc1/source/Cargo.toml
[INFO] validating manifest of git repo https://github.com/marmistrz/poomas on toolchain 1.98.0-beta.8
[INFO] running `Command { std: CARGO_HOME="/workspace/cargo-home" RUSTUP_HOME="/workspace/rustup-home" "/workspace/cargo-home/bin/cargo" "+1.98.0-beta.8" "metadata" "--manifest-path" "Cargo.toml" "--no-deps", kill_on_drop: false }`
[INFO] crate git repo https://github.com/marmistrz/poomas already has a lockfile, it will not be regenerated
[INFO] running `Command { std: CARGO_HOME="/workspace/cargo-home" RUSTUP_HOME="/workspace/rustup-home" "/workspace/cargo-home/bin/cargo" "+1.98.0-beta.8" "fetch" "--manifest-path" "Cargo.toml", kill_on_drop: false }`
[INFO] [stderr] warning: Cargo.toml: `package.edition` is unspecified, defaulting to `2015` while the latest is `2024`
[INFO] [stderr] warning: `poomas` (manifest) generated 1 warning
[INFO] [stderr]     Updating crates.io index
[INFO] [stderr]  Downloading crates ...
[INFO] [stderr]   Downloaded quote v0.6.8
[INFO] [stderr]   Downloaded serde v1.0.45
[INFO] [stderr]   Downloaded serde_derive v1.0.45
[INFO] [stderr]   Downloaded unicode-width v0.1.4
[INFO] [stderr]   Downloaded toml v0.4.6
[INFO] [stderr]   Downloaded uuid v0.4.0
[INFO] [stderr]   Downloaded mime v0.2.6
[INFO] [stderr]   Downloaded failure_derive v0.1.2
[INFO] [stderr]   Downloaded vec_map v0.8.0
[INFO] [stderr]   Downloaded textwrap v0.9.0
[INFO] [stderr]   Downloaded bufstream v0.1.3
[INFO] [stderr]   Downloaded pkg-config v0.3.11
[INFO] [stderr]   Downloaded quote v0.5.2
[INFO] [stderr]   Downloaded lazy_static v1.0.0
[INFO] [stderr]   Downloaded vcpkg v0.2.3
[INFO] [stderr]   Downloaded log v0.4.1
[INFO] [stderr]   Downloaded email v0.0.19
[INFO] [stderr]   Downloaded lettre v0.6.2
[INFO] [stderr]   Downloaded base64 v0.9.1
[INFO] [stderr]   Downloaded byteorder v1.2.2
[INFO] [stderr]   Downloaded proc-macro2 v0.4.15
[INFO] [stderr]   Downloaded backtrace v0.3.7
[INFO] [stderr]   Downloaded serde_derive_internals v0.23.1
[INFO] [stderr]   Downloaded proc-macro2 v0.3.8
[INFO] [stderr]   Downloaded openssl-sys v0.9.30
[INFO] [stderr]   Downloaded num-traits v0.2.2
[INFO] [stderr]   Downloaded failure v0.1.2
[INFO] [stderr]   Downloaded rustc-serialize v0.3.24
[INFO] [stderr]   Downloaded synstructure v0.9.0
[INFO] [stderr]   Downloaded cc v1.0.15
[INFO] [stderr]   Downloaded syn v0.13.4
[INFO] [stderr]   Downloaded chrono v0.4.2
[INFO] [stderr]   Downloaded syn v0.14.9
[INFO] [stderr]   Downloaded openssl v0.9.24
[INFO] [stderr]   Downloaded clap v2.31.2
[INFO] [stderr]   Downloaded libc v0.2.40
[INFO] [stderr]   Downloaded rust-crypto v0.2.36
[INFO] running `Command { std: "docker" "create" "-v" "/var/lib/crater-agent-workspace/builds/worker-1-tc1/source:/opt/rustwide/workdir:ro,Z" "-v" "/var/lib/crater-agent-workspace/builds/worker-1-tc1/target:/opt/rustwide/target:rw,Z" "-v" "/var/lib/crater-agent-workspace/cargo-home:/opt/rustwide/cargo-home:ro,Z" "-v" "/var/lib/crater-agent-workspace/rustup-home:/opt/rustwide/rustup-home:ro,Z" "-m" "1610612736" "--network" "none" "ghcr.io/rust-lang/crates-build-env/linux@sha256:8683fc1fc2eb5c9ac98e0d076ab094b2ffac7f99da555d2b6a2e27f346de2ec7" "sleep" "infinity", kill_on_drop: false }`
[INFO] [stdout] c59db2e36109190b32cfd29b01994e7700520c50e9ecd081b25c69e171936b89
[INFO] running `Command { std: "docker" "start" "c59db2e36109190b32cfd29b01994e7700520c50e9ecd081b25c69e171936b89", kill_on_drop: false }`
[INFO] running `Command { std: "docker" "inspect" "c59db2e36109190b32cfd29b01994e7700520c50e9ecd081b25c69e171936b89", kill_on_drop: false }`
[INFO] running `Command { std: "docker" "exec" "-e" "SOURCE_DIR=/opt/rustwide/workdir" "-e" "CARGO_HOME=/opt/rustwide/cargo-home" "-e" "RUSTUP_HOME=/opt/rustwide/rustup-home" "-e" "CARGO_TARGET_DIR=/opt/rustwide/target" "-w" "/opt/rustwide/workdir" "--user" "0:0" "c59db2e36109190b32cfd29b01994e7700520c50e9ecd081b25c69e171936b89" "/opt/rustwide/cargo-home/bin/cargo" "+1.98.0-beta.8" "metadata" "--no-deps" "--format-version=1", kill_on_drop: false }`
[INFO] running `Command { std: "docker" "inspect" "c59db2e36109190b32cfd29b01994e7700520c50e9ecd081b25c69e171936b89", kill_on_drop: false }`
[INFO] running `Command { std: "docker" "exec" "-e" "SOURCE_DIR=/opt/rustwide/workdir" "-e" "CARGO_HOME=/opt/rustwide/cargo-home" "-e" "RUSTUP_HOME=/opt/rustwide/rustup-home" "-e" "CARGO_TARGET_DIR=/opt/rustwide/target" "-e" "CARGO_INCREMENTAL=0" "-e" "RUST_BACKTRACE=full" "-e" "RUSTFLAGS=--cap-lints=warn" "-e" "RUSTDOCFLAGS=--cap-lints=warn" "-w" "/opt/rustwide/workdir" "--user" "0:0" "c59db2e36109190b32cfd29b01994e7700520c50e9ecd081b25c69e171936b89" "/opt/rustwide/cargo-home/bin/cargo" "+1.98.0-beta.8" "build" "--frozen" "--message-format=json" "--release", kill_on_drop: false }`
[INFO] [stderr] warning: Cargo.toml: `package.edition` is unspecified, defaulting to `2015` while the latest is `2024`
[INFO] [stderr] warning: `poomas` (manifest) generated 1 warning
[INFO] [stderr]    Compiling libc v0.2.40
[INFO] [stderr]    Compiling cc v1.0.15
[INFO] [stderr]    Compiling unicode-xid v0.1.0
[INFO] [stderr]    Compiling encoding_index_tests v0.1.4
[INFO] [stderr]    Compiling proc-macro2 v0.4.15
[INFO] [stderr]    Compiling cfg-if v0.1.3
[INFO] [stderr]    Compiling pkg-config v0.3.11
[INFO] [stderr]    Compiling version_check v0.1.3
[INFO] [stderr]    Compiling gcc v0.3.54
[INFO] [stderr]    Compiling num-traits v0.2.2
[INFO] [stderr]    Compiling byteorder v1.2.2
[INFO] [stderr]    Compiling safemem v0.2.0
[INFO] [stderr]    Compiling openssl v0.9.24
[INFO] [stderr]    Compiling failure_derive v0.1.2
[INFO] [stderr]    Compiling lazy_static v1.0.0
[INFO] [stderr]    Compiling rustc-serialize v0.3.24
[INFO] [stderr]    Compiling encoding-index-tradchinese v1.20141219.5
[INFO] [stderr]    Compiling encoding-index-simpchinese v1.20141219.5
[INFO] [stderr]    Compiling encoding-index-korean v1.20141219.5
[INFO] [stderr]    Compiling encoding-index-singlebyte v1.20141219.5
[INFO] [stderr]    Compiling proc-macro2 v0.3.8
[INFO] [stderr]    Compiling encoding-index-japanese v1.20141219.5
[INFO] [stderr]    Compiling log v0.4.1
[INFO] [stderr]    Compiling email v0.0.19
[INFO] [stderr]    Compiling bitflags v0.9.1
[INFO] [stderr]    Compiling rustc-demangle v0.1.8
[INFO] [stdout] error[E0310]: the parameter type `T` may not live long enough
[INFO] [stdout]     --> /opt/rustwide/cargo-home/registry/src/index.crates.io-1949cf8c6b5b557f/rustc-serialize-0.3.24/src/serialize.rs:1155:5
[INFO] [stdout]      |
[INFO] [stdout] 1155 |     fn decode<D: Decoder>(d: &mut D) -> Result<Cow<'static, T>, D::Error> {
[INFO] [stdout]      |     ^^^^^^^^^^^^^^^^^^^^^^^^^^^^^^^^^^^^^^^^^^^^^^^^^^^^^^^^^^^^^^^^^^^^^
[INFO] [stdout]      |     |
[INFO] [stdout]      |     the parameter type `T` must be valid for the static lifetime...
[INFO] [stdout]      |     ...so that the type `T` will meet its required lifetime bounds...
[INFO] [stdout]      |
[INFO] [stdout] note: ...that is required by this bound
[INFO] [stdout]     --> /rustc/04eb0d7194012623e82369b466d5084522957446/library/alloc/src/borrow.rs:169:29
[INFO] [stdout] help: consider adding an explicit lifetime bound
[INFO] [stdout]      |
[INFO] [stdout] 1151 | impl<'a, T: ?Sized + 'static> Decodable for Cow<'a, T>
[INFO] [stdout]      |                    +++++++++
[INFO] [stdout] 
[INFO] [stdout] 
[INFO] [stderr]    Compiling num-integer v0.1.36
[INFO] [stderr]    Compiling unicode-width v0.1.4
[INFO] [stderr]    Compiling encoding v0.2.33
[INFO] [stderr]    Compiling log v0.3.9
[INFO] [stderr]    Compiling textwrap v0.9.0
[INFO] [stderr]    Compiling bitflags v1.0.3
[INFO] [stderr]    Compiling rand v0.4.2
[INFO] [stderr]    Compiling time v0.1.39
[INFO] [stderr]    Compiling base64 v0.9.1
[INFO] [stderr]    Compiling mime v0.2.6
[INFO] [stderr]    Compiling atty v0.2.10
[INFO] [stderr]    Compiling vec_map v0.8.0
[INFO] [stderr]    Compiling quote v0.5.2
[INFO] [stderr]    Compiling syn v0.13.4
[INFO] [stderr]    Compiling ansi_term v0.11.0
[INFO] [stderr]    Compiling bufstream v0.1.3
[INFO] [stderr]    Compiling strsim v0.7.0
[INFO] [stderr]    Compiling serde v1.0.45
[INFO] [stderr]    Compiling quote v0.6.8
[INFO] [stderr]    Compiling rust-crypto v0.2.36
[INFO] [stderr]    Compiling openssl-sys v0.9.30
[INFO] [stderr]    Compiling backtrace-sys v0.1.16
[INFO] [stderr]    Compiling syn v0.14.9
[INFO] [stderr]    Compiling clap v2.31.2
[INFO] [stderr]    Compiling chrono v0.4.2
[INFO] [stderr]    Compiling rand v0.3.22
[INFO] [stderr]    Compiling uuid v0.4.0
[INFO] [stderr] warning: openssl-sys@0.9.30: /opt/rustwide/target/release/build/openssl-sys-902bcb12ae622bb6/out/expando.c:4:24: error: pasting "RUST_VERSION_OPENSSL_" and "(" does not give a valid preprocessing token
[INFO] [stderr] warning: openssl-sys@0.9.30:     4 | #define VERSION2(n, v) RUST_VERSION_ ## n ## _ ## v
[INFO] [stderr] warning: openssl-sys@0.9.30:       |                        ^~~~~~~~~~~~~
[INFO] [stderr] warning: openssl-sys@0.9.30: /opt/rustwide/target/release/build/openssl-sys-902bcb12ae622bb6/out/expando.c:5:23: note: in expansion of macro 'VERSION2'
[INFO] [stderr] warning: openssl-sys@0.9.30:     5 | #define VERSION(n, v) VERSION2(n, v)
[INFO] [stderr] warning: openssl-sys@0.9.30:       |                       ^~~~~~~~
[INFO] [stderr] warning: openssl-sys@0.9.30: /opt/rustwide/target/release/build/openssl-sys-902bcb12ae622bb6/out/expando.c:7:1: note: in expansion of macro 'VERSION'
[INFO] [stderr] warning: openssl-sys@0.9.30:     7 | VERSION(OPENSSL, OPENSSL_VERSION_NUMBER)
[INFO] [stderr] warning: openssl-sys@0.9.30:       | ^~~~~~~
[INFO] [stderr] error: failed to run custom build command for `openssl-sys v0.9.30`
[INFO] [stderr] note: To improve backtraces for build dependencies, set the CARGO_PROFILE_RELEASE_BUILD_OVERRIDE_DEBUG=true environment variable to enable debug information generation.
[INFO] [stderr] 
[INFO] [stderr] Caused by:
[INFO] [stderr]   process didn't exit successfully: `/opt/rustwide/target/release/build/openssl-sys-f440d0484ff07034/build-script-build` (exit status: 101)
[INFO] [stderr]   --- stdout
[INFO] [stderr]   cargo:rerun-if-env-changed=X86_64_UNKNOWN_LINUX_GNU_OPENSSL_LIB_DIR
[INFO] [stderr]   cargo:rerun-if-env-changed=OPENSSL_LIB_DIR
[INFO] [stderr]   cargo:rerun-if-env-changed=X86_64_UNKNOWN_LINUX_GNU_OPENSSL_INCLUDE_DIR
[INFO] [stderr]   cargo:rerun-if-env-changed=OPENSSL_INCLUDE_DIR
[INFO] [stderr]   cargo:rerun-if-env-changed=X86_64_UNKNOWN_LINUX_GNU_OPENSSL_DIR
[INFO] [stderr]   cargo:rerun-if-env-changed=OPENSSL_DIR
[INFO] [stderr]   cargo:rustc-link-lib=ssl
[INFO] [stderr]   cargo:rustc-link-lib=crypto
[INFO] [stderr]   OPT_LEVEL = Some("3")
[INFO] [stderr]   TARGET = Some("x86_64-unknown-linux-gnu")
[INFO] [stderr]   HOST = Some("x86_64-unknown-linux-gnu")
[INFO] [stderr]   TARGET = Some("x86_64-unknown-linux-gnu")
[INFO] [stderr]   TARGET = Some("x86_64-unknown-linux-gnu")
[INFO] [stderr]   HOST = Some("x86_64-unknown-linux-gnu")
[INFO] [stderr]   CC_x86_64-unknown-linux-gnu = None
[INFO] [stderr]   CC_x86_64_unknown_linux_gnu = None
[INFO] [stderr]   HOST_CC = None
[INFO] [stderr]   CC = None
[INFO] [stderr]   HOST = Some("x86_64-unknown-linux-gnu")
[INFO] [stderr]   TARGET = Some("x86_64-unknown-linux-gnu")
[INFO] [stderr]   HOST = Some("x86_64-unknown-linux-gnu")
[INFO] [stderr]   CFLAGS_x86_64-unknown-linux-gnu = None
[INFO] [stderr]   CFLAGS_x86_64_unknown_linux_gnu = None
[INFO] [stderr]   HOST_CFLAGS = None
[INFO] [stderr]   CFLAGS = None
[INFO] [stderr]   DEBUG = Some("false")
[INFO] [stderr]   running: "cc" "-O3" "-ffunction-sections" "-fdata-sections" "-fPIC" "-m64" "-Wall" "-Wextra" "-E" "/opt/rustwide/target/release/build/openssl-sys-902bcb12ae622bb6/out/expando.c"
[INFO] [stderr]   cargo:warning=/opt/rustwide/target/release/build/openssl-sys-902bcb12ae622bb6/out/expando.c:4:24: error: pasting "RUST_VERSION_OPENSSL_" and "(" does not give a valid preprocessing token
[INFO] [stderr]   cargo:warning=    4 | #define VERSION2(n, v) RUST_VERSION_ ## n ## _ ## v
[INFO] [stderr]   cargo:warning=      |                        ^~~~~~~~~~~~~
[INFO] [stderr]   cargo:warning=/opt/rustwide/target/release/build/openssl-sys-902bcb12ae622bb6/out/expando.c:5:23: note: in expansion of macro 'VERSION2'
[INFO] [stderr]   cargo:warning=    5 | #define VERSION(n, v) VERSION2(n, v)
[INFO] [stderr]   cargo:warning=      |                       ^~~~~~~~
[INFO] [stderr]   cargo:warning=/opt/rustwide/target/release/build/openssl-sys-902bcb12ae622bb6/out/expando.c:7:1: note: in expansion of macro 'VERSION'
[INFO] [stderr]   cargo:warning=    7 | VERSION(OPENSSL, OPENSSL_VERSION_NUMBER)
[INFO] [stderr]   cargo:warning=      | ^~~~~~~
[INFO] [stderr]   exit status: 1
[INFO] [stderr] 
[INFO] [stderr]   --- stderr
[INFO] [stderr] 
[INFO] [stderr]   thread 'main' (801) panicked at /opt/rustwide/cargo-home/registry/src/index.crates.io-1949cf8c6b5b557f/openssl-sys-0.9.30/build.rs:359:13:
[INFO] [stderr] 
[INFO] [stderr]   Header expansion error:
[INFO] [stderr]   Error { kind: ToolExecError, message: "Command \"cc\" \"-O3\" \"-ffunction-sections\" \"-fdata-sections\" \"-fPIC\" \"-m64\" \"-Wall\" \"-Wextra\" \"-E\" \"/opt/rustwide/target/release/build/openssl-sys-902bcb12ae622bb6/out/expando.c\" with args \"cc\" did not execute successfully (status code exit status: 1)." }
[INFO] [stderr] 
[INFO] [stderr]   Failed to find OpenSSL development headers.
[INFO] [stderr] 
[INFO] [stderr]   You can try fixing this setting the `OPENSSL_DIR` environment variable
[INFO] [stderr]   pointing to your OpenSSL installation or installing OpenSSL headers package
[INFO] [stderr]   specific to your distribution:
[INFO] [stderr] 
[INFO] [stderr]       # On Ubuntu
[INFO] [stderr]       sudo apt-get install libssl-dev
[INFO] [stderr]       # On Arch Linux
[INFO] [stderr]       sudo pacman -S openssl
[INFO] [stderr]       # On Fedora
[INFO] [stderr]       sudo dnf install openssl-devel
[INFO] [stderr] 
[INFO] [stderr]   See rust-openssl README for more information:
[INFO] [stderr] 
[INFO] [stderr]       https://github.com/sfackler/rust-openssl#linux
[INFO] [stderr] 
[INFO] [stderr]   stack backtrace:
[INFO] [stderr]      0:     0x62602ea9d4e1 - <<std[97b98282bc616a66]::sys::backtrace::BacktraceLock>::print::DisplayBacktrace as core[832e9a552fc17241]::fmt::Display>::fmt
[INFO] [stderr]      1:     0x62602eab154a - core[832e9a552fc17241]::fmt::write
[INFO] [stderr]      2:     0x62602eaa30bc - <std[97b98282bc616a66]::sys::stdio::unix::Stderr as std[97b98282bc616a66]::io::Write>::write_fmt
[INFO] [stderr]      3:     0x62602ea7ecc6 - std[97b98282bc616a66]::panicking::default_hook::{closure#0}
[INFO] [stderr]      4:     0x62602ea97d81 - std[97b98282bc616a66]::panicking::default_hook
[INFO] [stderr]      5:     0x62602ea97f3b - std[97b98282bc616a66]::panicking::panic_with_hook
[INFO] [stderr]      6:     0x62602ea7ed72 - std[97b98282bc616a66]::panicking::panic_handler::{closure#0}
[INFO] [stderr]      7:     0x62602ea763b9 - std[97b98282bc616a66]::sys::backtrace::__rust_end_short_backtrace::<std[97b98282bc616a66]::panicking::panic_handler::{closure#0}, !>
[INFO] [stderr]      8:     0x62602ea7f60d - __rustc[e3d8617bb01b7f69]::rust_begin_unwind
[INFO] [stderr]      9:     0x62602eab1cbc - core[832e9a552fc17241]::panicking::panic_fmt
[INFO] [stderr]     10:     0x62602ea28297 - build_script_build[7cd6fbda2211a54b]::validate_headers
[INFO] [stderr]     11:     0x62602ea25bf3 - build_script_build[7cd6fbda2211a54b]::try_pkg_config
[INFO] [stderr]     12:     0x62602ea25fb8 - build_script_build[7cd6fbda2211a54b]::find_openssl_dir
[INFO] [stderr]     13:     0x62602ea24f9b - build_script_build[7cd6fbda2211a54b]::main::{closure#0}
[INFO] [stderr]     14:     0x62602ea1ca40 - <core[832e9a552fc17241]::option::Option<std[97b98282bc616a66]::ffi::os_str::OsString>>::unwrap_or_else::<build_script_build[7cd6fbda2211a54b]::main::{closure#0}>
[INFO] [stderr]     15:     0x62602ea28d7e - build_script_build[7cd6fbda2211a54b]::main
[INFO] [stderr]     16:     0x62602ea23253 - <fn() as core[832e9a552fc17241]::ops::function::FnOnce<()>>::call_once
[INFO] [stderr]     17:     0x62602ea1e876 - std[97b98282bc616a66]::sys::backtrace::__rust_begin_short_backtrace::<fn(), ()>
[INFO] [stderr]     18:     0x62602ea1f0e9 - std[97b98282bc616a66]::rt::lang_start::<()>::{closure#0}
[INFO] [stderr]     19:     0x62602ea970a7 - std[97b98282bc616a66]::rt::lang_start_internal
[INFO] [stderr]     20:     0x62602ea1e691 - std[97b98282bc616a66]::rt::lang_start::<()>
[INFO] [stderr]     21:     0x62602ea2a8c5 - main
[INFO] [stderr]     22:     0x74dedc6a1601 - <unknown>
[INFO] [stderr]     23:     0x74dedc6a1718 - __libc_start_main
[INFO] [stderr]     24:     0x62602ea1c785 - _start
[INFO] [stderr]     25:                0x0 - <unknown>
[INFO] [stderr] warning: build failed, waiting for other jobs to finish...
[INFO] [stdout] For more information about this error, try `rustc --explain E0310`.
[INFO] [stdout] 
[INFO] [stderr] error: could not compile `rustc-serialize` (lib) due to 1 previous error
[INFO] running `Command { std: "docker" "inspect" "c59db2e36109190b32cfd29b01994e7700520c50e9ecd081b25c69e171936b89", kill_on_drop: false }`
[INFO] running `Command { std: "docker" "rm" "-f" "c59db2e36109190b32cfd29b01994e7700520c50e9ecd081b25c69e171936b89", kill_on_drop: false }`
[INFO] [stdout] c59db2e36109190b32cfd29b01994e7700520c50e9ecd081b25c69e171936b89
