[INFO] cloning repository https://github.com/marlocarlo/psnet
[INFO] running `Command { std: "git" "-c" "credential.helper=" "-c" "credential.helper=/workspace/cargo-home/bin/git-credential-null" "clone" "--bare" "https://github.com/marlocarlo/psnet" "/workspace/cache/git-repos/https%3A%2F%2Fgithub.com%2Fmarlocarlo%2Fpsnet", kill_on_drop: false }`
[INFO] [stderr] Cloning into bare repository '/workspace/cache/git-repos/https%3A%2F%2Fgithub.com%2Fmarlocarlo%2Fpsnet'...
[INFO] running `Command { std: "git" "rev-parse" "HEAD", kill_on_drop: false }`
[INFO] [stdout] 0002cf926191e6e959ceb0283bfc641a2649f220
[INFO] testing marlocarlo/psnet against 1.99.0-beta.1+cargoflags=--release for beta-release-1.99-2
[INFO] running `Command { std: "git" "clone" "/workspace/cache/git-repos/https%3A%2F%2Fgithub.com%2Fmarlocarlo%2Fpsnet" "/workspace/builds/worker-4-tc2/source", kill_on_drop: false }`
[INFO] [stderr] Cloning into '/workspace/builds/worker-4-tc2/source'...
[INFO] [stderr] done.
[INFO] started tweaking git repo https://github.com/marlocarlo/psnet
[INFO] finished tweaking git repo https://github.com/marlocarlo/psnet
[INFO] tweaked toml for git repo https://github.com/marlocarlo/psnet written to /workspace/builds/worker-4-tc2/source/Cargo.toml
[INFO] validating manifest of git repo https://github.com/marlocarlo/psnet on toolchain 1.99.0-beta.1
[INFO] running `Command { std: CARGO_HOME="/workspace/cargo-home" RUSTUP_HOME="/workspace/rustup-home" "/workspace/cargo-home/bin/cargo" "+1.99.0-beta.1" "metadata" "--manifest-path" "Cargo.toml" "--no-deps", kill_on_drop: false }`
[INFO] crate git repo https://github.com/marlocarlo/psnet already has a lockfile, it will not be regenerated
[INFO] running `Command { std: CARGO_HOME="/workspace/cargo-home" RUSTUP_HOME="/workspace/rustup-home" "/workspace/cargo-home/bin/cargo" "+1.99.0-beta.1" "fetch" "--manifest-path" "Cargo.toml", kill_on_drop: false }`
[INFO] running `Command { std: "docker" "create" "-v" "/var/lib/crater-agent-workspace/builds/worker-4-tc2/source:/opt/rustwide/workdir:ro,Z" "-v" "/var/lib/crater-agent-workspace/builds/worker-4-tc2/target:/opt/rustwide/target:rw,Z" "-v" "/var/lib/crater-agent-workspace/cargo-home:/opt/rustwide/cargo-home:ro,Z" "-v" "/var/lib/crater-agent-workspace/rustup-home:/opt/rustwide/rustup-home:ro,Z" "-m" "1610612736" "--network" "none" "ghcr.io/rust-lang/crates-build-env/linux@sha256:8683fc1fc2eb5c9ac98e0d076ab094b2ffac7f99da555d2b6a2e27f346de2ec7" "sleep" "infinity", kill_on_drop: false }`
[INFO] [stdout] ee3b7bdc6aaf549b2f7591e28df95d3e44196348b6f69514ef05059f91ae80c2
[INFO] running `Command { std: "docker" "start" "ee3b7bdc6aaf549b2f7591e28df95d3e44196348b6f69514ef05059f91ae80c2", kill_on_drop: false }`
[INFO] running `Command { std: "docker" "inspect" "ee3b7bdc6aaf549b2f7591e28df95d3e44196348b6f69514ef05059f91ae80c2", kill_on_drop: false }`
[INFO] running `Command { std: "docker" "exec" "-e" "SOURCE_DIR=/opt/rustwide/workdir" "-e" "CARGO_HOME=/opt/rustwide/cargo-home" "-e" "RUSTUP_HOME=/opt/rustwide/rustup-home" "-e" "CARGO_TARGET_DIR=/opt/rustwide/target" "-w" "/opt/rustwide/workdir" "--user" "0:0" "ee3b7bdc6aaf549b2f7591e28df95d3e44196348b6f69514ef05059f91ae80c2" "/opt/rustwide/cargo-home/bin/cargo" "+1.99.0-beta.1" "metadata" "--no-deps" "--format-version=1", kill_on_drop: false }`
[INFO] running `Command { std: "docker" "inspect" "ee3b7bdc6aaf549b2f7591e28df95d3e44196348b6f69514ef05059f91ae80c2", kill_on_drop: false }`
[INFO] running `Command { std: "docker" "exec" "-e" "SOURCE_DIR=/opt/rustwide/workdir" "-e" "CARGO_HOME=/opt/rustwide/cargo-home" "-e" "RUSTUP_HOME=/opt/rustwide/rustup-home" "-e" "CARGO_TARGET_DIR=/opt/rustwide/target" "-e" "CARGO_INCREMENTAL=0" "-e" "RUST_BACKTRACE=full" "-e" "RUSTFLAGS=--cap-lints=warn" "-e" "RUSTDOCFLAGS=--cap-lints=warn" "-w" "/opt/rustwide/workdir" "--user" "0:0" "ee3b7bdc6aaf549b2f7591e28df95d3e44196348b6f69514ef05059f91ae80c2" "/opt/rustwide/cargo-home/bin/cargo" "+1.99.0-beta.1" "build" "--frozen" "--message-format=json" "--release", kill_on_drop: false }`
[INFO] [stderr]    Compiling libc v0.2.181
[INFO] [stderr]    Compiling quote v1.0.44
[INFO] [stderr]    Compiling unicode-ident v1.0.23
[INFO] [stderr]    Compiling rustversion v1.0.22
[INFO] [stderr]    Compiling signal-hook v0.3.18
[INFO] [stderr]    Compiling strsim v0.11.1
[INFO] [stderr]    Compiling either v1.15.0
[INFO] [stderr]    Compiling ident_case v1.0.1
[INFO] [stderr]    Compiling log v0.4.29
[INFO] [stderr]    Compiling smallvec v1.15.1
[INFO] [stderr]    Compiling rustix v0.38.44
[INFO] [stderr]    Compiling autocfg v1.5.0
[INFO] [stderr]    Compiling serde_core v1.0.228
[INFO] [stderr]    Compiling foldhash v0.1.5
[INFO] [stderr]    Compiling paste v1.0.15
[INFO] [stderr]    Compiling equivalent v1.0.2
[INFO] [stderr]    Compiling bitflags v2.10.0
[INFO] [stderr]    Compiling linux-raw-sys v0.4.15
[INFO] [stderr]    Compiling proc-macro2 v1.0.106
[INFO] [stderr]    Compiling instability v0.3.11
[INFO] [stderr]    Compiling itoa v1.0.17
[INFO] [stderr]    Compiling heck v0.5.0
[INFO] [stderr]    Compiling memchr v2.8.0
[INFO] [stderr]    Compiling allocator-api2 v0.2.21
[INFO] [stderr]    Compiling serde_json v1.0.149
[INFO] [stderr]    Compiling static_assertions v1.1.0
[INFO] [stderr]    Compiling unicode-segmentation v1.12.0
[INFO] [stderr]    Compiling indoc v2.0.7
[INFO] [stderr]    Compiling option-ext v0.2.0
[INFO] [stderr]    Compiling itertools v0.13.0
[INFO] [stderr]    Compiling unicode-width v0.1.14
[INFO] [stderr]    Compiling rayon v1.11.0
[INFO] [stderr]    Compiling cassowary v0.3.0
[INFO] [stderr]    Compiling unicode-width v0.2.0
[INFO] [stderr]    Compiling num-traits v0.2.19
[INFO] [stderr]    Compiling hashbrown v0.15.5
[INFO] [stderr]    Compiling castaway v0.2.4
[INFO] [stderr]    Compiling compact_str v0.8.1
[INFO] [stderr]    Compiling syn v2.0.115
[INFO] [stderr]    Compiling chrono v0.4.43
[INFO] [stderr]    Compiling lru v0.12.5
[INFO] [stderr]    Compiling errno v0.3.14
[INFO] [stderr]    Compiling parking_lot_core v0.9.12
[INFO] [stderr]    Compiling mio v1.1.1
[INFO] [stderr]    Compiling socket2 v0.6.3
[INFO] [stderr]    Compiling dirs-sys v0.4.1
[INFO] [stderr]    Compiling signal-hook-registry v1.4.8
[INFO] [stderr]    Compiling dirs v5.0.1
[INFO] [stderr]    Compiling parking_lot v0.12.5
[INFO] [stderr]    Compiling dns-lookup v2.1.1
[INFO] [stderr]    Compiling signal-hook-mio v0.2.5
[INFO] [stderr]    Compiling crossterm v0.28.1
[INFO] [stderr]    Compiling unicode-truncate v1.1.0
[INFO] [stderr]    Compiling sysinfo v0.32.1
[INFO] [stderr]    Compiling darling_core v0.23.0
[INFO] [stderr]    Compiling serde_derive v1.0.228
[INFO] [stderr]    Compiling strum_macros v0.26.4
[INFO] [stderr]    Compiling strum v0.26.3
[INFO] [stderr]    Compiling darling_macro v0.23.0
[INFO] [stderr]    Compiling serde v1.0.228
[INFO] [stderr]    Compiling darling v0.23.0
[INFO] [stderr]    Compiling ratatui v0.29.0
[INFO] [stderr]    Compiling ipnetwork v0.20.0
[INFO] [stderr]    Compiling maxminddb v0.24.0
[INFO] [stderr]    Compiling psnet v1.1.0 (/opt/rustwide/workdir)
[INFO] [stdout] error[E0433]: cannot find `windows` in `os`
[INFO] [stdout]    --> src/network/hostnames.rs:402:18
[INFO] [stdout]     |
[INFO] [stdout] 402 |     use std::os::windows::io::{FromRawSocket, RawSocket};
[INFO] [stdout]     |                  ^^^^^^^ could not find `windows` in `os`
[INFO] [stdout] 
[INFO] [stdout] 
[INFO] [stdout] error[E0433]: cannot find `windows` in `os`
[INFO] [stdout]    --> src/network/hostnames.rs:577:18
[INFO] [stdout]     |
[INFO] [stdout] 577 |     use std::os::windows::ffi::OsStrExt;
[INFO] [stdout]     |                  ^^^^^^^ could not find `windows` in `os`
[INFO] [stdout] 
[INFO] [stdout] 
[INFO] [stdout] error[E0599]: no associated function or constant named `from_raw_socket` found for struct `UdpSocket` in the current scope
[INFO] [stdout]    --> src/network/hostnames.rs:448:31
[INFO] [stdout]     |
[INFO] [stdout] 448 |         let sock = UdpSocket::from_raw_socket(raw as RawSocket);
[INFO] [stdout]     |                               ^^^^^^^^^^^^^^^ associated function or constant not found in `UdpSocket`
[INFO] [stdout]     |
[INFO] [stdout] note: if you're trying to build a new `UdpSocket`, consider using `UdpSocket::bind` which returns `Result<UdpSocket, std::io::Error>`
[INFO] [stdout]    --> /rustc/f47d5bb13648d5c859f5b438eb7dc834b9729961/library/std/src/net/udp.rs:122:4
[INFO] [stdout] help: there is an associated function `from_raw_fd` with a similar name
[INFO] [stdout]     |
[INFO] [stdout] 448 -         let sock = UdpSocket::from_raw_socket(raw as RawSocket);
[INFO] [stdout] 448 +         let sock = UdpSocket::from_raw_fd(raw as RawSocket);
[INFO] [stdout]     |
[INFO] [stdout] 
[INFO] [stdout] 
[INFO] [stdout] error[E0599]: no method named `encode_wide` found for reference `&OsStr` in the current scope
[INFO] [stdout]    --> src/network/hostnames.rs:592:61
[INFO] [stdout]     |
[INFO] [stdout] 592 |         let dll_name: Vec<u16> = OsStr::new("dnsapi.dll\0").encode_wide().collect();
[INFO] [stdout]     |                                                             ^^^^^^^^^^^ method not found in `&OsStr`
[INFO] [stdout] 
[INFO] [stdout] 
[INFO] [stdout] warning: variable does not need to be mutable
[INFO] [stdout]   --> src/network/networks/docker.rs:52:9
[INFO] [stdout]    |
[INFO] [stdout] 52 |     let mut cmd = Command::new(program);
[INFO] [stdout]    |         ----^^^
[INFO] [stdout]    |         |
[INFO] [stdout]    |         help: remove this `mut`
[INFO] [stdout]    |
[INFO] [stdout]    = note: `#[warn(unused_mut)]` (part of `#[warn(unused)]`) on by default
[INFO] [stdout] 
[INFO] [stdout] 
[INFO] [stdout] warning: variable does not need to be mutable
[INFO] [stdout]   --> src/network/networks/hotspot.rs:24:9
[INFO] [stdout]    |
[INFO] [stdout] 24 |     let mut cmd = Command::new(program);
[INFO] [stdout]    |         ----^^^
[INFO] [stdout]    |         |
[INFO] [stdout]    |         help: remove this `mut`
[INFO] [stdout] 
[INFO] [stdout] 
[INFO] [stdout] warning: variable does not need to be mutable
[INFO] [stdout]   --> src/network/networks/hyperv.rs:27:9
[INFO] [stdout]    |
[INFO] [stdout] 27 |     let mut cmd = Command::new("powershell");
[INFO] [stdout]    |         ----^^^
[INFO] [stdout]    |         |
[INFO] [stdout]    |         help: remove this `mut`
[INFO] [stdout] 
[INFO] [stdout] 
[INFO] [stdout] warning: variable does not need to be mutable
[INFO] [stdout]   --> src/network/networks/meshvpn.rs:26:9
[INFO] [stdout]    |
[INFO] [stdout] 26 |     let mut cmd = Command::new(program);
[INFO] [stdout]    |         ----^^^
[INFO] [stdout]    |         |
[INFO] [stdout]    |         help: remove this `mut`
[INFO] [stdout] 
[INFO] [stdout] 
[INFO] [stdout] warning: variable does not need to be mutable
[INFO] [stdout]   --> src/network/networks/tunnel.rs:27:9
[INFO] [stdout]    |
[INFO] [stdout] 27 |     let mut cmd = Command::new(program);
[INFO] [stdout]    |         ----^^^
[INFO] [stdout]    |         |
[INFO] [stdout]    |         help: remove this `mut`
[INFO] [stdout] 
[INFO] [stdout] 
[INFO] [stdout] Some errors have detailed explanations: E0433, E0599.
[INFO] [stdout] 
[INFO] [stdout] For more information about an error, try `rustc --explain E0433`.
[INFO] [stdout] 
[INFO] [stderr] error: could not compile `psnet` (bin "psnet") due to 4 previous errors; 5 warnings emitted
[INFO] running `Command { std: "docker" "inspect" "ee3b7bdc6aaf549b2f7591e28df95d3e44196348b6f69514ef05059f91ae80c2", kill_on_drop: false }`
[INFO] running `Command { std: "docker" "rm" "-f" "ee3b7bdc6aaf549b2f7591e28df95d3e44196348b6f69514ef05059f91ae80c2", kill_on_drop: false }`
[INFO] [stdout] ee3b7bdc6aaf549b2f7591e28df95d3e44196348b6f69514ef05059f91ae80c2
