[INFO] cloning repository https://github.com/markovic-nikola/crabclip
[INFO] running `Command { std: "git" "-c" "credential.helper=" "-c" "credential.helper=/workspace/cargo-home/bin/git-credential-null" "clone" "--bare" "https://github.com/markovic-nikola/crabclip" "/workspace/cache/git-repos/https%3A%2F%2Fgithub.com%2Fmarkovic-nikola%2Fcrabclip", kill_on_drop: false }`
[INFO] [stderr] Cloning into bare repository '/workspace/cache/git-repos/https%3A%2F%2Fgithub.com%2Fmarkovic-nikola%2Fcrabclip'...
[INFO] running `Command { std: "git" "rev-parse" "HEAD", kill_on_drop: false }`
[INFO] [stdout] aafcd488a54510e0e2a026a73dd9b093bf397bd9
[INFO] testing markovic-nikola/crabclip against 1.99.0-beta.1+cargoflags=--release for beta-release-1.99-2
[INFO] running `Command { std: "git" "clone" "/workspace/cache/git-repos/https%3A%2F%2Fgithub.com%2Fmarkovic-nikola%2Fcrabclip" "/workspace/builds/worker-4-tc2/source", kill_on_drop: false }`
[INFO] [stderr] Cloning into '/workspace/builds/worker-4-tc2/source'...
[INFO] [stderr] done.
[INFO] started tweaking git repo https://github.com/markovic-nikola/crabclip
[INFO] finished tweaking git repo https://github.com/markovic-nikola/crabclip
[INFO] tweaked toml for git repo https://github.com/markovic-nikola/crabclip written to /workspace/builds/worker-4-tc2/source/Cargo.toml
[INFO] validating manifest of git repo https://github.com/markovic-nikola/crabclip on toolchain 1.99.0-beta.1
[INFO] running `Command { std: CARGO_HOME="/workspace/cargo-home" RUSTUP_HOME="/workspace/rustup-home" "/workspace/cargo-home/bin/cargo" "+1.99.0-beta.1" "metadata" "--manifest-path" "Cargo.toml" "--no-deps", kill_on_drop: false }`
[INFO] crate git repo https://github.com/markovic-nikola/crabclip already has a lockfile, it will not be regenerated
[INFO] running `Command { std: CARGO_HOME="/workspace/cargo-home" RUSTUP_HOME="/workspace/rustup-home" "/workspace/cargo-home/bin/cargo" "+1.99.0-beta.1" "fetch" "--manifest-path" "Cargo.toml", kill_on_drop: false }`
[INFO] [stderr]     Blocking waiting for file lock on package cache
[INFO] [stderr]     Blocking waiting for file lock on package cache
[ERROR] error running command: no output for 300 seconds
[INFO] testing markovic-nikola/crabclip against 1.99.0-beta.1+cargoflags=--release for beta-release-1.99-2
[INFO] running `Command { std: "git" "clone" "/workspace/cache/git-repos/https%3A%2F%2Fgithub.com%2Fmarkovic-nikola%2Fcrabclip" "/workspace/builds/worker-4-tc2/source", kill_on_drop: false }`
[INFO] [stderr] Cloning into '/workspace/builds/worker-4-tc2/source'...
[INFO] [stderr] done.
[INFO] started tweaking git repo https://github.com/markovic-nikola/crabclip
[INFO] finished tweaking git repo https://github.com/markovic-nikola/crabclip
[INFO] tweaked toml for git repo https://github.com/markovic-nikola/crabclip written to /workspace/builds/worker-4-tc2/source/Cargo.toml
[INFO] validating manifest of git repo https://github.com/markovic-nikola/crabclip on toolchain 1.99.0-beta.1
[INFO] running `Command { std: CARGO_HOME="/workspace/cargo-home" RUSTUP_HOME="/workspace/rustup-home" "/workspace/cargo-home/bin/cargo" "+1.99.0-beta.1" "metadata" "--manifest-path" "Cargo.toml" "--no-deps", kill_on_drop: false }`
[INFO] crate git repo https://github.com/markovic-nikola/crabclip already has a lockfile, it will not be regenerated
[INFO] running `Command { std: CARGO_HOME="/workspace/cargo-home" RUSTUP_HOME="/workspace/rustup-home" "/workspace/cargo-home/bin/cargo" "+1.99.0-beta.1" "fetch" "--manifest-path" "Cargo.toml", kill_on_drop: false }`
[INFO] [stderr]     Blocking waiting for file lock on package cache
[INFO] [stderr]     Blocking waiting for file lock on package cache
[INFO] running `Command { std: "docker" "create" "-v" "/var/lib/crater-agent-workspace/builds/worker-4-tc2/source:/opt/rustwide/workdir:ro,Z" "-v" "/var/lib/crater-agent-workspace/builds/worker-4-tc2/target:/opt/rustwide/target:rw,Z" "-v" "/var/lib/crater-agent-workspace/cargo-home:/opt/rustwide/cargo-home:ro,Z" "-v" "/var/lib/crater-agent-workspace/rustup-home:/opt/rustwide/rustup-home:ro,Z" "-m" "1610612736" "--network" "none" "ghcr.io/rust-lang/crates-build-env/linux@sha256:8683fc1fc2eb5c9ac98e0d076ab094b2ffac7f99da555d2b6a2e27f346de2ec7" "sleep" "infinity", kill_on_drop: false }`
[INFO] [stdout] 602751c40d5920508af5ade43af69fc95eaac72392538b145a8a2c43d98361f5
[INFO] running `Command { std: "docker" "start" "602751c40d5920508af5ade43af69fc95eaac72392538b145a8a2c43d98361f5", kill_on_drop: false }`
[INFO] running `Command { std: "docker" "inspect" "602751c40d5920508af5ade43af69fc95eaac72392538b145a8a2c43d98361f5", kill_on_drop: false }`
[INFO] running `Command { std: "docker" "exec" "-e" "SOURCE_DIR=/opt/rustwide/workdir" "-e" "CARGO_HOME=/opt/rustwide/cargo-home" "-e" "RUSTUP_HOME=/opt/rustwide/rustup-home" "-e" "CARGO_TARGET_DIR=/opt/rustwide/target" "-w" "/opt/rustwide/workdir" "--user" "0:0" "602751c40d5920508af5ade43af69fc95eaac72392538b145a8a2c43d98361f5" "/opt/rustwide/cargo-home/bin/cargo" "+1.99.0-beta.1" "metadata" "--no-deps" "--format-version=1", kill_on_drop: false }`
[INFO] running `Command { std: "docker" "inspect" "602751c40d5920508af5ade43af69fc95eaac72392538b145a8a2c43d98361f5", kill_on_drop: false }`
[INFO] running `Command { std: "docker" "exec" "-e" "SOURCE_DIR=/opt/rustwide/workdir" "-e" "CARGO_HOME=/opt/rustwide/cargo-home" "-e" "RUSTUP_HOME=/opt/rustwide/rustup-home" "-e" "CARGO_TARGET_DIR=/opt/rustwide/target" "-e" "CARGO_INCREMENTAL=0" "-e" "RUST_BACKTRACE=full" "-e" "RUSTFLAGS=--cap-lints=warn" "-e" "RUSTDOCFLAGS=--cap-lints=warn" "-w" "/opt/rustwide/workdir" "--user" "0:0" "602751c40d5920508af5ade43af69fc95eaac72392538b145a8a2c43d98361f5" "/opt/rustwide/cargo-home/bin/cargo" "+1.99.0-beta.1" "build" "--frozen" "--message-format=json" "--release", kill_on_drop: false }`
[INFO] [stderr]    Compiling pkg-config v0.3.33
[INFO] [stderr]    Compiling hashbrown v0.17.0
[INFO] [stderr]    Compiling target-lexicon v0.12.16
[INFO] [stderr]    Compiling smallvec v1.15.1
[INFO] [stderr]    Compiling version-compare v0.2.1
[INFO] [stderr]    Compiling libc v0.2.185
[INFO] [stderr]    Compiling quote v1.0.45
[INFO] [stderr]    Compiling serde v1.0.228
[INFO] [stderr]    Compiling proc-macro-error-attr v1.0.4
[INFO] [stderr]    Compiling syn v1.0.109
[INFO] [stderr]    Compiling proc-macro-error v1.0.4
[INFO] [stderr]    Compiling futures-core v0.3.32
[INFO] [stderr]    Compiling bitflags v2.11.1
[INFO] [stderr]    Compiling slab v0.4.12
[INFO] [stderr]    Compiling futures-task v0.3.32
[INFO] [stderr]    Compiling memchr v2.8.0
[INFO] [stderr]    Compiling futures-channel v0.3.32
[INFO] [stderr]    Compiling gio v0.18.4
[INFO] [stderr]    Compiling simd-adler32 v0.3.9
[INFO] [stderr]    Compiling futures-io v0.3.32
[INFO] [stderr]    Compiling memoffset v0.9.1
[INFO] [stderr]    Compiling field-offset v0.3.6
[INFO] [stderr]    Compiling num-traits v0.2.19
[INFO] [stderr]    Compiling crossbeam-utils v0.8.21
[INFO] [stderr]    Compiling syn v2.0.117
[INFO] [stderr]    Compiling once_cell v1.21.4
[INFO] [stderr]    Compiling x11 v2.21.0
[INFO] [stderr]    Compiling miniz_oxide v0.8.9
[INFO] [stderr]    Compiling fdeflate v0.3.7
[INFO] [stderr]    Compiling gtk v0.18.2
[INFO] [stderr]    Compiling libxdo-sys v0.11.0
[INFO] [stderr]    Compiling rustix v1.1.4
[INFO] [stderr]    Compiling toml_datetime v0.6.3
[INFO] [stderr]    Compiling serde_spanned v0.6.9
[INFO] [stderr]    Compiling unicode-segmentation v1.13.2
[INFO] [stderr]    Compiling linux-raw-sys v0.12.1
[INFO] [stderr]    Compiling indexmap v2.14.0
[INFO] [stderr]    Compiling x11-dl v2.21.0
[INFO] [stderr]    Compiling libloading v0.7.4
[INFO] [stderr]    Compiling cfg-expr v0.15.8
[INFO] [stderr]    Compiling getrandom v0.4.2
[INFO] [stderr]    Compiling pxfm v0.1.28
[INFO] [stderr]    Compiling thiserror v2.0.18
[INFO] [stderr]    Compiling flate2 v1.1.9
[INFO] [stderr]    Compiling log v0.4.29
[INFO] [stderr]    Compiling x11rb-protocol v0.13.2
[INFO] [stderr]    Compiling png v0.18.1
[INFO] [stderr]    Compiling dpi v0.1.2
[INFO] [stderr]    Compiling serde_json v1.0.149
[INFO] [stderr]    Compiling bytemuck v1.25.0
[INFO] [stderr]    Compiling png v0.17.16
[INFO] [stderr]    Compiling iana-time-zone v0.1.65
[INFO] [stderr]    Compiling crossbeam-channel v0.5.15
[INFO] [stderr]    Compiling dirs-sys v0.4.1
[INFO] [stderr]    Compiling parking_lot_core v0.9.12
[INFO] [stderr]    Compiling toml_edit v0.20.2
[INFO] [stderr]    Compiling toml_edit v0.19.15
[INFO] [stderr]    Compiling dirs v5.0.1
[INFO] [stderr]    Compiling parking_lot v0.12.5
[INFO] [stderr]    Compiling uuid v1.23.1
[INFO] [stderr]    Compiling libxdo v0.6.0
[INFO] [stderr]    Compiling toml v0.8.2
[INFO] [stderr]    Compiling proc-macro-crate v2.0.2
[INFO] [stderr]    Compiling futures-macro v0.3.32
[INFO] [stderr]    Compiling thiserror-impl v1.0.69
[INFO] [stderr]    Compiling serde_derive v1.0.228
[INFO] [stderr]    Compiling thiserror-impl v2.0.18
[INFO] [stderr]    Compiling system-deps v6.2.2
[INFO] [stderr]    Compiling moxcms v0.8.1
[INFO] [stderr]    Compiling glib-macros v0.18.5
[INFO] [stderr]    Compiling proc-macro-crate v1.3.1
[INFO] [stderr]    Compiling glib-sys v0.18.1
[INFO] [stderr]    Compiling gobject-sys v0.18.0
[INFO] [stderr]    Compiling gio-sys v0.18.1
[INFO] [stderr]    Compiling futures-util v0.3.32
[INFO] [stderr]    Compiling atk-sys v0.18.2
[INFO] [stderr]    Compiling gdk-pixbuf-sys v0.18.0
[INFO] [stderr]    Compiling gdk-sys v0.18.2
[INFO] [stderr]    Compiling pango-sys v0.18.0
[INFO] [stderr]    Compiling cairo-sys-rs v0.18.2
[INFO] [stderr]    Compiling gtk-sys v0.18.2
[INFO] [stderr]    Compiling gtk3-macros v0.18.2
[INFO] [stderr]    Compiling thiserror v1.0.69
[INFO] [stderr]    Compiling gethostname v1.1.0
[INFO] [stderr]    Compiling futures-executor v0.3.32
[INFO] [stderr]    Compiling x11rb v0.13.2
[INFO] [stderr]    Compiling glib v0.18.5
[INFO] [stderr]    Compiling keyboard-types v0.7.0
[INFO] [stderr]    Compiling chrono v0.4.44
[INFO] [stderr]    Compiling image v0.25.10
[INFO] [stderr]    Compiling global-hotkey v0.6.4
[INFO] [stderr]    Compiling libappindicator-sys v0.9.0
[INFO] [stderr]    Compiling arboard v3.6.1
[INFO] [stderr]    Compiling cairo-rs v0.18.5
[INFO] [stderr]    Compiling atk v0.18.2
[INFO] [stderr]    Compiling gdk-pixbuf v0.18.5
[INFO] [stderr]    Compiling pango v0.18.3
[INFO] [stderr]    Compiling gdk v0.18.2
[INFO] [stderr]    Compiling libappindicator v0.9.0
[INFO] [stderr]    Compiling muda v0.15.3
[INFO] [stderr]    Compiling tray-icon v0.18.0
[INFO] [stderr]    Compiling crabclip v0.1.5 (/opt/rustwide/workdir)
[INFO] [stdout] warning: methods `remove`, `toggle_pin`, and `search` are never used
[INFO] [stdout]    --> src/history.rs:79:12
[INFO] [stdout]     |
[INFO] [stdout]  41 | impl History {
[INFO] [stdout]     | ------------ methods in this implementation
[INFO] [stdout] ...
[INFO] [stdout]  79 |     pub fn remove(&mut self, id: &str) {
[INFO] [stdout]     |            ^^^^^^
[INFO] [stdout] ...
[INFO] [stdout]  83 |     pub fn toggle_pin(&mut self, id: &str) {
[INFO] [stdout]     |            ^^^^^^^^^^
[INFO] [stdout] ...
[INFO] [stdout] 102 |     pub fn search(&self, query: &str) -> Vec<&ClipEntry> {
[INFO] [stdout]     |            ^^^^^^
[INFO] [stdout]     |
[INFO] [stdout]     = note: `#[warn(dead_code)]` (part of `#[warn(unused)]`) on by default
[INFO] [stdout] 
[INFO] [stdout] 
[INFO] [stdout] error: linking with `cc` failed: exit status: 1
[INFO] [stdout]   |
[INFO] [stdout]   = note:  "cc" "-m64" "/opt/rustwide/target/release/deps/rustcQDbSLd/symbols.o" "<17 object files omitted>" "-Wl,--as-needed" "-Wl,-Bstatic" "/opt/rustwide/target/release/deps/{libuuid-e3e866cf97f540de,libgetrandom-8fad0d8488a78390,libserde_json-3ee695c9ce118d4c,libitoa-1e9e3b22820c4a15,libzmij-3fd0fbc0da54c581,libtray_icon-cb6c097a109b318e,libdirs-448cbe7eac210c96,libdirs_sys-96dc37604b6ef860,liboption_ext-d0c08071b84db46d,libpng-41bab093e970c32f,libbitflags-68973b8086863992,libmuda-344c0f715be5156f,liblibxdo-5173fe4e54f31e54,liblibxdo_sys-dc3b3d0d2385a05c,libx11-dbe87b1f82bf88d5,libdpi-9f97fb09bfd68738,liblibappindicator-d78c5912bd39409c,liblibappindicator_sys-8cadd17bdd28b7c9,liblibloading-ce1f79cf30688d98,libbase64-5ba8d8f2fe9c6ccd,libarboard-4ffcf552424ee6d7,libimage-4bd3976cb9f6a403,libbytemuck-a214aa96a18fb28c,libbyteorder_lite-a767fe81cb63f861,libmoxcms-3eb7815143e651c7,libpxfm-81b4d332ad02b5f0,libpng-70b490ac302b1abc,libflate2-90aaa34a06fe6c82,libminiz_oxide-e2eb0efc15b0357b,libfdeflate-91324726abcf66e5,libsimd_adler32-7147f273ee833f2e,libcrc32fast-de10743154edaffb,libx11rb-15947f9ebe96b241,libgethostname-98b3cc425dca5c4c,librustix-53efc31dc750fc60,liblinux_raw_sys-a318cdb1be8f59cf,libx11rb_protocol-5674768044dbbd69,libparking_lot-ecbeff1a9894b54d,libparking_lot_core-92481617e5b4f5f1,libcfg_if-6d8dca19095bb388,liblock_api-0c6a3406bef68330,libscopeguard-5f9373ec660020b4,liblog-e86fe1484206d3e6,libpercent_encoding-6ee9e8dd7e10ccaa,libgtk-bb7e35c734928069,libfield_offset-2940656aef5a71dc,libmemoffset-f78b5bb6cb58d3d0,libgdk-d5b46dfe5902a8a5,libpango-0283143b957035c3,libgdk_pixbuf-59054631212b1904,libgio-7cb2708841eb875e,libfutures_io-6f54c4dbd1508747,libcairo-f6d3855ef743a76f,libatk-8e9a46e50c7af91e,libglib-910c43e57140d215,libfutures_executor-31191ac0af941662,libmemchr-67bd3f6c39c2c1d0,libsmallvec-cceb5f276923f9ef,libthiserror-a689cb4fa798c30d,libfutures_util-5cf0c6ae04b60bbe,libslab-19b8bc1074c00c3a,libpin_project_lite-9a89bb36c0c56875,libfutures_task-4380614d65d5c09c,libfutures_channel-157276d662cf2058,libfutures_core-0b1b1ace5db6ba06,libgtk_sys-95d620aabfa5ed62,libatk_sys-afb6e6bff634bd0a,libgdk_sys-6a010bdc075f29f9,libpango_sys-2207a8df71850444,libgdk_pixbuf_sys-abdafc014421c1b5,libgio_sys-d89d4e2d80815b9e,libcairo_sys-f0f13c4a82ed74de,libgobject_sys-0950b9ae3decfd1a,libglib_sys-e3baa9d9c01a9c6b,libglobal_hotkey-a0ff551db25dae97,libx11_dl-c370b55fc73a1f2f,liblibc-a997823ef9af7cd3,libkeyboard_types-a4e378748a6e4498,libbitflags-6c624ef22792371e,libunicode_segmentation-ad96a6328f82ceaf,libthiserror-0c05b75b824b4ab7,libonce_cell-a92ce0590bdd2571,libcrossbeam_channel-05572b463b2a1f6d,libcrossbeam_utils-dfae1366581d5be5,libchrono-61c9fdf104f1d913,libiana_time_zone-ea2d38d0aead4a1d,libnum_traits-c4bb5d617fe10b48,libserde-3d7e35f34966e861,libserde_core-fc2e9ba380840c21}.rlib" "<sysroot>/lib/rustlib/x86_64-unknown-linux-gnu/lib/{libstd-*,libpanic_unwind-*,libobject-*,libmemchr-*,libaddr2line-*,libgimli-*,libcfg_if-*,librustc_demangle-*,libstd_detect-*,libhashbrown-*,librustc_std_workspace_alloc-*,libminiz_oxide-*,libadler2-*,libunwind-*,liblibc-*,librustc_std_workspace_core-*,liballoc-*,libcore-*,libcompiler_builtins-*}.rlib" "-Wl,-Bdynamic" "-lxdo" "-ldl" "-lgobject-2.0" "-lgtk-3" "-lgdk-3" "-lpangocairo-1.0" "-lcairo-gobject" "-lgdk_pixbuf-2.0" "-latk-1.0" "-lpango-1.0" "-lcairo" "-lharfbuzz" "-lgio-2.0" "-lgobject-2.0" "-lglib-2.0" "-lz" "-latk-1.0" "-lgobject-2.0" "-lglib-2.0" "-lgdk-3" "-lpangocairo-1.0" "-lpango-1.0" "-lharfbuzz" "-lgdk_pixbuf-2.0" "-lcairo-gobject" "-lgobject-2.0" "-lglib-2.0" "-lcairo" "-lz" "-lpango-1.0" "-lharfbuzz" "-lgobject-2.0" "-lglib-2.0" "-lgdk_pixbuf-2.0" "-lgobject-2.0" "-lglib-2.0" "-lgio-2.0" "-lgobject-2.0" "-lglib-2.0" "-lcairo-gobject" "-lcairo" "-lgobject-2.0" "-lglib-2.0" "-lgobject-2.0" "-lglib-2.0" "-lgobject-2.0" "-lglib-2.0" "-ldl" "-lgcc_s" "-lutil" "-lrt" "-lpthread" "-lm" "-ldl" "-lc" "-L" "/opt/rustwide/target/release/deps/rustcQDbSLd/raw-dylibs" "-B<sysroot>/lib/rustlib/x86_64-unknown-linux-gnu/bin/gcc-ld" "-fuse-ld=lld" "-Wl,--eh-frame-hdr" "-Wl,-z,noexecstack" "-L" "<sysroot>/lib/rustlib/x86_64-unknown-linux-gnu/lib" "-o" "/opt/rustwide/target/release/deps/crabclip-beea7ccbcfb3266f" "-Wl,--gc-sections" "-pie" "-Wl,-z,relro,-z,now" "-Wl,-O1" "-Wl,--strip-debug" "-nodefaultlibs"
[INFO] [stdout]   = note: some arguments are omitted. use `--verbose` to show all linker arguments
[INFO] [stdout]   = note: rust-lld: error: unable to find library -lxdo
[INFO] [stdout]           collect2: error: ld returned 1 exit status
[INFO] [stdout]           
[INFO] [stdout] 
[INFO] [stdout] 
[INFO] [stderr] error: could not compile `crabclip` (bin "crabclip") due to 1 previous error; 1 warning emitted
[INFO] running `Command { std: "docker" "inspect" "602751c40d5920508af5ade43af69fc95eaac72392538b145a8a2c43d98361f5", kill_on_drop: false }`
[INFO] running `Command { std: "docker" "rm" "-f" "602751c40d5920508af5ade43af69fc95eaac72392538b145a8a2c43d98361f5", kill_on_drop: false }`
[INFO] [stdout] 602751c40d5920508af5ade43af69fc95eaac72392538b145a8a2c43d98361f5
