[INFO] cloning repository https://github.com/manuel-woelker/tantivy-server
[INFO] running `Command { std: "git" "-c" "credential.helper=" "-c" "credential.helper=/workspace/cargo-home/bin/git-credential-null" "clone" "--bare" "https://github.com/manuel-woelker/tantivy-server" "/workspace/cache/git-repos/https%3A%2F%2Fgithub.com%2Fmanuel-woelker%2Ftantivy-server", kill_on_drop: false }`
[INFO] [stderr] Cloning into bare repository '/workspace/cache/git-repos/https%3A%2F%2Fgithub.com%2Fmanuel-woelker%2Ftantivy-server'...
[INFO] running `Command { std: "git" "rev-parse" "HEAD", kill_on_drop: false }`
[INFO] [stdout] 369451ed45fd5636e92f4d2c695d1f7693bb9513
[INFO] testing manuel-woelker/tantivy-server against 1.98.0-beta.8+cargoflags=--release for beta-release-1.99-2
[INFO] running `Command { std: "git" "clone" "/workspace/cache/git-repos/https%3A%2F%2Fgithub.com%2Fmanuel-woelker%2Ftantivy-server" "/workspace/builds/worker-1-tc1/source", kill_on_drop: false }`
[INFO] [stderr] Cloning into '/workspace/builds/worker-1-tc1/source'...
[INFO] [stderr] done.
[INFO] started tweaking git repo https://github.com/manuel-woelker/tantivy-server
[INFO] finished tweaking git repo https://github.com/manuel-woelker/tantivy-server
[INFO] tweaked toml for git repo https://github.com/manuel-woelker/tantivy-server written to /workspace/builds/worker-1-tc1/source/Cargo.toml
[INFO] validating manifest of git repo https://github.com/manuel-woelker/tantivy-server on toolchain 1.98.0-beta.8
[INFO] running `Command { std: CARGO_HOME="/workspace/cargo-home" RUSTUP_HOME="/workspace/rustup-home" "/workspace/cargo-home/bin/cargo" "+1.98.0-beta.8" "metadata" "--manifest-path" "Cargo.toml" "--no-deps", kill_on_drop: false }`
[INFO] crate git repo https://github.com/manuel-woelker/tantivy-server already has a lockfile, it will not be regenerated
[INFO] running `Command { std: CARGO_HOME="/workspace/cargo-home" RUSTUP_HOME="/workspace/rustup-home" "/workspace/cargo-home/bin/cargo" "+1.98.0-beta.8" "fetch" "--manifest-path" "Cargo.toml", kill_on_drop: false }`
[INFO] [stderr] warning: Cargo.toml: `package.edition` is unspecified, defaulting to `2015` while the latest is `2024`
[INFO] [stderr] warning: `tantivyx-server` (manifest) generated 1 warning
[INFO] [stderr]     Updating crates.io index
[INFO] [stderr]     Updating git repository `https://github.com/tantivy-search/tantivy.git`
[INFO] [stderr]  Downloading crates ...
[INFO] [stderr]   Downloaded time v0.1.36
[INFO] [stderr]   Downloaded uuid v0.1.18
[INFO] [stderr]   Downloaded redox_syscall v0.1.16
[INFO] [stderr]   Downloaded libc v0.2.20
[INFO] [stderr]   Downloaded sequence_trie v0.2.1
[INFO] [stderr]   Downloaded rustc-demangle v0.1.3
[INFO] [stderr]   Downloaded bodyparser v0.6.0
[INFO] [stderr]   Downloaded crossbeam v0.2.10
[INFO] [stderr]   Downloaded num-traits v0.1.36
[INFO] [stderr]   Downloaded num-rational v0.1.35
[INFO] [stderr]   Downloaded atomicwrites v0.0.14
[INFO] [stderr]   Downloaded traitobject v0.0.3
[INFO] [stderr]   Downloaded byteorder v0.4.2
[INFO] [stderr]   Downloaded itoa v0.2.1
[INFO] [stderr]   Downloaded thread-id v2.0.0
[INFO] [stderr]   Downloaded ascii v0.7.1
[INFO] [stderr]   Downloaded regex-syntax v0.3.9
[INFO] [stderr]   Downloaded aho-corasick v0.5.3
[INFO] [stderr]   Downloaded staticfile v0.4.0
[INFO] [stderr]   Downloaded mount v0.3.0
[INFO] [stderr]   Downloaded httparse v1.2.1
[INFO] [stderr]   Downloaded num-complex v0.1.35
[INFO] [stderr]   Downloaded num_cpus v1.2.1
[INFO] [stderr]   Downloaded serde_codegen v0.9.0
[INFO] [stderr]   Downloaded utf8-ranges v0.1.3
[INFO] [stderr]   Downloaded memchr v1.0.1
[INFO] [stderr]   Downloaded typemap v0.3.3
[INFO] [stderr]   Downloaded semver v0.1.20
[INFO] [stderr]   Downloaded skeptic v0.6.1
[INFO] [stderr]   Downloaded gcc v0.3.42
[INFO] [stderr]   Downloaded log v0.3.6
[INFO] [stderr]   Downloaded matches v0.1.4
[INFO] [stderr]   Downloaded unicode-bidi v0.2.4
[INFO] [stderr]   Downloaded unsafe-any v0.4.1
[INFO] [stderr]   Downloaded plugin v0.2.6
[INFO] [stderr]   Downloaded lazy_static v0.2.2
[INFO] [stderr]   Downloaded traitobject v0.0.1
[INFO] [stderr]   Downloaded mime v0.2.2
[INFO] [stderr]   Downloaded thread-id v3.0.0
[INFO] [stderr]   Downloaded memchr v0.1.11
[INFO] [stderr]   Downloaded thread_local v0.2.7
[INFO] [stderr]   Downloaded memmap v0.2.3
[INFO] [stderr]   Downloaded router v0.5.1
[INFO] [stderr]   Downloaded utf8-ranges v1.0.0
[INFO] [stderr]   Downloaded memmap v0.4.0
[INFO] [stderr]   Downloaded num-integer v0.1.32
[INFO] [stderr]   Downloaded serde_codegen_internals v0.11.3
[INFO] [stderr]   Downloaded persistent v0.3.0
[INFO] [stderr]   Downloaded thread_local v0.3.2
[INFO] [stderr]   Downloaded unreachable v0.1.1
[INFO] [stderr]   Downloaded tempfile v2.1.5
[INFO] [stderr]   Downloaded serde_derive v0.9.1
[INFO] [stderr]   Downloaded route-recognizer v0.1.11
[INFO] [stderr]   Downloaded cfg-if v0.1.0
[INFO] [stderr]   Downloaded env_logger v0.4.0
[INFO] [stderr]   Downloaded fs2 v0.2.5
[INFO] [stderr]   Downloaded lz4 v1.20.0
[INFO] [stderr]   Downloaded iron v0.5.1
[INFO] [stderr]   Downloaded modifier v0.1.0
[INFO] [stderr]   Downloaded byteorder v0.5.3
[INFO] [stderr]   Downloaded num-iter v0.1.32
[INFO] [stderr]   Downloaded unicase v1.4.0
[INFO] [stderr]   Downloaded rustc_version v0.1.7
[INFO] [stderr]   Downloaded quote v0.3.12
[INFO] [stderr]   Downloaded url v1.4.0
[INFO] [stderr]   Downloaded serde v0.6.15
[INFO] [stderr]   Downloaded num v0.1.36
[INFO] [stderr]   Downloaded conduit-mime-types v0.7.3
[INFO] [stderr]   Downloaded syn v0.10.8
[INFO] [stderr]   Downloaded error-chain v0.8.1
[INFO] [stderr]   Downloaded num_cpus v0.2.13
[INFO] [stderr]   Downloaded error v0.1.9
[INFO] [stderr]   Downloaded getopts v0.2.14
[INFO] [stderr]   Downloaded num-bigint v0.1.35
[INFO] [stderr]   Downloaded serde v0.9.1
[INFO] [stderr]   Downloaded backtrace v0.3.0
[INFO] [stderr]   Downloaded rustc-serialize v0.3.22
[INFO] [stderr]   Downloaded pulldown-cmark v0.0.3
[INFO] [stderr]   Downloaded itertools v0.4.19
[INFO] [stderr]   Downloaded combine v2.0.0
[INFO] [stderr]   Downloaded chan v0.1.18
[INFO] [stderr]   Downloaded bincode v0.4.1
[INFO] [stderr]   Downloaded dtoa v0.3.1
[INFO] [stderr]   Downloaded hyper v0.10.4
[INFO] [stderr]   Downloaded regex-syntax v0.4.0
[INFO] [stderr]   Downloaded regex v0.2.1
[INFO] [stderr]   Downloaded lz4-sys v1.0.1+1.7.3
[INFO] [stderr]   Downloaded regex v0.1.80
[INFO] [stderr]   Downloaded idna v0.1.0
[INFO] [stderr]   Downloaded aho-corasick v0.6.1
[INFO] [stderr]   Downloaded backtrace-sys v0.1.5
[INFO] [stderr]   Downloaded lazy_static v0.1.16
[INFO] [stderr]   Downloaded unicode-normalization v0.1.3
[INFO] [stderr]   Downloaded fst v0.1.35
[INFO] [stderr]   Downloaded version v2.0.1
[INFO] [stderr]   Downloaded serde_json v0.9.1
[INFO] running `Command { std: "docker" "create" "-v" "/var/lib/crater-agent-workspace/builds/worker-1-tc1/source:/opt/rustwide/workdir:ro,Z" "-v" "/var/lib/crater-agent-workspace/builds/worker-1-tc1/target:/opt/rustwide/target:rw,Z" "-v" "/var/lib/crater-agent-workspace/cargo-home:/opt/rustwide/cargo-home:ro,Z" "-v" "/var/lib/crater-agent-workspace/rustup-home:/opt/rustwide/rustup-home:ro,Z" "-m" "1610612736" "--network" "none" "ghcr.io/rust-lang/crates-build-env/linux@sha256:8683fc1fc2eb5c9ac98e0d076ab094b2ffac7f99da555d2b6a2e27f346de2ec7" "sleep" "infinity", kill_on_drop: false }`
[INFO] [stdout] 9efe09cafc5d79a65cf7b0e409d6111206920b66fa2061ebdb6564c902671e71
[INFO] running `Command { std: "docker" "start" "9efe09cafc5d79a65cf7b0e409d6111206920b66fa2061ebdb6564c902671e71", kill_on_drop: false }`
[INFO] running `Command { std: "docker" "inspect" "9efe09cafc5d79a65cf7b0e409d6111206920b66fa2061ebdb6564c902671e71", kill_on_drop: false }`
[INFO] running `Command { std: "docker" "exec" "-e" "SOURCE_DIR=/opt/rustwide/workdir" "-e" "CARGO_HOME=/opt/rustwide/cargo-home" "-e" "RUSTUP_HOME=/opt/rustwide/rustup-home" "-e" "CARGO_TARGET_DIR=/opt/rustwide/target" "-w" "/opt/rustwide/workdir" "--user" "0:0" "9efe09cafc5d79a65cf7b0e409d6111206920b66fa2061ebdb6564c902671e71" "/opt/rustwide/cargo-home/bin/cargo" "+1.98.0-beta.8" "metadata" "--no-deps" "--format-version=1", kill_on_drop: false }`
[INFO] running `Command { std: "docker" "inspect" "9efe09cafc5d79a65cf7b0e409d6111206920b66fa2061ebdb6564c902671e71", kill_on_drop: false }`
[INFO] running `Command { std: "docker" "exec" "-e" "SOURCE_DIR=/opt/rustwide/workdir" "-e" "CARGO_HOME=/opt/rustwide/cargo-home" "-e" "RUSTUP_HOME=/opt/rustwide/rustup-home" "-e" "CARGO_TARGET_DIR=/opt/rustwide/target" "-e" "CARGO_INCREMENTAL=0" "-e" "RUST_BACKTRACE=full" "-e" "RUSTFLAGS=--cap-lints=warn" "-e" "RUSTDOCFLAGS=--cap-lints=warn" "-w" "/opt/rustwide/workdir" "--user" "0:0" "9efe09cafc5d79a65cf7b0e409d6111206920b66fa2061ebdb6564c902671e71" "/opt/rustwide/cargo-home/bin/cargo" "+1.98.0-beta.8" "build" "--frozen" "--message-format=json" "--release", kill_on_drop: false }`
[INFO] [stderr] warning: Cargo.toml: `package.edition` is unspecified, defaulting to `2015` while the latest is `2024`
[INFO] [stderr] warning: `tantivyx-server` (manifest) generated 1 warning
[INFO] [stderr]    Compiling libc v0.2.20
[INFO] [stderr]    Compiling semver v0.1.20
[INFO] [stderr]    Compiling winapi-build v0.1.1
[INFO] [stderr]    Compiling rustc-serialize v0.3.22
[INFO] [stderr]    Compiling gcc v0.3.42
[INFO] [stderr]    Compiling winapi v0.2.8
[INFO] [stderr]    Compiling num-traits v0.1.36
[INFO] [stderr]    Compiling traitobject v0.0.3
[INFO] [stderr]    Compiling log v0.3.6
[INFO] [stderr]    Compiling matches v0.1.4
[INFO] [stderr]    Compiling unicode-normalization v0.1.3
[INFO] [stderr]    Compiling typeable v0.1.2
[INFO] [stderr]    Compiling traitobject v0.0.1
[INFO] [stderr]    Compiling httparse v1.2.1
[INFO] [stderr]    Compiling language-tags v0.2.2
[INFO] [stderr]    Compiling unicode-bidi v0.2.4
[INFO] [stderr]    Compiling lazy_static v0.2.2
[INFO] [stderr]    Compiling modifier v0.1.0
[INFO] [stderr]    Compiling kernel32-sys v0.2.2
[INFO] [stdout] error[E0119]: conflicting implementations of trait `Trait` for type `(dyn Send + Sync + 'static)`
[INFO] [stdout]   --> /opt/rustwide/cargo-home/registry/src/index.crates.io-1949cf8c6b5b557f/traitobject-0.0.3/src/impls.rs:72:1
[INFO] [stdout]    |
[INFO] [stdout] 71 | unsafe impl Trait for ::std::marker::Send + Sync { }
[INFO] [stdout]    | ------------------------------------------------ first implementation here
[INFO] [stdout] 72 | unsafe impl Trait for ::std::marker::Send + Send + Sync { }
[INFO] [stdout]    | ^^^^^^^^^^^^^^^^^^^^^^^^^^^^^^^^^^^^^^^^^^^^^^^^^^^^^^^ conflicting implementation for `(dyn Send + Sync + 'static)`
[INFO] [stdout] 
[INFO] [stdout] 
[INFO] [stdout] error[E0119]: conflicting implementations of trait `Trait` for type `(dyn Send + Sync + 'static)`
[INFO] [stdout]   --> /opt/rustwide/cargo-home/registry/src/index.crates.io-1949cf8c6b5b557f/traitobject-0.0.3/src/impls.rs:73:1
[INFO] [stdout]    |
[INFO] [stdout] 71 | unsafe impl Trait for ::std::marker::Send + Sync { }
[INFO] [stdout]    | ------------------------------------------------ first implementation here
[INFO] [stdout] 72 | unsafe impl Trait for ::std::marker::Send + Send + Sync { }
[INFO] [stdout] 73 | unsafe impl Trait for ::std::marker::Sync + Send { }
[INFO] [stdout]    | ^^^^^^^^^^^^^^^^^^^^^^^^^^^^^^^^^^^^^^^^^^^^^^^^ conflicting implementation for `(dyn Send + Sync + 'static)`
[INFO] [stdout] 
[INFO] [stdout] 
[INFO] [stdout] error[E0119]: conflicting implementations of trait `Trait` for type `(dyn Send + Sync + 'static)`
[INFO] [stdout]   --> /opt/rustwide/cargo-home/registry/src/index.crates.io-1949cf8c6b5b557f/traitobject-0.0.3/src/impls.rs:75:1
[INFO] [stdout]    |
[INFO] [stdout] 71 | unsafe impl Trait for ::std::marker::Send + Sync { }
[INFO] [stdout]    | ------------------------------------------------ first implementation here
[INFO] [stdout] ...
[INFO] [stdout] 75 | unsafe impl Trait for ::std::marker::Sync + Send + Sync { }
[INFO] [stdout]    | ^^^^^^^^^^^^^^^^^^^^^^^^^^^^^^^^^^^^^^^^^^^^^^^^^^^^^^^ conflicting implementation for `(dyn Send + Sync + 'static)`
[INFO] [stdout] 
[INFO] [stdout] 
[INFO] [stdout] For more information about this error, try `rustc --explain E0119`.
[INFO] [stdout] 
[INFO] [stderr] error: could not compile `traitobject` (lib) due to 3 previous errors
[INFO] [stderr] warning: build failed, waiting for other jobs to finish...
[INFO] [stdout] error[E0310]: the parameter type `T` may not live long enough
[INFO] [stdout]     --> /opt/rustwide/cargo-home/registry/src/index.crates.io-1949cf8c6b5b557f/rustc-serialize-0.3.22/src/serialize.rs:1155:5
[INFO] [stdout]      |
[INFO] [stdout] 1155 |     fn decode<D: Decoder>(d: &mut D) -> Result<Cow<'static, T>, D::Error> {
[INFO] [stdout]      |     ^^^^^^^^^^^^^^^^^^^^^^^^^^^^^^^^^^^^^^^^^^^^^^^^^^^^^^^^^^^^^^^^^^^^^
[INFO] [stdout]      |     |
[INFO] [stdout]      |     the parameter type `T` must be valid for the static lifetime...
[INFO] [stdout]      |     ...so that the type `T` will meet its required lifetime bounds...
[INFO] [stdout]      |
[INFO] [stdout] note: ...that is required by this bound
[INFO] [stdout]     --> /rustc/04eb0d7194012623e82369b466d5084522957446/library/alloc/src/borrow.rs:169:29
[INFO] [stdout] help: consider adding an explicit lifetime bound
[INFO] [stdout]      |
[INFO] [stdout] 1151 | impl<'a, T: ?Sized + 'static> Decodable for Cow<'a, T>
[INFO] [stdout]      |                    +++++++++
[INFO] [stdout] 
[INFO] [stdout] 
[INFO] [stdout] For more information about this error, try `rustc --explain E0310`.
[INFO] [stdout] 
[INFO] [stderr] error: could not compile `rustc-serialize` (lib) due to 1 previous error
[INFO] running `Command { std: "docker" "inspect" "9efe09cafc5d79a65cf7b0e409d6111206920b66fa2061ebdb6564c902671e71", kill_on_drop: false }`
[INFO] running `Command { std: "docker" "rm" "-f" "9efe09cafc5d79a65cf7b0e409d6111206920b66fa2061ebdb6564c902671e71", kill_on_drop: false }`
[INFO] [stdout] 9efe09cafc5d79a65cf7b0e409d6111206920b66fa2061ebdb6564c902671e71
