[INFO] cloning repository https://github.com/makinzm/my-init-wasm-project
[INFO] running `Command { std: "git" "-c" "credential.helper=" "-c" "credential.helper=/workspace/cargo-home/bin/git-credential-null" "clone" "--bare" "https://github.com/makinzm/my-init-wasm-project" "/workspace/cache/git-repos/https%3A%2F%2Fgithub.com%2Fmakinzm%2Fmy-init-wasm-project", kill_on_drop: false }`
[INFO] [stderr] Cloning into bare repository '/workspace/cache/git-repos/https%3A%2F%2Fgithub.com%2Fmakinzm%2Fmy-init-wasm-project'...
[INFO] running `Command { std: "git" "rev-parse" "HEAD", kill_on_drop: false }`
[INFO] [stdout] 0f6d7c288e2d88f041f3405140c54d895095067d
[INFO] testing makinzm/my-init-wasm-project against 1.99.0-beta.1+cargoflags=--release for beta-release-1.99-2
[INFO] running `Command { std: "git" "clone" "/workspace/cache/git-repos/https%3A%2F%2Fgithub.com%2Fmakinzm%2Fmy-init-wasm-project" "/workspace/builds/worker-5-tc2/source", kill_on_drop: false }`
[INFO] [stderr] Cloning into '/workspace/builds/worker-5-tc2/source'...
[INFO] [stderr] done.
[INFO] started tweaking git repo https://github.com/makinzm/my-init-wasm-project
[INFO] finished tweaking git repo https://github.com/makinzm/my-init-wasm-project
[INFO] tweaked toml for git repo https://github.com/makinzm/my-init-wasm-project written to /workspace/builds/worker-5-tc2/source/Cargo.toml
[INFO] validating manifest of git repo https://github.com/makinzm/my-init-wasm-project on toolchain 1.99.0-beta.1
[INFO] running `Command { std: CARGO_HOME="/workspace/cargo-home" RUSTUP_HOME="/workspace/rustup-home" "/workspace/cargo-home/bin/cargo" "+1.99.0-beta.1" "metadata" "--manifest-path" "Cargo.toml" "--no-deps", kill_on_drop: false }`
[INFO] crate git repo https://github.com/makinzm/my-init-wasm-project already has a lockfile, it will not be regenerated
[INFO] running `Command { std: CARGO_HOME="/workspace/cargo-home" RUSTUP_HOME="/workspace/rustup-home" "/workspace/cargo-home/bin/cargo" "+1.99.0-beta.1" "fetch" "--manifest-path" "Cargo.toml", kill_on_drop: false }`
[INFO] [stderr] warning: Cargo.toml: Found `debug_assertions` in `target.'cfg(...)'.dependencies`. This value is not supported for selecting dependencies and will not work as expected. To learn more visit https://doc.rust-lang.org/cargo/reference/specifying-dependencies.html#platform-specific-dependencies
[INFO] [stderr] warning: `rust-webpack-template` (manifest) generated 1 warning
[INFO] [stderr]     Blocking waiting for file lock on package cache
[INFO] [stderr]     Blocking waiting for file lock on package cache
[INFO] running `Command { std: "docker" "create" "-v" "/var/lib/crater-agent-workspace/builds/worker-5-tc2/source:/opt/rustwide/workdir:ro,Z" "-v" "/var/lib/crater-agent-workspace/builds/worker-5-tc2/target:/opt/rustwide/target:rw,Z" "-v" "/var/lib/crater-agent-workspace/cargo-home:/opt/rustwide/cargo-home:ro,Z" "-v" "/var/lib/crater-agent-workspace/rustup-home:/opt/rustwide/rustup-home:ro,Z" "-m" "1610612736" "--network" "none" "ghcr.io/rust-lang/crates-build-env/linux@sha256:8683fc1fc2eb5c9ac98e0d076ab094b2ffac7f99da555d2b6a2e27f346de2ec7" "sleep" "infinity", kill_on_drop: false }`
[INFO] [stdout] eb46a71a9d4b4b59f7f0876077a75e56bf4af8332cbee365778aaff4e9ddc9b2
[INFO] running `Command { std: "docker" "start" "eb46a71a9d4b4b59f7f0876077a75e56bf4af8332cbee365778aaff4e9ddc9b2", kill_on_drop: false }`
[INFO] running `Command { std: "docker" "inspect" "eb46a71a9d4b4b59f7f0876077a75e56bf4af8332cbee365778aaff4e9ddc9b2", kill_on_drop: false }`
[INFO] running `Command { std: "docker" "exec" "-e" "SOURCE_DIR=/opt/rustwide/workdir" "-e" "CARGO_HOME=/opt/rustwide/cargo-home" "-e" "RUSTUP_HOME=/opt/rustwide/rustup-home" "-e" "CARGO_TARGET_DIR=/opt/rustwide/target" "-w" "/opt/rustwide/workdir" "--user" "0:0" "eb46a71a9d4b4b59f7f0876077a75e56bf4af8332cbee365778aaff4e9ddc9b2" "/opt/rustwide/cargo-home/bin/cargo" "+1.99.0-beta.1" "metadata" "--no-deps" "--format-version=1", kill_on_drop: false }`
[INFO] running `Command { std: "docker" "inspect" "eb46a71a9d4b4b59f7f0876077a75e56bf4af8332cbee365778aaff4e9ddc9b2", kill_on_drop: false }`
[INFO] running `Command { std: "docker" "exec" "-e" "SOURCE_DIR=/opt/rustwide/workdir" "-e" "CARGO_HOME=/opt/rustwide/cargo-home" "-e" "RUSTUP_HOME=/opt/rustwide/rustup-home" "-e" "CARGO_TARGET_DIR=/opt/rustwide/target" "-e" "CARGO_INCREMENTAL=0" "-e" "RUST_BACKTRACE=full" "-e" "RUSTFLAGS=--cap-lints=warn" "-e" "RUSTDOCFLAGS=--cap-lints=warn" "-w" "/opt/rustwide/workdir" "--user" "0:0" "eb46a71a9d4b4b59f7f0876077a75e56bf4af8332cbee365778aaff4e9ddc9b2" "/opt/rustwide/cargo-home/bin/cargo" "+1.99.0-beta.1" "build" "--frozen" "--message-format=json" "--release", kill_on_drop: false }`
[INFO] [stderr] warning: Cargo.toml: Found `debug_assertions` in `target.'cfg(...)'.dependencies`. This value is not supported for selecting dependencies and will not work as expected. To learn more visit https://doc.rust-lang.org/cargo/reference/specifying-dependencies.html#platform-specific-dependencies
[INFO] [stderr] warning: `rust-webpack-template` (manifest) generated 1 warning
[INFO] [stderr]    Compiling proc-macro2 v1.0.79
[INFO] [stderr]    Compiling unicode-ident v1.0.12
[INFO] [stderr]    Compiling wasm-bindgen-shared v0.2.92
[INFO] [stderr]    Compiling log v0.4.21
[INFO] [stderr]    Compiling bumpalo v3.15.4
[INFO] [stderr]    Compiling once_cell v1.19.0
[INFO] [stderr]    Compiling wasm-bindgen v0.2.92
[INFO] [stderr]    Compiling cfg-if v1.0.0
[INFO] [stderr]    Compiling quote v1.0.35
[INFO] [stderr]    Compiling syn v2.0.53
[INFO] [stderr]    Compiling wasm-bindgen-backend v0.2.92
[INFO] [stderr]    Compiling wasm-bindgen-macro-support v0.2.92
[INFO] [stderr]    Compiling wasm-bindgen-macro v0.2.92
[INFO] [stderr]    Compiling js-sys v0.3.69
[INFO] [stderr]    Compiling console_error_panic_hook v0.1.7
[INFO] [stderr]    Compiling web-sys v0.3.69
[INFO] [stderr]    Compiling rust-webpack-template v0.1.0 (/opt/rustwide/workdir)
[INFO] [stdout] warning: unnecessary parentheses around block return value
[INFO] [stdout]   --> src/lib.rs:53:13
[INFO] [stdout]    |
[INFO] [stdout] 53 |             (144.0 * std::f64::consts::PI / 180.0)
[INFO] [stdout]    |             ^                                    ^
[INFO] [stdout]    |
[INFO] [stdout]    = note: `#[warn(unused_parens)]` (part of `#[warn(unused)]`) on by default
[INFO] [stdout] help: remove these parentheses
[INFO] [stdout]    |
[INFO] [stdout] 53 -             (144.0 * std::f64::consts::PI / 180.0)
[INFO] [stdout] 53 +             144.0 * std::f64::consts::PI / 180.0
[INFO] [stdout]    |
[INFO] [stdout] 
[INFO] [stdout] 
[INFO] [stdout] warning: unnecessary parentheses around block return value
[INFO] [stdout]   --> src/lib.rs:55:13
[INFO] [stdout]    |
[INFO] [stdout] 55 |             (288.0 * std::f64::consts::PI / 180.0)
[INFO] [stdout]    |             ^                                    ^
[INFO] [stdout]    |
[INFO] [stdout] help: remove these parentheses
[INFO] [stdout]    |
[INFO] [stdout] 55 -             (288.0 * std::f64::consts::PI / 180.0)
[INFO] [stdout] 55 +             288.0 * std::f64::consts::PI / 180.0
[INFO] [stdout]    |
[INFO] [stdout] 
[INFO] [stdout] 
[INFO] [stderr]     Finished `release` profile [optimized] target(s) in 22.59s
[INFO] running `Command { std: "docker" "inspect" "eb46a71a9d4b4b59f7f0876077a75e56bf4af8332cbee365778aaff4e9ddc9b2", kill_on_drop: false }`
[INFO] running `Command { std: "docker" "exec" "-e" "SOURCE_DIR=/opt/rustwide/workdir" "-e" "CARGO_HOME=/opt/rustwide/cargo-home" "-e" "RUSTUP_HOME=/opt/rustwide/rustup-home" "-e" "CARGO_TARGET_DIR=/opt/rustwide/target" "-e" "CARGO_INCREMENTAL=0" "-e" "RUST_BACKTRACE=full" "-e" "RUSTFLAGS=--cap-lints=warn" "-e" "RUSTDOCFLAGS=--cap-lints=warn" "-w" "/opt/rustwide/workdir" "--user" "0:0" "eb46a71a9d4b4b59f7f0876077a75e56bf4af8332cbee365778aaff4e9ddc9b2" "/opt/rustwide/cargo-home/bin/cargo" "+1.99.0-beta.1" "test" "--frozen" "--no-run" "--message-format=json" "--release", kill_on_drop: false }`
[INFO] [stderr] warning: Cargo.toml: Found `debug_assertions` in `target.'cfg(...)'.dependencies`. This value is not supported for selecting dependencies and will not work as expected. To learn more visit https://doc.rust-lang.org/cargo/reference/specifying-dependencies.html#platform-specific-dependencies
[INFO] [stderr] warning: `rust-webpack-template` (manifest) generated 1 warning
[INFO] [stderr]    Compiling autocfg v1.1.0
[INFO] [stderr]    Compiling futures-sink v0.3.30
[INFO] [stderr]    Compiling futures-core v0.3.30
[INFO] [stderr]    Compiling memchr v2.7.1
[INFO] [stderr]    Compiling futures-task v0.3.30
[INFO] [stderr]    Compiling futures-io v0.3.30
[INFO] [stderr]    Compiling pin-utils v0.1.0
[INFO] [stderr]    Compiling pin-project-lite v0.2.13
[INFO] [stderr]    Compiling scoped-tls v1.0.1
[INFO] [stderr]    Compiling futures-macro v0.3.30
[INFO] [stderr]    Compiling wasm-bindgen-test-macro v0.3.42
[INFO] [stderr]    Compiling wasm-bindgen-futures v0.4.42
[INFO] [stderr]    Compiling futures-channel v0.3.30
[INFO] [stderr]    Compiling slab v0.4.9
[INFO] [stderr]    Compiling wasm-bindgen-test v0.3.42
[INFO] [stderr]    Compiling futures-util v0.3.30
[INFO] [stderr]    Compiling futures-executor v0.3.30
[INFO] [stderr]    Compiling futures v0.3.30
[INFO] [stderr]    Compiling rust-webpack-template v0.1.0 (/opt/rustwide/workdir)
[INFO] [stdout] error[E0220]: associated type `Item` not found for `futures::Future`
[INFO] [stdout]   --> tests/app.rs:25:32
[INFO] [stdout]    |
[INFO] [stdout] 25 | fn async_test() -> impl Future<Item = (), Error = JsValue> {
[INFO] [stdout]    |                                ^^^^ help: `futures::Future` has the following associated type: `Output`
[INFO] [stdout] 
[INFO] [stdout] 
[INFO] [stdout] error[E0220]: associated type `Error` not found for `futures::Future`
[INFO] [stdout]   --> tests/app.rs:25:43
[INFO] [stdout]    |
[INFO] [stdout] 25 | fn async_test() -> impl Future<Item = (), Error = JsValue> {
[INFO] [stdout]    |                                           ^^^^^ help: `futures::Future` has the following associated type: `Output`
[INFO] [stdout] 
[INFO] [stdout] 
[INFO] [stdout] warning: unnecessary parentheses around block return value
[INFO] [stdout]   --> src/lib.rs:53:13
[INFO] [stdout]    |
[INFO] [stdout] 53 |             (144.0 * std::f64::consts::PI / 180.0)
[INFO] [stdout]    |             ^                                    ^
[INFO] [stdout]    |
[INFO] [stdout]    = note: `#[warn(unused_parens)]` (part of `#[warn(unused)]`) on by default
[INFO] [stdout] help: remove these parentheses
[INFO] [stdout]    |
[INFO] [stdout] 53 -             (144.0 * std::f64::consts::PI / 180.0)
[INFO] [stdout] 53 +             144.0 * std::f64::consts::PI / 180.0
[INFO] [stdout]    |
[INFO] [stdout] 
[INFO] [stdout] 
[INFO] [stdout] warning: unnecessary parentheses around block return value
[INFO] [stdout]   --> src/lib.rs:55:13
[INFO] [stdout]    |
[INFO] [stdout] 55 |             (288.0 * std::f64::consts::PI / 180.0)
[INFO] [stdout]    |             ^                                    ^
[INFO] [stdout]    |
[INFO] [stdout] help: remove these parentheses
[INFO] [stdout]    |
[INFO] [stdout] 55 -             (288.0 * std::f64::consts::PI / 180.0)
[INFO] [stdout] 55 +             288.0 * std::f64::consts::PI / 180.0
[INFO] [stdout]    |
[INFO] [stdout] 
[INFO] [stdout] 
[INFO] [stdout] error[E0308]: mismatched types
[INFO] [stdout]   --> tests/app.rs:33:27
[INFO] [stdout]    |
[INFO] [stdout] 33 |             assert_eq!(x, 42);
[INFO] [stdout]    |                           ^^ expected `Result<JsValue, JsValue>`, found integer
[INFO] [stdout]    |
[INFO] [stdout]    = note: expected enum `Result<JsValue, JsValue>`
[INFO] [stdout]               found type `{integer}`
[INFO] [stdout] 
[INFO] [stdout] 
[INFO] [stdout] error[E0277]: the trait bound `<impl futures::Future as futures::Future>::Output: wasm_bindgen_test::__rt::Termination` is not satisfied
[INFO] [stdout]    --> tests/app.rs:24:1
[INFO] [stdout]     |
[INFO] [stdout]  24 | #[wasm_bindgen_test(async)]
[INFO] [stdout]     | ^^^^^^^^^^^^^^^^^^^^^^^^^^^ the trait `wasm_bindgen_test::__rt::Termination` is not implemented for `<impl futures::Future as futures::Future>::Output`
[INFO] [stdout]     |
[INFO] [stdout] help: the trait `wasm_bindgen_test::__rt::Termination` is implemented for `()`
[INFO] [stdout]    --> /opt/rustwide/cargo-home/registry/src/index.crates.io-1949cf8c6b5b557f/wasm-bindgen-test-0.3.42/src/rt/mod.rs:440:1
[INFO] [stdout]     |
[INFO] [stdout] 440 | impl Termination for () {
[INFO] [stdout]     | ^^^^^^^^^^^^^^^^^^^^^^^
[INFO] [stdout] note: required by a bound in `wasm_bindgen_test::__rt::Context::execute_async`
[INFO] [stdout]    --> /opt/rustwide/cargo-home/registry/src/index.crates.io-1949cf8c6b5b557f/wasm-bindgen-test-0.3.42/src/rt/mod.rs:476:20
[INFO] [stdout]     |
[INFO] [stdout] 468 |     pub fn execute_async<F>(
[INFO] [stdout]     |            ------------- required by a bound in this associated function
[INFO] [stdout] ...
[INFO] [stdout] 476 |         F::Output: Termination,
[INFO] [stdout]     |                    ^^^^^^^^^^^ required by this bound in `Context::execute_async`
[INFO] [stdout]     = note: this error originates in the attribute macro `wasm_bindgen_test` (in Nightly builds, run with -Z macro-backtrace for more info)
[INFO] [stdout] 
[INFO] [stdout] 
[INFO] [stdout] Some errors have detailed explanations: E0220, E0277, E0308.
[INFO] [stdout] 
[INFO] [stdout] For more information about an error, try `rustc --explain E0220`.
[INFO] [stdout] 
[INFO] [stderr] error: could not compile `rust-webpack-template` (test "app") due to 4 previous errors
[INFO] [stderr] warning: build failed, waiting for other jobs to finish...
[INFO] running `Command { std: "docker" "inspect" "eb46a71a9d4b4b59f7f0876077a75e56bf4af8332cbee365778aaff4e9ddc9b2", kill_on_drop: false }`
[INFO] running `Command { std: "docker" "rm" "-f" "eb46a71a9d4b4b59f7f0876077a75e56bf4af8332cbee365778aaff4e9ddc9b2", kill_on_drop: false }`
[INFO] [stdout] eb46a71a9d4b4b59f7f0876077a75e56bf4af8332cbee365778aaff4e9ddc9b2
