[INFO] cloning repository https://github.com/madepriambhada/rudotai
[INFO] running `Command { std: "git" "-c" "credential.helper=" "-c" "credential.helper=/workspace/cargo-home/bin/git-credential-null" "clone" "--bare" "https://github.com/madepriambhada/rudotai" "/workspace/cache/git-repos/https%3A%2F%2Fgithub.com%2Fmadepriambhada%2Frudotai", kill_on_drop: false }`
[INFO] [stderr] Cloning into bare repository '/workspace/cache/git-repos/https%3A%2F%2Fgithub.com%2Fmadepriambhada%2Frudotai'...
[INFO] running `Command { std: "git" "rev-parse" "HEAD", kill_on_drop: false }`
[INFO] [stdout] 0c75c3d510d938a93ac1e0b2a8487afa43046bcc
[INFO] testing madepriambhada/rudotai against 1.98.0-beta.8+cargoflags=--release for beta-release-1.99-2
[INFO] running `Command { std: "git" "clone" "/workspace/cache/git-repos/https%3A%2F%2Fgithub.com%2Fmadepriambhada%2Frudotai" "/workspace/builds/worker-7-tc1/source", kill_on_drop: false }`
[INFO] [stderr] Cloning into '/workspace/builds/worker-7-tc1/source'...
[INFO] [stderr] done.
[INFO] started tweaking git repo https://github.com/madepriambhada/rudotai
[INFO] finished tweaking git repo https://github.com/madepriambhada/rudotai
[INFO] tweaked toml for git repo https://github.com/madepriambhada/rudotai written to /workspace/builds/worker-7-tc1/source/Cargo.toml
[INFO] validating manifest of git repo https://github.com/madepriambhada/rudotai on toolchain 1.98.0-beta.8
[INFO] running `Command { std: CARGO_HOME="/workspace/cargo-home" RUSTUP_HOME="/workspace/rustup-home" "/workspace/cargo-home/bin/cargo" "+1.98.0-beta.8" "metadata" "--manifest-path" "Cargo.toml" "--no-deps", kill_on_drop: false }`
[INFO] crate git repo https://github.com/madepriambhada/rudotai already has a lockfile, it will not be regenerated
[INFO] running `Command { std: CARGO_HOME="/workspace/cargo-home" RUSTUP_HOME="/workspace/rustup-home" "/workspace/cargo-home/bin/cargo" "+1.98.0-beta.8" "fetch" "--manifest-path" "Cargo.toml", kill_on_drop: false }`
[INFO] [stderr]     Updating crates.io index
[INFO] [stderr]  Downloading crates ...
[INFO] [stderr]   Downloaded proc-macro2 v1.0.55
[INFO] [stderr]   Downloaded strict-num v0.1.0
[INFO] [stderr]   Downloaded com-rs v0.2.1
[INFO] [stderr]   Downloaded wasm-bindgen-futures v0.4.34
[INFO] [stderr]   Downloaded toml_datetime v0.6.1
[INFO] [stderr]   Downloaded pollster v0.3.0
[INFO] [stderr]   Downloaded ab_glyph v0.2.20
[INFO] [stderr]   Downloaded hassle-rs v0.9.0
[INFO] [stderr]   Downloaded rustc-demangle v0.1.22
[INFO] [stderr]   Downloaded d3d12 v0.6.0
[INFO] [stderr]   Downloaded termcolor v1.2.0
[INFO] [stderr]   Downloaded sctk-adwaita v0.5.3
[INFO] [stderr]   Downloaded tiny-skia-path v0.8.3
[INFO] [stderr]   Downloaded addr2line v0.19.0
[INFO] [stderr]   Downloaded calloop v0.10.5
[INFO] [stderr]   Downloaded wgpu-types v0.15.2
[INFO] [stderr]   Downloaded backtrace v0.3.67
[INFO] [stderr]   Downloaded toml_edit v0.19.8
[INFO] [stderr]   Downloaded mio v0.8.6
[INFO] [stderr]   Downloaded gpu-allocator v0.22.0
[INFO] [stderr]   Downloaded syn v2.0.13
[INFO] [stderr]   Downloaded winnow v0.4.1
[INFO] [stderr]   Downloaded glow v0.12.1
[INFO] [stderr]   Downloaded ttf-parser v0.18.1
[INFO] [stderr]   Downloaded owned_ttf_parser v0.18.1
[INFO] [stderr]   Downloaded tiny-skia v0.8.3
[INFO] [stderr]   Downloaded objc2 v0.3.0-beta.3.patch-leaks.2
[INFO] [stderr]   Downloaded wgpu v0.15.1
[INFO] [stderr]   Downloaded wgpu-core v0.15.1
[INFO] [stderr]   Downloaded android-activity v0.4.1
[INFO] [stderr]   Downloaded wgpu-hal v0.15.4
[INFO] [stderr]   Downloaded object v0.30.3
[INFO] [stderr]   Downloaded winit v0.28.3
[INFO] [stderr]   Downloaded ash v0.37.2+1.3.238
[INFO] [stderr]   Downloaded naga v0.11.0
[INFO] [stderr]   Downloaded metal v0.24.0
[INFO] [stderr]   Downloaded gimli v0.27.2
[INFO] [stderr]   Downloaded orbclient v0.3.43
[INFO] running `Command { std: "docker" "create" "-v" "/var/lib/crater-agent-workspace/builds/worker-7-tc1/source:/opt/rustwide/workdir:ro,Z" "-v" "/var/lib/crater-agent-workspace/builds/worker-7-tc1/target:/opt/rustwide/target:rw,Z" "-v" "/var/lib/crater-agent-workspace/cargo-home:/opt/rustwide/cargo-home:ro,Z" "-v" "/var/lib/crater-agent-workspace/rustup-home:/opt/rustwide/rustup-home:ro,Z" "-m" "1610612736" "--network" "none" "ghcr.io/rust-lang/crates-build-env/linux@sha256:8683fc1fc2eb5c9ac98e0d076ab094b2ffac7f99da555d2b6a2e27f346de2ec7" "sleep" "infinity", kill_on_drop: false }`
[INFO] [stdout] e9ba481019e082c25a5679f47fbf5bdb934ee93d023ec3d5e813b493d8f6dcfc
[INFO] running `Command { std: "docker" "start" "e9ba481019e082c25a5679f47fbf5bdb934ee93d023ec3d5e813b493d8f6dcfc", kill_on_drop: false }`
[INFO] running `Command { std: "docker" "inspect" "e9ba481019e082c25a5679f47fbf5bdb934ee93d023ec3d5e813b493d8f6dcfc", kill_on_drop: false }`
[INFO] running `Command { std: "docker" "exec" "-e" "SOURCE_DIR=/opt/rustwide/workdir" "-e" "CARGO_HOME=/opt/rustwide/cargo-home" "-e" "RUSTUP_HOME=/opt/rustwide/rustup-home" "-e" "CARGO_TARGET_DIR=/opt/rustwide/target" "-w" "/opt/rustwide/workdir" "--user" "0:0" "e9ba481019e082c25a5679f47fbf5bdb934ee93d023ec3d5e813b493d8f6dcfc" "/opt/rustwide/cargo-home/bin/cargo" "+1.98.0-beta.8" "metadata" "--no-deps" "--format-version=1", kill_on_drop: false }`
[INFO] running `Command { std: "docker" "inspect" "e9ba481019e082c25a5679f47fbf5bdb934ee93d023ec3d5e813b493d8f6dcfc", kill_on_drop: false }`
[INFO] running `Command { std: "docker" "exec" "-e" "SOURCE_DIR=/opt/rustwide/workdir" "-e" "CARGO_HOME=/opt/rustwide/cargo-home" "-e" "RUSTUP_HOME=/opt/rustwide/rustup-home" "-e" "CARGO_TARGET_DIR=/opt/rustwide/target" "-e" "CARGO_INCREMENTAL=0" "-e" "RUST_BACKTRACE=full" "-e" "RUSTFLAGS=--cap-lints=warn" "-e" "RUSTDOCFLAGS=--cap-lints=warn" "-w" "/opt/rustwide/workdir" "--user" "0:0" "e9ba481019e082c25a5679f47fbf5bdb934ee93d023ec3d5e813b493d8f6dcfc" "/opt/rustwide/cargo-home/bin/cargo" "+1.98.0-beta.8" "build" "--frozen" "--message-format=json" "--release", kill_on_drop: false }`
[INFO] [stderr]    Compiling libc v0.2.140
[INFO] [stderr]    Compiling proc-macro2 v1.0.55
[INFO] [stderr]    Compiling quote v1.0.26
[INFO] [stderr]    Compiling unicode-ident v1.0.8
[INFO] [stderr]    Compiling once_cell v1.17.1
[INFO] [stderr]    Compiling libloading v0.7.4
[INFO] [stderr]    Compiling smallvec v1.10.0
[INFO] [stderr]    Compiling thiserror v1.0.40
[INFO] [stderr]    Compiling ahash v0.7.6
[INFO] [stderr]    Compiling wayland-sys v0.29.5
[INFO] [stderr]    Compiling num-traits v0.2.15
[INFO] [stderr]    Compiling indexmap v1.9.3
[INFO] [stderr]    Compiling parking_lot_core v0.9.7
[INFO] [stderr]    Compiling arrayvec v0.7.2
[INFO] [stderr]    Compiling miniz_oxide v0.6.2
[INFO] [stderr]    Compiling nom v7.1.3
[INFO] [stderr]    Compiling unicode-width v0.1.10
[INFO] [stderr]    Compiling termcolor v1.2.0
[INFO] [stderr]    Compiling bit-vec v0.6.3
[INFO] [stderr]    Compiling khronos-egl v4.1.0
[INFO] [stderr]    Compiling dlib v0.5.0
[INFO] [stderr]    Compiling ash v0.37.2+1.3.238
[INFO] [stderr]    Compiling gpu-descriptor-types v0.1.1
[INFO] [stderr]    Compiling gpu-alloc-types v0.2.0
[INFO] [stderr]    Compiling arrayref v0.3.7
[INFO] [stderr]    Compiling strict-num v0.1.0
[INFO] [stderr]    Compiling hexf-parse v0.2.1
[INFO] [stderr]    Compiling bytemuck v1.13.1
[INFO] [stderr]    Compiling rustc-hash v1.1.0
[INFO] [stderr]    Compiling ttf-parser v0.18.1
[INFO] [stderr]    Compiling unicode-xid v0.2.4
[INFO] [stderr]    Compiling fxhash v0.2.1
[INFO] [stderr]    Compiling codespan-reporting v0.11.1
[INFO] [stderr]    Compiling bit-set v0.5.3
[INFO] [stderr]    Compiling gpu-alloc v0.5.3
[INFO] [stderr]    Compiling x11-dl v2.21.0
[INFO] [stderr]    Compiling wgpu-types v0.15.2
[INFO] [stderr]    Compiling tiny-skia-path v0.8.3
[INFO] [stderr]    Compiling cfg_aliases v0.1.1
[INFO] [stderr]    Compiling ab_glyph_rasterizer v0.1.8
[INFO] [stderr]    Compiling profiling v1.0.7
[INFO] [stderr]    Compiling glow v0.12.1
[INFO] [stderr]    Compiling renderdoc-sys v0.7.1
[INFO] [stderr]    Compiling flate2 v1.0.25
[INFO] [stderr]    Compiling pollster v0.3.0
[INFO] [stderr]    Compiling wayland-scanner v0.29.5
[INFO] [stderr]    Compiling syn v2.0.13
[INFO] [stderr]    Compiling png v0.17.7
[INFO] [stderr]    Compiling spirv v0.2.0+1.5.4
[INFO] [stderr]    Compiling getrandom v0.2.8
[INFO] [stderr]    Compiling nix v0.24.3
[INFO] [stderr]    Compiling nix v0.25.1
[INFO] [stderr]    Compiling memmap2 v0.5.10
[INFO] [stderr]    Compiling wayland-client v0.29.5
[INFO] [stderr]    Compiling wayland-protocols v0.29.5
[INFO] [stderr]    Compiling parking_lot v0.12.1
[INFO] [stderr]    Compiling hashbrown v0.12.3
[INFO] [stderr]    Compiling rand_core v0.6.4
[INFO] [stderr]    Compiling winit v0.28.3
[INFO] [stderr]    Compiling tiny-skia v0.8.3
[INFO] [stderr]    Compiling xcursor v0.3.4
[INFO] [stderr]    Compiling rand_chacha v0.3.1
[INFO] [stderr]    Compiling mio v0.8.6
[INFO] [stderr]    Compiling gpu-descriptor v0.2.3
[INFO] [stderr]    Compiling rand v0.8.5
[INFO] [stderr]    Compiling owned_ttf_parser v0.18.1
[INFO] [stderr]    Compiling ab_glyph v0.2.20
[INFO] [stderr]    Compiling thiserror-impl v1.0.40
[INFO] [stderr]    Compiling wayland-commons v0.29.5
[INFO] [stderr]    Compiling naga v0.11.0
[INFO] [stderr]    Compiling calloop v0.10.5
[INFO] [stderr]    Compiling wayland-cursor v0.29.5
[INFO] [stderr]    Compiling wgpu-hal v0.15.4
[INFO] [stderr]    Compiling wgpu-core v0.15.1
[INFO] [stderr]    Compiling smithay-client-toolkit v0.16.0
[INFO] [stderr]    Compiling wgpu v0.15.1
[INFO] [stderr]    Compiling sctk-adwaita v0.5.3
[INFO] [stderr]    Compiling rudotai v0.1.0 (/opt/rustwide/workdir)
[INFO] [stdout] error[E0583]: file not found for module `pyramid`
[INFO] [stdout]  --> src/dots3d/mod.rs:2:1
[INFO] [stdout]   |
[INFO] [stdout] 2 | pub mod pyramid;
[INFO] [stdout]   | ^^^^^^^^^^^^^^^^
[INFO] [stdout]   |
[INFO] [stdout]   = help: to create the module `pyramid`, create file "src/dots3d/pyramid.rs" or "src/dots3d/pyramid/mod.rs"
[INFO] [stdout]   = note: if there is a `mod pyramid` elsewhere in the crate already, import it with `use crate::...` instead
[INFO] [stdout] 
[INFO] [stdout] 
[INFO] [stdout] error[E0425]: cannot find type `Vector3D` in this scope
[INFO] [stdout]    --> src/dots3d/rudo_cube.rs:137:37
[INFO] [stdout]     |
[INFO] [stdout] 137 |     fn translate(&mut self, vector: Vector3D) {
[INFO] [stdout]     |                                     ^^^^^^^^ not found in this scope
[INFO] [stdout] 
[INFO] [stdout] 
[INFO] [stdout] error[E0369]: cannot add `Dot3D` to `Dot3D`
[INFO] [stdout]   --> src/dots3d/rudo_cube.rs:24:61
[INFO] [stdout]    |
[INFO] [stdout] 24 |             .fold(Dot3D::new(0.0, 0.0, 0.0), |acc, dot| acc + *dot);
[INFO] [stdout]    |                                                         --- ^ ---- Dot3D
[INFO] [stdout]    |                                                         |
[INFO] [stdout]    |                                                         Dot3D
[INFO] [stdout]    |
[INFO] [stdout] note: an implementation of `Add` might be missing for `Dot3D`
[INFO] [stdout]   --> src/dot3d.rs:2:1
[INFO] [stdout]    |
[INFO] [stdout]  2 | pub struct Dot3D {
[INFO] [stdout]    | ^^^^^^^^^^^^^^^^ must implement `Add`
[INFO] [stdout] note: the trait `Add` must be implemented
[INFO] [stdout]   --> /rustc/04eb0d7194012623e82369b466d5084522957446/library/core/src/ops/arith.rs:76:0
[INFO] [stdout] 
[INFO] [stdout] 
[INFO] [stdout] error[E0369]: binary operation `==` cannot be applied to type `&Dot3D`
[INFO] [stdout]   --> src/dots3d/rudo_cube.rs:64:20
[INFO] [stdout]    |
[INFO] [stdout] 64 |             if dot == other {
[INFO] [stdout]    |                --- ^^ ----- &Dot3D
[INFO] [stdout]    |                |
[INFO] [stdout]    |                &Dot3D
[INFO] [stdout]    |
[INFO] [stdout] note: an implementation of `PartialEq` might be missing for `Dot3D`
[INFO] [stdout]   --> src/dot3d.rs:2:1
[INFO] [stdout]    |
[INFO] [stdout]  2 | pub struct Dot3D {
[INFO] [stdout]    | ^^^^^^^^^^^^^^^^ must implement `PartialEq`
[INFO] [stdout] help: consider annotating `Dot3D` with `#[derive(PartialEq)]`
[INFO] [stdout]   --> src/dot3d.rs:2:1
[INFO] [stdout]    |
[INFO] [stdout]  2 + #[derive(PartialEq)]
[INFO] [stdout]  3 | pub struct Dot3D {
[INFO] [stdout]    |
[INFO] [stdout] 
[INFO] [stdout] 
[INFO] [stdout] error[E0369]: binary operation `==` cannot be applied to type `&Dot3D`
[INFO] [stdout]   --> src/dots3d/rudo_cube.rs:73:20
[INFO] [stdout]    |
[INFO] [stdout] 73 |             if dot == other {
[INFO] [stdout]    |                --- ^^ ----- &Dot3D
[INFO] [stdout]    |                |
[INFO] [stdout]    |                &Dot3D
[INFO] [stdout]    |
[INFO] [stdout] note: an implementation of `PartialEq` might be missing for `Dot3D`
[INFO] [stdout]   --> src/dot3d.rs:2:1
[INFO] [stdout]    |
[INFO] [stdout]  2 | pub struct Dot3D {
[INFO] [stdout]    | ^^^^^^^^^^^^^^^^ must implement `PartialEq`
[INFO] [stdout] help: consider annotating `Dot3D` with `#[derive(PartialEq)]`
[INFO] [stdout]   --> src/dot3d.rs:2:1
[INFO] [stdout]    |
[INFO] [stdout]  2 + #[derive(PartialEq)]
[INFO] [stdout]  3 | pub struct Dot3D {
[INFO] [stdout]    |
[INFO] [stdout] 
[INFO] [stdout] 
[INFO] [stdout] error[E0433]: cannot find type `Vector3D` in this scope
[INFO] [stdout]    --> src/dots3d/rudo_cube.rs:129:31
[INFO] [stdout]     |
[INFO] [stdout] 129 |         let rotation_matrix = Vector3D::new(0.0, 0.0, 1.0).rotation_matrix(angle);
[INFO] [stdout]     |                               ^^^^^^^^ use of undeclared type `Vector3D`
[INFO] [stdout] 
[INFO] [stdout] 
[INFO] [stdout] error[E0368]: binary assignment operation `-=` cannot be applied to type `Dot3D`
[INFO] [stdout]    --> src/dots3d/rudo_cube.rs:131:13
[INFO] [stdout]     |
[INFO] [stdout] 131 |             *dot -= center;
[INFO] [stdout]     |             ----^^^^^^^^^^
[INFO] [stdout]     |             |
[INFO] [stdout]     |             cannot use `-=` on type `Dot3D`
[INFO] [stdout]     |
[INFO] [stdout] note: an implementation of `SubAssign` might be missing for `Dot3D`
[INFO] [stdout]    --> src/dot3d.rs:2:1
[INFO] [stdout]     |
[INFO] [stdout]   2 | pub struct Dot3D {
[INFO] [stdout]     | ^^^^^^^^^^^^^^^^ must implement `SubAssign`
[INFO] [stdout] note: the trait `SubAssign` must be implemented
[INFO] [stdout]    --> /rustc/04eb0d7194012623e82369b466d5084522957446/library/core/src/ops/arith.rs:839:0
[INFO] [stdout] 
[INFO] [stdout] 
[INFO] [stdout] error[E0368]: binary assignment operation `+=` cannot be applied to type `Dot3D`
[INFO] [stdout]    --> src/dots3d/rudo_cube.rs:133:13
[INFO] [stdout]     |
[INFO] [stdout] 133 |             *dot += center;
[INFO] [stdout]     |             ----^^^^^^^^^^
[INFO] [stdout]     |             |
[INFO] [stdout]     |             cannot use `+=` on type `Dot3D`
[INFO] [stdout]     |
[INFO] [stdout] note: an implementation of `AddAssign` might be missing for `Dot3D`
[INFO] [stdout]    --> src/dot3d.rs:2:1
[INFO] [stdout]     |
[INFO] [stdout]   2 | pub struct Dot3D {
[INFO] [stdout]     | ^^^^^^^^^^^^^^^^ must implement `AddAssign`
[INFO] [stdout] note: the trait `AddAssign` must be implemented
[INFO] [stdout]    --> /rustc/04eb0d7194012623e82369b466d5084522957446/library/core/src/ops/arith.rs:768:0
[INFO] [stdout] 
[INFO] [stdout] 
[INFO] [stdout] warning: unused variable: `event`
[INFO] [stdout]   --> src/dot3d.rs:45:35
[INFO] [stdout]    |
[INFO] [stdout] 45 |     fn on_window_event(&mut self, event: &WindowEvent) {}
[INFO] [stdout]    |                                   ^^^^^ help: if this is intentional, prefix it with an underscore: `_event`
[INFO] [stdout]    |
[INFO] [stdout]    = note: `#[warn(unused_variables)]` (part of `#[warn(unused)]`) on by default
[INFO] [stdout] 
[INFO] [stdout] 
[INFO] [stdout] warning: unused variable: `event`
[INFO] [stdout]   --> src/dot3d.rs:46:39
[INFO] [stdout]    |
[INFO] [stdout] 46 |     fn on_event_loop_event(&mut self, event: &Event<()>, control_flow: &mut ControlFlow) {}
[INFO] [stdout]    |                                       ^^^^^ help: if this is intentional, prefix it with an underscore: `_event`
[INFO] [stdout] 
[INFO] [stdout] 
[INFO] [stdout] warning: unused variable: `control_flow`
[INFO] [stdout]   --> src/dot3d.rs:46:58
[INFO] [stdout]    |
[INFO] [stdout] 46 |     fn on_event_loop_event(&mut self, event: &Event<()>, control_flow: &mut ControlFlow) {}
[INFO] [stdout]    |                                                          ^^^^^^^^^^^^ help: if this is intentional, prefix it with an underscore: `_control_flow`
[INFO] [stdout] 
[INFO] [stdout] 
[INFO] [stdout] Some errors have detailed explanations: E0368, E0369, E0425, E0433, E0583.
[INFO] [stdout] 
[INFO] [stdout] For more information about an error, try `rustc --explain E0368`.
[INFO] [stdout] 
[INFO] [stderr] error: could not compile `rudotai` (lib) due to 8 previous errors; 3 warnings emitted
[INFO] [stderr] warning: build failed, waiting for other jobs to finish...
[INFO] running `Command { std: "docker" "inspect" "e9ba481019e082c25a5679f47fbf5bdb934ee93d023ec3d5e813b493d8f6dcfc", kill_on_drop: false }`
[INFO] running `Command { std: "docker" "rm" "-f" "e9ba481019e082c25a5679f47fbf5bdb934ee93d023ec3d5e813b493d8f6dcfc", kill_on_drop: false }`
[INFO] [stdout] e9ba481019e082c25a5679f47fbf5bdb934ee93d023ec3d5e813b493d8f6dcfc
