[INFO] cloning repository https://github.com/m-sher/smarter-recipes
[INFO] running `Command { std: "git" "-c" "credential.helper=" "-c" "credential.helper=/workspace/cargo-home/bin/git-credential-null" "clone" "--bare" "https://github.com/m-sher/smarter-recipes" "/workspace/cache/git-repos/https%3A%2F%2Fgithub.com%2Fm-sher%2Fsmarter-recipes", kill_on_drop: false }`
[INFO] [stderr] Cloning into bare repository '/workspace/cache/git-repos/https%3A%2F%2Fgithub.com%2Fm-sher%2Fsmarter-recipes'...
[INFO] running `Command { std: "git" "rev-parse" "HEAD", kill_on_drop: false }`
[INFO] [stdout] 61257f2c9fa52bd161c193a724c472508412331f
[INFO] testing m-sher/smarter-recipes against 1.98.0-beta.8+cargoflags=--release for beta-release-1.99-2
[INFO] running `Command { std: "git" "clone" "/workspace/cache/git-repos/https%3A%2F%2Fgithub.com%2Fm-sher%2Fsmarter-recipes" "/workspace/builds/worker-7-tc1/source", kill_on_drop: false }`
[INFO] [stderr] Cloning into '/workspace/builds/worker-7-tc1/source'...
[INFO] [stderr] done.
[INFO] started tweaking git repo https://github.com/m-sher/smarter-recipes
[INFO] finished tweaking git repo https://github.com/m-sher/smarter-recipes
[INFO] tweaked toml for git repo https://github.com/m-sher/smarter-recipes written to /workspace/builds/worker-7-tc1/source/Cargo.toml
[INFO] validating manifest of git repo https://github.com/m-sher/smarter-recipes on toolchain 1.98.0-beta.8
[INFO] running `Command { std: CARGO_HOME="/workspace/cargo-home" RUSTUP_HOME="/workspace/rustup-home" "/workspace/cargo-home/bin/cargo" "+1.98.0-beta.8" "metadata" "--manifest-path" "Cargo.toml" "--no-deps", kill_on_drop: false }`
[INFO] crate git repo https://github.com/m-sher/smarter-recipes already has a lockfile, it will not be regenerated
[INFO] running `Command { std: CARGO_HOME="/workspace/cargo-home" RUSTUP_HOME="/workspace/rustup-home" "/workspace/cargo-home/bin/cargo" "+1.98.0-beta.8" "fetch" "--manifest-path" "Cargo.toml", kill_on_drop: false }`
[INFO] [stderr]     Blocking waiting for file lock on package cache
[INFO] [stderr]     Updating crates.io index
[INFO] [stderr]     Blocking waiting for file lock on package cache
[INFO] [stderr]  Downloading crates ...
[INFO] [stderr]   Downloaded zstd-safe v7.2.4
[INFO] [stderr]   Downloaded zip v2.4.2
[INFO] [stderr]   Downloaded inout v0.1.4
[INFO] [stderr]   Downloaded mac v0.1.1
[INFO] [stderr]   Downloaded rand_chacha v0.3.1
[INFO] [stderr]   Downloaded generic-array v0.14.7
[INFO] [stderr]   Downloaded phf_codegen v0.10.0
[INFO] [stderr]   Downloaded num-conv v0.2.2
[INFO] [stderr]   Downloaded powerfmt v0.2.0
[INFO] [stderr]   Downloaded crypto-common v0.1.7
[INFO] [stderr]   Downloaded toml_datetime v0.6.11
[INFO] [stderr]   Downloaded servo_arc v0.3.0
[INFO] [stderr]   Downloaded futf v0.1.5
[INFO] [stderr]   Downloaded precomputed-hash v0.1.1
[INFO] [stderr]   Downloaded sha1 v0.10.6
[INFO] [stderr]   Downloaded rand_core v0.6.4
[INFO] [stderr]   Downloaded pbkdf2 v0.12.2
[INFO] [stderr]   Downloaded new_debug_unreachable v1.0.6
[INFO] [stderr]   Downloaded block-buffer v0.10.4
[INFO] [stderr]   Downloaded cpufeatures v0.2.17
[INFO] [stderr]   Downloaded wasm-bindgen-macro v0.2.126
[INFO] [stderr]   Downloaded lazy_static v1.5.0
[INFO] [stderr]   Downloaded toml_write v0.1.2
[INFO] [stderr]   Downloaded ppv-lite86 v0.2.21
[INFO] [stderr]   Downloaded zeroize_derive v1.5.0
[INFO] [stderr]   Downloaded time-core v0.1.9
[INFO] [stderr]   Downloaded crc v3.4.0
[INFO] [stderr]   Downloaded byteorder v1.5.0
[INFO] [stderr]   Downloaded wasm-bindgen-shared v0.2.126
[INFO] [stderr]   Downloaded displaydoc v0.2.6
[INFO] [stderr]   Downloaded constant_time_eq v0.3.1
[INFO] [stderr]   Downloaded derive_arbitrary v1.4.2
[INFO] [stderr]   Downloaded zerovec-derive v0.11.3
[INFO] [stderr]   Downloaded tracing-log v0.2.0
[INFO] [stderr]   Downloaded matchers v0.2.0
[INFO] [stderr]   Downloaded serde_spanned v0.6.9
[INFO] [stderr]   Downloaded scraper v0.20.0
[INFO] [stderr]   Downloaded utf-8 v0.7.6
[INFO] [stderr]   Downloaded phf_shared v0.10.0
[INFO] [stderr]   Downloaded zstd v0.13.3
[INFO] [stderr]   Downloaded pkg-config v0.3.33
[INFO] [stderr]   Downloaded deranged v0.5.8
[INFO] [stderr]   Downloaded cipher v0.4.4
[INFO] [stderr]   Downloaded potential_utf v0.1.5
[INFO] [stderr]   Downloaded siphasher v1.0.3
[INFO] [stderr]   Downloaded version_check v0.9.5
[INFO] [stderr]   Downloaded thiserror v2.0.18
[INFO] [stderr]   Downloaded digest v0.10.7
[INFO] [stderr]   Downloaded tinystr v0.8.3
[INFO] [stderr]   Downloaded valuable v0.1.1
[INFO] [stderr]   Downloaded thread_local v1.1.9
[INFO] [stderr]   Downloaded fastrand v2.4.1
[INFO] [stderr]   Downloaded lzma-rs v0.3.0
[INFO] [stderr]   Downloaded crc-catalog v2.5.0
[INFO] [stderr]   Downloaded nu-ansi-term v0.50.3
[INFO] [stderr]   Downloaded simd-adler32 v0.3.9
[INFO] [stderr]   Downloaded deflate64 v0.1.12
[INFO] [stderr]   Downloaded bzip2 v0.5.2
[INFO] [stderr]   Downloaded arbitrary v1.4.2
[INFO] [stderr]   Downloaded litemap v0.8.2
[INFO] [stderr]   Downloaded toml v0.8.23
[INFO] [stderr]   Downloaded tendril v0.4.3
[INFO] [stderr]   Downloaded zopfli v0.8.3
[INFO] [stderr]   Downloaded quote v1.0.46
[INFO] [stderr]   Downloaded thiserror-impl v2.0.18
[INFO] [stderr]   Downloaded hmac v0.12.1
[INFO] [stderr]   Downloaded getrandom v0.3.4
[INFO] [stderr]   Downloaded uuid v1.23.4
[INFO] [stderr]   Downloaded icu_provider v2.2.0
[INFO] [stderr]   Downloaded icu_properties v2.2.0
[INFO] [stderr]   Downloaded writeable v0.6.3
[INFO] [stderr]   Downloaded icu_normalizer v2.2.0
[INFO] [stderr]   Downloaded sharded-slab v0.1.7
[INFO] [stderr]   Downloaded selectors v0.25.0
[INFO] [stderr]   Downloaded phf v0.10.1
[INFO] [stderr]   Downloaded wasm-bindgen v0.2.126
[INFO] [stderr]   Downloaded miniz_oxide v0.8.9
[INFO] [stderr]   Downloaded icu_locale_core v2.2.0
[INFO] [stderr]   Downloaded icu_normalizer_data v2.2.0
[INFO] [stderr]   Downloaded toml_edit v0.22.27
[INFO] [stderr]   Downloaded r-efi v6.0.0
[INFO] [stderr]   Downloaded wit-bindgen v0.57.1
[INFO] [stderr]   Downloaded r-efi v5.3.0
[INFO] [stderr]   Downloaded zerotrie v0.2.4
[INFO] [stderr]   Downloaded phf_shared v0.11.3
[INFO] [stderr]   Downloaded phf_generator v0.11.3
[INFO] [stderr]   Downloaded dtoa-short v0.3.5
[INFO] [stderr]   Downloaded string_cache_codegen v0.5.4
[INFO] [stderr]   Downloaded cc v1.2.65
[INFO] [stderr]   Downloaded memchr v2.8.2
[INFO] [stderr]   Downloaded wasm-bindgen-macro-support v0.2.126
[INFO] [stderr]   Downloaded flate2 v1.1.9
[INFO] [stderr]   Downloaded icu_collections v2.2.0
[INFO] [stderr]   Downloaded bumpalo v3.20.3
[INFO] [stderr]   Downloaded typenum v1.20.1
[INFO] [stderr]   Downloaded js-sys v0.3.103
[INFO] [stderr]   Downloaded aes v0.8.4
[INFO] [stderr]   Downloaded ego-tree v0.6.3
[INFO] [stderr]   Downloaded rustc-hash v2.1.2
[INFO] [stderr]   Downloaded wasip2 v1.0.4+wasi-0.2.12
[INFO] [stderr]   Downloaded zerovec v0.11.6
[INFO] [stderr]   Downloaded serde_json v1.0.150
[INFO] [stderr]   Downloaded http-body v1.0.1
[INFO] [stderr]   Downloaded xml-rs v1.0.0
[INFO] [stderr]   Downloaded aho-corasick v1.1.4
[INFO] [stderr]   Downloaded siphasher v0.3.11
[INFO] [stderr]   Downloaded icu_properties_data v2.2.0
[INFO] [stderr]   Downloaded winnow v0.7.15
[INFO] [stderr]   Downloaded tracing-subscriber v0.3.23
[INFO] [stderr]   Downloaded time v0.3.53
[INFO] [stderr]   Downloaded syn v2.0.118
[INFO] [stderr]   Downloaded zlib-rs v0.6.5
[INFO] [stderr]   Downloaded phf_codegen v0.11.3
[INFO] [stderr]   Downloaded regex-syntax v0.8.11
[INFO] [stderr]   Downloaded regex-automata v0.4.14
[INFO] [stderr]   Downloaded bzip2-sys v0.1.13+1.0.8
[INFO] [stderr]   Downloaded fallible-streaming-iterator v0.1.9
[INFO] [stderr]   Downloaded zstd-sys v2.0.16+zstd.1.5.7
[INFO] [stderr]   Downloaded serde_urlencoded v0.7.1
[INFO] [stderr]   Downloaded windows-targets v0.52.6
[INFO] [stderr]   Downloaded cfg_aliases v0.2.1
[INFO] [stderr]   Downloaded phf_generator v0.10.0
[INFO] [stderr]   Downloaded libredox v0.1.17
[INFO] [stderr]   Downloaded dirs v5.0.1
[INFO] [stderr]   Downloaded wasm-bindgen-futures v0.4.76
[INFO] [stderr]   Downloaded string_cache v0.8.9
[INFO] [stderr]   Downloaded fxhash v0.2.1
[INFO] [stderr]   Downloaded web-time v1.1.0
[INFO] [stderr]   Downloaded phf v0.11.3
[INFO] [stderr]   Downloaded phf_macros v0.11.3
[INFO] [stderr]   Downloaded dtoa v1.0.11
[INFO] [stderr]   Downloaded cssparser-macros v0.6.1
[INFO] [stderr]   Downloaded glob v0.3.3
[INFO] [stderr]   Downloaded getopts v0.2.24
[INFO] [stderr]   Downloaded compression-core v0.4.32
[INFO] [stderr]   Downloaded rand_core v0.9.5
[INFO] [stderr]   Downloaded rand_chacha v0.9.0
[INFO] [stderr]   Downloaded fallible-iterator v0.3.0
[INFO] [stderr]   Downloaded highs v2.3.0
[INFO] [stderr]   Downloaded cexpr v0.6.0
[INFO] [stderr]   Downloaded compression-codecs v0.4.38
[INFO] [stderr]   Downloaded either v1.16.0
[INFO] [stderr]   Downloaded ipnet v2.12.0
[INFO] [stderr]   Downloaded libloading v0.8.9
[INFO] [stderr]   Downloaded ahash v0.8.12
[INFO] [stderr]   Downloaded clap_derive v4.6.1
[INFO] [stderr]   Downloaded markup5ever v0.12.1
[INFO] [stderr]   Downloaded hashlink v0.9.1
[INFO] [stderr]   Downloaded rustls-pki-types v1.15.0
[INFO] [stderr]   Downloaded quinn-udp v0.5.14
[INFO] [stderr]   Downloaded shlex v1.3.0
[INFO] [stderr]   Downloaded http-body-util v0.1.3
[INFO] [stderr]   Downloaded diff v0.1.13
[INFO] [stderr]   Downloaded xml v1.3.0
[INFO] [stderr]   Downloaded derive_more v0.99.20
[INFO] [stderr]   Downloaded clap v4.6.1
[INFO] [stderr]   Downloaded anyhow v1.0.103
[INFO] [stderr]   Downloaded clang-sys v1.8.1
[INFO] [stderr]   Downloaded cssparser v0.31.2
[INFO] [stderr]   Downloaded html5ever v0.27.0
[INFO] [stderr]   Downloaded zerocopy-derive v0.8.52
[INFO] [stderr]   Downloaded bytes v1.12.0
[INFO] [stderr]   Downloaded tinyvec v1.11.0
[INFO] [stderr]   Downloaded prettyplease v0.2.37
[INFO] [stderr]   Downloaded minimal-lexical v0.2.1
[INFO] [stderr]   Downloaded rand v0.8.6
[INFO] [stderr]   Downloaded rustls-webpki v0.103.13
[INFO] [stderr]   Downloaded yansi v1.0.1
[INFO] [stderr]   Downloaded pretty_assertions v1.4.1
[INFO] [stderr]   Downloaded async-compression v0.4.42
[INFO] [stderr]   Downloaded rand v0.9.4
[INFO] [stderr]   Downloaded zip v3.0.0
[INFO] [stderr]   Downloaded zerocopy v0.8.52
[INFO] [stderr]   Downloaded http v1.4.2
[INFO] [stderr]   Downloaded nom v7.1.3
[INFO] [stderr]   Downloaded rusqlite v0.32.1
[INFO] [stderr]   Downloaded hashbrown v0.14.5
[INFO] [stderr]   Downloaded hyper v1.10.1
[INFO] [stderr]   Downloaded reqwest v0.12.28
[INFO] [stderr]   Downloaded regex v1.12.4
[INFO] [stderr]   Downloaded clap_builder v4.6.0
[INFO] [stderr]   Downloaded webpki-roots v1.0.8
[INFO] [stderr]   Downloaded vcpkg v0.2.15
[INFO] [stderr]   Downloaded quinn-proto v0.11.15
[INFO] [stderr]   Downloaded bindgen v0.72.1
[INFO] [stderr]   Downloaded unicode-width v0.2.2
[INFO] [stderr]   Downloaded rustls v0.23.41
[INFO] [stderr]   Downloaded windows_x86_64_gnullvm v0.52.6
[INFO] [stderr]   Downloaded windows_aarch64_gnullvm v0.52.6
[INFO] [stderr]   Downloaded windows_i686_gnullvm v0.52.6
[INFO] [stderr]   Downloaded web-sys v0.3.103
[INFO] [stderr]   Downloaded windows_x86_64_msvc v0.52.6
[INFO] [stderr]   Downloaded windows_x86_64_gnu v0.52.6
[INFO] [stderr]   Downloaded windows_aarch64_msvc v0.52.6
[INFO] [stderr]   Downloaded windows_i686_msvc v0.52.6
[INFO] [stderr]   Downloaded tokio v1.52.3
[INFO] [stderr]   Downloaded windows_i686_gnu v0.52.6
[INFO] [stderr]   Downloaded epub v2.1.5
[INFO] [stderr]   Downloaded windows-sys v0.52.0
[INFO] [stderr]   Downloaded highs-sys v1.15.0
[INFO] [stderr]   Downloaded libsqlite3-sys v0.30.1
[INFO] running `Command { std: "docker" "create" "-v" "/var/lib/crater-agent-workspace/builds/worker-7-tc1/source:/opt/rustwide/workdir:ro,Z" "-v" "/var/lib/crater-agent-workspace/builds/worker-7-tc1/target:/opt/rustwide/target:rw,Z" "-v" "/var/lib/crater-agent-workspace/cargo-home:/opt/rustwide/cargo-home:ro,Z" "-v" "/var/lib/crater-agent-workspace/rustup-home:/opt/rustwide/rustup-home:ro,Z" "-m" "1610612736" "--network" "none" "ghcr.io/rust-lang/crates-build-env/linux@sha256:8683fc1fc2eb5c9ac98e0d076ab094b2ffac7f99da555d2b6a2e27f346de2ec7" "sleep" "infinity", kill_on_drop: false }`
[INFO] [stdout] b9e6feaa4e7e430c71fcc3cc0b2f5940bce795af3d31f978e9e20789f9ac07b8
[INFO] running `Command { std: "docker" "start" "b9e6feaa4e7e430c71fcc3cc0b2f5940bce795af3d31f978e9e20789f9ac07b8", kill_on_drop: false }`
[INFO] running `Command { std: "docker" "inspect" "b9e6feaa4e7e430c71fcc3cc0b2f5940bce795af3d31f978e9e20789f9ac07b8", kill_on_drop: false }`
[INFO] running `Command { std: "docker" "exec" "-e" "SOURCE_DIR=/opt/rustwide/workdir" "-e" "CARGO_HOME=/opt/rustwide/cargo-home" "-e" "RUSTUP_HOME=/opt/rustwide/rustup-home" "-e" "CARGO_TARGET_DIR=/opt/rustwide/target" "-w" "/opt/rustwide/workdir" "--user" "0:0" "b9e6feaa4e7e430c71fcc3cc0b2f5940bce795af3d31f978e9e20789f9ac07b8" "/opt/rustwide/cargo-home/bin/cargo" "+1.98.0-beta.8" "metadata" "--no-deps" "--format-version=1", kill_on_drop: false }`
[INFO] running `Command { std: "docker" "inspect" "b9e6feaa4e7e430c71fcc3cc0b2f5940bce795af3d31f978e9e20789f9ac07b8", kill_on_drop: false }`
[INFO] running `Command { std: "docker" "exec" "-e" "SOURCE_DIR=/opt/rustwide/workdir" "-e" "CARGO_HOME=/opt/rustwide/cargo-home" "-e" "RUSTUP_HOME=/opt/rustwide/rustup-home" "-e" "CARGO_TARGET_DIR=/opt/rustwide/target" "-e" "CARGO_INCREMENTAL=0" "-e" "RUST_BACKTRACE=full" "-e" "RUSTFLAGS=--cap-lints=warn" "-e" "RUSTDOCFLAGS=--cap-lints=warn" "-w" "/opt/rustwide/workdir" "--user" "0:0" "b9e6feaa4e7e430c71fcc3cc0b2f5940bce795af3d31f978e9e20789f9ac07b8" "/opt/rustwide/cargo-home/bin/cargo" "+1.98.0-beta.8" "build" "--frozen" "--message-format=json" "--release", kill_on_drop: false }`
[INFO] [stderr]    Compiling proc-macro2 v1.0.106
[INFO] [stderr]    Compiling quote v1.0.46
[INFO] [stderr]    Compiling unicode-ident v1.0.24
[INFO] [stderr]    Compiling libc v0.2.186
[INFO] [stderr]    Compiling cfg-if v1.0.4
[INFO] [stderr]    Compiling zerocopy v0.8.52
[INFO] [stderr]    Compiling shlex v2.0.1
[INFO] [stderr]    Compiling find-msvc-tools v0.1.9
[INFO] [stderr]    Compiling smallvec v1.15.2
[INFO] [stderr]    Compiling stable_deref_trait v1.2.1
[INFO] [stderr]    Compiling memchr v2.8.2
[INFO] [stderr]    Compiling cc v1.2.65
[INFO] [stderr]    Compiling serde_core v1.0.228
[INFO] [stderr]    Compiling once_cell v1.21.4
[INFO] [stderr]    Compiling pin-project-lite v0.2.17
[INFO] [stderr]    Compiling bytes v1.12.0
[INFO] [stderr]    Compiling getrandom v0.2.17
[INFO] [stderr]    Compiling syn v2.0.118
[INFO] [stderr]    Compiling rand_core v0.6.4
[INFO] [stderr]    Compiling itoa v1.0.18
[INFO] [stderr]    Compiling siphasher v1.0.3
[INFO] [stderr]    Compiling serde v1.0.228
[INFO] [stderr]    Compiling log v0.4.33
[INFO] [stderr]    Compiling phf_shared v0.11.3
[INFO] [stderr]    Compiling futures-core v0.3.32
[INFO] [stderr]    Compiling socket2 v0.6.4
[INFO] [stderr]    Compiling mio v1.2.1
[INFO] [stderr]    Compiling crc32fast v1.5.0
[INFO] [stderr]    Compiling futures-sink v0.3.32
[INFO] [stderr]    Compiling glob v0.3.3
[INFO] [stderr]    Compiling writeable v0.6.3
[INFO] [stderr]    Compiling simd-adler32 v0.3.9
[INFO] [stderr]    Compiling litemap v0.8.2
[INFO] [stderr]    Compiling tokio v1.52.3
[INFO] [stderr]    Compiling clang-sys v1.8.1
[INFO] [stderr]    Compiling ring v0.17.14
[INFO] [stderr]    Compiling percent-encoding v2.3.2
[INFO] [stderr]    Compiling icu_properties_data v2.2.0
[INFO] [stderr]    Compiling adler2 v2.0.1
[INFO] [stderr]    Compiling icu_normalizer_data v2.2.0
[INFO] [stderr]    Compiling prettyplease v0.2.37
[INFO] [stderr]    Compiling utf8_iter v1.0.4
[INFO] [stderr]    Compiling miniz_oxide v0.8.9
[INFO] [stderr]    Compiling http v1.4.2
[INFO] [stderr]    Compiling new_debug_unreachable v1.0.6
[INFO] [stderr]    Compiling parking_lot_core v0.9.12
[INFO] [stderr]    Compiling zlib-rs v0.6.5
[INFO] [stderr]    Compiling zeroize v1.9.0
[INFO] [stderr]    Compiling siphasher v0.3.11
[INFO] [stderr]    Compiling getrandom v0.3.4
[INFO] [stderr]    Compiling minimal-lexical v0.2.1
[INFO] [stderr]    Compiling version_check v0.9.5
[INFO] [stderr]    Compiling ppv-lite86 v0.2.21
[INFO] [stderr]    Compiling regex-syntax v0.8.11
[INFO] [stderr]    Compiling ahash v0.8.12
[INFO] [stderr]    Compiling nom v7.1.3
[INFO] [stderr]    Compiling phf_shared v0.10.0
[INFO] [stderr]    Compiling rand_chacha v0.3.1
[INFO] [stderr]    Compiling rustls-pki-types v1.15.0
[INFO] [stderr]    Compiling synstructure v0.13.2
[INFO] [stderr]    Compiling rand v0.8.6
[INFO] [stderr]    Compiling regex-automata v0.4.14
[INFO] [stderr]    Compiling flate2 v1.1.9
[INFO] [stderr]    Compiling phf_generator v0.11.3
[INFO] [stderr]    Compiling zerofrom-derive v0.1.7
[INFO] [stderr]    Compiling yoke-derive v0.8.2
[INFO] [stderr]    Compiling zerovec-derive v0.11.3
[INFO] [stderr]    Compiling displaydoc v0.2.6
[INFO] [stderr]    Compiling serde_derive v1.0.228
[INFO] [stderr]    Compiling phf_macros v0.11.3
[INFO] [stderr]    Compiling http-body v1.0.1
[INFO] [stderr]    Compiling zerofrom v0.1.8
[INFO] [stderr]    Compiling yoke v0.8.3
[INFO] [stderr]    Compiling tracing-core v0.1.36
[INFO] [stderr]    Compiling zerovec v0.11.6
[INFO] [stderr]    Compiling zerotrie v0.2.4
[INFO] [stderr]    Compiling libloading v0.8.9
[INFO] [stderr]    Compiling scopeguard v1.2.0
[INFO] [stderr]    Compiling bindgen v0.72.1
[INFO] [stderr]    Compiling futures-io v0.3.32
[INFO] [stderr]    Compiling either v1.16.0
[INFO] [stderr]    Compiling httparse v1.10.1
[INFO] [stderr]    Compiling slab v0.4.12
[INFO] [stderr]    Compiling futures-task v0.3.32
[INFO] [stderr]    Compiling tinystr v0.8.3
[INFO] [stderr]    Compiling potential_utf v0.1.5
[INFO] [stderr]    Compiling icu_collections v2.2.0
[INFO] [stderr]    Compiling untrusted v0.9.0
[INFO] [stderr]    Compiling futures-util v0.3.32
[INFO] [stderr]    Compiling icu_locale_core v2.2.0
[INFO] [stderr]    Compiling itertools v0.13.0
[INFO] [stderr]    Compiling lock_api v0.4.14
[INFO] [stderr]    Compiling icu_provider v2.2.0
[INFO] [stderr]    Compiling icu_properties v2.2.0
[INFO] [stderr]    Compiling icu_normalizer v2.2.0
[INFO] [stderr]    Compiling phf v0.11.3
[INFO] [stderr]    Compiling regex v1.12.4
[INFO] [stderr]    Compiling string_cache_codegen v0.5.4
[INFO] [stderr]    Compiling phf_codegen v0.11.3
[INFO] [stderr]    Compiling cexpr v0.6.0
[INFO] [stderr]    Compiling phf_generator v0.10.0
[INFO] [stderr]    Compiling aho-corasick v1.1.4
[INFO] [stderr]    Compiling rustls v0.23.41
[INFO] [stderr]    Compiling bitflags v2.13.0
[INFO] [stderr]    Compiling equivalent v1.0.2
[INFO] [stderr]    Compiling precomputed-hash v0.1.1
[INFO] [stderr]    Compiling shlex v1.3.0
[INFO] [stderr]    Compiling hashbrown v0.17.1
[INFO] [stderr]    Compiling rustc-hash v2.1.2
[INFO] [stderr]    Compiling mac v0.1.1
[INFO] [stderr]    Compiling try-lock v0.2.5
[INFO] [stderr]    Compiling tower-service v0.3.3
[INFO] [stderr]    Compiling rustls-webpki v0.103.13
[INFO] [stderr]    Compiling indexmap v2.14.0
[INFO] [stderr]    Compiling want v0.3.1
[INFO] [stderr]    Compiling futf v0.1.5
[INFO] [stderr]    Compiling markup5ever v0.12.1
[INFO] [stderr]    Compiling phf_codegen v0.10.0
[INFO] [stderr]    Compiling idna_adapter v1.2.2
[INFO] [stderr]    Compiling parking_lot v0.12.5
[INFO] [stderr]    Compiling tracing v0.1.44
[INFO] [stderr]    Compiling form_urlencoded v1.2.2
[INFO] [stderr]    Compiling futures-channel v0.3.32
[INFO] [stderr]    Compiling cmake v0.1.58
[INFO] [stderr]    Compiling zmij v1.0.21
[INFO] [stderr]    Compiling subtle v2.6.1
[INFO] [stderr]    Compiling atomic-waker v1.1.2
[INFO] [stderr]    Compiling dtoa v1.0.11
[INFO] [stderr]    Compiling utf8parse v0.2.2
[INFO] [stderr]    Compiling utf-8 v0.7.6
[INFO] [stderr]    Compiling pkg-config v0.3.33
[INFO] [stderr]    Compiling vcpkg v0.2.15
[INFO] [stderr]    Compiling compression-core v0.4.32
[INFO] [stderr]    Compiling compression-codecs v0.4.38
[INFO] [stderr]    Compiling libsqlite3-sys v0.30.1
[INFO] [stderr]    Compiling tendril v0.4.3
[INFO] [stderr]    Compiling dtoa-short v0.3.5
[INFO] [stderr]    Compiling anstyle-parse v1.0.0
[INFO] [stderr]    Compiling hyper v1.10.1
[INFO] [stderr]    Compiling string_cache v0.8.9
[INFO] [stderr]    Compiling idna v1.1.0
[INFO] [stderr]    Compiling selectors v0.25.0
[INFO] [stderr]    Compiling html5ever v0.27.0
[INFO] [stderr]    Compiling cssparser-macros v0.6.1
[INFO] [stderr]    Compiling sync_wrapper v1.0.2
[INFO] [stderr]    Compiling ipnet v2.12.0
[INFO] [stderr]    Compiling tower-layer v0.3.3
[INFO] [stderr]    Compiling thiserror v2.0.18
[INFO] [stderr]    Compiling serde_json v1.0.150
[INFO] [stderr]    Compiling is_terminal_polyfill v1.70.2
[INFO] [stderr]    Compiling anstyle v1.0.14
[INFO] [stderr]    Compiling colorchoice v1.0.5
[INFO] [stderr]    Compiling base64 v0.22.1
[INFO] [stderr]    Compiling getrandom v0.4.3
[INFO] [stderr]    Compiling byteorder v1.5.0
[INFO] [stderr]    Compiling bumpalo v3.20.3
[INFO] [stderr]    Compiling highs-sys v1.15.0
[INFO] [stderr]    Compiling anstyle-query v1.1.5
[INFO] [stderr]    Compiling zopfli v0.8.3
[INFO] [stderr]    Compiling anstream v1.0.0
[INFO] [stderr]    Compiling fxhash v0.2.1
[INFO] [stderr]    Compiling hyper-util v0.1.20
[INFO] [stderr]    Compiling tower v0.5.3
[INFO] [stderr]    Compiling cssparser v0.31.2
[INFO] [stderr]    Compiling tokio-rustls v0.26.4
[INFO] [stderr]    Compiling url v2.5.8
[INFO] [stderr]    Compiling phf v0.10.1
[INFO] [stderr]    Compiling async-compression v0.4.42
[INFO] [stderr]    Compiling hashbrown v0.14.5
[INFO] [stderr]    Compiling toml_datetime v0.6.11
[INFO] [stderr]    Compiling serde_spanned v0.6.9
[INFO] [stderr]    Compiling http-body-util v0.1.3
[INFO] [stderr]    Compiling thiserror-impl v2.0.18
[INFO] [stderr]    Compiling derive_more v0.99.20
[INFO] [stderr]    Compiling tokio-util v0.7.18
[INFO] [stderr]    Compiling webpki-roots v1.0.8
[INFO] [stderr]    Compiling servo_arc v0.3.0
[INFO] [stderr]    Compiling lazy_static v1.5.0
[INFO] [stderr]    Compiling winnow v0.7.15
[INFO] [stderr]    Compiling heck v0.5.0
[INFO] [stderr]    Compiling anyhow v1.0.103
[INFO] [stderr]    Compiling xml v1.3.0
[INFO] [stderr]    Compiling ryu v1.0.23
[INFO] [stderr]    Compiling toml_write v0.1.2
[INFO] [stderr]    Compiling option-ext v0.2.0
[INFO] [stderr]    Compiling unicode-width v0.2.2
[INFO] [stderr]    Compiling strsim v0.11.1
[INFO] [stderr]    Compiling clap_lex v1.1.0
[INFO] [stderr]    Compiling xml-rs v1.0.0
[INFO] [stderr]    Compiling clap_builder v4.6.0
[INFO] [stderr]    Compiling getopts v0.2.24
[INFO] [stderr]    Compiling toml_edit v0.22.27
[INFO] [stderr]    Compiling dirs-sys v0.4.1
[INFO] [stderr]    Compiling serde_urlencoded v0.7.1
[INFO] [stderr]    Compiling clap_derive v4.6.1
[INFO] [stderr]    Compiling sharded-slab v0.1.7
[INFO] [stderr]    Compiling hyper-rustls v0.27.9
[INFO] [stderr]    Compiling tower-http v0.6.11
[INFO] [stderr]    Compiling hashlink v0.9.1
[INFO] [stderr]    Compiling zip v3.0.0
[INFO] [stderr]    Compiling matchers v0.2.0
[INFO] [stderr]    Compiling tracing-log v0.2.0
[INFO] [stderr]    Compiling thread_local v1.1.9
[INFO] [stderr]    Compiling ego-tree v0.6.3
[INFO] [stderr]    Compiling nu-ansi-term v0.50.3
[INFO] [stderr]    Compiling fallible-streaming-iterator v0.1.9
[INFO] [stderr]    Compiling fallible-iterator v0.3.0
[INFO] [stderr]    Compiling tracing-subscriber v0.3.23
[INFO] [stderr]    Compiling scraper v0.20.0
[INFO] [stderr]    Compiling epub v2.1.5
[INFO] [stderr]    Compiling uuid v1.23.4
[INFO] [stderr]    Compiling reqwest v0.12.28
[INFO] [stderr]    Compiling clap v4.6.1
[INFO] [stderr]    Compiling toml v0.8.23
[INFO] [stderr]    Compiling dirs v5.0.1
[INFO] [stderr] warning: libsqlite3-sys@0.30.1: cc: fatal error: Killed signal terminated program cc1
[INFO] [stderr] warning: libsqlite3-sys@0.30.1: compilation terminated.
[INFO] [stderr] error: failed to run custom build command for `libsqlite3-sys v0.30.1`
[INFO] [stderr] note: To improve backtraces for build dependencies, set the CARGO_PROFILE_RELEASE_BUILD_OVERRIDE_DEBUG=true environment variable to enable debug information generation.
[INFO] [stderr] 
[INFO] [stderr] Caused by:
[INFO] [stderr]   process didn't exit successfully: `/opt/rustwide/target/release/build/libsqlite3-sys-f332508e8560366b/build-script-build` (exit status: 1)
[INFO] [stderr]   --- stdout
[INFO] [stderr]   cargo:rerun-if-env-changed=LIBSQLITE3_SYS_USE_PKG_CONFIG
[INFO] [stderr]   cargo:include=/opt/rustwide/cargo-home/registry/src/index.crates.io-1949cf8c6b5b557f/libsqlite3-sys-0.30.1/sqlite3
[INFO] [stderr]   cargo:rerun-if-changed=sqlite3/sqlite3.c
[INFO] [stderr]   cargo:rerun-if-changed=sqlite3/wasm32-wasi-vfs.c
[INFO] [stderr]   cargo:rerun-if-env-changed=SQLITE_MAX_VARIABLE_NUMBER
[INFO] [stderr]   cargo:rerun-if-env-changed=SQLITE_MAX_EXPR_DEPTH
[INFO] [stderr]   cargo:rerun-if-env-changed=SQLITE_MAX_COLUMN
[INFO] [stderr]   cargo:rerun-if-env-changed=LIBSQLITE3_FLAGS
[INFO] [stderr]   cargo:rerun-if-env-changed=CC_FORCE_DISABLE
[INFO] [stderr]   CC_FORCE_DISABLE = None
[INFO] [stderr]   cargo:rerun-if-env-changed=CC_x86_64-unknown-linux-gnu
[INFO] [stderr]   CC_x86_64-unknown-linux-gnu = None
[INFO] [stderr]   cargo:rerun-if-env-changed=CC_x86_64_unknown_linux_gnu
[INFO] [stderr]   CC_x86_64_unknown_linux_gnu = None
[INFO] [stderr]   cargo:rerun-if-env-changed=HOST_CC
[INFO] [stderr]   HOST_CC = None
[INFO] [stderr]   cargo:rerun-if-env-changed=CC
[INFO] [stderr]   CC = None
[INFO] [stderr]   cargo:rerun-if-env-changed=CC_ENABLE_DEBUG_OUTPUT
[INFO] [stderr]   cargo:rerun-if-env-changed=CRATE_CC_NO_DEFAULTS
[INFO] [stderr]   CRATE_CC_NO_DEFAULTS = None
[INFO] [stderr]   cargo:rerun-if-env-changed=CFLAGS
[INFO] [stderr]   CFLAGS = None
[INFO] [stderr]   cargo:rerun-if-env-changed=HOST_CFLAGS
[INFO] [stderr]   HOST_CFLAGS = None
[INFO] [stderr]   cargo:rerun-if-env-changed=CFLAGS_x86_64_unknown_linux_gnu
[INFO] [stderr]   CFLAGS_x86_64_unknown_linux_gnu = None
[INFO] [stderr]   cargo:rerun-if-env-changed=CFLAGS_x86_64-unknown-linux-gnu
[INFO] [stderr]   CFLAGS_x86_64-unknown-linux-gnu = None
[INFO] [stderr]   cargo:warning=cc: fatal error: Killed signal terminated program cc1
[INFO] [stderr]   cargo:warning=compilation terminated.
[INFO] [stderr] 
[INFO] [stderr]   --- stderr
[INFO] [stderr] 
[INFO] [stderr] 
[INFO] [stderr]   error occurred in cc-rs: command did not execute successfully (status code exit status: 1): LC_ALL="C" "cc" "-O3" "-ffunction-sections" "-fdata-sections" "-fPIC" "-m64" "-w" "-DSQLITE_CORE" "-DSQLITE_DEFAULT_FOREIGN_KEYS=1" "-DSQLITE_ENABLE_API_ARMOR" "-DSQLITE_ENABLE_COLUMN_METADATA" "-DSQLITE_ENABLE_DBSTAT_VTAB" "-DSQLITE_ENABLE_FTS3" "-DSQLITE_ENABLE_FTS3_PARENTHESIS" "-DSQLITE_ENABLE_FTS5" "-DSQLITE_ENABLE_JSON1" "-DSQLITE_ENABLE_LOAD_EXTENSION=1" "-DSQLITE_ENABLE_MEMORY_MANAGEMENT" "-DSQLITE_ENABLE_RTREE" "-DSQLITE_ENABLE_STAT4" "-DSQLITE_SOUNDEX" "-DSQLITE_THREADSAFE=1" "-DSQLITE_USE_URI" "-DHAVE_USLEEP=1" "-DHAVE_ISNAN" "-D_POSIX_THREAD_SAFE_FUNCTIONS" "-DHAVE_LOCALTIME_R" "-o" "/opt/rustwide/target/release/build/libsqlite3-sys-b0c11a9b7b1d8b8f/out/c877a2978823c39d-sqlite3.o" "-c" "sqlite3/sqlite3.c"
[INFO] [stderr] 
[INFO] [stderr] 
[INFO] [stderr] warning: build failed, waiting for other jobs to finish...
[INFO] [stderr] error: failed to run custom build command for `highs-sys v1.15.0`
[INFO] [stderr] note: To improve backtraces for build dependencies, set the CARGO_PROFILE_RELEASE_BUILD_OVERRIDE_DEBUG=true environment variable to enable debug information generation.
[INFO] [stderr] 
[INFO] [stderr] Caused by:
[INFO] [stderr]   process didn't exit successfully: `/opt/rustwide/target/release/build/highs-sys-84a2a153e054029b/build-script-build` (exit status: 101)
[INFO] [stderr]   --- stdout
[INFO] [stderr]   cargo:rerun-if-env-changed=CARGO_CFG_TARGET_FEATURE
[INFO] [stderr]   CMAKE_TOOLCHAIN_FILE_x86_64-unknown-linux-gnu = None
[INFO] [stderr]   CMAKE_TOOLCHAIN_FILE_x86_64_unknown_linux_gnu = None
[INFO] [stderr]   HOST_CMAKE_TOOLCHAIN_FILE = None
[INFO] [stderr]   CMAKE_TOOLCHAIN_FILE = None
[INFO] [stderr]   CMAKE_GENERATOR_x86_64-unknown-linux-gnu = None
[INFO] [stderr]   CMAKE_GENERATOR_x86_64_unknown_linux_gnu = None
[INFO] [stderr]   HOST_CMAKE_GENERATOR = None
[INFO] [stderr]   CMAKE_GENERATOR = None
[INFO] [stderr]   CMAKE_PREFIX_PATH_x86_64-unknown-linux-gnu = None
[INFO] [stderr]   CMAKE_PREFIX_PATH_x86_64_unknown_linux_gnu = None
[INFO] [stderr]   HOST_CMAKE_PREFIX_PATH = None
[INFO] [stderr]   CMAKE_PREFIX_PATH = None
[INFO] [stderr]   CMAKE_x86_64-unknown-linux-gnu = None
[INFO] [stderr]   CMAKE_x86_64_unknown_linux_gnu = None
[INFO] [stderr]   HOST_CMAKE = None
[INFO] [stderr]   CMAKE = None
[INFO] [stderr]   -- HIGHS_VCPKG: OFF
[INFO] [stderr]   -- The CXX compiler identification is GNU 15.2.0
[INFO] [stderr]   -- The C compiler identification is GNU 15.2.0
[INFO] [stderr]   -- Detecting CXX compiler ABI info
[INFO] [stderr]   -- Detecting CXX compiler ABI info - done
[INFO] [stderr]   -- Check for working CXX compiler: /usr/bin/c++ - skipped
[INFO] [stderr]   -- Detecting CXX compile features
[INFO] [stderr]   -- Detecting CXX compile features - done
[INFO] [stderr]   -- Detecting C compiler ABI info
[INFO] [stderr]   -- Detecting C compiler ABI info - done
[INFO] [stderr]   -- Check for working C compiler: /usr/bin/cc - skipped
[INFO] [stderr]   -- Detecting C compile features
[INFO] [stderr]   -- Detecting C compile features - done
[INFO] [stderr]   -- HIGHS version: 1.15.0
[INFO] [stderr]   -- Git hash: n/a
[INFO] [stderr]   -- Build C++ library: ON
[INFO] [stderr]   -- Build C++ executable: OFF
[INFO] [stderr]   -- Build shared extras library: ON
[INFO] [stderr]   -- Build Fortran: OFF
[INFO] [stderr]   -- Build CSharp: OFF
[INFO] [stderr]   -- Build HIPO: OFF
[INFO] [stderr]   -- Build all tests: OFF
[INFO] [stderr]   -- ZLIB: OFF
[INFO] [stderr]   -- Build examples: OFF
[INFO] [stderr]   -- Build pdlp with GPU: OFF
[INFO] [stderr]   -- Use FindCUDAConf: OFF
[INFO] [stderr]   -- Build GPU with delayed loading: OFF
[INFO] [stderr]   -- Build OpenBLAS: OFF
[INFO] [stderr]   -- Build type: Release
[INFO] [stderr]   -- Looking for C++ include sys/types.h
[INFO] [stderr]   -- Looking for C++ include sys/types.h - found
[INFO] [stderr]   -- Looking for C++ include stdint.h
[INFO] [stderr]   -- Looking for C++ include stdint.h - found
[INFO] [stderr]   -- Looking for C++ include stddef.h
[INFO] [stderr]   -- Looking for C++ include stddef.h - found
[INFO] [stderr]   -- Check size of long
[INFO] [stderr]   -- Check size of long - done
[INFO] [stderr]   -- Found long size: 8
[INFO] [stderr]   -- Check size of long long
[INFO] [stderr]   -- Check size of long long - done
[INFO] [stderr]   -- Found long long size: 8
[INFO] [stderr]   -- Check size of int64_t
[INFO] [stderr]   -- Check size of int64_t - done
[INFO] [stderr]   -- Found int64_t size: 8
[INFO] [stderr]   -- Check size of unsigned long
[INFO] [stderr]   -- Check size of unsigned long - done
[INFO] [stderr]   -- Found unsigned long size: 8
[INFO] [stderr]   -- Check size of unsigned long long
[INFO] [stderr]   -- Check size of unsigned long long - done
[INFO] [stderr]   -- Found unsigned long long size: 8
[INFO] [stderr]   -- Check size of uint64_t
[INFO] [stderr]   -- Check size of uint64_t - done
[INFO] [stderr]   -- Found uint64_t size: 8
[INFO] [stderr]   -- Check size of int *
[INFO] [stderr]   -- Check size of int * - done
[INFO] [stderr]   -- Found int * size: 8
[INFO] [stderr]   -- IPO / LTO supported by compiler: YES
[INFO] [stderr]   -- IPO / LTO: FALSE as requested by user
[INFO] [stderr]   -- Performing Test HIGHS_HAVE_MM_PAUSE
[INFO] [stderr]   -- Performing Test HIGHS_HAVE_MM_PAUSE - Success
[INFO] [stderr]   -- Performing Test HIGHS_HAVE_BUILTIN_CLZ
[INFO] [stderr]   -- Performing Test HIGHS_HAVE_BUILTIN_CLZ - Success
[INFO] [stderr]   -- Performing Test COMPILER_SUPPORTS_POPCNT
[INFO] [stderr]   -- Performing Test COMPILER_SUPPORTS_POPCNT - Success
[INFO] [stderr]   -- FAST_BUILD set to on.
[INFO] [stderr]   -- Build C++ example: OFF
[INFO] [stderr]   -- Build CSharp example: OFF
[INFO] [stderr]   -- Build dotnet package: OFF
[INFO] [stderr]   -- Performing Test COMPILER_SUPPORTS_INVALID_OFFSET
[INFO] [stderr]   -- Performing Test COMPILER_SUPPORTS_INVALID_OFFSET - Success
[INFO] [stderr]   -- No CSharp support
[INFO] [stderr]   -- Performing Test CMAKE_HAVE_LIBC_PTHREAD
[INFO] [stderr]   -- Performing Test CMAKE_HAVE_LIBC_PTHREAD - Success
[INFO] [stderr]   -- Found Threads: TRUE
[INFO] [stderr]   -- Performing Test HAVE_CXX_ATOMICS_WITHOUT_LIB
[INFO] [stderr]   -- Performing Test HAVE_CXX_ATOMICS_WITHOUT_LIB - Success
[INFO] [stderr]   -- Performing Test HAVE_CXX_ATOMICS64_WITHOUT_LIB
[INFO] [stderr]   -- Performing Test HAVE_CXX_ATOMICS64_WITHOUT_LIB - Success
[INFO] [stderr]   -- Performing Test COMPILER_HAS_HIDDEN_VISIBILITY
[INFO] [stderr]   -- Performing Test COMPILER_HAS_HIDDEN_VISIBILITY - Success
[INFO] [stderr]   -- Performing Test COMPILER_HAS_HIDDEN_INLINE_VISIBILITY
[INFO] [stderr]   -- Performing Test COMPILER_HAS_HIDDEN_INLINE_VISIBILITY - Success
[INFO] [stderr]   -- Performing Test COMPILER_HAS_DEPRECATED_ATTR
[INFO] [stderr]   -- Performing Test COMPILER_HAS_DEPRECATED_ATTR - Success
[INFO] [stderr]   -- .Net: Use .Net Framework 2.1 support: ON
[INFO] [stderr]   -- Configuring highs_extras version 1.15.0
[INFO] [stderr]   -- Configuring done (43.4s)
[INFO] [stderr]   -- Generating done (1.0s)
[INFO] [stderr]   -- Build files have been written to: /opt/rustwide/target/release/build/highs-sys-940dff7f0dfab2e5/out/build
[INFO] [stderr]   [  0%] Building CXX object highs/CMakeFiles/highs.dir/interfaces/highs_c_api.cpp.o
[INFO] [stderr]   [  0%] Building CXX object highs/CMakeFiles/highs.dir/io/Filereader.cpp.o
[INFO] [stderr]   [  1%] Building CXX object highs/CMakeFiles/highs.dir/io/FilereaderLp.cpp.o
[INFO] [stderr]   [  1%] Building CXX object highs/CMakeFiles/highs.dir/io/FilereaderMps.cpp.o
[INFO] [stderr]   [  2%] Building CXX object highs/CMakeFiles/highs.dir/io/HighsIO.cpp.o
[INFO] [stderr]   [  2%] Building CXX object highs/CMakeFiles/highs.dir/io/HMpsFF.cpp.o
[INFO] [stderr]   [  3%] Building CXX object highs/CMakeFiles/highs.dir/io/HMPSIO.cpp.o
[INFO] [stderr]   [  4%] Building CXX object extern/CMakeFiles/highs_extras.dir/HighsExtrasApi.cpp.o
[INFO] [stderr]   [  4%] Building CXX object extern/CMakeFiles/highs_extras.dir/HighsExtrasExternalDeps.cpp.o
[INFO] [stderr]   [  5%] Linking CXX shared library ../lib/libhighs_extras.so
[INFO] [stderr]   [  5%] Built target highs_extras
[INFO] [stderr]   [  5%] Building CXX object highs/CMakeFiles/highs.dir/io/LoadOptions.cpp.o
[INFO] [stderr]   [  6%] Building CXX object highs/CMakeFiles/highs.dir/io/filereaderlp/reader.cpp.o
[INFO] [stderr]   [  6%] Building CXX object highs/CMakeFiles/highs.dir/ipm/IpxWrapper.cpp.o
[INFO] [stderr]   [  7%] Building CXX object highs/CMakeFiles/highs.dir/lp_data/Highs.cpp.o
[INFO] [stderr]   [  7%] Building CXX object highs/CMakeFiles/highs.dir/lp_data/HighsCallback.cpp.o
[INFO] [stderr]   [  7%] Building CXX object highs/CMakeFiles/highs.dir/lp_data/HighsDebug.cpp.o
[INFO] [stderr]   [  8%] Building CXX object highs/CMakeFiles/highs.dir/lp_data/HighsIis.cpp.o
[INFO] [stderr]   [  8%] Building CXX object highs/CMakeFiles/highs.dir/lp_data/HighsInfo.cpp.o
[INFO] [stderr]   [  9%] Building CXX object highs/CMakeFiles/highs.dir/lp_data/HighsInfoDebug.cpp.o
[INFO] [stderr] 
[INFO] [stderr]   --- stderr
[INFO] [stderr]   running: cd "/opt/rustwide/target/release/build/highs-sys-940dff7f0dfab2e5/out/build" && CMAKE_PREFIX_PATH="" LC_ALL="C" "cmake" "/opt/rustwide/cargo-home/registry/src/index.crates.io-1949cf8c6b5b557f/highs-sys-1.15.0/HiGHS" "-B" "/opt/rustwide/target/release/build/highs-sys-940dff7f0dfab2e5/out/build" "-DBUILD_CXX_EXE=OFF" "-DBUILD_EXAMPLES=OFF" "-DFAST_BUILD=ON" "-DBUILD_SHARED_LIBS=OFF" "-DCMAKE_MSVC_RUNTIME_LIBRARY=MultiThreadedDLL" "-DCMAKE_INTERPROCEDURAL_OPTIMIZATION=FALSE" "-DZLIB=OFF" "-DCMAKE_INSTALL_PREFIX=/opt/rustwide/target/release/build/highs-sys-940dff7f0dfab2e5/out" "-DCMAKE_C_FLAGS= -ffunction-sections -fdata-sections -fPIC -m64 -w" "-DCMAKE_C_COMPILER=/usr/bin/cc" "-DCMAKE_CXX_FLAGS= -ffunction-sections -fdata-sections -fPIC -m64 -w" "-DCMAKE_CXX_COMPILER=/usr/bin/c++" "-DCMAKE_ASM_FLAGS= -ffunction-sections -fdata-sections -fPIC -m64 -w" "-DCMAKE_ASM_COMPILER=/usr/bin/cc" "-DCMAKE_BUILD_TYPE=Release"
[INFO] [stderr]   CMake Warning:
[INFO] [stderr]     Manually-specified variables were not used by the project:
[INFO] [stderr] 
[INFO] [stderr]       CMAKE_ASM_COMPILER
[INFO] [stderr]       CMAKE_ASM_FLAGS
[INFO] [stderr] 
[INFO] [stderr] 
[INFO] [stderr]   running: cd "/opt/rustwide/target/release/build/highs-sys-940dff7f0dfab2e5/out/build" && LC_ALL="C" MAKEFLAGS="-j --jobserver-fds=4,5 --jobserver-auth=4,5" "cmake" "--build" "/opt/rustwide/target/release/build/highs-sys-940dff7f0dfab2e5/out/build" "--target" "install" "--config" "Release"
[INFO] [stderr]   c++: fatal error: Killed signal terminated program cc1plus
[INFO] [stderr]   compilation terminated.
[INFO] [stderr]   gmake[2]: *** [highs/CMakeFiles/highs.dir/build.make:219: highs/CMakeFiles/highs.dir/lp_data/Highs.cpp.o] Error 1
[INFO] [stderr]   gmake[2]: *** Waiting for unfinished jobs....
[INFO] [stderr]   gmake[1]: *** [CMakeFiles/Makefile2:1122: highs/CMakeFiles/highs.dir/all] Error 2
[INFO] [stderr]   gmake: *** [Makefile:166: all] Error 2
[INFO] [stderr] 
[INFO] [stderr]   thread 'main' (2815) panicked at /opt/rustwide/cargo-home/registry/src/index.crates.io-1949cf8c6b5b557f/cmake-0.1.58/src/lib.rs:1132:5:
[INFO] [stderr] 
[INFO] [stderr]   command did not execute successfully, got: exit status: 2
[INFO] [stderr] 
[INFO] [stderr]   build script failed, must exit now
[INFO] [stderr]   stack backtrace:
[INFO] [stderr]      0:     0x599c0cd48ff1 - <<std[97b98282bc616a66]::sys::backtrace::BacktraceLock>::print::DisplayBacktrace as core[832e9a552fc17241]::fmt::Display>::fmt
[INFO] [stderr]      1:     0x599c0cd6082a - core[832e9a552fc17241]::fmt::write
[INFO] [stderr]      2:     0x599c0cd4f22c - <std[97b98282bc616a66]::sys::stdio::unix::Stderr as std[97b98282bc616a66]::io::Write>::write_fmt
[INFO] [stderr]      3:     0x599c0cd27e56 - std[97b98282bc616a66]::panicking::default_hook::{closure#0}
[INFO] [stderr]      4:     0x599c0cd42a01 - std[97b98282bc616a66]::panicking::default_hook
[INFO] [stderr]      5:     0x599c0cd42d2b - std[97b98282bc616a66]::panicking::panic_with_hook
[INFO] [stderr]      6:     0x599c0cd27f02 - std[97b98282bc616a66]::panicking::panic_handler::{closure#0}
[INFO] [stderr]      7:     0x599c0cd1f669 - std[97b98282bc616a66]::sys::backtrace::__rust_end_short_backtrace::<std[97b98282bc616a66]::panicking::panic_handler::{closure#0}, !>
[INFO] [stderr]      8:     0x599c0cd286fd - __rustc[e3d8617bb01b7f69]::rust_begin_unwind
[INFO] [stderr]      9:     0x599c0cd6104c - core[832e9a552fc17241]::panicking::panic_fmt
[INFO] [stderr]     10:     0x599c0ccb0697 - cmake[c8267a82c339ee4f]::fail
[INFO] [stderr]     11:     0x599c0ccb0323 - cmake[c8267a82c339ee4f]::run
[INFO] [stderr]     12:     0x599c0ccb635c - <cmake[c8267a82c339ee4f]::Config>::build
[INFO] [stderr]     13:     0x599c0c799e30 - build_script_build[b861cae770028dc4]::build
[INFO] [stderr]     14:     0x599c0c799a1d - build_script_build[b861cae770028dc4]::main
[INFO] [stderr]     15:     0x599c0c79be63 - <fn() as core[832e9a552fc17241]::ops::function::FnOnce<()>>::call_once
[INFO] [stderr]     16:     0x599c0c799036 - std[97b98282bc616a66]::sys::backtrace::__rust_begin_short_backtrace::<fn(), ()>
[INFO] [stderr]     17:     0x599c0c799799 - std[97b98282bc616a66]::rt::lang_start::<()>::{closure#0}
[INFO] [stderr]     18:     0x599c0cd41c07 - std[97b98282bc616a66]::rt::lang_start_internal
[INFO] [stderr]     19:     0x599c0c799021 - std[97b98282bc616a66]::rt::lang_start::<()>
[INFO] [stderr]     20:     0x599c0c79c165 - main
[INFO] [stderr]     21:     0x7164aab08601 - <unknown>
[INFO] [stderr]     22:     0x7164aab08718 - __libc_start_main
[INFO] [stderr]     23:     0x599c0c7962f5 - _start
[INFO] [stderr]     24:                0x0 - <unknown>
[INFO] running `Command { std: "docker" "inspect" "b9e6feaa4e7e430c71fcc3cc0b2f5940bce795af3d31f978e9e20789f9ac07b8", kill_on_drop: false }`
[INFO] running `Command { std: "docker" "rm" "-f" "b9e6feaa4e7e430c71fcc3cc0b2f5940bce795af3d31f978e9e20789f9ac07b8", kill_on_drop: false }`
[INFO] [stdout] b9e6feaa4e7e430c71fcc3cc0b2f5940bce795af3d31f978e9e20789f9ac07b8
