[INFO] cloning repository https://github.com/lxl66566/windows-simple-zstd
[INFO] running `Command { std: "git" "-c" "credential.helper=" "-c" "credential.helper=/workspace/cargo-home/bin/git-credential-null" "clone" "--bare" "https://github.com/lxl66566/windows-simple-zstd" "/workspace/cache/git-repos/https%3A%2F%2Fgithub.com%2Flxl66566%2Fwindows-simple-zstd", kill_on_drop: false }`
[INFO] [stderr] Cloning into bare repository '/workspace/cache/git-repos/https%3A%2F%2Fgithub.com%2Flxl66566%2Fwindows-simple-zstd'...
[INFO] running `Command { std: "git" "rev-parse" "HEAD", kill_on_drop: false }`
[INFO] [stdout] 752d510010f8f0625936a6158f46bb409fe42fcd
[INFO] testing lxl66566/windows-simple-zstd against 1.98.0-beta.8+cargoflags=--release for beta-release-1.99-2
[INFO] running `Command { std: "git" "clone" "/workspace/cache/git-repos/https%3A%2F%2Fgithub.com%2Flxl66566%2Fwindows-simple-zstd" "/workspace/builds/worker-7-tc1/source", kill_on_drop: false }`
[INFO] [stderr] Cloning into '/workspace/builds/worker-7-tc1/source'...
[INFO] [stderr] done.
[INFO] started tweaking git repo https://github.com/lxl66566/windows-simple-zstd
[INFO] finished tweaking git repo https://github.com/lxl66566/windows-simple-zstd
[INFO] tweaked toml for git repo https://github.com/lxl66566/windows-simple-zstd written to /workspace/builds/worker-7-tc1/source/Cargo.toml
[INFO] validating manifest of git repo https://github.com/lxl66566/windows-simple-zstd on toolchain 1.98.0-beta.8
[INFO] running `Command { std: CARGO_HOME="/workspace/cargo-home" RUSTUP_HOME="/workspace/rustup-home" "/workspace/cargo-home/bin/cargo" "+1.98.0-beta.8" "metadata" "--manifest-path" "Cargo.toml" "--no-deps", kill_on_drop: false }`
[INFO] crate git repo https://github.com/lxl66566/windows-simple-zstd already has a lockfile, it will not be regenerated
[INFO] running `Command { std: CARGO_HOME="/workspace/cargo-home" RUSTUP_HOME="/workspace/rustup-home" "/workspace/cargo-home/bin/cargo" "+1.98.0-beta.8" "fetch" "--manifest-path" "Cargo.toml", kill_on_drop: false }`
[INFO] [stderr]     Updating crates.io index
[INFO] [stderr]  Downloading crates ...
[INFO] [stderr]   Downloaded once-fn v0.2.1
[INFO] [stderr]   Downloaded rfd v0.17.2
[INFO] running `Command { std: "docker" "create" "-v" "/var/lib/crater-agent-workspace/builds/worker-7-tc1/source:/opt/rustwide/workdir:ro,Z" "-v" "/var/lib/crater-agent-workspace/builds/worker-7-tc1/target:/opt/rustwide/target:rw,Z" "-v" "/var/lib/crater-agent-workspace/cargo-home:/opt/rustwide/cargo-home:ro,Z" "-v" "/var/lib/crater-agent-workspace/rustup-home:/opt/rustwide/rustup-home:ro,Z" "-m" "1610612736" "--network" "none" "ghcr.io/rust-lang/crates-build-env/linux@sha256:8683fc1fc2eb5c9ac98e0d076ab094b2ffac7f99da555d2b6a2e27f346de2ec7" "sleep" "infinity", kill_on_drop: false }`
[INFO] [stdout] 0a11884a7c6f99e9a57db9d1018f130c334f3e60c8039568aae8976a61293f03
[INFO] running `Command { std: "docker" "start" "0a11884a7c6f99e9a57db9d1018f130c334f3e60c8039568aae8976a61293f03", kill_on_drop: false }`
[INFO] running `Command { std: "docker" "inspect" "0a11884a7c6f99e9a57db9d1018f130c334f3e60c8039568aae8976a61293f03", kill_on_drop: false }`
[INFO] running `Command { std: "docker" "exec" "-e" "SOURCE_DIR=/opt/rustwide/workdir" "-e" "CARGO_HOME=/opt/rustwide/cargo-home" "-e" "RUSTUP_HOME=/opt/rustwide/rustup-home" "-e" "CARGO_TARGET_DIR=/opt/rustwide/target" "-w" "/opt/rustwide/workdir" "--user" "0:0" "0a11884a7c6f99e9a57db9d1018f130c334f3e60c8039568aae8976a61293f03" "/opt/rustwide/cargo-home/bin/cargo" "+1.98.0-beta.8" "metadata" "--no-deps" "--format-version=1", kill_on_drop: false }`
[INFO] running `Command { std: "docker" "inspect" "0a11884a7c6f99e9a57db9d1018f130c334f3e60c8039568aae8976a61293f03", kill_on_drop: false }`
[INFO] running `Command { std: "docker" "exec" "-e" "SOURCE_DIR=/opt/rustwide/workdir" "-e" "CARGO_HOME=/opt/rustwide/cargo-home" "-e" "RUSTUP_HOME=/opt/rustwide/rustup-home" "-e" "CARGO_TARGET_DIR=/opt/rustwide/target" "-e" "CARGO_INCREMENTAL=0" "-e" "RUST_BACKTRACE=full" "-e" "RUSTFLAGS=--cap-lints=warn" "-e" "RUSTDOCFLAGS=--cap-lints=warn" "-w" "/opt/rustwide/workdir" "--user" "0:0" "0a11884a7c6f99e9a57db9d1018f130c334f3e60c8039568aae8976a61293f03" "/opt/rustwide/cargo-home/bin/cargo" "+1.98.0-beta.8" "build" "--frozen" "--message-format=json" "--release", kill_on_drop: false }`
[INFO] [stderr]    Compiling libc v0.2.189
[INFO] [stderr]    Compiling find-msvc-tools v0.1.10
[INFO] [stderr]    Compiling shlex v2.0.1
[INFO] [stderr]    Compiling pkg-config v0.3.33
[INFO] [stderr]    Compiling proc-macro2 v1.0.107
[INFO] [stderr]    Compiling quote v1.0.47
[INFO] [stderr]    Compiling unicode-ident v1.0.24
[INFO] [stderr]    Compiling cfg-if v1.0.4
[INFO] [stderr]    Compiling windows-link v0.2.1
[INFO] [stderr]    Compiling zstd-safe v7.2.4
[INFO] [stderr]    Compiling rustix v1.1.4
[INFO] [stderr]    Compiling libloading v0.8.9
[INFO] [stderr]    Compiling linux-raw-sys v0.12.1
[INFO] [stderr]    Compiling bitflags v2.13.1
[INFO] [stderr]    Compiling dlib v0.5.3
[INFO] [stderr]    Compiling windows-result v0.4.1
[INFO] [stderr]    Compiling windows-strings v0.5.1
[INFO] [stderr]    Compiling log v0.4.33
[INFO] [stderr]    Compiling memchr v2.8.3
[INFO] [stderr]    Compiling scoped-tls v1.0.1
[INFO] [stderr]    Compiling downcast-rs v1.2.1
[INFO] [stderr]    Compiling wayland-client v0.31.15
[INFO] [stderr]    Compiling utf8parse v0.2.2
[INFO] [stderr]    Compiling smallvec v1.15.2
[INFO] [stderr]    Compiling anstyle-parse v1.0.0
[INFO] [stderr]    Compiling wayland-sys v0.31.11
[INFO] [stderr]    Compiling heck v0.5.0
[INFO] [stderr]    Compiling is_terminal_polyfill v1.70.2
[INFO] [stderr]    Compiling colorchoice v1.0.5
[INFO] [stderr]    Compiling anstyle v1.0.14
[INFO] [stderr]    Compiling anstyle-query v1.1.5
[INFO] [stderr]    Compiling getrandom v0.4.3
[INFO] [stderr]    Compiling syn v2.0.119
[INFO] [stderr]    Compiling quick-xml v0.41.0
[INFO] [stderr]    Compiling syn v3.0.3
[INFO] [stderr]    Compiling windows-threading v0.2.1
[INFO] [stderr]    Compiling anyhow v1.0.104
[INFO] [stderr]    Compiling anstream v1.0.0
[INFO] [stderr]    Compiling strsim v0.11.1
[INFO] [stderr]    Compiling clap_lex v1.1.0
[INFO] [stderr]    Compiling jobserver v0.1.35
[INFO] [stderr]    Compiling rfd v0.17.2
[INFO] [stderr]    Compiling clap_builder v4.6.6
[INFO] [stderr]    Compiling cc v1.4.2
[INFO] [stderr]    Compiling windows-sys v0.61.2
[INFO] [stderr]    Compiling raw-window-handle v0.6.2
[INFO] [stderr]    Compiling once_cell v1.21.4
[INFO] [stderr]    Compiling wayland-scanner v0.31.11
[INFO] [stderr]    Compiling fastrand v2.5.0
[INFO] [stderr]    Compiling percent-encoding v2.3.2
[INFO] [stderr]    Compiling pollster v0.4.0
[INFO] [stderr]    Compiling zstd-sys v2.0.16+zstd.1.5.7
[INFO] [stderr]    Compiling wayland-backend v0.3.16
[INFO] [stderr]    Compiling windows-implement v0.60.2
[INFO] [stderr]    Compiling windows-interface v0.59.3
[INFO] [stderr]    Compiling windows-core v0.62.2
[INFO] [stderr]    Compiling once-fn v0.2.1
[INFO] [stderr]    Compiling clap_derive v4.6.4
[INFO] [stderr]    Compiling windows-future v0.3.2
[INFO] [stdout] error[E0425]: cannot find type `IMarshal` in module `windows_core::imp`
[INFO] [stdout]   --> /opt/rustwide/cargo-home/registry/src/index.crates.io-1949cf8c6b5b557f/windows-future-0.3.2/src/bindings.rs:87:51
[INFO] [stdout]    |
[INFO] [stdout] 87 |             } else if *iid == <windows_core::imp::IMarshal as windows_core::Interface>::IID {
[INFO] [stdout]    |                                                   ^^^^^^^^ not found in `windows_core::imp`
[INFO] [stdout] 
[INFO] [stdout] 
[INFO] [stdout] error[E0425]: cannot find function `marshaler` in module `windows_core::imp`
[INFO] [stdout]   --> /opt/rustwide/cargo-home/registry/src/index.crates.io-1949cf8c6b5b557f/windows-future-0.3.2/src/bindings.rs:89:43
[INFO] [stdout]    |
[INFO] [stdout] 89 |                 return windows_core::imp::marshaler(
[INFO] [stdout]    |                                           ^^^^^^^^^ not found in `windows_core::imp`
[INFO] [stdout] 
[INFO] [stdout] 
[INFO] [stdout] error[E0425]: cannot find type `IMarshal` in module `windows_core::imp`
[INFO] [stdout]    --> /opt/rustwide/cargo-home/registry/src/index.crates.io-1949cf8c6b5b557f/windows-future-0.3.2/src/bindings.rs:255:51
[INFO] [stdout]     |
[INFO] [stdout] 255 |             } else if *iid == <windows_core::imp::IMarshal as windows_core::Interface>::IID {
[INFO] [stdout]     |                                                   ^^^^^^^^ not found in `windows_core::imp`
[INFO] [stdout] 
[INFO] [stdout] 
[INFO] [stdout] error[E0425]: cannot find function `marshaler` in module `windows_core::imp`
[INFO] [stdout]    --> /opt/rustwide/cargo-home/registry/src/index.crates.io-1949cf8c6b5b557f/windows-future-0.3.2/src/bindings.rs:257:43
[INFO] [stdout]     |
[INFO] [stdout] 257 |                 return windows_core::imp::marshaler(
[INFO] [stdout]     |                                           ^^^^^^^^^ not found in `windows_core::imp`
[INFO] [stdout] 
[INFO] [stdout] 
[INFO] [stdout] error[E0425]: cannot find type `IMarshal` in module `windows_core::imp`
[INFO] [stdout]    --> /opt/rustwide/cargo-home/registry/src/index.crates.io-1949cf8c6b5b557f/windows-future-0.3.2/src/bindings.rs:422:364
[INFO] [stdout]     |
[INFO] [stdout] 422 | ... _ } else if * iid == < windows_core::imp::IMarshal as windows_core::Interface >::IID { ( * this ) . count . add_ref ( ) ; retur...
[INFO] [stdout]     |                                               ^^^^^^^^ not found in `windows_core::imp`
[INFO] [stdout] 
[INFO] [stdout] 
[INFO] [stdout] error[E0425]: cannot find function `marshaler` in module `windows_core::imp`
[INFO] [stdout]    --> /opt/rustwide/cargo-home/registry/src/index.crates.io-1949cf8c6b5b557f/windows-future-0.3.2/src/bindings.rs:422:470
[INFO] [stdout]     |
[INFO] [stdout] 422 | ... . add_ref ( ) ; return windows_core::imp::marshaler ( core::mem::transmute ( & mut ( * this ) . vtable as * mut _ as * mut core...
[INFO] [stdout]     |                                               ^^^^^^^^^ not found in `windows_core::imp`
[INFO] [stdout] 
[INFO] [stdout] 
[INFO] [stdout] error[E0425]: cannot find type `IMarshal` in module `windows_core::imp`
[INFO] [stdout]    --> /opt/rustwide/cargo-home/registry/src/index.crates.io-1949cf8c6b5b557f/windows-future-0.3.2/src/bindings.rs:572:51
[INFO] [stdout]     |
[INFO] [stdout] 572 |             } else if *iid == <windows_core::imp::IMarshal as windows_core::Interface>::IID {
[INFO] [stdout]     |                                                   ^^^^^^^^ not found in `windows_core::imp`
[INFO] [stdout] 
[INFO] [stdout] 
[INFO] [stdout] error[E0425]: cannot find function `marshaler` in module `windows_core::imp`
[INFO] [stdout]    --> /opt/rustwide/cargo-home/registry/src/index.crates.io-1949cf8c6b5b557f/windows-future-0.3.2/src/bindings.rs:574:43
[INFO] [stdout]     |
[INFO] [stdout] 574 |                 return windows_core::imp::marshaler(
[INFO] [stdout]     |                                           ^^^^^^^^^ not found in `windows_core::imp`
[INFO] [stdout] 
[INFO] [stdout] 
[INFO] [stdout] error[E0425]: cannot find type `IMarshal` in module `windows_core::imp`
[INFO] [stdout]    --> /opt/rustwide/cargo-home/registry/src/index.crates.io-1949cf8c6b5b557f/windows-future-0.3.2/src/bindings.rs:752:364
[INFO] [stdout]     |
[INFO] [stdout] 752 | ... _ } else if * iid == < windows_core::imp::IMarshal as windows_core::Interface >::IID { ( * this ) . count . add_ref ( ) ; retur...
[INFO] [stdout]     |                                               ^^^^^^^^ not found in `windows_core::imp`
[INFO] [stdout] 
[INFO] [stdout] 
[INFO] [stdout] error[E0425]: cannot find function `marshaler` in module `windows_core::imp`
[INFO] [stdout]    --> /opt/rustwide/cargo-home/registry/src/index.crates.io-1949cf8c6b5b557f/windows-future-0.3.2/src/bindings.rs:752:470
[INFO] [stdout]     |
[INFO] [stdout] 752 | ... . add_ref ( ) ; return windows_core::imp::marshaler ( core::mem::transmute ( & mut ( * this ) . vtable as * mut _ as * mut core...
[INFO] [stdout]     |                                               ^^^^^^^^^ not found in `windows_core::imp`
[INFO] [stdout] 
[INFO] [stdout] 
[INFO] [stdout] error[E0425]: cannot find type `IMarshal` in module `windows_core::imp`
[INFO] [stdout]    --> /opt/rustwide/cargo-home/registry/src/index.crates.io-1949cf8c6b5b557f/windows-future-0.3.2/src/bindings.rs:927:377
[INFO] [stdout]     |
[INFO] [stdout] 927 | ... _ } else if * iid == < windows_core::imp::IMarshal as windows_core::Interface >::IID { ( * this ) . count . add_ref ( ) ; retur...
[INFO] [stdout]     |                                               ^^^^^^^^ not found in `windows_core::imp`
[INFO] [stdout] 
[INFO] [stdout] 
[INFO] [stdout] error[E0425]: cannot find function `marshaler` in module `windows_core::imp`
[INFO] [stdout]    --> /opt/rustwide/cargo-home/registry/src/index.crates.io-1949cf8c6b5b557f/windows-future-0.3.2/src/bindings.rs:927:483
[INFO] [stdout]     |
[INFO] [stdout] 927 | ... . add_ref ( ) ; return windows_core::imp::marshaler ( core::mem::transmute ( & mut ( * this ) . vtable as * mut _ as * mut core...
[INFO] [stdout]     |                                               ^^^^^^^^^ not found in `windows_core::imp`
[INFO] [stdout] 
[INFO] [stdout] 
[INFO] [stdout] error[E0425]: cannot find function `submit` in crate `windows_threading`
[INFO] [stdout]    --> /opt/rustwide/cargo-home/registry/src/index.crates.io-1949cf8c6b5b557f/windows-future-0.3.2/src/async_spawn.rs:264:28
[INFO] [stdout]     |
[INFO] [stdout] 264 |         windows_threading::submit(move || {
[INFO] [stdout]     |                            ^^^^^^ not found in `windows_threading`
[INFO] [stdout] 
[INFO] [stdout] 
[INFO] [stdout] error[E0425]: cannot find function `submit` in crate `windows_threading`
[INFO] [stdout]    --> /opt/rustwide/cargo-home/registry/src/index.crates.io-1949cf8c6b5b557f/windows-future-0.3.2/src/async_spawn.rs:281:28
[INFO] [stdout]     |
[INFO] [stdout] 281 |         windows_threading::submit(move || {
[INFO] [stdout]     |                            ^^^^^^ not found in `windows_threading`
[INFO] [stdout] 
[INFO] [stdout] 
[INFO] [stdout] error[E0425]: cannot find function `submit` in crate `windows_threading`
[INFO] [stdout]    --> /opt/rustwide/cargo-home/registry/src/index.crates.io-1949cf8c6b5b557f/windows-future-0.3.2/src/async_spawn.rs:298:28
[INFO] [stdout]     |
[INFO] [stdout] 298 |         windows_threading::submit(move || {
[INFO] [stdout]     |                            ^^^^^^ not found in `windows_threading`
[INFO] [stdout] 
[INFO] [stdout] 
[INFO] [stdout] error[E0425]: cannot find function `submit` in crate `windows_threading`
[INFO] [stdout]    --> /opt/rustwide/cargo-home/registry/src/index.crates.io-1949cf8c6b5b557f/windows-future-0.3.2/src/async_spawn.rs:315:28
[INFO] [stdout]     |
[INFO] [stdout] 315 |         windows_threading::submit(move || {
[INFO] [stdout]     |                            ^^^^^^ not found in `windows_threading`
[INFO] [stdout] 
[INFO] [stdout] 
[INFO] [stdout] For more information about this error, try `rustc --explain E0425`.
[INFO] [stdout] 
[INFO] [stderr]    Compiling windows-numerics v0.3.1
[INFO] [stderr] error: could not compile `windows-future` (lib) due to 16 previous errors
[INFO] [stderr] warning: build failed, waiting for other jobs to finish...
[INFO] running `Command { std: "docker" "inspect" "0a11884a7c6f99e9a57db9d1018f130c334f3e60c8039568aae8976a61293f03", kill_on_drop: false }`
[INFO] running `Command { std: "docker" "rm" "-f" "0a11884a7c6f99e9a57db9d1018f130c334f3e60c8039568aae8976a61293f03", kill_on_drop: false }`
[INFO] [stdout] 0a11884a7c6f99e9a57db9d1018f130c334f3e60c8039568aae8976a61293f03
