[INFO] cloning repository https://github.com/lunararch/exodus
[INFO] running `Command { std: "git" "-c" "credential.helper=" "-c" "credential.helper=/workspace/cargo-home/bin/git-credential-null" "clone" "--bare" "https://github.com/lunararch/exodus" "/workspace/cache/git-repos/https%3A%2F%2Fgithub.com%2Flunararch%2Fexodus", kill_on_drop: false }`
[INFO] [stderr] Cloning into bare repository '/workspace/cache/git-repos/https%3A%2F%2Fgithub.com%2Flunararch%2Fexodus'...
[INFO] running `Command { std: "git" "rev-parse" "HEAD", kill_on_drop: false }`
[INFO] [stdout] 7cc453cbe42ba5a89f4cd99375bd0e510d302805
[INFO] testing lunararch/exodus against 1.99.0-beta.1+cargoflags=--release for beta-release-1.99-2
[INFO] running `Command { std: "git" "clone" "/workspace/cache/git-repos/https%3A%2F%2Fgithub.com%2Flunararch%2Fexodus" "/workspace/builds/worker-7-tc2/source", kill_on_drop: false }`
[INFO] [stderr] Cloning into '/workspace/builds/worker-7-tc2/source'...
[INFO] [stderr] done.
[INFO] started tweaking git repo https://github.com/lunararch/exodus
[INFO] finished tweaking git repo https://github.com/lunararch/exodus
[INFO] tweaked toml for git repo https://github.com/lunararch/exodus written to /workspace/builds/worker-7-tc2/source/Cargo.toml
[INFO] validating manifest of git repo https://github.com/lunararch/exodus on toolchain 1.99.0-beta.1
[INFO] running `Command { std: CARGO_HOME="/workspace/cargo-home" RUSTUP_HOME="/workspace/rustup-home" "/workspace/cargo-home/bin/cargo" "+1.99.0-beta.1" "metadata" "--manifest-path" "Cargo.toml" "--no-deps", kill_on_drop: false }`
[INFO] crate git repo https://github.com/lunararch/exodus already has a lockfile, it will not be regenerated
[INFO] running `Command { std: CARGO_HOME="/workspace/cargo-home" RUSTUP_HOME="/workspace/rustup-home" "/workspace/cargo-home/bin/cargo" "+1.99.0-beta.1" "fetch" "--manifest-path" "Cargo.toml", kill_on_drop: false }`
[INFO] running `Command { std: "docker" "create" "-v" "/var/lib/crater-agent-workspace/builds/worker-7-tc2/source:/opt/rustwide/workdir:ro,Z" "-v" "/var/lib/crater-agent-workspace/builds/worker-7-tc2/target:/opt/rustwide/target:rw,Z" "-v" "/var/lib/crater-agent-workspace/cargo-home:/opt/rustwide/cargo-home:ro,Z" "-v" "/var/lib/crater-agent-workspace/rustup-home:/opt/rustwide/rustup-home:ro,Z" "-m" "1610612736" "--network" "none" "ghcr.io/rust-lang/crates-build-env/linux@sha256:8683fc1fc2eb5c9ac98e0d076ab094b2ffac7f99da555d2b6a2e27f346de2ec7" "sleep" "infinity", kill_on_drop: false }`
[INFO] [stdout] fbcbacdecd8ebaa7f1d0af47dbba4661375c4b6a852f78a0ef93b212c129c669
[INFO] running `Command { std: "docker" "start" "fbcbacdecd8ebaa7f1d0af47dbba4661375c4b6a852f78a0ef93b212c129c669", kill_on_drop: false }`
[INFO] running `Command { std: "docker" "inspect" "fbcbacdecd8ebaa7f1d0af47dbba4661375c4b6a852f78a0ef93b212c129c669", kill_on_drop: false }`
[INFO] running `Command { std: "docker" "exec" "-e" "SOURCE_DIR=/opt/rustwide/workdir" "-e" "CARGO_HOME=/opt/rustwide/cargo-home" "-e" "RUSTUP_HOME=/opt/rustwide/rustup-home" "-e" "CARGO_TARGET_DIR=/opt/rustwide/target" "-w" "/opt/rustwide/workdir" "--user" "0:0" "fbcbacdecd8ebaa7f1d0af47dbba4661375c4b6a852f78a0ef93b212c129c669" "/opt/rustwide/cargo-home/bin/cargo" "+1.99.0-beta.1" "metadata" "--no-deps" "--format-version=1", kill_on_drop: false }`
[INFO] running `Command { std: "docker" "inspect" "fbcbacdecd8ebaa7f1d0af47dbba4661375c4b6a852f78a0ef93b212c129c669", kill_on_drop: false }`
[INFO] running `Command { std: "docker" "exec" "-e" "SOURCE_DIR=/opt/rustwide/workdir" "-e" "CARGO_HOME=/opt/rustwide/cargo-home" "-e" "RUSTUP_HOME=/opt/rustwide/rustup-home" "-e" "CARGO_TARGET_DIR=/opt/rustwide/target" "-e" "CARGO_INCREMENTAL=0" "-e" "RUST_BACKTRACE=full" "-e" "RUSTFLAGS=--cap-lints=warn" "-e" "RUSTDOCFLAGS=--cap-lints=warn" "-w" "/opt/rustwide/workdir" "--user" "0:0" "fbcbacdecd8ebaa7f1d0af47dbba4661375c4b6a852f78a0ef93b212c129c669" "/opt/rustwide/cargo-home/bin/cargo" "+1.99.0-beta.1" "build" "--frozen" "--message-format=json" "--release", kill_on_drop: false }`
[INFO] [stderr]    Compiling syn v2.0.101
[INFO] [stderr]    Compiling autocfg v1.4.0
[INFO] [stderr]    Compiling cfg-if v1.0.0
[INFO] [stderr]    Compiling libc v0.2.172
[INFO] [stderr]    Compiling once_cell v1.21.3
[INFO] [stderr]    Compiling smallvec v1.15.0
[INFO] [stderr]    Compiling xml-rs v0.8.26
[INFO] [stderr]    Compiling stable_deref_trait v1.2.0
[INFO] [stderr]    Compiling pin-project-lite v0.2.16
[INFO] [stderr]    Compiling bitflags v1.3.2
[INFO] [stderr]    Compiling crossbeam-utils v0.8.21
[INFO] [stderr]    Compiling log v0.4.27
[INFO] [stderr]    Compiling writeable v0.6.1
[INFO] [stderr]    Compiling serde v1.0.219
[INFO] [stderr]    Compiling litemap v0.8.0
[INFO] [stderr]    Compiling icu_normalizer_data v2.0.0
[INFO] [stderr]    Compiling libloading v0.8.7
[INFO] [stderr]    Compiling zerocopy v0.8.25
[INFO] [stderr]    Compiling parking v2.2.1
[INFO] [stderr]    Compiling icu_properties_data v2.0.1
[INFO] [stderr]    Compiling futures-core v0.3.31
[INFO] [stderr]    Compiling lazy_static v1.5.0
[INFO] [stderr]    Compiling percent-encoding v2.3.1
[INFO] [stderr]    Compiling memoffset v0.6.5
[INFO] [stderr]    Compiling wayland-sys v0.29.5
[INFO] [stderr]    Compiling rustix v0.38.44
[INFO] [stderr]    Compiling bitflags v2.9.0
[INFO] [stderr]    Compiling dlib v0.5.2
[INFO] [stderr]    Compiling khronos_api v3.1.0
[INFO] [stderr]    Compiling futures-io v0.3.31
[INFO] [stderr]    Compiling cfg_aliases v0.1.1
[INFO] [stderr]    Compiling linux-raw-sys v0.4.15
[INFO] [stderr]    Compiling equivalent v1.0.2
[INFO] [stderr]    Compiling utf8_iter v1.0.4
[INFO] [stderr]    Compiling hashbrown v0.15.3
[INFO] [stderr]    Compiling thiserror v1.0.69
[INFO] [stderr]    Compiling fastrand v2.3.0
[INFO] [stderr]    Compiling typenum v1.18.0
[INFO] [stderr]    Compiling form_urlencoded v1.2.1
[INFO] [stderr]    Compiling lock_api v0.4.12
[INFO] [stderr]    Compiling concurrent-queue v2.5.0
[INFO] [stderr]    Compiling slab v0.4.9
[INFO] [stderr]    Compiling slotmap v1.0.7
[INFO] [stderr]    Compiling winnow v0.7.10
[INFO] [stderr]    Compiling scoped-tls v1.0.1
[INFO] [stderr]    Compiling downcast-rs v1.2.1
[INFO] [stderr]    Compiling parking_lot_core v0.9.10
[INFO] [stderr]    Compiling toml_datetime v0.6.9
[INFO] [stderr]    Compiling generic-array v0.14.7
[INFO] [stderr]    Compiling futures-lite v2.6.0
[INFO] [stderr]    Compiling x11-dl v2.21.0
[INFO] [stderr]    Compiling scopeguard v1.2.0
[INFO] [stderr]    Compiling wayland-scanner v0.29.5
[INFO] [stderr]    Compiling event-listener v5.4.0
[INFO] [stderr]    Compiling gl_generator v0.14.0
[INFO] [stderr]    Compiling memchr v2.7.4
[INFO] [stderr]    Compiling event-listener-strategy v0.5.4
[INFO] [stderr]    Compiling tracing-core v0.1.33
[INFO] [stderr]    Compiling ahash v0.8.12
[INFO] [stderr]    Compiling smithay-client-toolkit v0.16.1
[INFO] [stderr]    Compiling simd-adler32 v0.3.7
[INFO] [stderr]    Compiling vec_map v0.8.2
[INFO] [stderr]    Compiling xcursor v0.3.8
[INFO] [stderr]    Compiling ttf-parser v0.25.1
[INFO] [stderr]    Compiling async-task v4.7.1
[INFO] [stderr]    Compiling atomic-waker v1.1.2
[INFO] [stderr]    Compiling indexmap v2.9.0
[INFO] [stderr]    Compiling piper v0.2.4
[INFO] [stderr]    Compiling async-lock v3.4.0
[INFO] [stderr]    Compiling async-channel v2.3.1
[INFO] [stderr]    Compiling memoffset v0.9.1
[INFO] [stderr]    Compiling adler2 v2.0.0
[INFO] [stderr]    Compiling static_assertions v1.1.0
[INFO] [stderr]    Compiling cfg_aliases v0.2.1
[INFO] [stderr]    Compiling ab_glyph_rasterizer v0.1.8
[INFO] [stderr]    Compiling nix v0.24.3
[INFO] [stderr]    Compiling nix v0.25.1
[INFO] [stderr]    Compiling memmap2 v0.5.10
[INFO] [stderr]    Compiling getrandom v0.2.16
[INFO] [stderr]    Compiling nix v0.29.0
[INFO] [stderr]    Compiling parking_lot v0.12.3
[INFO] [stderr]    Compiling miniz_oxide v0.8.8
[INFO] [stderr]    Compiling cc v1.2.24
[INFO] [stderr]    Compiling rand_core v0.6.4
[INFO] [stderr]    Compiling blocking v1.6.1
[INFO] [stderr]    Compiling wayland-client v0.29.5
[INFO] [stderr]    Compiling wayland-protocols v0.29.5
[INFO] [stderr]    Compiling winit v0.28.7
[INFO] [stderr]    Compiling crypto-common v0.1.6
[INFO] [stderr]    Compiling block-buffer v0.10.4
[INFO] [stderr]    Compiling glutin_egl_sys v0.5.1
[INFO] [stderr]    Compiling glutin_glx_sys v0.4.0
[INFO] [stderr]    Compiling crc32fast v1.4.2
[INFO] [stderr]    Compiling wayland-sys v0.30.1
[INFO] [stderr]    Compiling nohash-hasher v0.2.0
[INFO] [stderr]    Compiling endi v1.1.0
[INFO] [stderr]    Compiling raw-window-handle v0.5.2
[INFO] [stderr]    Compiling flate2 v1.1.1
[INFO] [stderr]    Compiling digest v0.10.7
[INFO] [stderr]    Compiling ppv-lite86 v0.2.21
[INFO] [stderr]    Compiling mio v0.8.11
[INFO] [stderr]    Compiling glutin v0.30.10
[INFO] [stderr]    Compiling rand_chacha v0.3.1
[INFO] [stderr]    Compiling memoffset v0.7.1
[INFO] [stderr]    Compiling num-traits v0.2.19
[INFO] [stderr]    Compiling instant v0.1.13
[INFO] [stderr]    Compiling toml_edit v0.22.26
[INFO] [stderr]    Compiling onig_sys v69.8.1
[INFO] [stderr]    Compiling cpufeatures v0.2.17
[INFO] [stderr]    Compiling futures-task v0.3.31
[INFO] [stderr]    Compiling x11rb-protocol v0.13.1
[INFO] [stderr]    Compiling powerfmt v0.2.0
[INFO] [stderr]    Compiling pin-utils v0.1.0
[INFO] [stderr]    Compiling futures-sink v0.3.31
[INFO] [stderr]    Compiling wayland-commons v0.29.5
[INFO] [stderr]    Compiling itoa v1.0.15
[INFO] [stderr]    Compiling deranged v0.4.0
[INFO] [stderr]    Compiling rand v0.8.5
[INFO] [stderr]    Compiling sha1 v0.10.6
[INFO] [stderr]    Compiling async-fs v2.1.2
[INFO] [stderr]    Compiling xdg-home v1.3.0
[INFO] [stderr]    Compiling async-executor v1.13.2
[INFO] [stderr]    Compiling fdeflate v0.3.7
[INFO] [stderr]    Compiling owned_ttf_parser v0.25.0
[INFO] [stderr]    Compiling async-broadcast v0.7.2
[INFO] [stderr]    Compiling glutin-winit v0.3.0
[INFO] [stderr]    Compiling ab_glyph v0.2.29
[INFO] [stderr]    Compiling ordered-stream v0.2.0
[INFO] [stderr]    Compiling libloading v0.7.4
[INFO] [stderr]    Compiling home v0.5.11
[INFO] [stderr]    Compiling hex v0.4.3
[INFO] [stderr]    Compiling num-conv v0.1.0
[INFO] [stderr]    Compiling time-core v0.1.4
[INFO] [stderr]    Compiling time v0.3.41
[INFO] [stderr]    Compiling png v0.17.16
[INFO] [stderr]    Compiling serde_json v1.0.140
[INFO] [stderr]    Compiling quick-xml v0.32.0
[INFO] [stderr]    Compiling futures-channel v0.3.31
[INFO] [stderr]    Compiling rfd v0.14.1
[INFO] [stderr]    Compiling option-ext v0.2.0
[INFO] [stderr]    Compiling web-time v0.2.4
[INFO] [stderr]    Compiling byteorder v1.5.0
[INFO] [stderr]    Compiling linked-hash-map v0.5.6
[INFO] [stderr]    Compiling ryu v1.0.20
[INFO] [stderr]    Compiling wayland-cursor v0.29.5
[INFO] [stderr]    Compiling same-file v1.0.6
[INFO] [stderr]    Compiling glow v0.12.3
[INFO] [stderr] error: could not compile `rustix` (lib)
[INFO] [stderr] 
[INFO] [stderr] Caused by:
[INFO] [stderr]   process didn't exit successfully: `/opt/rustwide/rustup-home/toolchains/1.99.0-beta.1-x86_64-unknown-linux-gnu/bin/rustc --crate-name rustix --edition=2021 /opt/rustwide/cargo-home/registry/src/index.crates.io-1949cf8c6b5b557f/rustix-0.38.44/src/lib.rs --error-format=json --json=diagnostic-rendered-ansi,artifacts,future-incompat --crate-type lib --emit=dep-info,metadata,link -C opt-level=3 -C panic=abort -C linker-plugin-lto -C codegen-units=1 --cfg 'feature="alloc"' --cfg 'feature="event"' --cfg 'feature="fs"' --cfg 'feature="libc-extra-traits"' --cfg 'feature="net"' --cfg 'feature="pipe"' --cfg 'feature="process"' --cfg 'feature="std"' --cfg 'feature="system"' --cfg 'feature="time"' --check-cfg 'cfg(docsrs,test)' --check-cfg 'cfg(feature, values("all-apis", "alloc", "cc", "compiler_builtins", "core", "default", "event", "fs", "io_uring", "itoa", "libc", "libc-extra-traits", "libc_errno", "linux_4_11", "linux_latest", "mm", "mount", "net", "once_cell", "param", "pipe", "process", "procfs", "pty", "rand", "runtime", "rustc-dep-of-std", "rustc-std-workspace-alloc", "shm", "std", "stdio", "system", "termios", "thread", "time", "try_close", "use-explicitly-provided-auxv", "use-libc", "use-libc-auxv"))' -C metadata=f09f66d24b83fdd6 -C extra-filename=-89bd7796209c5900 --out-dir /opt/rustwide/target/release/deps -C strip=symbols -L dependency=/opt/rustwide/target/release/deps --extern bitflags=/opt/rustwide/target/release/deps/libbitflags-37efae114c8bb345.rmeta --extern linux_raw_sys=/opt/rustwide/target/release/deps/liblinux_raw_sys-0a79fc20fb5ad5a6.rmeta --cap-lints allow --cap-lints=warn --cfg linux_raw --cfg linux_like --cfg linux_kernel` (signal: 9, SIGKILL: kill)
[INFO] [stderr] warning: build failed, waiting for other jobs to finish...
[INFO] [stderr] warning: onig_sys@69.8.1: oniguruma/src/regparse.c: In function 'onig_st_init_strend_table_with_size':
[INFO] [stderr] warning: onig_sys@69.8.1: oniguruma/src/regparse.c:588:5: error: initialization of 'int (*)(void)' from incompatible pointer type 'int (*)(st_str_end_key *, st_str_end_key *)' [-Wincompatible-pointer-types]
[INFO] [stderr] warning: onig_sys@69.8.1:   588 |     str_end_cmp,
[INFO] [stderr] warning: onig_sys@69.8.1:       |     ^~~~~~~~~~~
[INFO] [stderr] warning: onig_sys@69.8.1: oniguruma/src/regparse.c:588:5: note: (near initialization for 'hashType.compare')
[INFO] [stderr] warning: onig_sys@69.8.1: oniguruma/src/regparse.c:550:1: note: 'str_end_cmp' declared here
[INFO] [stderr] warning: onig_sys@69.8.1:   550 | str_end_cmp(st_str_end_key* x, st_str_end_key* y)
[INFO] [stderr] warning: onig_sys@69.8.1:       | ^~~~~~~~~~~
[INFO] [stderr] warning: onig_sys@69.8.1: oniguruma/src/regparse.c:589:5: error: initialization of 'int (*)(void)' from incompatible pointer type 'int (*)(st_str_end_key *)' [-Wincompatible-pointer-types]
[INFO] [stderr] warning: onig_sys@69.8.1:   589 |     str_end_hash,
[INFO] [stderr] warning: onig_sys@69.8.1:       |     ^~~~~~~~~~~~
[INFO] [stderr] warning: onig_sys@69.8.1: oniguruma/src/regparse.c:589:5: note: (near initialization for 'hashType.hash')
[INFO] [stderr] warning: onig_sys@69.8.1: oniguruma/src/regparse.c:571:1: note: 'str_end_hash' declared here
[INFO] [stderr] warning: onig_sys@69.8.1:   571 | str_end_hash(st_str_end_key* x)
[INFO] [stderr] warning: onig_sys@69.8.1:       | ^~~~~~~~~~~~
[INFO] [stderr] warning: onig_sys@69.8.1: oniguruma/src/regparse.c: In function 'onig_st_init_callout_name_table_with_size':
[INFO] [stderr] warning: onig_sys@69.8.1: oniguruma/src/regparse.c:678:5: error: initialization of 'int (*)(void)' from incompatible pointer type 'int (*)(st_callout_name_key *, st_callout_name_key *)' [-Wincompatible-pointer-types]
[INFO] [stderr] warning: onig_sys@69.8.1:   678 |     callout_name_table_cmp,
[INFO] [stderr] warning: onig_sys@69.8.1:       |     ^~~~~~~~~~~~~~~~~~~~~~
[INFO] [stderr] warning: onig_sys@69.8.1: oniguruma/src/regparse.c:678:5: note: (near initialization for 'hashType.compare')
[INFO] [stderr] warning: onig_sys@69.8.1: oniguruma/src/regparse.c:637:1: note: 'callout_name_table_cmp' declared here
[INFO] [stderr] warning: onig_sys@69.8.1:   637 | callout_name_table_cmp(st_callout_name_key* x, st_callout_name_key* y)
[INFO] [stderr] warning: onig_sys@69.8.1:       | ^~~~~~~~~~~~~~~~~~~~~~
[INFO] [stderr] warning: onig_sys@69.8.1: oniguruma/src/regparse.c:679:5: error: initialization of 'int (*)(void)' from incompatible pointer type 'int (*)(st_callout_name_key *)' [-Wincompatible-pointer-types]
[INFO] [stderr] warning: onig_sys@69.8.1:   679 |     callout_name_table_hash,
[INFO] [stderr] warning: onig_sys@69.8.1:       |     ^~~~~~~~~~~~~~~~~~~~~~~
[INFO] [stderr] warning: onig_sys@69.8.1: oniguruma/src/regparse.c:679:5: note: (near initialization for 'hashType.hash')
[INFO] [stderr] warning: onig_sys@69.8.1: oniguruma/src/regparse.c:660:1: note: 'callout_name_table_hash' declared here
[INFO] [stderr] warning: onig_sys@69.8.1:   660 | callout_name_table_hash(st_callout_name_key* x)
[INFO] [stderr] warning: onig_sys@69.8.1:       | ^~~~~~~~~~~~~~~~~~~~~~~
[INFO] [stderr] warning: onig_sys@69.8.1: oniguruma/src/regparse.c: In function 'names_clear':
[INFO] [stderr] warning: onig_sys@69.8.1: oniguruma/src/regparse.c:804:24: error: passing argument 2 of 'onig_st_foreach' from incompatible pointer type [-Wincompatible-pointer-types]
[INFO] [stderr] warning: onig_sys@69.8.1:   804 |     onig_st_foreach(t, i_free_name_entry, 0);
[INFO] [stderr] warning: onig_sys@69.8.1:       |                        ^~~~~~~~~~~~~~~~~
[INFO] [stderr] warning: onig_sys@69.8.1:       |                        |
[INFO] [stderr] warning: onig_sys@69.8.1:       |                        int (*)(OnigUChar *, NameEntry *, void *) {aka int (*)(unsigned char *, NameEntry *, void *)}
[INFO] [stderr] warning: onig_sys@69.8.1: In file included from oniguruma/src/regparse.c:37:
[INFO] [stderr] warning: onig_sys@69.8.1: oniguruma/src/st.h:55:31: note: expected 'int (*)(void)' but argument is of type 'int (*)(OnigUChar *, NameEntry *, void *)' {aka 'int (*)(unsigned char *, NameEntry *, void *)'}
[INFO] [stderr] warning: onig_sys@69.8.1:    55 | int st_foreach _((st_table *, int (*)(ANYARGS), st_data_t));
[INFO] [stderr] warning: onig_sys@69.8.1:       |                               ^~~~~~~~~~~~~~~~
[INFO] [stderr] warning: onig_sys@69.8.1: oniguruma/src/st.h:35:18: note: in definition of macro '_'
[INFO] [stderr] warning: onig_sys@69.8.1:    35 | # define _(args) args
[INFO] [stderr] warning: onig_sys@69.8.1:       |                  ^~~~
[INFO] [stderr] warning: onig_sys@69.8.1: oniguruma/src/regparse.c:789:1: note: 'i_free_name_entry' declared here
[INFO] [stderr] warning: onig_sys@69.8.1:   789 | i_free_name_entry(UChar* key, NameEntry* e, void* arg ARG_UNUSED)
[INFO] [stderr] warning: onig_sys@69.8.1:       | ^~~~~~~~~~~~~~~~~
[INFO] [stderr] warning: onig_sys@69.8.1: oniguruma/src/regparse.c: In function 'onig_foreach_name':
[INFO] [stderr] warning: onig_sys@69.8.1: oniguruma/src/regparse.c:873:24: error: passing argument 2 of 'onig_st_foreach' from incompatible pointer type [-Wincompatible-pointer-types]
[INFO] [stderr] warning: onig_sys@69.8.1:   873 |     onig_st_foreach(t, i_names, (HashDataType )&narg);
[INFO] [stderr] warning: onig_sys@69.8.1:       |                        ^~~~~~~
[INFO] [stderr] warning: onig_sys@69.8.1:       |                        |
[INFO] [stderr] warning: onig_sys@69.8.1:       |                        int (*)(OnigUChar *, NameEntry *, INamesArg *) {aka int (*)(unsigned char *, NameEntry *, INamesArg *)}
[INFO] [stderr] warning: onig_sys@69.8.1: oniguruma/src/st.h:55:31: note: expected 'int (*)(void)' but argument is of type 'int (*)(OnigUChar *, NameEntry *, INamesArg *)' {aka 'int (*)(unsigned char *, NameEntry *, INamesArg *)'}
[INFO] [stderr] warning: onig_sys@69.8.1:    55 | int st_foreach _((st_table *, int (*)(ANYARGS), st_data_t));
[INFO] [stderr] warning: onig_sys@69.8.1:       |                               ^~~~~~~~~~~~~~~~
[INFO] [stderr] warning: onig_sys@69.8.1: oniguruma/src/st.h:35:18: note: in definition of macro '_'
[INFO] [stderr] warning: onig_sys@69.8.1:    35 | # define _(args) args
[INFO] [stderr] warning: onig_sys@69.8.1:       |                  ^~~~
[INFO] [stderr] warning: onig_sys@69.8.1: oniguruma/src/regparse.c:846:1: note: 'i_names' declared here
[INFO] [stderr] warning: onig_sys@69.8.1:   846 | i_names(UChar* key ARG_UNUSED, NameEntry* e, INamesArg* arg)
[INFO] [stderr] warning: onig_sys@69.8.1:       | ^~~~~~~
[INFO] [stderr] warning: onig_sys@69.8.1: oniguruma/src/regparse.c: In function 'onig_renumber_name_table':
[INFO] [stderr] warning: onig_sys@69.8.1: oniguruma/src/regparse.c:901:24: error: passing argument 2 of 'onig_st_foreach' from incompatible pointer type [-Wincompatible-pointer-types]
[INFO] [stderr] warning: onig_sys@69.8.1:   901 |     onig_st_foreach(t, i_renumber_name, (HashDataType )map);
[INFO] [stderr] warning: onig_sys@69.8.1:       |                        ^~~~~~~~~~~~~~~
[INFO] [stderr] warning: onig_sys@69.8.1:       |                        |
[INFO] [stderr] warning: onig_sys@69.8.1:       |                        int (*)(OnigUChar *, NameEntry *, GroupNumMap *) {aka int (*)(unsigned char *, NameEntry *, GroupNumMap *)}
[INFO] [stderr] warning: onig_sys@69.8.1: oniguruma/src/st.h:55:31: note: expected 'int (*)(void)' but argument is of type 'int (*)(OnigUChar *, NameEntry *, GroupNumMap *)' {aka 'int (*)(unsigned char *, NameEntry *, GroupNumMap *)'}
[INFO] [stderr] warning: onig_sys@69.8.1:    55 | int st_foreach _((st_table *, int (*)(ANYARGS), st_data_t));
[INFO] [stderr] warning: onig_sys@69.8.1:       |                               ^~~~~~~~~~~~~~~~
[INFO] [stderr] warning: onig_sys@69.8.1: oniguruma/src/st.h:35:18: note: in definition of macro '_'
[INFO] [stderr] warning: onig_sys@69.8.1:    35 | # define _(args) args
[INFO] [stderr] warning: onig_sys@69.8.1:       |                  ^~~~
[INFO] [stderr] warning: onig_sys@69.8.1: oniguruma/src/regparse.c:879:1: note: 'i_renumber_name' declared here
[INFO] [stderr] warning: onig_sys@69.8.1:   879 | i_renumber_name(UChar* key ARG_UNUSED, NameEntry* e, GroupNumMap* map)
[INFO] [stderr] warning: onig_sys@69.8.1:       | ^~~~~~~~~~~~~~~
[INFO] [stderr] warning: onig_sys@69.8.1: oniguruma/src/regparse.c: In function 'callout_name_table_clear':
[INFO] [stderr] warning: onig_sys@69.8.1: oniguruma/src/regparse.c:1386:24: error: passing argument 2 of 'onig_st_foreach' from incompatible pointer type [-Wincompatible-pointer-types]
[INFO] [stderr] warning: onig_sys@69.8.1:  1386 |     onig_st_foreach(t, i_free_callout_name_entry, 0);
[INFO] [stderr] warning: onig_sys@69.8.1:       |                        ^~~~~~~~~~~~~~~~~~~~~~~~~
[INFO] [stderr] warning: onig_sys@69.8.1:       |                        |
[INFO] [stderr] warning: onig_sys@69.8.1:       |                        int (*)(st_callout_name_key *, CalloutNameEntry *, void *)
[INFO] [stderr] warning: onig_sys@69.8.1: oniguruma/src/st.h:55:31: note: expected 'int (*)(void)' but argument is of type 'int (*)(st_callout_name_key *, CalloutNameEntry *, void *)'
[INFO] [stderr] warning: onig_sys@69.8.1:    55 | int st_foreach _((st_table *, int (*)(ANYARGS), st_data_t));
[INFO] [stderr] warning: onig_sys@69.8.1:       |                               ^~~~~~~~~~~~~~~~
[INFO] [stderr] warning: onig_sys@69.8.1: oniguruma/src/st.h:35:18: note: in definition of macro '_'
[INFO] [stderr] warning: onig_sys@69.8.1:    35 | # define _(args) args
[INFO] [stderr] warning: onig_sys@69.8.1:       |                  ^~~~
[INFO] [stderr] warning: onig_sys@69.8.1: oniguruma/src/regparse.c:1370:1: note: 'i_free_callout_name_entry' declared here
[INFO] [stderr] warning: onig_sys@69.8.1:  1370 | i_free_callout_name_entry(st_callout_name_key* key, CalloutNameEntry* e,
[INFO] [stderr] warning: onig_sys@69.8.1:       | ^~~~~~~~~~~~~~~~~~~~~~~~~
[INFO] [stderr] warning: onig_sys@69.8.1: oniguruma/src/regparse.c: In function 'setup_ext_callout_list_values':
[INFO] [stderr] warning: onig_sys@69.8.1: oniguruma/src/regparse.c:1884:56: error: passing argument 2 of 'onig_st_foreach' from incompatible pointer type [-Wincompatible-pointer-types]
[INFO] [stderr] warning: onig_sys@69.8.1:  1884 |     onig_st_foreach((CalloutTagTable *)ext->tag_table, i_callout_callout_list_set,
[INFO] [stderr] warning: onig_sys@69.8.1:       |                                                        ^~~~~~~~~~~~~~~~~~~~~~~~~~
[INFO] [stderr] warning: onig_sys@69.8.1:       |                                                        |
[INFO] [stderr] warning: onig_sys@69.8.1:       |                                                        int (*)(OnigUChar *, CalloutTagVal,  void *) {aka int (*)(unsigned char *, long int,  void *)}
[INFO] [stderr] warning: onig_sys@69.8.1: oniguruma/src/st.h:55:31: note: expected 'int (*)(void)' but argument is of type 'int (*)(OnigUChar *, CalloutTagVal,  void *)' {aka 'int (*)(unsigned char *, long int,  void *)'}
[INFO] [stderr] warning: onig_sys@69.8.1:    55 | int st_foreach _((st_table *, int (*)(ANYARGS), st_data_t));
[INFO] [stderr] warning: onig_sys@69.8.1:       |                               ^~~~~~~~~~~~~~~~
[INFO] [stderr] warning: onig_sys@69.8.1: oniguruma/src/st.h:35:18: note: in definition of macro '_'
[INFO] [stderr] warning: onig_sys@69.8.1:    35 | # define _(args) args
[INFO] [stderr] warning: onig_sys@69.8.1:       |                  ^~~~
[INFO] [stderr] warning: onig_sys@69.8.1: oniguruma/src/regparse.c:1866:1: note: 'i_callout_callout_list_set' declared here
[INFO] [stderr] warning: onig_sys@69.8.1:  1866 | i_callout_callout_list_set(UChar* key, CalloutTagVal e, void* arg)
[INFO] [stderr] warning: onig_sys@69.8.1:       | ^~~~~~~~~~~~~~~~~~~~~~~~~~
[INFO] [stderr] warning: onig_sys@69.8.1: oniguruma/src/regparse.c: In function 'callout_tag_table_clear':
[INFO] [stderr] warning: onig_sys@69.8.1: oniguruma/src/regparse.c:1932:24: error: passing argument 2 of 'onig_st_foreach' from incompatible pointer type [-Wincompatible-pointer-types]
[INFO] [stderr] warning: onig_sys@69.8.1:  1932 |     onig_st_foreach(t, i_free_callout_tag_entry, 0);
[INFO] [stderr] warning: onig_sys@69.8.1:       |                        ^~~~~~~~~~~~~~~~~~~~~~~~
[INFO] [stderr] warning: onig_sys@69.8.1:       |                        |
[INFO] [stderr] warning: onig_sys@69.8.1:       |                        int (*)(OnigUChar *, CalloutTagVal,  void *) {aka int (*)(unsigned char *, long int,  void *)}
[INFO] [stderr] warning: onig_sys@69.8.1: oniguruma/src/st.h:55:31: note: expected 'int (*)(void)' but argument is of type 'int (*)(OnigUChar *, CalloutTagVal,  void *)' {aka 'int (*)(unsigned char *, long int,  void *)'}
[INFO] [stderr] warning: onig_sys@69.8.1:    55 | int st_foreach _((st_table *, int (*)(ANYARGS), st_data_t));
[INFO] [stderr] warning: onig_sys@69.8.1:       |                               ^~~~~~~~~~~~~~~~
[INFO] [stderr] warning: onig_sys@69.8.1: oniguruma/src/st.h:35:18: note: in definition of macro '_'
[INFO] [stderr] warning: onig_sys@69.8.1:    35 | # define _(args) args
[INFO] [stderr] warning: onig_sys@69.8.1:       |                  ^~~~
[INFO] [stderr] warning: onig_sys@69.8.1: oniguruma/src/regparse.c:1922:1: note: 'i_free_callout_tag_entry' declared here
[INFO] [stderr] warning: onig_sys@69.8.1:  1922 | i_free_callout_tag_entry(UChar* key, CalloutTagVal e, void* arg ARG_UNUSED)
[INFO] [stderr] warning: onig_sys@69.8.1:       | ^~~~~~~~~~~~~~~~~~~~~~~~
[INFO] [stderr] error: failed to run custom build command for `onig_sys v69.8.1`
[INFO] [stderr] note: To improve backtraces for build dependencies, set the CARGO_PROFILE_RELEASE_BUILD_OVERRIDE_DEBUG=true environment variable to enable debug information generation.
[INFO] [stderr] 
[INFO] [stderr] Caused by:
[INFO] [stderr]   process didn't exit successfully: `/opt/rustwide/target/release/build/onig_sys-9075c67705a64d40/build-script-build` (exit status: 1)
[INFO] [stderr]   --- stdout
[INFO] [stderr]   cargo:rerun-if-env-changed=RUSTONIG_DYNAMIC_LIBONIG
[INFO] [stderr]   cargo:rerun-if-env-changed=RUSTONIG_STATIC_LIBONIG
[INFO] [stderr]   cargo:rerun-if-env-changed=RUSTONIG_SYSTEM_LIBONIG
[INFO] [stderr]   OUT_DIR = Some(/opt/rustwide/target/release/build/onig_sys-e4a54a6dec235c89/out)
[INFO] [stderr]   OPT_LEVEL = Some(3)
[INFO] [stderr]   TARGET = Some(x86_64-unknown-linux-gnu)
[INFO] [stderr]   HOST = Some(x86_64-unknown-linux-gnu)
[INFO] [stderr]   cargo:rerun-if-env-changed=CC_x86_64-unknown-linux-gnu
[INFO] [stderr]   CC_x86_64-unknown-linux-gnu = None
[INFO] [stderr]   cargo:rerun-if-env-changed=CC_x86_64_unknown_linux_gnu
[INFO] [stderr]   CC_x86_64_unknown_linux_gnu = None
[INFO] [stderr]   cargo:rerun-if-env-changed=HOST_CC
[INFO] [stderr]   HOST_CC = None
[INFO] [stderr]   cargo:rerun-if-env-changed=CC
[INFO] [stderr]   CC = None
[INFO] [stderr]   cargo:rerun-if-env-changed=CC_ENABLE_DEBUG_OUTPUT
[INFO] [stderr]   RUSTC_WRAPPER = None
[INFO] [stderr]   cargo:rerun-if-env-changed=CRATE_CC_NO_DEFAULTS
[INFO] [stderr]   CRATE_CC_NO_DEFAULTS = None
[INFO] [stderr]   DEBUG = Some(false)
[INFO] [stderr]   CARGO_CFG_TARGET_FEATURE = Some(fxsr,sse,sse2)
[INFO] [stderr]   cargo:rerun-if-env-changed=CFLAGS
[INFO] [stderr]   CFLAGS = None
[INFO] [stderr]   cargo:rerun-if-env-changed=HOST_CFLAGS
[INFO] [stderr]   HOST_CFLAGS = None
[INFO] [stderr]   cargo:rerun-if-env-changed=CFLAGS_x86_64_unknown_linux_gnu
[INFO] [stderr]   CFLAGS_x86_64_unknown_linux_gnu = None
[INFO] [stderr]   cargo:rerun-if-env-changed=CFLAGS_x86_64-unknown-linux-gnu
[INFO] [stderr]   CFLAGS_x86_64-unknown-linux-gnu = None
[INFO] [stderr]   CARGO_ENCODED_RUSTFLAGS = Some(--cap-lints=warn)
[INFO] [stderr]   cargo:warning=oniguruma/src/regparse.c: In function 'onig_st_init_strend_table_with_size':
[INFO] [stderr]   cargo:warning=oniguruma/src/regparse.c:588:5: error: initialization of 'int (*)(void)' from incompatible pointer type 'int (*)(st_str_end_key *, st_str_end_key *)' [-Wincompatible-pointer-types]
[INFO] [stderr]   cargo:warning=  588 |     str_end_cmp,
[INFO] [stderr]   cargo:warning=      |     ^~~~~~~~~~~
[INFO] [stderr]   cargo:warning=oniguruma/src/regparse.c:588:5: note: (near initialization for 'hashType.compare')
[INFO] [stderr]   cargo:warning=oniguruma/src/regparse.c:550:1: note: 'str_end_cmp' declared here
[INFO] [stderr]   cargo:warning=  550 | str_end_cmp(st_str_end_key* x, st_str_end_key* y)
[INFO] [stderr]   cargo:warning=      | ^~~~~~~~~~~
[INFO] [stderr]   cargo:warning=oniguruma/src/regparse.c:589:5: error: initialization of 'int (*)(void)' from incompatible pointer type 'int (*)(st_str_end_key *)' [-Wincompatible-pointer-types]
[INFO] [stderr]   cargo:warning=  589 |     str_end_hash,
[INFO] [stderr]   cargo:warning=      |     ^~~~~~~~~~~~
[INFO] [stderr]   cargo:warning=oniguruma/src/regparse.c:589:5: note: (near initialization for 'hashType.hash')
[INFO] [stderr]   cargo:warning=oniguruma/src/regparse.c:571:1: note: 'str_end_hash' declared here
[INFO] [stderr]   cargo:warning=  571 | str_end_hash(st_str_end_key* x)
[INFO] [stderr]   cargo:warning=      | ^~~~~~~~~~~~
[INFO] [stderr]   cargo:warning=oniguruma/src/regparse.c: In function 'onig_st_init_callout_name_table_with_size':
[INFO] [stderr]   cargo:warning=oniguruma/src/regparse.c:678:5: error: initialization of 'int (*)(void)' from incompatible pointer type 'int (*)(st_callout_name_key *, st_callout_name_key *)' [-Wincompatible-pointer-types]
[INFO] [stderr]   cargo:warning=  678 |     callout_name_table_cmp,
[INFO] [stderr]   cargo:warning=      |     ^~~~~~~~~~~~~~~~~~~~~~
[INFO] [stderr]   cargo:warning=oniguruma/src/regparse.c:678:5: note: (near initialization for 'hashType.compare')
[INFO] [stderr]   cargo:warning=oniguruma/src/regparse.c:637:1: note: 'callout_name_table_cmp' declared here
[INFO] [stderr]   cargo:warning=  637 | callout_name_table_cmp(st_callout_name_key* x, st_callout_name_key* y)
[INFO] [stderr]   cargo:warning=      | ^~~~~~~~~~~~~~~~~~~~~~
[INFO] [stderr]   cargo:warning=oniguruma/src/regparse.c:679:5: error: initialization of 'int (*)(void)' from incompatible pointer type 'int (*)(st_callout_name_key *)' [-Wincompatible-pointer-types]
[INFO] [stderr]   cargo:warning=  679 |     callout_name_table_hash,
[INFO] [stderr]   cargo:warning=      |     ^~~~~~~~~~~~~~~~~~~~~~~
[INFO] [stderr]   cargo:warning=oniguruma/src/regparse.c:679:5: note: (near initialization for 'hashType.hash')
[INFO] [stderr]   cargo:warning=oniguruma/src/regparse.c:660:1: note: 'callout_name_table_hash' declared here
[INFO] [stderr]   cargo:warning=  660 | callout_name_table_hash(st_callout_name_key* x)
[INFO] [stderr]   cargo:warning=      | ^~~~~~~~~~~~~~~~~~~~~~~
[INFO] [stderr]   cargo:warning=oniguruma/src/regparse.c: In function 'names_clear':
[INFO] [stderr]   cargo:warning=oniguruma/src/regparse.c:804:24: error: passing argument 2 of 'onig_st_foreach' from incompatible pointer type [-Wincompatible-pointer-types]
[INFO] [stderr]   cargo:warning=  804 |     onig_st_foreach(t, i_free_name_entry, 0);
[INFO] [stderr]   cargo:warning=      |                        ^~~~~~~~~~~~~~~~~
[INFO] [stderr]   cargo:warning=      |                        |
[INFO] [stderr]   cargo:warning=      |                        int (*)(OnigUChar *, NameEntry *, void *) {aka int (*)(unsigned char *, NameEntry *, void *)}
[INFO] [stderr]   cargo:warning=In file included from oniguruma/src/regparse.c:37:
[INFO] [stderr]   cargo:warning=oniguruma/src/st.h:55:31: note: expected 'int (*)(void)' but argument is of type 'int (*)(OnigUChar *, NameEntry *, void *)' {aka 'int (*)(unsigned char *, NameEntry *, void *)'}
[INFO] [stderr]   cargo:warning=   55 | int st_foreach _((st_table *, int (*)(ANYARGS), st_data_t));
[INFO] [stderr]   cargo:warning=      |                               ^~~~~~~~~~~~~~~~
[INFO] [stderr]   cargo:warning=oniguruma/src/st.h:35:18: note: in definition of macro '_'
[INFO] [stderr]   cargo:warning=   35 | # define _(args) args
[INFO] [stderr]   cargo:warning=      |                  ^~~~
[INFO] [stderr]   cargo:warning=oniguruma/src/regparse.c:789:1: note: 'i_free_name_entry' declared here
[INFO] [stderr]   cargo:warning=  789 | i_free_name_entry(UChar* key, NameEntry* e, void* arg ARG_UNUSED)
[INFO] [stderr]   cargo:warning=      | ^~~~~~~~~~~~~~~~~
[INFO] [stderr]   cargo:warning=oniguruma/src/regparse.c: In function 'onig_foreach_name':
[INFO] [stderr]   cargo:warning=oniguruma/src/regparse.c:873:24: error: passing argument 2 of 'onig_st_foreach' from incompatible pointer type [-Wincompatible-pointer-types]
[INFO] [stderr]   cargo:warning=  873 |     onig_st_foreach(t, i_names, (HashDataType )&narg);
[INFO] [stderr]   cargo:warning=      |                        ^~~~~~~
[INFO] [stderr]   cargo:warning=      |                        |
[INFO] [stderr]   cargo:warning=      |                        int (*)(OnigUChar *, NameEntry *, INamesArg *) {aka int (*)(unsigned char *, NameEntry *, INamesArg *)}
[INFO] [stderr]   cargo:warning=oniguruma/src/st.h:55:31: note: expected 'int (*)(void)' but argument is of type 'int (*)(OnigUChar *, NameEntry *, INamesArg *)' {aka 'int (*)(unsigned char *, NameEntry *, INamesArg *)'}
[INFO] [stderr]   cargo:warning=   55 | int st_foreach _((st_table *, int (*)(ANYARGS), st_data_t));
[INFO] [stderr]   cargo:warning=      |                               ^~~~~~~~~~~~~~~~
[INFO] [stderr]   cargo:warning=oniguruma/src/st.h:35:18: note: in definition of macro '_'
[INFO] [stderr]   cargo:warning=   35 | # define _(args) args
[INFO] [stderr]   cargo:warning=      |                  ^~~~
[INFO] [stderr]   cargo:warning=oniguruma/src/regparse.c:846:1: note: 'i_names' declared here
[INFO] [stderr]   cargo:warning=  846 | i_names(UChar* key ARG_UNUSED, NameEntry* e, INamesArg* arg)
[INFO] [stderr]   cargo:warning=      | ^~~~~~~
[INFO] [stderr]   cargo:warning=oniguruma/src/regparse.c: In function 'onig_renumber_name_table':
[INFO] [stderr]   cargo:warning=oniguruma/src/regparse.c:901:24: error: passing argument 2 of 'onig_st_foreach' from incompatible pointer type [-Wincompatible-pointer-types]
[INFO] [stderr]   cargo:warning=  901 |     onig_st_foreach(t, i_renumber_name, (HashDataType )map);
[INFO] [stderr]   cargo:warning=      |                        ^~~~~~~~~~~~~~~
[INFO] [stderr]   cargo:warning=      |                        |
[INFO] [stderr]   cargo:warning=      |                        int (*)(OnigUChar *, NameEntry *, GroupNumMap *) {aka int (*)(unsigned char *, NameEntry *, GroupNumMap *)}
[INFO] [stderr]   cargo:warning=oniguruma/src/st.h:55:31: note: expected 'int (*)(void)' but argument is of type 'int (*)(OnigUChar *, NameEntry *, GroupNumMap *)' {aka 'int (*)(unsigned char *, NameEntry *, GroupNumMap *)'}
[INFO] [stderr]   cargo:warning=   55 | int st_foreach _((st_table *, int (*)(ANYARGS), st_data_t));
[INFO] [stderr]   cargo:warning=      |                               ^~~~~~~~~~~~~~~~
[INFO] [stderr]   cargo:warning=oniguruma/src/st.h:35:18: note: in definition of macro '_'
[INFO] [stderr]   cargo:warning=   35 | # define _(args) args
[INFO] [stderr]   cargo:warning=      |                  ^~~~
[INFO] [stderr]   cargo:warning=oniguruma/src/regparse.c:879:1: note: 'i_renumber_name' declared here
[INFO] [stderr]   cargo:warning=  879 | i_renumber_name(UChar* key ARG_UNUSED, NameEntry* e, GroupNumMap* map)
[INFO] [stderr]   cargo:warning=      | ^~~~~~~~~~~~~~~
[INFO] [stderr]   cargo:warning=oniguruma/src/regparse.c: In function 'callout_name_table_clear':
[INFO] [stderr]   cargo:warning=oniguruma/src/regparse.c:1386:24: error: passing argument 2 of 'onig_st_foreach' from incompatible pointer type [-Wincompatible-pointer-types]
[INFO] [stderr]   cargo:warning= 1386 |     onig_st_foreach(t, i_free_callout_name_entry, 0);
[INFO] [stderr]   cargo:warning=      |                        ^~~~~~~~~~~~~~~~~~~~~~~~~
[INFO] [stderr]   cargo:warning=      |                        |
[INFO] [stderr]   cargo:warning=      |                        int (*)(st_callout_name_key *, CalloutNameEntry *, void *)
[INFO] [stderr]   cargo:warning=oniguruma/src/st.h:55:31: note: expected 'int (*)(void)' but argument is of type 'int (*)(st_callout_name_key *, CalloutNameEntry *, void *)'
[INFO] [stderr]   cargo:warning=   55 | int st_foreach _((st_table *, int (*)(ANYARGS), st_data_t));
[INFO] [stderr]   cargo:warning=      |                               ^~~~~~~~~~~~~~~~
[INFO] [stderr]   cargo:warning=oniguruma/src/st.h:35:18: note: in definition of macro '_'
[INFO] [stderr]   cargo:warning=   35 | # define _(args) args
[INFO] [stderr]   cargo:warning=      |                  ^~~~
[INFO] [stderr]   cargo:warning=oniguruma/src/regparse.c:1370:1: note: 'i_free_callout_name_entry' declared here
[INFO] [stderr]   cargo:warning= 1370 | i_free_callout_name_entry(st_callout_name_key* key, CalloutNameEntry* e,
[INFO] [stderr]   cargo:warning=      | ^~~~~~~~~~~~~~~~~~~~~~~~~
[INFO] [stderr]   cargo:warning=oniguruma/src/regparse.c: In function 'setup_ext_callout_list_values':
[INFO] [stderr]   cargo:warning=oniguruma/src/regparse.c:1884:56: error: passing argument 2 of 'onig_st_foreach' from incompatible pointer type [-Wincompatible-pointer-types]
[INFO] [stderr]   cargo:warning= 1884 |     onig_st_foreach((CalloutTagTable *)ext->tag_table, i_callout_callout_list_set,
[INFO] [stderr]   cargo:warning=      |                                                        ^~~~~~~~~~~~~~~~~~~~~~~~~~
[INFO] [stderr]   cargo:warning=      |                                                        |
[INFO] [stderr]   cargo:warning=      |                                                        int (*)(OnigUChar *, CalloutTagVal,  void *) {aka int (*)(unsigned char *, long int,  void *)}
[INFO] [stderr]   cargo:warning=oniguruma/src/st.h:55:31: note: expected 'int (*)(void)' but argument is of type 'int (*)(OnigUChar *, CalloutTagVal,  void *)' {aka 'int (*)(unsigned char *, long int,  void *)'}
[INFO] [stderr]   cargo:warning=   55 | int st_foreach _((st_table *, int (*)(ANYARGS), st_data_t));
[INFO] [stderr]   cargo:warning=      |                               ^~~~~~~~~~~~~~~~
[INFO] [stderr]   cargo:warning=oniguruma/src/st.h:35:18: note: in definition of macro '_'
[INFO] [stderr]   cargo:warning=   35 | # define _(args) args
[INFO] [stderr]   cargo:warning=      |                  ^~~~
[INFO] [stderr]   cargo:warning=oniguruma/src/regparse.c:1866:1: note: 'i_callout_callout_list_set' declared here
[INFO] [stderr]   cargo:warning= 1866 | i_callout_callout_list_set(UChar* key, CalloutTagVal e, void* arg)
[INFO] [stderr]   cargo:warning=      | ^~~~~~~~~~~~~~~~~~~~~~~~~~
[INFO] [stderr]   cargo:warning=oniguruma/src/regparse.c: In function 'callout_tag_table_clear':
[INFO] [stderr]   cargo:warning=oniguruma/src/regparse.c:1932:24: error: passing argument 2 of 'onig_st_foreach' from incompatible pointer type [-Wincompatible-pointer-types]
[INFO] [stderr]   cargo:warning= 1932 |     onig_st_foreach(t, i_free_callout_tag_entry, 0);
[INFO] [stderr]   cargo:warning=      |                        ^~~~~~~~~~~~~~~~~~~~~~~~
[INFO] [stderr]   cargo:warning=      |                        |
[INFO] [stderr]   cargo:warning=      |                        int (*)(OnigUChar *, CalloutTagVal,  void *) {aka int (*)(unsigned char *, long int,  void *)}
[INFO] [stderr]   cargo:warning=oniguruma/src/st.h:55:31: note: expected 'int (*)(void)' but argument is of type 'int (*)(OnigUChar *, CalloutTagVal,  void *)' {aka 'int (*)(unsigned char *, long int,  void *)'}
[INFO] [stderr]   cargo:warning=   55 | int st_foreach _((st_table *, int (*)(ANYARGS), st_data_t));
[INFO] [stderr]   cargo:warning=      |                               ^~~~~~~~~~~~~~~~
[INFO] [stderr]   cargo:warning=oniguruma/src/st.h:35:18: note: in definition of macro '_'
[INFO] [stderr]   cargo:warning=   35 | # define _(args) args
[INFO] [stderr]   cargo:warning=      |                  ^~~~
[INFO] [stderr]   cargo:warning=oniguruma/src/regparse.c:1922:1: note: 'i_free_callout_tag_entry' declared here
[INFO] [stderr]   cargo:warning= 1922 | i_free_callout_tag_entry(UChar* key, CalloutTagVal e, void* arg ARG_UNUSED)
[INFO] [stderr]   cargo:warning=      | ^~~~~~~~~~~~~~~~~~~~~~~~
[INFO] [stderr] 
[INFO] [stderr]   --- stderr
[INFO] [stderr] 
[INFO] [stderr] 
[INFO] [stderr]   error occurred in cc-rs: command did not execute successfully (status code exit status: 1): LC_ALL="C" "cc" "-O3" "-ffunction-sections" "-fdata-sections" "-fPIC" "-m64" "-I" "/opt/rustwide/target/release/build/onig_sys-e4a54a6dec235c89/out" "-I" "oniguruma/src" "-DHAVE_UNISTD_H=1" "-DHAVE_SYS_TYPES_H=1" "-DHAVE_SYS_TIME_H=1" "-o" "/opt/rustwide/target/release/build/onig_sys-e4a54a6dec235c89/out/a445302c6d3dcb51-regparse.o" "-c" "oniguruma/src/regparse.c"
[INFO] [stderr] 
[INFO] [stderr] 
[INFO] running `Command { std: "docker" "inspect" "fbcbacdecd8ebaa7f1d0af47dbba4661375c4b6a852f78a0ef93b212c129c669", kill_on_drop: false }`
[INFO] running `Command { std: "docker" "rm" "-f" "fbcbacdecd8ebaa7f1d0af47dbba4661375c4b6a852f78a0ef93b212c129c669", kill_on_drop: false }`
[INFO] [stdout] fbcbacdecd8ebaa7f1d0af47dbba4661375c4b6a852f78a0ef93b212c129c669
