[INFO] cloning repository https://github.com/lunaa-0/meirg_os
[INFO] running `Command { std: "git" "-c" "credential.helper=" "-c" "credential.helper=/workspace/cargo-home/bin/git-credential-null" "clone" "--bare" "https://github.com/lunaa-0/meirg_os" "/workspace/cache/git-repos/https%3A%2F%2Fgithub.com%2Flunaa-0%2Fmeirg_os", kill_on_drop: false }`
[INFO] [stderr] Cloning into bare repository '/workspace/cache/git-repos/https%3A%2F%2Fgithub.com%2Flunaa-0%2Fmeirg_os'...
[INFO] running `Command { std: "git" "rev-parse" "HEAD", kill_on_drop: false }`
[INFO] [stdout] 1cb626097a59cf3e10160472ddd021f8398876d8
[INFO] testing lunaa-0/meirg_os against 1.99.0-beta.1+cargoflags=--release for beta-release-1.99-2
[INFO] running `Command { std: "git" "clone" "/workspace/cache/git-repos/https%3A%2F%2Fgithub.com%2Flunaa-0%2Fmeirg_os" "/workspace/builds/worker-4-tc2/source", kill_on_drop: false }`
[INFO] [stderr] Cloning into '/workspace/builds/worker-4-tc2/source'...
[INFO] [stderr] done.
[INFO] removed /workspace/builds/worker-4-tc2/source/.cargo/config.toml
[INFO] removed /workspace/builds/worker-4-tc2/source/rust-toolchain.toml
[INFO] started tweaking git repo https://github.com/lunaa-0/meirg_os
[INFO] finished tweaking git repo https://github.com/lunaa-0/meirg_os
[INFO] tweaked toml for git repo https://github.com/lunaa-0/meirg_os written to /workspace/builds/worker-4-tc2/source/Cargo.toml
[INFO] validating manifest of git repo https://github.com/lunaa-0/meirg_os on toolchain 1.99.0-beta.1
[INFO] running `Command { std: CARGO_HOME="/workspace/cargo-home" RUSTUP_HOME="/workspace/rustup-home" "/workspace/cargo-home/bin/cargo" "+1.99.0-beta.1" "metadata" "--manifest-path" "Cargo.toml" "--no-deps", kill_on_drop: false }`
[INFO] crate git repo https://github.com/lunaa-0/meirg_os already has a lockfile, it will not be regenerated
[INFO] running `Command { std: CARGO_HOME="/workspace/cargo-home" RUSTUP_HOME="/workspace/rustup-home" "/workspace/cargo-home/bin/cargo" "+1.99.0-beta.1" "fetch" "--manifest-path" "Cargo.toml", kill_on_drop: false }`
[INFO] running `Command { std: "docker" "create" "-v" "/var/lib/crater-agent-workspace/builds/worker-4-tc2/source:/opt/rustwide/workdir:ro,Z" "-v" "/var/lib/crater-agent-workspace/builds/worker-4-tc2/target:/opt/rustwide/target:rw,Z" "-v" "/var/lib/crater-agent-workspace/cargo-home:/opt/rustwide/cargo-home:ro,Z" "-v" "/var/lib/crater-agent-workspace/rustup-home:/opt/rustwide/rustup-home:ro,Z" "-m" "1610612736" "--network" "none" "ghcr.io/rust-lang/crates-build-env/linux@sha256:8683fc1fc2eb5c9ac98e0d076ab094b2ffac7f99da555d2b6a2e27f346de2ec7" "sleep" "infinity", kill_on_drop: false }`
[INFO] [stdout] a2884f10bf2de318926cdb630a0aee418ffe470f5a1b28603ccd0381708cd1ee
[INFO] running `Command { std: "docker" "start" "a2884f10bf2de318926cdb630a0aee418ffe470f5a1b28603ccd0381708cd1ee", kill_on_drop: false }`
[INFO] running `Command { std: "docker" "inspect" "a2884f10bf2de318926cdb630a0aee418ffe470f5a1b28603ccd0381708cd1ee", kill_on_drop: false }`
[INFO] running `Command { std: "docker" "exec" "-e" "SOURCE_DIR=/opt/rustwide/workdir" "-e" "CARGO_HOME=/opt/rustwide/cargo-home" "-e" "RUSTUP_HOME=/opt/rustwide/rustup-home" "-e" "CARGO_TARGET_DIR=/opt/rustwide/target" "-w" "/opt/rustwide/workdir" "--user" "0:0" "a2884f10bf2de318926cdb630a0aee418ffe470f5a1b28603ccd0381708cd1ee" "/opt/rustwide/cargo-home/bin/cargo" "+1.99.0-beta.1" "metadata" "--no-deps" "--format-version=1", kill_on_drop: false }`
[INFO] running `Command { std: "docker" "inspect" "a2884f10bf2de318926cdb630a0aee418ffe470f5a1b28603ccd0381708cd1ee", kill_on_drop: false }`
[INFO] running `Command { std: "docker" "exec" "-e" "SOURCE_DIR=/opt/rustwide/workdir" "-e" "CARGO_HOME=/opt/rustwide/cargo-home" "-e" "RUSTUP_HOME=/opt/rustwide/rustup-home" "-e" "CARGO_TARGET_DIR=/opt/rustwide/target" "-e" "CARGO_INCREMENTAL=0" "-e" "RUST_BACKTRACE=full" "-e" "RUSTFLAGS=--cap-lints=warn" "-e" "RUSTDOCFLAGS=--cap-lints=warn" "-w" "/opt/rustwide/workdir" "--user" "0:0" "a2884f10bf2de318926cdb630a0aee418ffe470f5a1b28603ccd0381708cd1ee" "/opt/rustwide/cargo-home/bin/cargo" "+1.99.0-beta.1" "build" "--frozen" "--message-format=json" "--release", kill_on_drop: false }`
[INFO] [stderr]    Compiling quote v1.0.45
[INFO] [stderr]    Compiling libc v0.2.183
[INFO] [stderr]    Compiling getrandom v0.4.2
[INFO] [stderr]    Compiling bitflags v2.11.0
[INFO] [stderr]    Compiling cfg-if v1.0.4
[INFO] [stderr]    Compiling zmij v1.0.21
[INFO] [stderr]    Compiling tap v1.0.1
[INFO] [stderr]    Compiling anyhow v1.0.102
[INFO] [stderr]    Compiling llvm-tools v0.1.1
[INFO] [stderr]    Compiling funty v2.0.0
[INFO] [stderr]    Compiling serde_core v1.0.228
[INFO] [stderr]    Compiling radium v0.7.0
[INFO] [stderr]    Compiling crc-catalog v2.4.0
[INFO] [stderr]    Compiling log v0.4.29
[INFO] [stderr]    Compiling const_fn v0.4.12
[INFO] [stderr]    Compiling serde_json v1.0.149
[INFO] [stderr]    Compiling linux-raw-sys v0.12.1
[INFO] [stderr]    Compiling wyz v0.5.1
[INFO] [stderr]    Compiling crc v3.4.0
[INFO] [stderr]    Compiling once_cell v1.21.4
[INFO] [stderr]    Compiling itoa v1.0.18
[INFO] [stderr]    Compiling memchr v2.8.0
[INFO] [stderr]    Compiling fastrand v2.3.0
[INFO] [stderr]    Compiling bootloader v0.11.15
[INFO] [stderr]    Compiling byteorder v1.5.0
[INFO] [stderr]    Compiling bitflags v1.3.2
[INFO] [stderr]    Compiling bit_field v0.10.3
[INFO] [stderr]    Compiling volatile v0.4.6
[INFO] [stderr]    Compiling syn v2.0.117
[INFO] [stderr]    Compiling bitvec v1.0.1
[INFO] [stderr]    Compiling fatfs v0.3.6
[INFO] [stderr] error: failed to run custom build command for `bootloader v0.11.15`
[INFO] [stderr] note: To improve backtraces for build dependencies, set the CARGO_PROFILE_RELEASE_BUILD_OVERRIDE_DEBUG=true environment variable to enable debug information generation.
[INFO] [stderr] 
[INFO] [stderr] Caused by:
[INFO] [stderr]   process didn't exit successfully: `/opt/rustwide/target/release/build/bootloader-4415239c2364add9/build-script-build` (exit status: 101)
[INFO] [stderr]   --- stderr
[INFO] [stderr]   error: the `-Z` flag is only accepted on the nightly channel of Cargo, but this is the `beta` channel
[INFO] [stderr]   See https://doc.rust-lang.org/book/appendix-07-nightly-rust.html for more information about Rust release channels.
[INFO] [stderr]   error: the `-Z` flag is only accepted on the nightly channel of Cargo, but this is the `beta` channel
[INFO] [stderr]   See https://doc.rust-lang.org/book/appendix-07-nightly-rust.html for more information about Rust release channels.
[INFO] [stderr] 
[INFO] [stderr]   thread '<unnamed>' (464) panicked at /opt/rustwide/cargo-home/registry/src/index.crates.io-1949cf8c6b5b557f/bootloader-0.11.15/build.rs:166:9:
[INFO] [stderr]   failed to build bios boot sector
[INFO] [stderr]   stack backtrace:
[INFO] [stderr]      0:     0x575d64052e81 - <<std[104cf6e2632825ea]::sys::backtrace::BacktraceLock>::print::DisplayBacktrace as core[7c831bd917ebf35f]::fmt::Display>::fmt
[INFO] [stderr]      1:     0x575d640663fa - core[7c831bd917ebf35f]::fmt::write
[INFO] [stderr]      2:     0x575d640587cc - <std[104cf6e2632825ea]::sys::stdio::unix::Stderr as core[7c831bd917ebf35f]::io::write::Write>::write_fmt
[INFO] [stderr]      3:     0x575d64032cb6 - std[104cf6e2632825ea]::panicking::default_hook::{closure#0}
[INFO] [stderr]      4:     0x575d6404e391 - std[104cf6e2632825ea]::panicking::default_hook
[INFO] [stderr]      5:     0x575d6404e54b - std[104cf6e2632825ea]::panicking::panic_with_hook
[INFO] [stderr]      6:     0x575d64032d94 - std[104cf6e2632825ea]::panicking::panic_handler::{closure#0}
[INFO] [stderr]      7:     0x575d6402b789 - std[104cf6e2632825ea]::sys::backtrace::__rust_end_short_backtrace::<std[104cf6e2632825ea]::panicking::panic_handler::{closure#0}, !>
[INFO] [stderr]      8:     0x575d6403355d - __rustc[b0d56fa5b193ad05]::rust_begin_unwind
[INFO] [stderr]      9:     0x575d64066b6c - core[7c831bd917ebf35f]::panicking::panic_fmt
[INFO] [stderr]     10:     0x575d64015b53 - build_script_build[31e3d951823f4365]::build_bios_boot_sector
[INFO] [stderr]     11:     0x575d64019971 - <build_script_build[31e3d951823f4365]::build_bios_boot_sector as core[7c831bd917ebf35f]::ops::function::FnOnce<()>>::call_once
[INFO] [stderr]     12:     0x575d6400c721 - std[104cf6e2632825ea]::sys::backtrace::__rust_begin_short_backtrace::<build_script_build[31e3d951823f4365]::build_bios_boot_sector, std[104cf6e2632825ea]::path::PathBuf>
[INFO] [stderr]     13:     0x575d640122cd - std[104cf6e2632825ea]::thread::lifecycle::spawn_unchecked::<build_script_build[31e3d951823f4365]::build_bios_boot_sector, std[104cf6e2632825ea]::path::PathBuf>::{closure#1}::{closure#0}
[INFO] [stderr]     14:     0x575d640193c9 - <core[7c831bd917ebf35f]::panic::unwind_safe::AssertUnwindSafe<std[104cf6e2632825ea]::thread::lifecycle::spawn_unchecked<build_script_build[31e3d951823f4365]::build_bios_boot_sector, std[104cf6e2632825ea]::path::PathBuf>::{closure#1}::{closure#0}> as core[7c831bd917ebf35f]::ops::function::FnOnce<()>>::call_once
[INFO] [stderr]     15:     0x575d640101fb - std[104cf6e2632825ea]::panicking::catch_unwind::do_call::<core[7c831bd917ebf35f]::panic::unwind_safe::AssertUnwindSafe<std[104cf6e2632825ea]::thread::lifecycle::spawn_unchecked<build_script_build[31e3d951823f4365]::build_bios_boot_sector, std[104cf6e2632825ea]::path::PathBuf>::{closure#1}::{closure#0}>, std[104cf6e2632825ea]::path::PathBuf>
[INFO] [stderr]     16:     0x575d640199ab - __rust_try
[INFO] [stderr]     17:     0x575d6401140e - std[104cf6e2632825ea]::thread::lifecycle::spawn_unchecked::<build_script_build[31e3d951823f4365]::build_bios_boot_sector, std[104cf6e2632825ea]::path::PathBuf>::{closure#1}
[INFO] [stderr]     18:     0x575d64012a9e - <std[104cf6e2632825ea]::thread::lifecycle::spawn_unchecked<build_script_build[31e3d951823f4365]::build_bios_boot_sector, std[104cf6e2632825ea]::path::PathBuf>::{closure#1} as core[7c831bd917ebf35f]::ops::function::FnOnce<()>>::call_once::{shim:vtable#0}
[INFO] [stderr]     19:     0x575d640526d9 - <std[104cf6e2632825ea]::sys::thread::unix::Thread>::new::thread_start
[INFO] [stderr]     20:     0x7329efce007a - <unknown>
[INFO] [stderr]     21:     0x7329efd73534 - clone
[INFO] [stderr]     22:                0x0 - <unknown>
[INFO] [stderr] 
[INFO] [stderr]   thread '<unnamed>' (467) panicked at /opt/rustwide/cargo-home/registry/src/index.crates.io-1949cf8c6b5b557f/bootloader-0.11.15/build.rs:365:9:
[INFO] [stderr]   failed to build bios stage-4
[INFO] [stderr]   stack backtrace:
[INFO] [stderr]      0:     0x575d64052e81 - <<std[104cf6e2632825ea]::sys::backtrace::BacktraceLock>::print::DisplayBacktrace as core[7c831bd917ebf35f]::fmt::Display>::fmt
[INFO] [stderr]      1:     0x575d640663fa - core[7c831bd917ebf35f]::fmt::write
[INFO] [stderr]      2:     0x575d640587cc - <std[104cf6e2632825ea]::sys::stdio::unix::Stderr as core[7c831bd917ebf35f]::io::write::Write>::write_fmt
[INFO] [stderr]      3:     0x575d64032cb6 - std[104cf6e2632825ea]::panicking::default_hook::{closure#0}
[INFO] [stderr]      4:     0x575d6404e391 - std[104cf6e2632825ea]::panicking::default_hook
[INFO] [stderr]      5:     0x575d6404e54b - std[104cf6e2632825ea]::panicking::panic_with_hook
[INFO] [stderr]      6:     0x575d64032d94 - std[104cf6e2632825ea]::panicking::panic_handler::{closure#0}
[INFO] [stderr]      7:    error : the `-Z` flag is only accepted on the nightly channel of Cargo, but this is the `beta` channel
[INFO] [stderr]   See https://doc.rust-lang.org/book/appendix-07-nightly-rust.html for more information about Rust release channels.
[INFO] [stderr]   0x575d6402b789 - std[104cf6e2632825ea]::sys::backtrace::__rust_end_short_backtrace::<std[104cf6e2632825ea]::panicking::panic_handler::{closure#0}, !>
[INFO] [stderr]      8:     0x575d6403355d - __rustc[b0d56fa5b193ad05]::rust_begin_unwind
[INFO] [stderr]      9:     0x575d64066b6c - core[7c831bd917ebf35f]::panicking::panic_fmt
[INFO] [stderr]     10:     0x575d64014573 - build_script_build[31e3d951823f4365]::build_bios_stage_4
[INFO] [stderr]     11:     0x575d64019951 - <build_script_build[31e3d951823f4365]::build_bios_stage_4 as core[7c831bd917ebf35f]::ops::function::FnOnce<()>>::call_once
[INFO] [stderr]     12:     0x575d6400c701 - std[104cf6e2632825ea]::sys::backtrace::__rust_begin_short_backtrace::<build_script_build[31e3d951823f4365]::build_bios_stage_4, std[104cf6e2632825ea]::path::PathBuf>
[INFO] [stderr]     13:     0x575d6401214d - std[104cf6e2632825ea]::thread::lifecycle::spawn_unchecked::<build_script_build[31e3d951823f4365]::build_bios_stage_4, std[104cf6e2632825ea]::path::PathBuf>::{closure#1}::{closure#0}
[INFO] [stderr]     14:     0x575d64019379 - <core[7c831bd917ebf35f]::panic::unwind_safe::AssertUnwindSafe<std[104cf6e2632825ea]::thread::lifecycle::spawn_unchecked<build_script_build[31e3d951823f4365]::build_bios_stage_4, std[104cf6e2632825ea]::path::PathBuf>::{closure#1}::{closure#0}> as core[7c831bd917ebf35f]::ops::function::FnOnce<()>>::call_once
[INFO] [stderr]     15:     0x575d6401015b - std[104cf6e2632825ea]::panicking::catch_unwind::do_call::<core[7c831bd917ebf35f]::panic::unwind_safe::AssertUnwindSafe<std[104cf6e2632825ea]::thread::lifecycle::spawn_unchecked<build_script_build[31e3d951823f4365]::build_bios_stage_4, std[104cf6e2632825ea]::path::PathBuf>::{closure#1}::{closure#0}>, std[104cf6e2632825ea]::path::PathBuf>
[INFO] [stderr]     16:     0x575d640199ab - __rust_try
[INFO] [stderr]     17:     0x575d64010ffe - std[104cf6e2632825ea]::thread::lifecycle::spawn_unchecked::<build_script_build[31e3d951823f4365]::build_bios_stage_4, std[104cf6e2632825ea]::path::PathBuf>::{closure#1}
[INFO] [stderr]     18:     0x575d64012a96 - <std[104cf6e2632825ea]::thread::lifecycle::spawn_unchecked<build_script_build[31e3d951823f4365]::build_bios_stage_4, std[104cf6e2632825ea]::path::PathBuf>::{closure#1} as core[7c831bd917ebf35f]::ops::function::FnOnce<()>>::call_once::{shim:vtable#0}
[INFO] [stderr]     19:     0x575d640526d9 - <std[104cf6e2632825ea]::sys::thread::unix::Thread>::new::thread_start
[INFO] [stderr]     20:     0x7329efce007a - <unknown>
[INFO] [stderr]     21:     0x7329efd73534 - clone
[INFO] [stderr]     22:                0x0 - <unknown>
[INFO] [stderr] 
[INFO] [stderr]   thread '<unnamed>' (462) panicked at /opt/rustwide/cargo-home/registry/src/index.crates.io-1949cf8c6b5b557f/bootloader-0.11.15/build.rs:33:69:
[INFO] [stderr]   called `Result::unwrap()` on an `Err` value: Any { .. }
[INFO] [stderr]   stack backtrace:
[INFO] [stderr]      0:     0x575d64052e81 - <<std[104cf6e2632825ea]::sys::backtrace::BacktraceLock>::print::DisplayBacktrace as core[7c831bd917ebf35f]::fmt::Display>::fmt
[INFO] [stderr]      1:     0x575d640663fa - core[7c831bd917ebf35f]::fmt::write
[INFO] [stderr]      2:     0x575d640587cc - <std[104cf6e2632825ea]::sys::stdio::unix::Stderr as core[7c831bd917ebf35f]::io::write::Write>::write_fmt
[INFO] [stderr]      3:     0x575d64032cb6 - std[104cf6e2632825ea]::panicking::default_hook::{closure#0}
[INFO] [stderr]      4:     0x575d6404e391 - std[104cf6e2632825ea]::panicking::default_hook
[INFO] [stderr]      5:     0x575d6404e54b - std[104cf6e2632825ea]::panicking::panic_with_hook
[INFO] [stderr]      6:     0x575d64032d62 - std[104cf6e2632825ea]::panicking::panic_handler::{closure#0}
[INFO] [stderr]      7:     0x575d6402b789 - std[104cf6e2632825ea]::sys::backtrace::__rust_end_short_backtrace::<std[104cf6e2632825ea]::panicking::panic_handler::{closure#0}, !>
[INFO] [stderr]      8:     0x575d6403355d - __rustc[b0d56fa5b193ad05]::rust_begin_unwind
[INFO] [stderr]      9:     0x575d64066b6c - core[7c831bd917ebf35f]::panicking::panic_fmt
[INFO] [stderr]     10:     0x575d64066942 - core[7c831bd917ebf35f]::result::unwrap_failed
[INFO] [stderr]     11:     0x575d64016266 - build_script_build[31e3d951823f4365]::bios_main
[INFO] [stderr]     12:     0x575d64019986 - <build_script_build[31e3d951823f4365]::bios_main as core[7c831bd917ebf35f]::ops::function::FnOnce<()>>::call_once
[INFO] [stderr]     13:     0x575d6400c736 - std[104cf6e2632825ea]::sys::backtrace::__rust_begin_short_backtrace::<build_script_build[31e3d951823f4365]::bios_main, ()>
[INFO] [stderr]     14:     0x575d6401243d - std[104cf6e2632825ea]::thread::lifecycle::spawn_unchecked::<build_script_build[31e3d951823f4365]::bios_main, ()>::{closure#1}::{closure#0}
[INFO] [stderr]     15:     0x575d64019411 - <core[7c831bd917ebf35f]::panic::unwind_safe::AssertUnwindSafe<std[104cf6e2632825ea]::thread::lifecycle::spawn_unchecked<build_script_build[31e3d951823f4365]::bios_main, ()>::{closure#1}::{closure#0}> as core[7c831bd917ebf35f]::ops::function::FnOnce<()>>::call_once
[INFO] [stderr]     16:     0x575d64010291 - std[104cf6e2632825ea]::panicking::catch_unwind::do_call::<core[7c831bd917ebf35f]::panic::unwind_safe::AssertUnwindSafe<std[104cf6e2632825ea]::thread::lifecycle::spawn_unchecked<build_script_build[31e3d951823f4365]::bios_main, ()>::{closure#1}::{closure#0}>, ()>
[INFO] [stderr]     17:     0x575d640199ab - __rust_try
[INFO] [stderr]     18:     0x575d6401181e - std[104cf6e2632825ea]::thread::lifecycle::spawn_unchecked::<build_script_build[31e3d951823f4365]::bios_main, ()>::{closure#1}
[INFO] [stderr]     19:     0x575d64012aa6 - <std[104cf6e2632825ea]::thread::lifecycle::spawn_unchecked<build_script_build[31e3d951823f4365]::bios_main, ()>::{closure#1} as core[7c831bd917ebf35f]::ops::function::FnOnce<()>>::call_once::{shim:vtable#0}
[INFO] [stderr]     20:     0x575d640526d9 - <std[104cf6e2632825ea]::sys::thread::unix::Thread>::new::thread_start
[INFO] [stderr]     21:     0x7329efce007a - <unknown>
[INFO] [stderr]     22:     0x7329efd73534 - clone
[INFO] [stderr]     23:                0x0 - <unknown>
[INFO] [stderr] 
[INFO] [stderr]   thread '<unnamed>' (465) panicked at /opt/rustwide/cargo-home/registry/src/index.crates.io-1949cf8c6b5b557f/bootloader-0.11.15/build.rs:235:9:
[INFO] [stderr]   failed to build bios second stage
[INFO] [stderr]   stack backtrace:
[INFO] [stderr]      0:     0x575d64052e81 - <<std[104cf6e2632825ea]::sys::backtrace::BacktraceLock>::print::DisplayBacktrace as core[7c831bd917ebf35f]::fmt::Display>::fmt
[INFO] [stderr]      1:     0x575d640663fa - core[7c831bd917ebf35f]::fmt::write
[INFO] [stderr]      2:     0x575d640587cc - <std[104cf6e2632825ea]::sys::stdio::unix::Stderr as core[7c831bd917ebf35f]::io::write::Write>::write_fmt
[INFO] [stderr]      3:     0x575d64032cb6 - std[104cf6e2632825ea]::panicking::default_hook::{closure#0}
[INFO] [stderr]      4:     0x575d6404e391 - std[104cf6e2632825ea]::panicking::default_hook
[INFO] [stderr]      5:     0x575d6404e54b - std[104cf6e2632825ea]::panicking::panic_with_hook
[INFO] [stderr]      6:     0x575d64032d94 - std[104cf6e2632825ea]::panicking::panic_handler::{closure#0}
[INFO] [stderr]      7:     0x575d6402b789 - std[104cf6e2632825ea]::sys::backtrace::__rust_end_short_backtrace::<std[104cf6e2632825ea]::panicking::panic_handler::{closure#0}, !>
[INFO] [stderr]      8:     0x575d6403355d - __rustc[b0d56fa5b193ad05]::rust_begin_unwind
[INFO] [stderr]      9:     0x575d64066b6c - core[7c831bd917ebf35f]::panicking::panic_fmt
[INFO] [stderr]     10:     0x575d64013319 - build_script_build[31e3d951823f4365]::build_bios_stage_2
[INFO] [stderr]     11:     0x575d64019911 - <build_script_build[31e3d951823f4365]::build_bios_stage_2 as core[7c831bd917ebf35f]::ops::function::FnOnce<()>>::call_once
[INFO] [stderr]     12:     0x575d6400c6c1 - std[104cf6e2632825ea]::sys::backtrace::__rust_begin_short_backtrace::<build_script_build[31e3d951823f4365]::build_bios_stage_2, std[104cf6e2632825ea]::path::PathBuf>
[INFO] [stderr]     13:     0x575d64011e4d - std[104cf6e2632825ea]::thread::lifecycle::spawn_unchecked::<build_script_build[31e3d951823f4365]::build_bios_stage_2, std[104cf6e2632825ea]::path::PathBuf>::{closure#1}::{closure#0}
[INFO] [stderr]     14:     0x575d640192d9 - <core[7c831bd917ebf35f]::panic::unwind_safe::AssertUnwindSafe<std[104cf6e2632825ea]::thread::lifecycle::spawn_unchecked<build_script_build[31e3d951823f4365]::build_bios_stage_2, std[104cf6e2632825ea]::path::PathBuf>::{closure#1}::{closure#0}> as core[7c831bd917ebf35f]::ops::function::FnOnce<()>>::call_once
[INFO] [stderr]     15:     0x575d6401001b - std[104cf6e2632825ea]::panicking::catch_unwind::do_call::<core[7c831bd917ebf35f]::panic::unwind_safe::AssertUnwindSafe<std[104cf6e2632825ea]::thread::lifecycle::spawn_unchecked<build_script_build[31e3d951823f4365]::build_bios_stage_2, std[104cf6e2632825ea]::path::PathBuf>::{closure#1}::{closure#0}>, std[104cf6e2632825ea]::path::PathBuf>
[INFO] [stderr]     16:     0x575d640199ab - __rust_try
[INFO] [stderr]     17:     0x575d640107de - std[104cf6e2632825ea]::thread::lifecycle::spawn_unchecked::<build_script_build[31e3d951823f4365]::build_bios_stage_2, std[104cf6e2632825ea]::path::PathBuf>::{closure#1}
[INFO] [stderr]     18:     0x575d64012a86 - <std[104cf6e2632825ea]::thread::lifecycle::spawn_unchecked<build_script_build[31e3d951823f4365]::build_bios_stage_2, std[104cf6e2632825ea]::path::PathBuf>::{closure#1} as core[7c831bd917ebf35f]::ops::function::FnOnce<()>>::call_once::{shim:vtable#0}
[INFO] [stderr]     19:     0x575d640526d9 - <std[104cf6e2632825ea]::sys::thread::unix::Thread>::new::thread_start
[INFO] [stderr]     20:     0x7329efce007a - <unknown>
[INFO] [stderr]     21:     0x7329efd73534 - clone
[INFO] [stderr]     22:                0x0 - <unknown>
[INFO] [stderr]   error: the `-Z` flag is only accepted on the nightly channel of Cargo, but this is the `beta` channel
[INFO] [stderr]   See https://doc.rust-lang.org/book/appendix-07-nightly-rust.html for more information about Rust release channels.
[INFO] [stderr] 
[INFO] [stderr]   thread '<unnamed>' (466) panicked at /opt/rustwide/cargo-home/registry/src/index.crates.io-1949cf8c6b5b557f/bootloader-0.11.15/build.rs:300:9:
[INFO] [stderr]   failed to build bios stage-3
[INFO] [stderr]   stack backtrace:
[INFO] [stderr]      0:     0x575d64052e81 - <<std[104cf6e2632825ea]::sys::backtrace::BacktraceLock>::print::DisplayBacktrace as core[7c831bd917ebf35f]::fmt::Display>::fmt
[INFO] [stderr]      1:     0x575d640663fa - core[7c831bd917ebf35f]::fmt::write
[INFO] [stderr]      2:     0x575d640587cc - <std[104cf6e2632825ea]::sys::stdio::unix::Stderr as core[7c831bd917ebf35f]::io::write::Write>::write_fmt
[INFO] [stderr]      3:     0x575d64032cb6 - std[104cf6e2632825ea]::panicking::default_hook::{closure#0}
[INFO] [stderr]      4:     0x575d6404e391 - std[104cf6e2632825ea]::panicking::default_hook
[INFO] [stderr]      5:     0x575d6404e54b - std[104cf6e2632825ea]::panicking::panic_with_hook
[INFO] [stderr]      6:     0x575d64032d94 - std[104cf6e2632825ea]::panicking::panic_handler::{closure#0}
[INFO] [stderr]      7:     0x575d6402b789 - std[104cf6e2632825ea]::sys::backtrace::__rust_end_short_backtrace::<std[104cf6e2632825ea]::panicking::panic_handler::{closure#0}, !>
[INFO] [stderr]      8:     0x575d6403355d - __rustc[b0d56fa5b193ad05]::rust_begin_unwind
[INFO] [stderr]      9:     0x575d64066b6c - core[7c831bd917ebf35f]::panicking::panic_fmt
[INFO] [stderr]     10:     0x575d64013c43 - build_script_build[31e3d951823f4365]::build_bios_stage_3
[INFO] [stderr]     11:     0x575d64019931 - <build_script_build[31e3d951823f4365]::build_bios_stage_3 as core[7c831bd917ebf35f]::ops::function::FnOnce<()>>::call_once
[INFO] [stderr]     12:     0x575d6400c6e1 - std[104cf6e2632825ea]::sys::backtrace::__rust_begin_short_backtrace::<build_script_build[31e3d951823f4365]::build_bios_stage_3, std[104cf6e2632825ea]::path::PathBuf>
[INFO] [stderr]     13:     0x575d64011fcd - std[104cf6e2632825ea]::thread::lifecycle::spawn_unchecked::<build_script_build[31e3d951823f4365]::build_bios_stage_3, std[104cf6e2632825ea]::path::PathBuf>::{closure#1}::{closure#0}
[INFO] [stderr]     14:     0x575d64019329 - <core[7c831bd917ebf35f]::panic::unwind_safe::AssertUnwindSafe<std[104cf6e2632825ea]::thread::lifecycle::spawn_unchecked<build_script_build[31e3d951823f4365]::build_bios_stage_3, std[104cf6e2632825ea]::path::PathBuf>::{closure#1}::{closure#0}> as core[7c831bd917ebf35f]::ops::function::FnOnce<()>>::call_once
[INFO] [stderr]     15:     0x575d640100bb - std[104cf6e2632825ea]::panicking::catch_unwind::do_call::<core[7c831bd917ebf35f]::panic::unwind_safe::AssertUnwindSafe<std[104cf6e2632825ea]::thread::lifecycle::spawn_unchecked<build_script_build[31e3d951823f4365]::build_bios_stage_3, std[104cf6e2632825ea]::path::PathBuf>::{closure#1}::{closure#0}>, std[104cf6e2632825ea]::path::PathBuf>
[INFO] [stderr]     16:     0x575d640199ab - __rust_try
[INFO] [stderr]     17:     0x575d64010bee - std[104cf6e2632825ea]::thread::lifecycle::spawn_unchecked::<build_script_build[31e3d951823f4365]::build_bios_stage_3, std[104cf6e2632825ea]::path::PathBuf>::{closure#1}
[INFO] [stderr]     18:     0x575d64012a8e - <std[104cf6e2632825ea]::thread::lifecycle::spawn_unchecked<build_script_build[31e3d951823f4365]::build_bios_stage_3, std[104cf6e2632825ea]::path::PathBuf>::{closure#1} as core[7c831bd917ebf35f]::ops::function::FnOnce<()>>::call_once::{shim:vtable#0}
[INFO] [stderr]     19:     0x575d640526d9 - <std[104cf6e2632825ea]::sys::thread::unix::Thread>::new::thread_start
[INFO] [stderr]     20:     0x7329efce007a - <unknown>
[INFO] [stderr]     21:     0x7329efd73534 - clone
[INFO] [stderr]     22:                0x0 - <unknown>
[INFO] [stderr]   error: the `-Z` flag is only accepted on the nightly channel of Cargo, but this is the `beta` channel
[INFO] [stderr]   See https://doc.rust-lang.org/book/appendix-07-nightly-rust.html for more information about Rust release channels.
[INFO] [stderr] 
[INFO] [stderr]   thread '<unnamed>' (461) panicked at /opt/rustwide/cargo-home/registry/src/index.crates.io-1949cf8c6b5b557f/bootloader-0.11.15/build.rs:100:9:
[INFO] [stderr]   failed to build uefi bootloader
[INFO] [stderr]   stack backtrace:
[INFO] [stderr]      0:     0x575d64052e81 - <<std[104cf6e2632825ea]::sys::backtrace::BacktraceLock>::print::DisplayBacktrace as core[7c831bd917ebf35f]::fmt::Display>::fmt
[INFO] [stderr]      1:     0x575d640663fa - core[7c831bd917ebf35f]::fmt::write
[INFO] [stderr]      2:     0x575d640587cc - <std[104cf6e2632825ea]::sys::stdio::unix::Stderr as core[7c831bd917ebf35f]::io::write::Write>::write_fmt
[INFO] [stderr]      3:     0x575d64032cb6 - std[104cf6e2632825ea]::panicking::default_hook::{closure#0}
[INFO] [stderr]      4:     0x575d6404e391 - std[104cf6e2632825ea]::panicking::default_hook
[INFO] [stderr]      5:     0x575d6404e54b - std[104cf6e2632825ea]::panicking::panic_with_hook
[INFO] [stderr]      6:     0x575d64032d94 - std[104cf6e2632825ea]::panicking::panic_handler::{closure#0}
[INFO] [stderr]      7:     0x575d6402b789 - std[104cf6e2632825ea]::sys::backtrace::__rust_end_short_backtrace::<std[104cf6e2632825ea]::panicking::panic_handler::{closure#0}, !>
[INFO] [stderr]      8:     0x575d6403355d - __rustc[b0d56fa5b193ad05]::rust_begin_unwind
[INFO] [stderr]      9:     0x575d64066b6c - core[7c831bd917ebf35f]::panicking::panic_fmt
[INFO] [stderr]     10:     0x575d64015277 - build_script_build[31e3d951823f4365]::build_uefi_bootloader
[INFO] [stderr]     11:     0x575d64016b36 - build_script_build[31e3d951823f4365]::uefi_main
[INFO] [stderr]     12:     0x575d6401998e - <build_script_build[31e3d951823f4365]::uefi_main as core[7c831bd917ebf35f]::ops::function::FnOnce<()>>::call_once
[INFO] [stderr]     13:     0x575d6400c73e - std[104cf6e2632825ea]::sys::backtrace::__rust_begin_short_backtrace::<build_script_build[31e3d951823f4365]::uefi_main, ()>
[INFO] [stderr]     14:     0x575d640125ad - std[104cf6e2632825ea]::thread::lifecycle::spawn_unchecked::<build_script_build[31e3d951823f4365]::uefi_main, ()>::{closure#1}::{closure#0}
[INFO] [stderr]     15:     0x575d64019451 - <core[7c831bd917ebf35f]::panic::unwind_safe::AssertUnwindSafe<std[104cf6e2632825ea]::thread::lifecycle::spawn_unchecked<build_script_build[31e3d951823f4365]::uefi_main, ()>::{closure#1}::{closure#0}> as core[7c831bd917ebf35f]::ops::function::FnOnce<()>>::call_once
[INFO] [stderr]     16:     0x575d640102d1 - std[104cf6e2632825ea]::panicking::catch_unwind::do_call::<core[7c831bd917ebf35f]::panic::unwind_safe::AssertUnwindSafe<std[104cf6e2632825ea]::thread::lifecycle::spawn_unchecked<build_script_build[31e3d951823f4365]::uefi_main, ()>::{closure#1}::{closure#0}>, ()>
[INFO] [stderr]     17:     0x575d640199ab - __rust_try
[INFO] [stderr]     18:     0x575d64011b9e - std[104cf6e2632825ea]::thread::lifecycle::spawn_unchecked::<build_script_build[31e3d951823f4365]::uefi_main, ()>::{closure#1}
[INFO] [stderr]     19:     0x575d64012aae - <std[104cf6e2632825ea]::thread::lifecycle::spawn_unchecked<build_script_build[31e3d951823f4365]::uefi_main, ()>::{closure#1} as core[7c831bd917ebf35f]::ops::function::FnOnce<()>>::call_once::{shim:vtable#0}
[INFO] [stderr]     20:     0x575d640526d9 - <std[104cf6e2632825ea]::sys::thread::unix::Thread>::new::thread_start
[INFO] [stderr]     21:     0x7329efce007a - <unknown>
[INFO] [stderr]     22:     0x7329efd73534 - clone
[INFO] [stderr]     23:                0x0 - <unknown>
[INFO] [stderr] 
[INFO] [stderr]   thread 'main' (459) panicked at /opt/rustwide/cargo-home/registry/src/index.crates.io-1949cf8c6b5b557f/bootloader-0.11.15/build.rs:16:29:
[INFO] [stderr]   called `Result::unwrap()` on an `Err` value: Any { .. }
[INFO] [stderr]   stack backtrace:
[INFO] [stderr]      0:     0x575d64052e81 - <<std[104cf6e2632825ea]::sys::backtrace::BacktraceLock>::print::DisplayBacktrace as core[7c831bd917ebf35f]::fmt::Display>::fmt
[INFO] [stderr]      1:     0x575d640663fa - core[7c831bd917ebf35f]::fmt::write
[INFO] [stderr]      2:     0x575d640587cc - <std[104cf6e2632825ea]::sys::stdio::unix::Stderr as core[7c831bd917ebf35f]::io::write::Write>::write_fmt
[INFO] [stderr]      3:     0x575d64032cb6 - std[104cf6e2632825ea]::panicking::default_hook::{closure#0}
[INFO] [stderr]      4:     0x575d6404e391 - std[104cf6e2632825ea]::panicking::default_hook
[INFO] [stderr]      5:     0x575d6404e54b - std[104cf6e2632825ea]::panicking::panic_with_hook
[INFO] [stderr]      6:     0x575d64032d62 - std[104cf6e2632825ea]::panicking::panic_handler::{closure#0}
[INFO] [stderr]      7:     0x575d6402b789 - std[104cf6e2632825ea]::sys::backtrace::__rust_end_short_backtrace::<std[104cf6e2632825ea]::panicking::panic_handler::{closure#0}, !>
[INFO] [stderr]      8:     0x575d6403355d - __rustc[b0d56fa5b193ad05]::rust_begin_unwind
[INFO] [stderr]      9:     0x575d64066b6c - core[7c831bd917ebf35f]::panicking::panic_fmt
[INFO] [stderr]     10:     0x575d64066942 - core[7c831bd917ebf35f]::result::unwrap_failed
[INFO] [stderr]     11:     0x575d64015ee1 - build_script_build[31e3d951823f4365]::main
[INFO] [stderr]     12:     0x575d64019643 - <fn() as core[7c831bd917ebf35f]::ops::function::FnOnce<()>>::call_once
[INFO] [stderr]     13:     0x575d6400c676 - std[104cf6e2632825ea]::sys::backtrace::__rust_begin_short_backtrace::<fn(), ()>
[INFO] [stderr]     14:     0x575d64010589 - std[104cf6e2632825ea]::rt::lang_start::<()>::{closure#0}
[INFO] [stderr]     15:     0x575d6404d7c9 - std[104cf6e2632825ea]::rt::lang_start_internal
[INFO] [stderr]     16:     0x575d6400bb11 - std[104cf6e2632825ea]::rt::lang_start::<()>
[INFO] [stderr]     17:     0x575d640199e5 - main
[INFO] [stderr]     18:     0x7329efc66601 - <unknown>
[INFO] [stderr]     19:     0x7329efc66718 - __libc_start_main
[INFO] [stderr]     20:     0x575d6400ab75 - _start
[INFO] [stderr]     21:                0x0 - <unknown>
[INFO] [stderr] warning: build failed, waiting for other jobs to finish...
[INFO] running `Command { std: "docker" "inspect" "a2884f10bf2de318926cdb630a0aee418ffe470f5a1b28603ccd0381708cd1ee", kill_on_drop: false }`
[INFO] running `Command { std: "docker" "rm" "-f" "a2884f10bf2de318926cdb630a0aee418ffe470f5a1b28603ccd0381708cd1ee", kill_on_drop: false }`
[INFO] [stdout] a2884f10bf2de318926cdb630a0aee418ffe470f5a1b28603ccd0381708cd1ee
