[INFO] cloning repository https://github.com/lonnen/subtitle-lsp
[INFO] running `Command { std: "git" "-c" "credential.helper=" "-c" "credential.helper=/workspace/cargo-home/bin/git-credential-null" "clone" "--bare" "https://github.com/lonnen/subtitle-lsp" "/workspace/cache/git-repos/https%3A%2F%2Fgithub.com%2Flonnen%2Fsubtitle-lsp", kill_on_drop: false }`
[INFO] [stderr] Cloning into bare repository '/workspace/cache/git-repos/https%3A%2F%2Fgithub.com%2Flonnen%2Fsubtitle-lsp'...
[INFO] running `Command { std: "git" "rev-parse" "HEAD", kill_on_drop: false }`
[INFO] [stdout] 4716d03a8916e66621ea747e559846ac738b12b9
[INFO] testing lonnen/subtitle-lsp against 1.98.0-beta.8+cargoflags=--release for beta-release-1.99-2
[INFO] running `Command { std: "git" "clone" "/workspace/cache/git-repos/https%3A%2F%2Fgithub.com%2Flonnen%2Fsubtitle-lsp" "/workspace/builds/worker-7-tc1/source", kill_on_drop: false }`
[INFO] [stderr] Cloning into '/workspace/builds/worker-7-tc1/source'...
[INFO] [stderr] done.
[INFO] started tweaking git repo https://github.com/lonnen/subtitle-lsp
[INFO] finished tweaking git repo https://github.com/lonnen/subtitle-lsp
[INFO] tweaked toml for git repo https://github.com/lonnen/subtitle-lsp written to /workspace/builds/worker-7-tc1/source/Cargo.toml
[INFO] validating manifest of git repo https://github.com/lonnen/subtitle-lsp on toolchain 1.98.0-beta.8
[INFO] running `Command { std: CARGO_HOME="/workspace/cargo-home" RUSTUP_HOME="/workspace/rustup-home" "/workspace/cargo-home/bin/cargo" "+1.98.0-beta.8" "metadata" "--manifest-path" "Cargo.toml" "--no-deps", kill_on_drop: false }`
[INFO] crate git repo https://github.com/lonnen/subtitle-lsp already has a lockfile, it will not be regenerated
[INFO] running `Command { std: CARGO_HOME="/workspace/cargo-home" RUSTUP_HOME="/workspace/rustup-home" "/workspace/cargo-home/bin/cargo" "+1.98.0-beta.8" "fetch" "--manifest-path" "Cargo.toml", kill_on_drop: false }`
[INFO] [stderr]     Updating crates.io index
[INFO] [stderr]  Downloading crates ...
[INFO] [stderr]   Downloaded once_cell v1.20.3
[INFO] [stderr]   Downloaded tracing-attributes v0.1.28
[INFO] [stderr]   Downloaded unicode-ident v1.0.16
[INFO] [stderr]   Downloaded tower-lsp-macros v0.9.0
[INFO] [stderr]   Downloaded tower-lsp v0.20.0
[INFO] [stderr]   Downloaded pin-project-internal v1.1.9
[INFO] [stderr]   Downloaded serde_repr v0.1.19
[INFO] [stderr]   Downloaded pin-project v1.1.9
[INFO] [stderr]   Downloaded miniz_oxide v0.8.4
[INFO] [stderr]   Downloaded env_filter v0.1.3
[INFO] [stderr]   Downloaded bytes v1.10.0
[INFO] [stderr]   Downloaded ryu v1.0.19
[INFO] [stderr]   Downloaded lsp-types v0.94.1
[INFO] [stderr]   Downloaded humantime v2.1.0
[INFO] [stderr]   Downloaded anstyle v1.0.10
[INFO] [stderr]   Downloaded auto_impl v1.2.1
[INFO] [stderr]   Downloaded async-trait v0.1.86
[INFO] [stderr]   Downloaded env_logger v0.11.6
[INFO] [stderr]   Downloaded is_terminal_polyfill v1.70.1
[INFO] [stderr]   Downloaded colorchoice v1.0.3
[INFO] [stderr]   Downloaded anstyle-wincon v3.0.7
[INFO] [stderr]   Downloaded anstyle-query v1.1.2
[INFO] [stderr]   Downloaded dashmap v6.1.0
[INFO] [stderr]   Downloaded httparse v1.10.0
[INFO] [stderr]   Downloaded dashmap v5.5.3
[INFO] [stderr]   Downloaded anstyle-parse v0.2.6
[INFO] [stderr]   Downloaded anstream v0.6.18
[INFO] [stderr]   Downloaded tower v0.4.13
[INFO] [stderr]   Downloaded serde_json v1.0.139
[INFO] [stderr]   Downloaded hashbrown v0.14.5
[INFO] [stderr]   Downloaded syn v2.0.98
[INFO] [stderr]   Downloaded regex v1.11.1
[INFO] [stderr]   Downloaded regex-syntax v0.8.5
[INFO] [stderr]   Downloaded regex-automata v0.4.9
[INFO] running `Command { std: "docker" "create" "-v" "/var/lib/crater-agent-workspace/builds/worker-7-tc1/source:/opt/rustwide/workdir:ro,Z" "-v" "/var/lib/crater-agent-workspace/builds/worker-7-tc1/target:/opt/rustwide/target:rw,Z" "-v" "/var/lib/crater-agent-workspace/cargo-home:/opt/rustwide/cargo-home:ro,Z" "-v" "/var/lib/crater-agent-workspace/rustup-home:/opt/rustwide/rustup-home:ro,Z" "-m" "1610612736" "--network" "none" "ghcr.io/rust-lang/crates-build-env/linux@sha256:8683fc1fc2eb5c9ac98e0d076ab094b2ffac7f99da555d2b6a2e27f346de2ec7" "sleep" "infinity", kill_on_drop: false }`
[INFO] [stdout] b868e609dfe661d748468b6872e4b66615a45526ff381c2ace449b4212ef2159
[INFO] running `Command { std: "docker" "start" "b868e609dfe661d748468b6872e4b66615a45526ff381c2ace449b4212ef2159", kill_on_drop: false }`
[INFO] running `Command { std: "docker" "inspect" "b868e609dfe661d748468b6872e4b66615a45526ff381c2ace449b4212ef2159", kill_on_drop: false }`
[INFO] running `Command { std: "docker" "exec" "-e" "SOURCE_DIR=/opt/rustwide/workdir" "-e" "CARGO_HOME=/opt/rustwide/cargo-home" "-e" "RUSTUP_HOME=/opt/rustwide/rustup-home" "-e" "CARGO_TARGET_DIR=/opt/rustwide/target" "-w" "/opt/rustwide/workdir" "--user" "0:0" "b868e609dfe661d748468b6872e4b66615a45526ff381c2ace449b4212ef2159" "/opt/rustwide/cargo-home/bin/cargo" "+1.98.0-beta.8" "metadata" "--no-deps" "--format-version=1", kill_on_drop: false }`
[INFO] running `Command { std: "docker" "inspect" "b868e609dfe661d748468b6872e4b66615a45526ff381c2ace449b4212ef2159", kill_on_drop: false }`
[INFO] running `Command { std: "docker" "exec" "-e" "SOURCE_DIR=/opt/rustwide/workdir" "-e" "CARGO_HOME=/opt/rustwide/cargo-home" "-e" "RUSTUP_HOME=/opt/rustwide/rustup-home" "-e" "CARGO_TARGET_DIR=/opt/rustwide/target" "-e" "CARGO_INCREMENTAL=0" "-e" "RUST_BACKTRACE=full" "-e" "RUSTFLAGS=--cap-lints=warn" "-e" "RUSTDOCFLAGS=--cap-lints=warn" "-w" "/opt/rustwide/workdir" "--user" "0:0" "b868e609dfe661d748468b6872e4b66615a45526ff381c2ace449b4212ef2159" "/opt/rustwide/cargo-home/bin/cargo" "+1.98.0-beta.8" "build" "--frozen" "--message-format=json" "--release", kill_on_drop: false }`
[INFO] [stderr]    Compiling proc-macro2 v1.0.93
[INFO] [stderr]    Compiling unicode-ident v1.0.16
[INFO] [stderr]    Compiling autocfg v1.4.0
[INFO] [stderr]    Compiling stable_deref_trait v1.2.0
[INFO] [stderr]    Compiling memchr v2.7.4
[INFO] [stderr]    Compiling libc v0.2.169
[INFO] [stderr]    Compiling smallvec v1.13.2
[INFO] [stderr]    Compiling litemap v0.7.4
[INFO] [stderr]    Compiling writeable v0.5.5
[INFO] [stderr]    Compiling icu_locid_transform_data v1.5.0
[INFO] [stderr]    Compiling parking_lot_core v0.9.10
[INFO] [stderr]    Compiling pin-project-lite v0.2.16
[INFO] [stderr]    Compiling icu_properties_data v1.5.0
[INFO] [stderr]    Compiling cfg-if v1.0.0
[INFO] [stderr]    Compiling futures-sink v0.3.31
[INFO] [stderr]    Compiling utf16_iter v1.0.5
[INFO] [stderr]    Compiling futures-core v0.3.31
[INFO] [stderr]    Compiling utf8_iter v1.0.4
[INFO] [stderr]    Compiling serde v1.0.217
[INFO] [stderr]    Compiling icu_normalizer_data v1.5.0
[INFO] [stderr]    Compiling write16 v1.0.0
[INFO] [stderr]    Compiling once_cell v1.20.3
[INFO] [stderr]    Compiling regex-syntax v0.8.5
[INFO] [stderr]    Compiling percent-encoding v2.3.1
[INFO] [stderr]    Compiling pin-utils v0.1.0
[INFO] [stderr]    Compiling futures-io v0.3.31
[INFO] [stderr]    Compiling futures-task v0.3.31
[INFO] [stderr]    Compiling serde_json v1.0.139
[INFO] [stderr]    Compiling form_urlencoded v1.2.1
[INFO] [stderr]    Compiling utf8parse v0.2.2
[INFO] [stderr]    Compiling futures-channel v0.3.31
[INFO] [stderr]    Compiling itoa v1.0.14
[INFO] [stderr]    Compiling bytes v1.10.0
[INFO] [stderr]    Compiling ryu v1.0.19
[INFO] [stderr]    Compiling hashbrown v0.14.5
[INFO] [stderr]    Compiling httparse v1.10.0
[INFO] [stderr]    Compiling anstyle-parse v0.2.6
[INFO] [stderr]    Compiling tracing-core v0.1.33
[INFO] [stderr]    Compiling tower-layer v0.3.3
[INFO] [stderr]    Compiling is_terminal_polyfill v1.70.1
[INFO] [stderr]    Compiling log v0.4.25
[INFO] [stderr]    Compiling tower-service v0.3.3
[INFO] [stderr]    Compiling lock_api v0.4.12
[INFO] [stderr]    Compiling slab v0.4.9
[INFO] [stderr]    Compiling colorchoice v1.0.3
[INFO] [stderr]    Compiling anstyle v1.0.10
[INFO] [stderr]    Compiling anstyle-query v1.1.2
[INFO] [stderr]    Compiling humantime v2.1.0
[INFO] [stderr]    Compiling anstream v0.6.18
[INFO] [stderr]    Compiling socket2 v0.5.8
[INFO] [stderr]    Compiling mio v1.0.3
[INFO] [stderr]    Compiling signal-hook-registry v1.4.2
[INFO] [stderr]    Compiling quote v1.0.38
[INFO] [stderr]    Compiling aho-corasick v1.1.3
[INFO] [stderr]    Compiling nom v8.0.0
[INFO] [stderr]    Compiling parking_lot v0.12.3
[INFO] [stderr]    Compiling dashmap v5.5.3
[INFO] [stderr]    Compiling dashmap v6.1.0
[INFO] [stderr]    Compiling syn v2.0.98
[INFO] [stderr]    Compiling regex-automata v0.4.9
[INFO] [stderr]    Compiling synstructure v0.13.1
[INFO] [stderr]    Compiling regex v1.11.1
[INFO] [stderr]    Compiling zerovec-derive v0.10.3
[INFO] [stderr]    Compiling displaydoc v0.2.5
[INFO] [stderr]    Compiling icu_provider_macros v1.5.0
[INFO] [stderr]    Compiling serde_derive v1.0.217
[INFO] [stderr]    Compiling futures-macro v0.3.31
[INFO] [stderr]    Compiling pin-project-internal v1.1.9
[INFO] [stderr]    Compiling tokio-macros v2.5.0
[INFO] [stderr]    Compiling zerofrom-derive v0.1.5
[INFO] [stderr]    Compiling yoke-derive v0.7.5
[INFO] [stderr]    Compiling serde_repr v0.1.19
[INFO] [stderr]    Compiling tokio v1.43.0
[INFO] [stderr]    Compiling tracing-attributes v0.1.28
[INFO] [stderr]    Compiling env_filter v0.1.3
[INFO] [stderr]    Compiling futures-util v0.3.31
[INFO] [stderr]    Compiling tower-lsp-macros v0.9.0
[INFO] [stderr]    Compiling auto_impl v1.2.1
[INFO] [stderr]    Compiling async-trait v0.1.86
[INFO] [stderr]    Compiling env_logger v0.11.6
[INFO] [stderr]    Compiling pin-project v1.1.9
[INFO] [stderr]    Compiling zerofrom v0.1.5
[INFO] [stderr]    Compiling yoke v0.7.5
[INFO] [stderr]    Compiling zerovec v0.10.4
[INFO] [stderr]    Compiling tracing v0.1.41
[INFO] [stderr]    Compiling tinystr v0.7.6
[INFO] [stderr]    Compiling icu_collections v1.5.0
[INFO] [stderr]    Compiling icu_locid v1.5.0
[INFO] [stderr]    Compiling icu_provider v1.5.0
[INFO] [stderr]    Compiling tower v0.4.13
[INFO] [stderr]    Compiling futures v0.3.31
[INFO] [stderr]    Compiling icu_locid_transform v1.5.0
[INFO] [stderr]    Compiling icu_properties v1.5.1
[INFO] [stderr]    Compiling icu_normalizer v1.5.0
[INFO] [stderr]    Compiling tokio-util v0.7.13
[INFO] [stderr]    Compiling idna_adapter v1.2.0
[INFO] [stderr]    Compiling idna v1.0.3
[INFO] [stderr]    Compiling url v2.5.4
[INFO] [stderr]    Compiling lsp-types v0.94.1
[INFO] [stderr]    Compiling tower-lsp v0.20.0
[INFO] [stderr]    Compiling subtitle-lsp v0.1.0 (/opt/rustwide/workdir)
[INFO] [stdout] error[E0425]: cannot find value `any` in this scope
[INFO] [stdout]   --> src/parser.rs:78:34
[INFO] [stdout]    |
[INFO] [stdout] 78 |     separated_list0(line_ending, any)
[INFO] [stdout]    |                                  ^^^ not found in this scope
[INFO] [stdout] 
[INFO] [stdout] 
[INFO] [stdout] error[E0425]: cannot find value `text` in this scope
[INFO] [stdout]   --> src/parser.rs:86:27
[INFO] [stdout]    |
[INFO] [stdout] 86 |     alt((timespan, index, text, delimeter))
[INFO] [stdout]    |                           ^^^^ not found in this scope
[INFO] [stdout] 
[INFO] [stdout] 
[INFO] [stdout] error[E0425]: cannot find value `delimeter` in this scope
[INFO] [stdout]   --> src/parser.rs:86:33
[INFO] [stdout]    |
[INFO] [stdout] 86 |     alt((timespan, index, text, delimeter))
[INFO] [stdout]    |                                 ^^^^^^^^^ not found in this scope
[INFO] [stdout] 
[INFO] [stdout] 
[INFO] [stdout] error[E0283]: type annotations needed
[INFO] [stdout]    --> src/parser.rs:62:10
[INFO] [stdout]     |
[INFO] [stdout]  62 |         (usize, char(':'), usize, char(':'), usize, char(':'), usize)
[INFO] [stdout]     |          ^^^^^ cannot infer type of the type parameter `E` declared on the function `usize`
[INFO] [stdout]     |
[INFO] [stdout]     = note: multiple `impl`s satisfying `_: nom::error::ParseError<&str>` found in the `nom` crate:
[INFO] [stdout]             - impl<I> nom::error::ParseError<I> for ();
[INFO] [stdout]             - impl<I> nom::error::ParseError<I> for (I, nom::error::ErrorKind);
[INFO] [stdout]             - impl<I> nom::error::ParseError<I> for nom::error::Error<I>;
[INFO] [stdout] note: required by a bound in `nom::character::complete::usize`
[INFO] [stdout]    --> /opt/rustwide/cargo-home/registry/src/index.crates.io-1949cf8c6b5b557f/nom-8.0.0/src/character/complete.rs:829:25
[INFO] [stdout]     |
[INFO] [stdout] 829 |         pub fn $t<T, E: ParseError<T>>(input: T) -> IResult<T, $t, E>
[INFO] [stdout]     |                         ^^^^^^^^^^^^^ required by this bound in `usize`
[INFO] [stdout] ...
[INFO] [stdout] 867 | uints! { u8 u16 u32 u64 u128 usize }
[INFO] [stdout]     | ------------------------------------
[INFO] [stdout]     | |                            |
[INFO] [stdout]     | |                            required by a bound in this function
[INFO] [stdout]     | in this macro invocation
[INFO] [stdout]     = note: this error originates in the macro `uints` (in Nightly builds, run with -Z macro-backtrace for more info)
[INFO] [stdout] help: consider specifying the generic arguments
[INFO] [stdout]     |
[INFO] [stdout]  62 |         (usize::<&str, E>, char(':'), usize, char(':'), usize, char(':'), usize)
[INFO] [stdout]     |               +++++++++++
[INFO] [stdout] 
[INFO] [stdout] 
[INFO] [stdout] error[E0283]: type annotations needed
[INFO] [stdout]   --> src/parser.rs:62:10
[INFO] [stdout]    |
[INFO] [stdout] 62 |         (usize, char(':'), usize, char(':'), usize, char(':'), usize)
[INFO] [stdout]    |          ^^^^^  --------- type must be known at this point
[INFO] [stdout]    |          |
[INFO] [stdout]    |          cannot infer type of the type parameter `E` declared on the function `usize`
[INFO] [stdout]    |
[INFO] [stdout]    = note: multiple `impl`s satisfying `_: nom::error::ParseError<&str>` found in the `nom` crate:
[INFO] [stdout]            - impl<I> nom::error::ParseError<I> for ();
[INFO] [stdout]            - impl<I> nom::error::ParseError<I> for (I, nom::error::ErrorKind);
[INFO] [stdout]            - impl<I> nom::error::ParseError<I> for nom::error::Error<I>;
[INFO] [stdout] note: required by a bound in `nom::character::char`
[INFO] [stdout]   --> /opt/rustwide/cargo-home/registry/src/index.crates.io-1949cf8c6b5b557f/nom-8.0.0/src/character/mod.rs:98:23
[INFO] [stdout]    |
[INFO] [stdout] 98 | pub fn char<I, Error: ParseError<I>>(c: char) -> impl Parser<I, Output = char, Error = Error>
[INFO] [stdout]    |                       ^^^^^^^^^^^^^ required by this bound in `char`
[INFO] [stdout] help: consider specifying the generic arguments
[INFO] [stdout]    |
[INFO] [stdout] 62 |         (usize::<&str, E>, char(':'), usize, char(':'), usize, char(':'), usize)
[INFO] [stdout]    |               +++++++++++
[INFO] [stdout] 
[INFO] [stdout] 
[INFO] [stdout] error[E0283]: type annotations needed
[INFO] [stdout]    --> src/parser.rs:62:10
[INFO] [stdout]     |
[INFO] [stdout]  62 |         (usize, char(':'), usize, char(':'), usize, char(':'), usize)
[INFO] [stdout]     |          ^^^^^             ----- type must be known at this point
[INFO] [stdout]     |          |
[INFO] [stdout]     |          cannot infer type of the type parameter `E` declared on the function `usize`
[INFO] [stdout]     |
[INFO] [stdout]     = note: multiple `impl`s satisfying `_: nom::error::ParseError<&str>` found in the `nom` crate:
[INFO] [stdout]             - impl<I> nom::error::ParseError<I> for ();
[INFO] [stdout]             - impl<I> nom::error::ParseError<I> for (I, nom::error::ErrorKind);
[INFO] [stdout]             - impl<I> nom::error::ParseError<I> for nom::error::Error<I>;
[INFO] [stdout] note: required by a bound in `nom::character::complete::usize`
[INFO] [stdout]    --> /opt/rustwide/cargo-home/registry/src/index.crates.io-1949cf8c6b5b557f/nom-8.0.0/src/character/complete.rs:829:25
[INFO] [stdout]     |
[INFO] [stdout] 829 |         pub fn $t<T, E: ParseError<T>>(input: T) -> IResult<T, $t, E>
[INFO] [stdout]     |                         ^^^^^^^^^^^^^ required by this bound in `usize`
[INFO] [stdout] ...
[INFO] [stdout] 867 | uints! { u8 u16 u32 u64 u128 usize }
[INFO] [stdout]     | ------------------------------------
[INFO] [stdout]     | |                            |
[INFO] [stdout]     | |                            required by a bound in this function
[INFO] [stdout]     | in this macro invocation
[INFO] [stdout]     = note: this error originates in the macro `uints` (in Nightly builds, run with -Z macro-backtrace for more info)
[INFO] [stdout] help: consider specifying the generic arguments
[INFO] [stdout]     |
[INFO] [stdout]  62 |         (usize::<&str, E>, char(':'), usize, char(':'), usize, char(':'), usize)
[INFO] [stdout]     |               +++++++++++
[INFO] [stdout] 
[INFO] [stdout] 
[INFO] [stdout] error[E0283]: type annotations needed
[INFO] [stdout]   --> src/parser.rs:62:10
[INFO] [stdout]    |
[INFO] [stdout] 62 |         (usize, char(':'), usize, char(':'), usize, char(':'), usize)
[INFO] [stdout]    |          ^^^^^                    --------- type must be known at this point
[INFO] [stdout]    |          |
[INFO] [stdout]    |          cannot infer type of the type parameter `E` declared on the function `usize`
[INFO] [stdout]    |
[INFO] [stdout]    = note: multiple `impl`s satisfying `_: nom::error::ParseError<&str>` found in the `nom` crate:
[INFO] [stdout]            - impl<I> nom::error::ParseError<I> for ();
[INFO] [stdout]            - impl<I> nom::error::ParseError<I> for (I, nom::error::ErrorKind);
[INFO] [stdout]            - impl<I> nom::error::ParseError<I> for nom::error::Error<I>;
[INFO] [stdout] note: required by a bound in `nom::character::char`
[INFO] [stdout]   --> /opt/rustwide/cargo-home/registry/src/index.crates.io-1949cf8c6b5b557f/nom-8.0.0/src/character/mod.rs:98:23
[INFO] [stdout]    |
[INFO] [stdout] 98 | pub fn char<I, Error: ParseError<I>>(c: char) -> impl Parser<I, Output = char, Error = Error>
[INFO] [stdout]    |                       ^^^^^^^^^^^^^ required by this bound in `char`
[INFO] [stdout] help: consider specifying the generic arguments
[INFO] [stdout]    |
[INFO] [stdout] 62 |         (usize::<&str, E>, char(':'), usize, char(':'), usize, char(':'), usize)
[INFO] [stdout]    |               +++++++++++
[INFO] [stdout] 
[INFO] [stdout] 
[INFO] [stdout] error[E0283]: type annotations needed
[INFO] [stdout]    --> src/parser.rs:62:10
[INFO] [stdout]     |
[INFO] [stdout]  62 |         (usize, char(':'), usize, char(':'), usize, char(':'), usize)
[INFO] [stdout]     |          ^^^^^                               ----- type must be known at this point
[INFO] [stdout]     |          |
[INFO] [stdout]     |          cannot infer type of the type parameter `E` declared on the function `usize`
[INFO] [stdout]     |
[INFO] [stdout]     = note: multiple `impl`s satisfying `_: nom::error::ParseError<&str>` found in the `nom` crate:
[INFO] [stdout]             - impl<I> nom::error::ParseError<I> for ();
[INFO] [stdout]             - impl<I> nom::error::ParseError<I> for (I, nom::error::ErrorKind);
[INFO] [stdout]             - impl<I> nom::error::ParseError<I> for nom::error::Error<I>;
[INFO] [stdout] note: required by a bound in `nom::character::complete::usize`
[INFO] [stdout]    --> /opt/rustwide/cargo-home/registry/src/index.crates.io-1949cf8c6b5b557f/nom-8.0.0/src/character/complete.rs:829:25
[INFO] [stdout]     |
[INFO] [stdout] 829 |         pub fn $t<T, E: ParseError<T>>(input: T) -> IResult<T, $t, E>
[INFO] [stdout]     |                         ^^^^^^^^^^^^^ required by this bound in `usize`
[INFO] [stdout] ...
[INFO] [stdout] 867 | uints! { u8 u16 u32 u64 u128 usize }
[INFO] [stdout]     | ------------------------------------
[INFO] [stdout]     | |                            |
[INFO] [stdout]     | |                            required by a bound in this function
[INFO] [stdout]     | in this macro invocation
[INFO] [stdout]     = note: this error originates in the macro `uints` (in Nightly builds, run with -Z macro-backtrace for more info)
[INFO] [stdout] help: consider specifying the generic arguments
[INFO] [stdout]     |
[INFO] [stdout]  62 |         (usize::<&str, E>, char(':'), usize, char(':'), usize, char(':'), usize)
[INFO] [stdout]     |               +++++++++++
[INFO] [stdout] 
[INFO] [stdout] 
[INFO] [stdout] error[E0283]: type annotations needed
[INFO] [stdout]   --> src/parser.rs:62:10
[INFO] [stdout]    |
[INFO] [stdout] 62 |         (usize, char(':'), usize, char(':'), usize, char(':'), usize)
[INFO] [stdout]    |          ^^^^^                                      --------- type must be known at this point
[INFO] [stdout]    |          |
[INFO] [stdout]    |          cannot infer type of the type parameter `E` declared on the function `usize`
[INFO] [stdout]    |
[INFO] [stdout]    = note: multiple `impl`s satisfying `_: nom::error::ParseError<&str>` found in the `nom` crate:
[INFO] [stdout]            - impl<I> nom::error::ParseError<I> for ();
[INFO] [stdout]            - impl<I> nom::error::ParseError<I> for (I, nom::error::ErrorKind);
[INFO] [stdout]            - impl<I> nom::error::ParseError<I> for nom::error::Error<I>;
[INFO] [stdout] note: required by a bound in `nom::character::char`
[INFO] [stdout]   --> /opt/rustwide/cargo-home/registry/src/index.crates.io-1949cf8c6b5b557f/nom-8.0.0/src/character/mod.rs:98:23
[INFO] [stdout]    |
[INFO] [stdout] 98 | pub fn char<I, Error: ParseError<I>>(c: char) -> impl Parser<I, Output = char, Error = Error>
[INFO] [stdout]    |                       ^^^^^^^^^^^^^ required by this bound in `char`
[INFO] [stdout] help: consider specifying the generic arguments
[INFO] [stdout]    |
[INFO] [stdout] 62 |         (usize::<&str, E>, char(':'), usize, char(':'), usize, char(':'), usize)
[INFO] [stdout]    |               +++++++++++
[INFO] [stdout] 
[INFO] [stdout] 
[INFO] [stdout] error[E0283]: type annotations needed
[INFO] [stdout]    --> src/parser.rs:62:10
[INFO] [stdout]     |
[INFO] [stdout]  62 |         (usize, char(':'), usize, char(':'), usize, char(':'), usize)
[INFO] [stdout]     |          ^^^^^                                                 ----- type must be known at this point
[INFO] [stdout]     |          |
[INFO] [stdout]     |          cannot infer type of the type parameter `E` declared on the function `usize`
[INFO] [stdout]     |
[INFO] [stdout]     = note: multiple `impl`s satisfying `_: nom::error::ParseError<&str>` found in the `nom` crate:
[INFO] [stdout]             - impl<I> nom::error::ParseError<I> for ();
[INFO] [stdout]             - impl<I> nom::error::ParseError<I> for (I, nom::error::ErrorKind);
[INFO] [stdout]             - impl<I> nom::error::ParseError<I> for nom::error::Error<I>;
[INFO] [stdout] note: required by a bound in `nom::character::complete::usize`
[INFO] [stdout]    --> /opt/rustwide/cargo-home/registry/src/index.crates.io-1949cf8c6b5b557f/nom-8.0.0/src/character/complete.rs:829:25
[INFO] [stdout]     |
[INFO] [stdout] 829 |         pub fn $t<T, E: ParseError<T>>(input: T) -> IResult<T, $t, E>
[INFO] [stdout]     |                         ^^^^^^^^^^^^^ required by this bound in `usize`
[INFO] [stdout] ...
[INFO] [stdout] 867 | uints! { u8 u16 u32 u64 u128 usize }
[INFO] [stdout]     | ------------------------------------
[INFO] [stdout]     | |                            |
[INFO] [stdout]     | |                            required by a bound in this function
[INFO] [stdout]     | in this macro invocation
[INFO] [stdout]     = note: this error originates in the macro `uints` (in Nightly builds, run with -Z macro-backtrace for more info)
[INFO] [stdout] help: consider specifying the generic arguments
[INFO] [stdout]     |
[INFO] [stdout]  62 |         (usize::<&str, E>, char(':'), usize, char(':'), usize, char(':'), usize)
[INFO] [stdout]     |               +++++++++++
[INFO] [stdout] 
[INFO] [stdout] 
[INFO] [stdout] error[E0283]: type annotations needed
[INFO] [stdout]   --> src/parser.rs:62:10
[INFO] [stdout]    |
[INFO] [stdout] 62 |         (usize, char(':'), usize, char(':'), usize, char(':'), usize)
[INFO] [stdout]    |          ^^^^^ cannot infer type of the type parameter `E` declared on the function `usize`
[INFO] [stdout] 63 |             .parse(input)
[INFO] [stdout]    |              ----- type must be known at this point
[INFO] [stdout]    |
[INFO] [stdout]    = note: multiple `impl`s satisfying `_: nom::error::ParseError<&str>` found in the `nom` crate:
[INFO] [stdout]            - impl<I> nom::error::ParseError<I> for ();
[INFO] [stdout]            - impl<I> nom::error::ParseError<I> for (I, nom::error::ErrorKind);
[INFO] [stdout]            - impl<I> nom::error::ParseError<I> for nom::error::Error<I>;
[INFO] [stdout]    = note: required for `(fn(&str) -> ... {usize::<..., _>}, ..., ..., ..., ..., ..., ...)` to implement `Parser<&str>`
[INFO] [stdout]    = note: the full name for the type has been written to '/opt/rustwide/target/release/deps/subtitle_lsp-946ebd7469b4ebca.long-type-9347276114036269117.txt'
[INFO] [stdout]    = note: consider using `--verbose` to print the full type name to the console
[INFO] [stdout] help: consider specifying the generic arguments
[INFO] [stdout]    |
[INFO] [stdout] 62 |         (usize::<&str, E>, char(':'), usize, char(':'), usize, char(':'), usize)
[INFO] [stdout]    |               +++++++++++
[INFO] [stdout] 
[INFO] [stdout] 
[INFO] [stdout] error[E0283]: type annotations needed
[INFO] [stdout]   --> src/parser.rs:62:10
[INFO] [stdout]    |
[INFO] [stdout] 62 |         (usize, char(':'), usize, char(':'), usize, char(':'), usize)
[INFO] [stdout]    |          ^^^^^ cannot infer type of the type parameter `E` declared on the function `usize`
[INFO] [stdout] 63 |             .parse(input)
[INFO] [stdout]    |              ----- ----- type must be known at this point
[INFO] [stdout]    |              |
[INFO] [stdout]    |              required by a bound introduced by this call
[INFO] [stdout]    |
[INFO] [stdout]    = note: multiple `impl`s satisfying `_: nom::error::ParseError<&str>` found in the `nom` crate:
[INFO] [stdout]            - impl<I> nom::error::ParseError<I> for ();
[INFO] [stdout]            - impl<I> nom::error::ParseError<I> for (I, nom::error::ErrorKind);
[INFO] [stdout]            - impl<I> nom::error::ParseError<I> for nom::error::Error<I>;
[INFO] [stdout]    = note: required for `(fn(&str) -> ... {usize::<..., _>}, ..., ..., ..., ..., ..., ...)` to implement `Parser<&str>`
[INFO] [stdout]    = note: the full name for the type has been written to '/opt/rustwide/target/release/deps/subtitle_lsp-946ebd7469b4ebca.long-type-9347276114036269117.txt'
[INFO] [stdout]    = note: consider using `--verbose` to print the full type name to the console
[INFO] [stdout] help: consider specifying the generic arguments
[INFO] [stdout]    |
[INFO] [stdout] 62 |         (usize::<&str, E>, char(':'), usize, char(':'), usize, char(':'), usize)
[INFO] [stdout]    |               +++++++++++
[INFO] [stdout] 
[INFO] [stdout] 
[INFO] [stdout] Some errors have detailed explanations: E0283, E0425.
[INFO] [stdout] 
[INFO] [stdout] For more information about an error, try `rustc --explain E0283`.
[INFO] [stdout] 
[INFO] [stderr] error: could not compile `subtitle-lsp` (lib) due to 12 previous errors
[INFO] [stderr] warning: build failed, waiting for other jobs to finish...
[INFO] running `Command { std: "docker" "inspect" "b868e609dfe661d748468b6872e4b66615a45526ff381c2ace449b4212ef2159", kill_on_drop: false }`
[INFO] running `Command { std: "docker" "rm" "-f" "b868e609dfe661d748468b6872e4b66615a45526ff381c2ace449b4212ef2159", kill_on_drop: false }`
[INFO] [stdout] b868e609dfe661d748468b6872e4b66615a45526ff381c2ace449b4212ef2159
