[INFO] cloning repository https://github.com/loloof64/mod02ch02
[INFO] running `Command { std: "git" "-c" "credential.helper=" "-c" "credential.helper=/workspace/cargo-home/bin/git-credential-null" "clone" "--bare" "https://github.com/loloof64/mod02ch02" "/workspace/cache/git-repos/https%3A%2F%2Fgithub.com%2Floloof64%2Fmod02ch02", kill_on_drop: false }`
[INFO] [stderr] Cloning into bare repository '/workspace/cache/git-repos/https%3A%2F%2Fgithub.com%2Floloof64%2Fmod02ch02'...
[INFO] running `Command { std: "git" "rev-parse" "HEAD", kill_on_drop: false }`
[INFO] [stdout] 05888a5acdbeb0c1d52167f580cac3b9df621fa5
[INFO] testing loloof64/mod02ch02 against 1.99.0-beta.1+cargoflags=--release for beta-release-1.99-2
[INFO] running `Command { std: "git" "clone" "/workspace/cache/git-repos/https%3A%2F%2Fgithub.com%2Floloof64%2Fmod02ch02" "/workspace/builds/worker-6-tc2/source", kill_on_drop: false }`
[INFO] [stderr] Cloning into '/workspace/builds/worker-6-tc2/source'...
[INFO] [stderr] done.
[INFO] started tweaking git repo https://github.com/loloof64/mod02ch02
[INFO] finished tweaking git repo https://github.com/loloof64/mod02ch02
[INFO] tweaked toml for git repo https://github.com/loloof64/mod02ch02 written to /workspace/builds/worker-6-tc2/source/Cargo.toml
[INFO] validating manifest of git repo https://github.com/loloof64/mod02ch02 on toolchain 1.99.0-beta.1
[INFO] running `Command { std: CARGO_HOME="/workspace/cargo-home" RUSTUP_HOME="/workspace/rustup-home" "/workspace/cargo-home/bin/cargo" "+1.99.0-beta.1" "metadata" "--manifest-path" "Cargo.toml" "--no-deps", kill_on_drop: false }`
[INFO] crate git repo https://github.com/loloof64/mod02ch02 already has a lockfile, it will not be regenerated
[INFO] running `Command { std: CARGO_HOME="/workspace/cargo-home" RUSTUP_HOME="/workspace/rustup-home" "/workspace/cargo-home/bin/cargo" "+1.99.0-beta.1" "fetch" "--manifest-path" "Cargo.toml", kill_on_drop: false }`
[INFO] running `Command { std: "docker" "create" "-v" "/var/lib/crater-agent-workspace/builds/worker-6-tc2/source:/opt/rustwide/workdir:ro,Z" "-v" "/var/lib/crater-agent-workspace/builds/worker-6-tc2/target:/opt/rustwide/target:rw,Z" "-v" "/var/lib/crater-agent-workspace/cargo-home:/opt/rustwide/cargo-home:ro,Z" "-v" "/var/lib/crater-agent-workspace/rustup-home:/opt/rustwide/rustup-home:ro,Z" "-m" "1610612736" "--network" "none" "ghcr.io/rust-lang/crates-build-env/linux@sha256:8683fc1fc2eb5c9ac98e0d076ab094b2ffac7f99da555d2b6a2e27f346de2ec7" "sleep" "infinity", kill_on_drop: false }`
[INFO] [stdout] c8acd3b3c28d268bc9c43e1b5e13625c5f35950549aa77655fa5c9fe04dd0593
[INFO] running `Command { std: "docker" "start" "c8acd3b3c28d268bc9c43e1b5e13625c5f35950549aa77655fa5c9fe04dd0593", kill_on_drop: false }`
[INFO] running `Command { std: "docker" "inspect" "c8acd3b3c28d268bc9c43e1b5e13625c5f35950549aa77655fa5c9fe04dd0593", kill_on_drop: false }`
[INFO] running `Command { std: "docker" "exec" "-e" "SOURCE_DIR=/opt/rustwide/workdir" "-e" "CARGO_HOME=/opt/rustwide/cargo-home" "-e" "RUSTUP_HOME=/opt/rustwide/rustup-home" "-e" "CARGO_TARGET_DIR=/opt/rustwide/target" "-w" "/opt/rustwide/workdir" "--user" "0:0" "c8acd3b3c28d268bc9c43e1b5e13625c5f35950549aa77655fa5c9fe04dd0593" "/opt/rustwide/cargo-home/bin/cargo" "+1.99.0-beta.1" "metadata" "--no-deps" "--format-version=1", kill_on_drop: false }`
[INFO] running `Command { std: "docker" "inspect" "c8acd3b3c28d268bc9c43e1b5e13625c5f35950549aa77655fa5c9fe04dd0593", kill_on_drop: false }`
[INFO] running `Command { std: "docker" "exec" "-e" "SOURCE_DIR=/opt/rustwide/workdir" "-e" "CARGO_HOME=/opt/rustwide/cargo-home" "-e" "RUSTUP_HOME=/opt/rustwide/rustup-home" "-e" "CARGO_TARGET_DIR=/opt/rustwide/target" "-e" "CARGO_INCREMENTAL=0" "-e" "RUST_BACKTRACE=full" "-e" "RUSTFLAGS=--cap-lints=warn" "-e" "RUSTDOCFLAGS=--cap-lints=warn" "-w" "/opt/rustwide/workdir" "--user" "0:0" "c8acd3b3c28d268bc9c43e1b5e13625c5f35950549aa77655fa5c9fe04dd0593" "/opt/rustwide/cargo-home/bin/cargo" "+1.99.0-beta.1" "build" "--frozen" "--message-format=json" "--release", kill_on_drop: false }`
[INFO] [stderr]    Compiling libc v0.2.176
[INFO] [stderr]    Compiling autocfg v1.5.0
[INFO] [stderr]    Compiling proc-macro2 v1.0.101
[INFO] [stderr]    Compiling unicode-ident v1.0.19
[INFO] [stderr]    Compiling quote v1.0.41
[INFO] [stderr]    Compiling syn v1.0.109
[INFO] [stderr]    Compiling zerocopy v0.8.27
[INFO] [stderr]    Compiling pin-project-lite v0.2.16
[INFO] [stderr]    Compiling bytes v1.10.1
[INFO] [stderr]    Compiling cfg-if v1.0.3
[INFO] [stderr]    Compiling memchr v2.7.6
[INFO] [stderr]    Compiling log v0.4.28
[INFO] [stderr]    Compiling tokio_wasi v1.25.2
[INFO] [stderr]    Compiling itoa v1.0.15
[INFO] [stderr]    Compiling once_cell v1.21.3
[INFO] [stderr]    Compiling futures-core v0.3.31
[INFO] [stderr]    Compiling indexmap v1.9.3
[INFO] [stderr]    Compiling fnv v1.0.7
[INFO] [stderr]    Compiling httparse v1.10.1
[INFO] [stderr]    Compiling futures-sink v0.3.31
[INFO] [stderr]    Compiling tracing-core v0.1.34
[INFO] [stderr]    Compiling hashbrown v0.12.3
[INFO] [stderr]    Compiling quick-error v1.2.3
[INFO] [stderr]    Compiling http v0.2.12
[INFO] [stderr]    Compiling byteorder v1.5.0
[INFO] [stderr]    Compiling tracing v0.1.41
[INFO] [stderr]    Compiling pin-utils v0.1.0
[INFO] [stderr]    Compiling futures-task v0.3.31
[INFO] [stderr]    Compiling serde v1.0.228
[INFO] [stderr]    Compiling getrandom v0.2.16
[INFO] [stderr]    Compiling mio_wasi v0.8.9
[INFO] [stderr]    Compiling rand_core v0.6.4
[INFO] [stderr]    Compiling socket2 v0.4.10
[INFO] [stderr]    Compiling futures-util v0.3.31
[INFO] [stderr]    Compiling dns-parser v0.8.0
[INFO] [stderr]    Compiling slab v0.4.11
[INFO] [stderr]    Compiling anyhow v1.0.100
[INFO] [stderr]    Compiling try-lock v0.2.5
[INFO] [stderr]    Compiling want v0.3.1
[INFO] [stderr]    Compiling http-body v0.4.6
[INFO] [stderr]    Compiling csv-core v0.1.12
[INFO] [stderr]    Compiling futures-channel v0.3.31
[INFO] [stderr]    Compiling httpdate v1.0.3
[INFO] [stderr]    Compiling ppv-lite86 v0.2.21
[INFO] [stderr]    Compiling ryu v1.0.20
[INFO] [stderr]    Compiling tower-service v0.3.3
[INFO] [stderr]    Compiling rand_chacha v0.3.1
[INFO] [stderr]    Compiling csv v1.3.1
[INFO] [stderr]    Compiling rand v0.8.5
[INFO] [stderr]    Compiling wasmedge_wasi_socket v0.5.5
[INFO] [stdout] error[E0433]: cannot find `wasi` in `os`
[INFO] [stdout]  --> /opt/rustwide/cargo-home/registry/src/index.crates.io-1949cf8c6b5b557f/wasmedge_wasi_socket-0.5.5/src/poll.rs:2:14
[INFO] [stdout]   |
[INFO] [stdout] 2 | use std::os::wasi::prelude::*;
[INFO] [stdout]   |              ^^^^ could not find `wasi` in `os`
[INFO] [stdout] 
[INFO] [stdout] 
[INFO] [stdout] error[E0425]: cannot find type `RawFd` in this scope
[INFO] [stdout]   --> /opt/rustwide/cargo-home/registry/src/index.crates.io-1949cf8c6b5b557f/wasmedge_wasi_socket-0.5.5/src/poll.rs:12:13
[INFO] [stdout]    |
[INFO] [stdout] 12 |         fd: RawFd,
[INFO] [stdout]    |             ^^^^^ not found in this scope
[INFO] [stdout]    |
[INFO] [stdout] help: consider importing this type alias
[INFO] [stdout]    |
[INFO] [stdout]  1 + use std::os::unix::prelude::RawFd;
[INFO] [stdout]    |
[INFO] [stdout] 
[INFO] [stdout] 
[INFO] [stdout] error[E0425]: cannot find type `RawFd` in this scope
[INFO] [stdout]   --> /opt/rustwide/cargo-home/registry/src/index.crates.io-1949cf8c6b5b557f/wasmedge_wasi_socket-0.5.5/src/poll.rs:18:13
[INFO] [stdout]    |
[INFO] [stdout] 18 |         fd: RawFd,
[INFO] [stdout]    |             ^^^^^ not found in this scope
[INFO] [stdout]    |
[INFO] [stdout] help: consider importing this type alias
[INFO] [stdout]    |
[INFO] [stdout]  1 + use std::os::unix::prelude::RawFd;
[INFO] [stdout]    |
[INFO] [stdout] 
[INFO] [stdout] 
[INFO] [stdout] error[E0405]: cannot find trait `AsRawFd` in this scope
[INFO] [stdout]   --> /opt/rustwide/cargo-home/registry/src/index.crates.io-1949cf8c6b5b557f/wasmedge_wasi_socket-0.5.5/src/poll.rs:29:18
[INFO] [stdout]    |
[INFO] [stdout] 29 |     pub fn io<F: AsRawFd>(
[INFO] [stdout]    |                  ^^^^^^^ not found in this scope
[INFO] [stdout]    |
[INFO] [stdout] help: consider importing one of these traits
[INFO] [stdout]    |
[INFO] [stdout]  1 + use crate::AsRawFd;
[INFO] [stdout]    |
[INFO] [stdout]  1 + use std::os::unix::prelude::AsRawFd;
[INFO] [stdout]    |
[INFO] [stdout] 
[INFO] [stdout] 
[INFO] [stdout] error[E0433]: cannot find `wasi` in `os`
[INFO] [stdout]    --> /opt/rustwide/cargo-home/registry/src/index.crates.io-1949cf8c6b5b557f/wasmedge_wasi_socket-0.5.5/src/lib.rs:134:37
[INFO] [stdout]     |
[INFO] [stdout] 134 |     fn as_raw_fd(&self) -> std::os::wasi::prelude::RawFd {
[INFO] [stdout]     |                                     ^^^^ could not find `wasi` in `os`
[INFO] [stdout]     |
[INFO] [stdout] help: consider importing this module
[INFO] [stdout]     |
[INFO] [stdout]   7 + use std::os::unix::prelude;
[INFO] [stdout]     |
[INFO] [stdout] help: if you import `prelude`, refer to it directly
[INFO] [stdout]     |
[INFO] [stdout] 134 -     fn as_raw_fd(&self) -> std::os::wasi::prelude::RawFd {
[INFO] [stdout] 134 +     fn as_raw_fd(&self) -> prelude::RawFd {
[INFO] [stdout]     |
[INFO] [stdout] 
[INFO] [stdout] 
[INFO] [stdout] error[E0433]: cannot find `wasi` in `os`
[INFO] [stdout]    --> /opt/rustwide/cargo-home/registry/src/index.crates.io-1949cf8c6b5b557f/wasmedge_wasi_socket-0.5.5/src/lib.rs:140:38
[INFO] [stdout]     |
[INFO] [stdout] 140 |     fn into_raw_fd(self) -> std::os::wasi::prelude::RawFd {
[INFO] [stdout]     |                                      ^^^^ could not find `wasi` in `os`
[INFO] [stdout]     |
[INFO] [stdout] help: consider importing this module
[INFO] [stdout]     |
[INFO] [stdout]   7 + use std::os::unix::prelude;
[INFO] [stdout]     |
[INFO] [stdout] help: if you import `prelude`, refer to it directly
[INFO] [stdout]     |
[INFO] [stdout] 140 -     fn into_raw_fd(self) -> std::os::wasi::prelude::RawFd {
[INFO] [stdout] 140 +     fn into_raw_fd(self) -> prelude::RawFd {
[INFO] [stdout]     |
[INFO] [stdout] 
[INFO] [stdout] 
[INFO] [stdout] error[E0433]: cannot find `wasi` in `os`
[INFO] [stdout]    --> /opt/rustwide/cargo-home/registry/src/index.crates.io-1949cf8c6b5b557f/wasmedge_wasi_socket-0.5.5/src/lib.rs:146:40
[INFO] [stdout]     |
[INFO] [stdout] 146 |     unsafe fn from_raw_fd(fd: std::os::wasi::prelude::RawFd) -> Self {
[INFO] [stdout]     |                                        ^^^^ could not find `wasi` in `os`
[INFO] [stdout]     |
[INFO] [stdout] help: consider importing this module
[INFO] [stdout]     |
[INFO] [stdout]   7 + use std::os::unix::prelude;
[INFO] [stdout]     |
[INFO] [stdout] help: if you import `prelude`, refer to it directly
[INFO] [stdout]     |
[INFO] [stdout] 146 -     unsafe fn from_raw_fd(fd: std::os::wasi::prelude::RawFd) -> Self {
[INFO] [stdout] 146 +     unsafe fn from_raw_fd(fd: prelude::RawFd) -> Self {
[INFO] [stdout]     |
[INFO] [stdout] 
[INFO] [stdout] 
[INFO] [stdout] error[E0433]: cannot find `wasi` in `os`
[INFO] [stdout]    --> /opt/rustwide/cargo-home/registry/src/index.crates.io-1949cf8c6b5b557f/wasmedge_wasi_socket-0.5.5/src/lib.rs:247:37
[INFO] [stdout]     |
[INFO] [stdout] 247 |     fn as_raw_fd(&self) -> std::os::wasi::prelude::RawFd {
[INFO] [stdout]     |                                     ^^^^ could not find `wasi` in `os`
[INFO] [stdout]     |
[INFO] [stdout] help: consider importing this module
[INFO] [stdout]     |
[INFO] [stdout]   7 + use std::os::unix::prelude;
[INFO] [stdout]     |
[INFO] [stdout] help: if you import `prelude`, refer to it directly
[INFO] [stdout]     |
[INFO] [stdout] 247 -     fn as_raw_fd(&self) -> std::os::wasi::prelude::RawFd {
[INFO] [stdout] 247 +     fn as_raw_fd(&self) -> prelude::RawFd {
[INFO] [stdout]     |
[INFO] [stdout] 
[INFO] [stdout] 
[INFO] [stdout] error[E0433]: cannot find `wasi` in `os`
[INFO] [stdout]    --> /opt/rustwide/cargo-home/registry/src/index.crates.io-1949cf8c6b5b557f/wasmedge_wasi_socket-0.5.5/src/lib.rs:253:38
[INFO] [stdout]     |
[INFO] [stdout] 253 |     fn into_raw_fd(self) -> std::os::wasi::prelude::RawFd {
[INFO] [stdout]     |                                      ^^^^ could not find `wasi` in `os`
[INFO] [stdout]     |
[INFO] [stdout] help: consider importing this module
[INFO] [stdout]     |
[INFO] [stdout]   7 + use std::os::unix::prelude;
[INFO] [stdout]     |
[INFO] [stdout] help: if you import `prelude`, refer to it directly
[INFO] [stdout]     |
[INFO] [stdout] 253 -     fn into_raw_fd(self) -> std::os::wasi::prelude::RawFd {
[INFO] [stdout] 253 +     fn into_raw_fd(self) -> prelude::RawFd {
[INFO] [stdout]     |
[INFO] [stdout] 
[INFO] [stdout] 
[INFO] [stdout] error[E0433]: cannot find `wasi` in `os`
[INFO] [stdout]    --> /opt/rustwide/cargo-home/registry/src/index.crates.io-1949cf8c6b5b557f/wasmedge_wasi_socket-0.5.5/src/lib.rs:259:40
[INFO] [stdout]     |
[INFO] [stdout] 259 |     unsafe fn from_raw_fd(fd: std::os::wasi::prelude::RawFd) -> Self {
[INFO] [stdout]     |                                        ^^^^ could not find `wasi` in `os`
[INFO] [stdout]     |
[INFO] [stdout] help: consider importing this module
[INFO] [stdout]     |
[INFO] [stdout]   7 + use std::os::unix::prelude;
[INFO] [stdout]     |
[INFO] [stdout] help: if you import `prelude`, refer to it directly
[INFO] [stdout]     |
[INFO] [stdout] 259 -     unsafe fn from_raw_fd(fd: std::os::wasi::prelude::RawFd) -> Self {
[INFO] [stdout] 259 +     unsafe fn from_raw_fd(fd: prelude::RawFd) -> Self {
[INFO] [stdout]     |
[INFO] [stdout] 
[INFO] [stdout] 
[INFO] [stdout] error[E0433]: cannot find `wasi` in `os`
[INFO] [stdout]    --> /opt/rustwide/cargo-home/registry/src/index.crates.io-1949cf8c6b5b557f/wasmedge_wasi_socket-0.5.5/src/lib.rs:334:37
[INFO] [stdout]     |
[INFO] [stdout] 334 |     fn as_raw_fd(&self) -> std::os::wasi::prelude::RawFd {
[INFO] [stdout]     |                                     ^^^^ could not find `wasi` in `os`
[INFO] [stdout]     |
[INFO] [stdout] help: consider importing this module
[INFO] [stdout]     |
[INFO] [stdout]   7 + use std::os::unix::prelude;
[INFO] [stdout]     |
[INFO] [stdout] help: if you import `prelude`, refer to it directly
[INFO] [stdout]     |
[INFO] [stdout] 334 -     fn as_raw_fd(&self) -> std::os::wasi::prelude::RawFd {
[INFO] [stdout] 334 +     fn as_raw_fd(&self) -> prelude::RawFd {
[INFO] [stdout]     |
[INFO] [stdout] 
[INFO] [stdout] 
[INFO] [stdout] Some errors have detailed explanations: E0405, E0425, E0433.
[INFO] [stdout] 
[INFO] [stdout] For more information about an error, try `rustc --explain E0405`.
[INFO] [stdout] 
[INFO] [stderr] error: could not compile `wasmedge_wasi_socket` (lib) due to 11 previous errors
[INFO] [stderr] warning: build failed, waiting for other jobs to finish...
[INFO] running `Command { std: "docker" "inspect" "c8acd3b3c28d268bc9c43e1b5e13625c5f35950549aa77655fa5c9fe04dd0593", kill_on_drop: false }`
[INFO] running `Command { std: "docker" "rm" "-f" "c8acd3b3c28d268bc9c43e1b5e13625c5f35950549aa77655fa5c9fe04dd0593", kill_on_drop: false }`
[INFO] [stdout] c8acd3b3c28d268bc9c43e1b5e13625c5f35950549aa77655fa5c9fe04dd0593
