[INFO] cloning repository https://github.com/lleokaganov/hulypulse
[INFO] running `Command { std: "git" "-c" "credential.helper=" "-c" "credential.helper=/workspace/cargo-home/bin/git-credential-null" "clone" "--bare" "https://github.com/lleokaganov/hulypulse" "/workspace/cache/git-repos/https%3A%2F%2Fgithub.com%2Flleokaganov%2Fhulypulse", kill_on_drop: false }`
[INFO] [stderr] Cloning into bare repository '/workspace/cache/git-repos/https%3A%2F%2Fgithub.com%2Flleokaganov%2Fhulypulse'...
[INFO] running `Command { std: "git" "rev-parse" "HEAD", kill_on_drop: false }`
[INFO] [stdout] c963456356d4b14e153af2de7cd25023b2f14d89
[INFO] testing lleokaganov/hulypulse against 1.99.0-beta.1+cargoflags=--release for beta-release-1.99-2
[INFO] running `Command { std: "git" "clone" "/workspace/cache/git-repos/https%3A%2F%2Fgithub.com%2Flleokaganov%2Fhulypulse" "/workspace/builds/worker-0-tc2/source", kill_on_drop: false }`
[INFO] [stderr] Cloning into '/workspace/builds/worker-0-tc2/source'...
[INFO] [stderr] done.
[INFO] started tweaking git repo https://github.com/lleokaganov/hulypulse
[INFO] finished tweaking git repo https://github.com/lleokaganov/hulypulse
[INFO] tweaked toml for git repo https://github.com/lleokaganov/hulypulse written to /workspace/builds/worker-0-tc2/source/Cargo.toml
[INFO] validating manifest of git repo https://github.com/lleokaganov/hulypulse on toolchain 1.99.0-beta.1
[INFO] running `Command { std: CARGO_HOME="/workspace/cargo-home" RUSTUP_HOME="/workspace/rustup-home" "/workspace/cargo-home/bin/cargo" "+1.99.0-beta.1" "metadata" "--manifest-path" "Cargo.toml" "--no-deps", kill_on_drop: false }`
[INFO] crate git repo https://github.com/lleokaganov/hulypulse already has a lockfile, it will not be regenerated
[INFO] running `Command { std: CARGO_HOME="/workspace/cargo-home" RUSTUP_HOME="/workspace/rustup-home" "/workspace/cargo-home/bin/cargo" "+1.99.0-beta.1" "fetch" "--manifest-path" "Cargo.toml", kill_on_drop: false }`
[INFO] running `Command { std: "docker" "create" "-v" "/var/lib/crater-agent-workspace/builds/worker-0-tc2/source:/opt/rustwide/workdir:ro,Z" "-v" "/var/lib/crater-agent-workspace/builds/worker-0-tc2/target:/opt/rustwide/target:rw,Z" "-v" "/var/lib/crater-agent-workspace/cargo-home:/opt/rustwide/cargo-home:ro,Z" "-v" "/var/lib/crater-agent-workspace/rustup-home:/opt/rustwide/rustup-home:ro,Z" "-m" "1610612736" "--network" "none" "ghcr.io/rust-lang/crates-build-env/linux@sha256:8683fc1fc2eb5c9ac98e0d076ab094b2ffac7f99da555d2b6a2e27f346de2ec7" "sleep" "infinity", kill_on_drop: false }`
[INFO] [stdout] 009a824520800601d5899b463105a1674cc2d3f33fa1397f271447efd3f8410f
[INFO] running `Command { std: "docker" "start" "009a824520800601d5899b463105a1674cc2d3f33fa1397f271447efd3f8410f", kill_on_drop: false }`
[INFO] running `Command { std: "docker" "inspect" "009a824520800601d5899b463105a1674cc2d3f33fa1397f271447efd3f8410f", kill_on_drop: false }`
[INFO] running `Command { std: "docker" "exec" "-e" "SOURCE_DIR=/opt/rustwide/workdir" "-e" "CARGO_HOME=/opt/rustwide/cargo-home" "-e" "RUSTUP_HOME=/opt/rustwide/rustup-home" "-e" "CARGO_TARGET_DIR=/opt/rustwide/target" "-w" "/opt/rustwide/workdir" "--user" "0:0" "009a824520800601d5899b463105a1674cc2d3f33fa1397f271447efd3f8410f" "/opt/rustwide/cargo-home/bin/cargo" "+1.99.0-beta.1" "metadata" "--no-deps" "--format-version=1", kill_on_drop: false }`
[INFO] running `Command { std: "docker" "inspect" "009a824520800601d5899b463105a1674cc2d3f33fa1397f271447efd3f8410f", kill_on_drop: false }`
[INFO] running `Command { std: "docker" "exec" "-e" "SOURCE_DIR=/opt/rustwide/workdir" "-e" "CARGO_HOME=/opt/rustwide/cargo-home" "-e" "RUSTUP_HOME=/opt/rustwide/rustup-home" "-e" "CARGO_TARGET_DIR=/opt/rustwide/target" "-e" "CARGO_INCREMENTAL=0" "-e" "RUST_BACKTRACE=full" "-e" "RUSTFLAGS=--cap-lints=warn" "-e" "RUSTDOCFLAGS=--cap-lints=warn" "-w" "/opt/rustwide/workdir" "--user" "0:0" "009a824520800601d5899b463105a1674cc2d3f33fa1397f271447efd3f8410f" "/opt/rustwide/cargo-home/bin/cargo" "+1.99.0-beta.1" "build" "--frozen" "--message-format=json" "--release", kill_on_drop: false }`
[INFO] [stderr]    Compiling proc-macro2 v1.0.101
[INFO] [stderr]    Compiling quote v1.0.41
[INFO] [stderr]    Compiling unicode-ident v1.0.19
[INFO] [stderr]    Compiling libc v0.2.176
[INFO] [stderr]    Compiling cfg-if v1.0.3
[INFO] [stderr]    Compiling smallvec v1.15.1
[INFO] [stderr]    Compiling serde_core v1.0.228
[INFO] [stderr]    Compiling bytes v1.10.1
[INFO] [stderr]    Compiling log v0.4.28
[INFO] [stderr]    Compiling parking_lot_core v0.9.11
[INFO] [stderr]    Compiling typenum v1.19.0
[INFO] [stderr]    Compiling lock_api v0.4.13
[INFO] [stderr]    Compiling itoa v1.0.15
[INFO] [stderr]    Compiling writeable v0.6.1
[INFO] [stderr]    Compiling litemap v0.8.0
[INFO] [stderr]    Compiling tracing-core v0.1.34
[INFO] [stderr]    Compiling zerocopy v0.8.27
[INFO] [stderr]    Compiling icu_normalizer_data v2.0.0
[INFO] [stderr]    Compiling icu_properties_data v2.0.1
[INFO] [stderr]    Compiling getrandom v0.3.3
[INFO] [stderr]    Compiling serde v1.0.228
[INFO] [stderr]    Compiling futures-channel v0.3.31
[INFO] [stderr]    Compiling local-waker v0.1.4
[INFO] [stderr]    Compiling unicode-xid v0.2.6
[INFO] [stderr]    Compiling ryu v1.0.20
[INFO] [stderr]    Compiling pin-project-lite v0.2.16
[INFO] [stderr]    Compiling actix-utils v3.0.1
[INFO] [stderr]    Compiling httparse v1.10.1
[INFO] [stderr]    Compiling form_urlencoded v1.2.2
[INFO] [stderr]    Compiling actix-service v2.0.3
[INFO] [stderr]    Compiling regex-lite v0.1.7
[INFO] [stderr]    Compiling cpufeatures v0.2.17
[INFO] [stderr]    Compiling bitflags v2.9.4
[INFO] [stderr]    Compiling deranged v0.5.4
[INFO] [stderr]    Compiling local-channel v0.1.5
[INFO] [stderr]    Compiling encoding_rs v0.8.35
[INFO] [stderr]    Compiling num-conv v0.1.0
[INFO] [stderr]    Compiling language-tags v0.3.2
[INFO] [stderr]    Compiling generic-array v0.14.7
[INFO] [stderr]    Compiling tracing v0.1.41
[INFO] [stderr]    Compiling bytestring v1.5.0
[INFO] [stderr]    Compiling time-core v0.1.6
[INFO] [stderr]    Compiling syn v2.0.106
[INFO] [stderr]    Compiling http v0.2.12
[INFO] [stderr]    Compiling foldhash v0.1.5
[INFO] [stderr]    Compiling winnow v0.7.13
[INFO] [stderr]    Compiling impl-more v0.1.9
[INFO] [stderr]    Compiling sharded-slab v0.1.7
[INFO] [stderr]    Compiling thread_local v1.1.9
[INFO] [stderr]    Compiling actix-router v0.5.3
[INFO] [stderr]    Compiling md5 v0.8.0
[INFO] [stderr]    Compiling mio v1.0.4
[INFO] [stderr]    Compiling signal-hook-registry v1.4.6
[INFO] [stderr]    Compiling socket2 v0.6.0
[INFO] [stderr]    Compiling rand_core v0.9.3
[INFO] [stderr]    Compiling block-buffer v0.10.4
[INFO] [stderr]    Compiling crypto-common v0.1.6
[INFO] [stderr]    Compiling socket2 v0.5.10
[INFO] [stderr]    Compiling tracing-subscriber v0.3.20
[INFO] [stderr]    Compiling digest v0.10.7
[INFO] [stderr]    Compiling parking_lot v0.12.4
[INFO] [stderr]    Compiling sha1 v0.10.6
[INFO] [stderr]    Compiling time v0.3.44
[INFO] [stderr]    Compiling ppv-lite86 v0.2.21
[INFO] [stderr]    Compiling rand_chacha v0.9.0
[INFO] [stderr]    Compiling toml_parser v1.0.3
[INFO] [stderr]    Compiling rand v0.9.2
[INFO] [stderr]    Compiling serde_json v1.0.145
[INFO] [stderr]    Compiling toml_datetime v0.7.2
[INFO] [stderr]    Compiling serde_spanned v1.0.2
[INFO] [stderr]    Compiling toml v0.9.7
[INFO] [stderr]    Compiling config v0.15.18
[INFO] [stderr]    Compiling synstructure v0.13.2
[INFO] [stderr]    Compiling darling_core v0.21.3
[INFO] [stderr]    Compiling zerovec-derive v0.11.1
[INFO] [stderr]    Compiling displaydoc v0.2.5
[INFO] [stderr]    Compiling tokio-macros v2.5.0
[INFO] [stderr]    Compiling serde_derive v1.0.228
[INFO] [stderr]    Compiling tracing-attributes v0.1.30
[INFO] [stderr]    Compiling zerofrom-derive v0.1.6
[INFO] [stderr]    Compiling yoke-derive v0.8.0
[INFO] [stderr]    Compiling futures-macro v0.3.31
[INFO] [stderr]    Compiling derive_more-impl v2.0.1
[INFO] [stderr]    Compiling actix-macros v0.2.4
[INFO] [stderr]    Compiling actix-web-codegen v4.3.0
[INFO] [stderr]    Compiling strum_macros v0.27.2
[INFO] [stderr]    Compiling tokio v1.47.1
[INFO] [stderr]    Compiling futures-util v0.3.31
[INFO] [stderr]    Compiling zerofrom v0.1.6
[INFO] [stderr]    Compiling yoke v0.8.0
[INFO] [stderr]    Compiling darling_macro v0.21.3
[INFO] [stderr]    Compiling zerovec v0.11.4
[INFO] [stderr]    Compiling zerotrie v0.2.2
[INFO] [stderr]    Compiling darling v0.21.3
[INFO] [stderr]    Compiling serde_with_macros v3.14.1
[INFO] [stderr]    Compiling strum v0.27.2
[INFO] [stderr]    Compiling derive_more v2.0.1
[INFO] [stderr]    Compiling tinystr v0.8.1
[INFO] [stderr]    Compiling potential_utf v0.1.3
[INFO] [stderr]    Compiling icu_collections v2.0.0
[INFO] [stderr]    Compiling icu_locale_core v2.0.0
[INFO] [stderr]    Compiling serde_urlencoded v0.7.1
[INFO] [stderr]    Compiling serde_with v3.14.1
[INFO] [stderr]    Compiling icu_provider v2.0.0
[INFO] [stderr]    Compiling icu_normalizer v2.0.0
[INFO] [stderr]    Compiling icu_properties v2.0.1
[INFO] [stderr]    Compiling futures-executor v0.3.31
[INFO] [stderr]    Compiling futures v0.3.31
[INFO] [stderr]    Compiling idna_adapter v1.2.1
[INFO] [stderr]    Compiling tokio-util v0.7.16
[INFO] [stderr]    Compiling actix-rt v2.11.0
[INFO] [stderr]    Compiling tokio-stream v0.1.17
[INFO] [stderr]    Compiling idna v1.1.0
[INFO] [stderr]    Compiling url v2.5.7
[INFO] [stderr]    Compiling actix-server v2.6.0
[INFO] [stderr]    Compiling actix-codec v0.5.2
[INFO] [stderr]    Compiling actix-http v3.11.1
[INFO] [stderr]    Compiling actix-web v4.11.0
[INFO] [stderr]    Compiling actix-cors v0.7.1
[INFO] [stderr]    Compiling actix-ws v0.3.0
[INFO] [stderr]    Compiling hulypulse v0.4.0 (/opt/rustwide/workdir)
[INFO] [stdout] warning: enum `RedisMode` is never used
[INFO] [stdout]   --> src/config.rs:34:10
[INFO] [stdout]    |
[INFO] [stdout] 34 | pub enum RedisMode {
[INFO] [stdout]    |          ^^^^^^^^^
[INFO] [stdout]    |
[INFO] [stdout]    = note: `#[warn(dead_code)]` (part of `#[warn(unused)]`) on by default
[INFO] [stdout] 
[INFO] [stdout] 
[INFO] [stdout] warning: enum `BackendType` is never used
[INFO] [stdout]   --> src/config.rs:41:10
[INFO] [stdout]    |
[INFO] [stdout] 41 | pub enum BackendType {
[INFO] [stdout]    |          ^^^^^^^^^^^
[INFO] [stdout] 
[INFO] [stdout] 
[INFO] [stderr]     Finished `release` profile [optimized] target(s) in 1m 37s
[INFO] running `Command { std: "docker" "inspect" "009a824520800601d5899b463105a1674cc2d3f33fa1397f271447efd3f8410f", kill_on_drop: false }`
[INFO] running `Command { std: "docker" "exec" "-e" "SOURCE_DIR=/opt/rustwide/workdir" "-e" "CARGO_HOME=/opt/rustwide/cargo-home" "-e" "RUSTUP_HOME=/opt/rustwide/rustup-home" "-e" "CARGO_TARGET_DIR=/opt/rustwide/target" "-e" "CARGO_INCREMENTAL=0" "-e" "RUST_BACKTRACE=full" "-e" "RUSTFLAGS=--cap-lints=warn" "-e" "RUSTDOCFLAGS=--cap-lints=warn" "-w" "/opt/rustwide/workdir" "--user" "0:0" "009a824520800601d5899b463105a1674cc2d3f33fa1397f271447efd3f8410f" "/opt/rustwide/cargo-home/bin/cargo" "+1.99.0-beta.1" "test" "--frozen" "--no-run" "--message-format=json" "--release", kill_on_drop: false }`
[INFO] [stderr]    Compiling find-msvc-tools v0.1.2
[INFO] [stderr]    Compiling getrandom v0.2.16
[INFO] [stderr]    Compiling zeroize v1.8.2
[INFO] [stderr]    Compiling rustls v0.22.4
[INFO] [stderr]    Compiling subtle v2.6.1
[INFO] [stderr]    Compiling thiserror-impl v1.0.69
[INFO] [stderr]    Compiling http v1.3.1
[INFO] [stderr]    Compiling data-encoding v2.9.0
[INFO] [stderr]    Compiling openssl-probe v0.1.6
[INFO] [stderr]    Compiling byteorder v1.5.0
[INFO] [stderr]    Compiling utf-8 v0.7.6
[INFO] [stdout] warning: enum `RedisMode` is never used
[INFO] [stdout]   --> src/config.rs:34:10
[INFO] [stdout]    |
[INFO] [stdout] 34 | pub enum RedisMode {
[INFO] [stdout]    |          ^^^^^^^^^
[INFO] [stdout]    |
[INFO] [stdout]    = note: `#[warn(dead_code)]` (part of `#[warn(unused)]`) on by default
[INFO] [stdout] 
[INFO] [stdout] 
[INFO] [stdout] warning: enum `BackendType` is never used
[INFO] [stdout]   --> src/config.rs:41:10
[INFO] [stdout]    |
[INFO] [stdout] 41 | pub enum BackendType {
[INFO] [stdout]    |          ^^^^^^^^^^^
[INFO] [stdout] 
[INFO] [stdout] 
[INFO] [stderr]    Compiling rand_core v0.6.4
[INFO] [stderr]    Compiling rustls-pki-types v1.12.0
[INFO] [stderr]    Compiling cc v1.2.39
[INFO] [stderr]    Compiling rand_chacha v0.3.1
[INFO] [stderr]    Compiling rustls-pemfile v2.2.0
[INFO] [stderr]    Compiling rand v0.8.5
[INFO] [stderr]    Compiling rustls-native-certs v0.7.3
[INFO] [stderr]    Compiling thiserror v1.0.69
[INFO] [stderr]    Compiling ring v0.17.14
[INFO] [stderr]    Compiling rustls-webpki v0.102.8
[INFO] [stderr]    Compiling tokio-rustls v0.25.0
[INFO] [stderr]    Compiling tungstenite v0.21.0
[INFO] [stderr]    Compiling tokio-tungstenite v0.21.0
[INFO] [stderr]    Compiling hulypulse v0.4.0 (/opt/rustwide/workdir)
[INFO] [stdout] error[E0432]: unresolved import `reqwest`
[INFO] [stdout]  --> tests/rest_api.rs:2:5
[INFO] [stdout]   |
[INFO] [stdout] 2 | use reqwest::StatusCode;
[INFO] [stdout]   |     ^^^^^^^ use of unresolved module or unlinked crate `reqwest`
[INFO] [stdout]   |
[INFO] [stdout]   = help: if you wanted to use a crate named `reqwest`, use `cargo add reqwest` to add it to your `Cargo.toml`
[INFO] [stdout] 
[INFO] [stdout] 
[INFO] [stdout] error[E0433]: cannot find module or crate `reqwest` in this scope
[INFO] [stdout]   --> tests/rest_api.rs:10:14
[INFO] [stdout]    |
[INFO] [stdout] 10 |     headers: reqwest::header::HeaderMap,
[INFO] [stdout]    |              ^^^^^^^ use of unresolved module or unlinked crate `reqwest`
[INFO] [stdout]    |
[INFO] [stdout]    = help: if you wanted to use a crate named `reqwest`, use `cargo add reqwest` to add it to your `Cargo.toml`
[INFO] [stdout] 
[INFO] [stdout] 
[INFO] [stdout] error[E0433]: cannot find module or crate `reqwest` in this scope
[INFO] [stdout]    --> tests/rest_api.rs:178:18
[INFO] [stdout]     |
[INFO] [stdout] 178 |     let client = reqwest::Client::builder()
[INFO] [stdout]     |                  ^^^^^^^ use of unresolved module or unlinked crate `reqwest`
[INFO] [stdout]     |
[INFO] [stdout]     = help: if you wanted to use a crate named `reqwest`, use `cargo add reqwest` to add it to your `Cargo.toml`
[INFO] [stdout] 
[INFO] [stdout] 
[INFO] [stdout] error[E0433]: cannot find module or crate `reqwest` in this scope
[INFO] [stdout]   --> tests/rest_api.rs:26:38
[INFO] [stdout]    |
[INFO] [stdout] 26 | async fn status(base: &str, client: &reqwest::Client) -> () {
[INFO] [stdout]    |                                      ^^^^^^^ use of unresolved module or unlinked crate `reqwest`
[INFO] [stdout]    |
[INFO] [stdout]    = help: if you wanted to use a crate named `reqwest`, use `cargo add reqwest` to add it to your `Cargo.toml`
[INFO] [stdout] 
[INFO] [stdout] 
[INFO] [stdout] error[E0433]: cannot find module or crate `reqwest` in this scope
[INFO] [stdout]   --> tests/rest_api.rs:42:39
[INFO] [stdout]    |
[INFO] [stdout] 42 | async fn get_not(base: &str, client: &reqwest::Client, workspace: &str, key: &str) -> () {
[INFO] [stdout]    |                                       ^^^^^^^ use of unresolved module or unlinked crate `reqwest`
[INFO] [stdout]    |
[INFO] [stdout]    = help: if you wanted to use a crate named `reqwest`, use `cargo add reqwest` to add it to your `Cargo.toml`
[INFO] [stdout] 
[INFO] [stdout] 
[INFO] [stdout] error[E0433]: cannot find module or crate `reqwest` in this scope
[INFO] [stdout]   --> tests/rest_api.rs:47:35
[INFO] [stdout]    |
[INFO] [stdout] 47 | async fn get(base: &str, client: &reqwest::Client, workspace: &str, key: &str) -> () {
[INFO] [stdout]    |                                   ^^^^^^^ use of unresolved module or unlinked crate `reqwest`
[INFO] [stdout]    |
[INFO] [stdout]    = help: if you wanted to use a crate named `reqwest`, use `cargo add reqwest` to add it to your `Cargo.toml`
[INFO] [stdout] 
[INFO] [stdout] 
[INFO] [stdout] error[E0433]: cannot find module or crate `reqwest` in this scope
[INFO] [stdout]   --> tests/rest_api.rs:52:40
[INFO] [stdout]    |
[INFO] [stdout] 52 | async fn get_data(base: &str, client: &reqwest::Client, workspace: &str, key: &str) -> String {
[INFO] [stdout]    |                                        ^^^^^^^ use of unresolved module or unlinked crate `reqwest`
[INFO] [stdout]    |
[INFO] [stdout]    = help: if you wanted to use a crate named `reqwest`, use `cargo add reqwest` to add it to your `Cargo.toml`
[INFO] [stdout] 
[INFO] [stdout] 
[INFO] [stdout] error[E0433]: cannot find module or crate `reqwest` in this scope
[INFO] [stdout]   --> tests/rest_api.rs:58:39
[INFO] [stdout]    |
[INFO] [stdout] 58 | async fn get_ttl(base: &str, client: &reqwest::Client, workspace: &str, key: &str) -> u64 {
[INFO] [stdout]    |                                       ^^^^^^^ use of unresolved module or unlinked crate `reqwest`
[INFO] [stdout]    |
[INFO] [stdout]    = help: if you wanted to use a crate named `reqwest`, use `cargo add reqwest` to add it to your `Cargo.toml`
[INFO] [stdout] 
[INFO] [stdout] 
[INFO] [stdout] error[E0433]: cannot find module or crate `reqwest` in this scope
[INFO] [stdout]   --> tests/rest_api.rs:64:40
[INFO] [stdout]    |
[INFO] [stdout] 64 | async fn get_etag(base: &str, client: &reqwest::Client, workspace: &str, key: &str) -> String {
[INFO] [stdout]    |                                        ^^^^^^^ use of unresolved module or unlinked crate `reqwest`
[INFO] [stdout]    |
[INFO] [stdout]    = help: if you wanted to use a crate named `reqwest`, use `cargo add reqwest` to add it to your `Cargo.toml`
[INFO] [stdout] 
[INFO] [stdout] 
[INFO] [stdout] error[E0433]: cannot find module or crate `reqwest` in this scope
[INFO] [stdout]   --> tests/rest_api.rs:72:14
[INFO] [stdout]    |
[INFO] [stdout] 72 |     client: &reqwest::Client,
[INFO] [stdout]    |              ^^^^^^^ use of unresolved module or unlinked crate `reqwest`
[INFO] [stdout]    |
[INFO] [stdout]    = help: if you wanted to use a crate named `reqwest`, use `cargo add reqwest` to add it to your `Cargo.toml`
[INFO] [stdout] 
[INFO] [stdout] 
[INFO] [stdout] error[E0433]: cannot find module or crate `reqwest` in this scope
[INFO] [stdout]   --> tests/rest_api.rs:87:14
[INFO] [stdout]    |
[INFO] [stdout] 87 |     client: &reqwest::Client,
[INFO] [stdout]    |              ^^^^^^^ use of unresolved module or unlinked crate `reqwest`
[INFO] [stdout]    |
[INFO] [stdout]    = help: if you wanted to use a crate named `reqwest`, use `cargo add reqwest` to add it to your `Cargo.toml`
[INFO] [stdout] 
[INFO] [stdout] 
[INFO] [stdout] error[E0433]: cannot find module or crate `reqwest` in this scope
[INFO] [stdout]    --> tests/rest_api.rs:138:42
[INFO] [stdout]     |
[INFO] [stdout] 138 | async fn delete_any(base: &str, client: &reqwest::Client, workspace: &str, key: &str) -> () {
[INFO] [stdout]     |                                          ^^^^^^^ use of unresolved module or unlinked crate `reqwest`
[INFO] [stdout]     |
[INFO] [stdout]     = help: if you wanted to use a crate named `reqwest`, use `cargo add reqwest` to add it to your `Cargo.toml`
[INFO] [stdout] 
[INFO] [stdout] 
[INFO] [stdout] error[E0433]: cannot find module or crate `reqwest` in this scope
[INFO] [stdout]    --> tests/rest_api.rs:144:14
[INFO] [stdout]     |
[INFO] [stdout] 144 |     client: &reqwest::Client,
[INFO] [stdout]     |              ^^^^^^^ use of unresolved module or unlinked crate `reqwest`
[INFO] [stdout]     |
[INFO] [stdout]     = help: if you wanted to use a crate named `reqwest`, use `cargo add reqwest` to add it to your `Cargo.toml`
[INFO] [stdout] 
[INFO] [stdout] 
[INFO] [stdout] error[E0433]: cannot find module or crate `reqwest` in this scope
[INFO] [stdout]    --> tests/rest_api.rs:156:14
[INFO] [stdout]     |
[INFO] [stdout] 156 |     client: &reqwest::Client,
[INFO] [stdout]     |              ^^^^^^^ use of unresolved module or unlinked crate `reqwest`
[INFO] [stdout]     |
[INFO] [stdout]     = help: if you wanted to use a crate named `reqwest`, use `cargo add reqwest` to add it to your `Cargo.toml`
[INFO] [stdout] 
[INFO] [stdout] 
[INFO] [stdout] Some errors have detailed explanations: E0432, E0433.
[INFO] [stdout] 
[INFO] [stdout] For more information about an error, try `rustc --explain E0432`.
[INFO] [stdout] 
[INFO] [stderr] error: could not compile `hulypulse` (test "rest_api") due to 14 previous errors
[INFO] [stderr] warning: build failed, waiting for other jobs to finish...
[INFO] [stdout] warning: enum `RedisMode` is never used
[INFO] [stdout]   --> src/config.rs:34:10
[INFO] [stdout]    |
[INFO] [stdout] 34 | pub enum RedisMode {
[INFO] [stdout]    |          ^^^^^^^^^
[INFO] [stdout]    |
[INFO] [stdout]    = note: `#[warn(dead_code)]` (part of `#[warn(unused)]`) on by default
[INFO] [stdout] 
[INFO] [stdout] 
[INFO] [stdout] warning: enum `BackendType` is never used
[INFO] [stdout]   --> src/config.rs:41:10
[INFO] [stdout]    |
[INFO] [stdout] 41 | pub enum BackendType {
[INFO] [stdout]    |          ^^^^^^^^^^^
[INFO] [stdout] 
[INFO] [stdout] 
[INFO] running `Command { std: "docker" "inspect" "009a824520800601d5899b463105a1674cc2d3f33fa1397f271447efd3f8410f", kill_on_drop: false }`
[INFO] running `Command { std: "docker" "rm" "-f" "009a824520800601d5899b463105a1674cc2d3f33fa1397f271447efd3f8410f", kill_on_drop: false }`
[INFO] [stdout] 009a824520800601d5899b463105a1674cc2d3f33fa1397f271447efd3f8410f
