[INFO] cloning repository https://github.com/lkdm/hybrid-vehicle-breakeven-calculator-rs
[INFO] running `Command { std: "git" "-c" "credential.helper=" "-c" "credential.helper=/workspace/cargo-home/bin/git-credential-null" "clone" "--bare" "https://github.com/lkdm/hybrid-vehicle-breakeven-calculator-rs" "/workspace/cache/git-repos/https%3A%2F%2Fgithub.com%2Flkdm%2Fhybrid-vehicle-breakeven-calculator-rs", kill_on_drop: false }`
[INFO] [stderr] Cloning into bare repository '/workspace/cache/git-repos/https%3A%2F%2Fgithub.com%2Flkdm%2Fhybrid-vehicle-breakeven-calculator-rs'...
[INFO] running `Command { std: "git" "rev-parse" "HEAD", kill_on_drop: false }`
[INFO] [stdout] 3a059857aeb675d522d6789224082f86db3becb1
[INFO] testing lkdm/hybrid-vehicle-breakeven-calculator-rs/3a059857aeb675d522d6789224082f86db3becb1 against 1.98.0-beta.8+cargoflags=--release for beta-release-1.99-2
[INFO] running `Command { std: "git" "clone" "/workspace/cache/git-repos/https%3A%2F%2Fgithub.com%2Flkdm%2Fhybrid-vehicle-breakeven-calculator-rs" "/workspace/builds/worker-4-tc1/source", kill_on_drop: false }`
[INFO] [stderr] Cloning into '/workspace/builds/worker-4-tc1/source'...
[INFO] [stderr] done.
[INFO] started tweaking git repo https://github.com/lkdm/hybrid-vehicle-breakeven-calculator-rs
[INFO] finished tweaking git repo https://github.com/lkdm/hybrid-vehicle-breakeven-calculator-rs
[INFO] tweaked toml for git repo https://github.com/lkdm/hybrid-vehicle-breakeven-calculator-rs written to /workspace/builds/worker-4-tc1/source/Cargo.toml
[INFO] validating manifest of git repo https://github.com/lkdm/hybrid-vehicle-breakeven-calculator-rs on toolchain 1.98.0-beta.8
[INFO] running `Command { std: CARGO_HOME="/workspace/cargo-home" RUSTUP_HOME="/workspace/rustup-home" "/workspace/cargo-home/bin/cargo" "+1.98.0-beta.8" "metadata" "--manifest-path" "Cargo.toml" "--no-deps", kill_on_drop: false }`
[INFO] crate git repo https://github.com/lkdm/hybrid-vehicle-breakeven-calculator-rs already has a lockfile, it will not be regenerated
[INFO] running `Command { std: CARGO_HOME="/workspace/cargo-home" RUSTUP_HOME="/workspace/rustup-home" "/workspace/cargo-home/bin/cargo" "+1.98.0-beta.8" "fetch" "--manifest-path" "Cargo.toml", kill_on_drop: false }`
[INFO] [stderr]     Updating crates.io index
[INFO] [stderr]  Downloading crates ...
[INFO] [stderr]   Downloaded leptos v0.8.11
[INFO] [stderr]   Downloaded wasm_split_helpers v0.1.2
[INFO] [stderr]   Downloaded wasm_split_macros v0.1.3
[INFO] [stderr]   Downloaded base16 v0.2.1
[INFO] [stderr]   Downloaded oco_ref v0.2.1
[INFO] [stderr]   Downloaded const_str_slice_concat v0.1.0
[INFO] [stderr]   Downloaded hydration_context v0.3.0
[INFO] [stderr]   Downloaded any_spawner v0.3.0
[INFO] [stderr]   Downloaded utf8-width v0.1.7
[INFO] [stderr]   Downloaded erased v0.1.2
[INFO] [stderr]   Downloaded drain_filter_polyfill v0.1.3
[INFO] [stderr]   Downloaded quote-use v0.8.4
[INFO] [stderr]   Downloaded throw_error v0.3.1
[INFO] [stderr]   Downloaded syn_derive v0.2.0
[INFO] [stderr]   Downloaded either_of v0.1.6
[INFO] [stderr]   Downloaded leptos_dom v0.8.7
[INFO] [stderr]   Downloaded guardian v1.3.0
[INFO] [stderr]   Downloaded next_tuple v0.1.0
[INFO] [stderr]   Downloaded server_fn_macro_default v0.8.5
[INFO] [stderr]   Downloaded reactive_stores_macro v0.2.6
[INFO] [stderr]   Downloaded server_fn_macro v0.8.8
[INFO] [stderr]   Downloaded manyhow-macros v0.11.4
[INFO] [stderr]   Downloaded proc-macro-utils v0.10.0
[INFO] [stderr]   Downloaded quote-use-macros v0.8.4
[INFO] [stderr]   Downloaded collection_literals v1.0.2
[INFO] [stderr]   Downloaded or_poisoned v0.1.0
[INFO] [stderr]   Downloaded typed-builder v0.21.2
[INFO] [stderr]   Downloaded manyhow v0.11.4
[INFO] [stderr]   Downloaded convert_case v0.8.0
[INFO] [stderr]   Downloaded redox_syscall v0.5.15
[INFO] [stderr]   Downloaded leptos_server v0.8.5
[INFO] [stderr]   Downloaded attribute-derive-macro v0.10.5
[INFO] [stderr]   Downloaded reactive_stores v0.3.0
[INFO] [stderr]   Downloaded codee v0.3.3
[INFO] [stderr]   Downloaded rstml v0.12.1
[INFO] [stderr]   Downloaded leptos_hot_reload v0.8.5
[INFO] [stderr]   Downloaded attribute-derive v0.10.5
[INFO] [stderr]   Downloaded interpolator v0.5.0
[INFO] [stderr]   Downloaded typed-builder-macro v0.21.2
[INFO] [stderr]   Downloaded const-str v0.6.4
[INFO] [stderr]   Downloaded camino v1.1.10
[INFO] [stderr]   Downloaded leptos_config v0.8.7
[INFO] [stderr]   Downloaded config v0.15.18
[INFO] [stderr]   Downloaded server_fn v0.8.8
[INFO] [stderr]   Downloaded serde_qs v0.15.0
[INFO] [stderr]   Downloaded leptos_macro v0.8.10
[INFO] [stderr]   Downloaded uuid v1.18.1
[INFO] [stderr]   Downloaded derive-where v1.5.0
[INFO] [stderr]   Downloaded reactive_graph v0.2.9
[INFO] [stderr]   Downloaded indexmap v2.12.0
[INFO] [stderr]   Downloaded syn v2.0.108
[INFO] [stderr]   Downloaded tachys v0.2.10
[INFO] running `Command { std: "docker" "create" "-v" "/var/lib/crater-agent-workspace/builds/worker-4-tc1/source:/opt/rustwide/workdir:ro,Z" "-v" "/var/lib/crater-agent-workspace/builds/worker-4-tc1/target:/opt/rustwide/target:rw,Z" "-v" "/var/lib/crater-agent-workspace/cargo-home:/opt/rustwide/cargo-home:ro,Z" "-v" "/var/lib/crater-agent-workspace/rustup-home:/opt/rustwide/rustup-home:ro,Z" "-m" "1610612736" "--network" "none" "ghcr.io/rust-lang/crates-build-env/linux@sha256:8683fc1fc2eb5c9ac98e0d076ab094b2ffac7f99da555d2b6a2e27f346de2ec7" "sleep" "infinity", kill_on_drop: false }`
[INFO] [stdout] f17d03d809f5734696ca7a9dda83b8694ee8e303a4b0f1a282f7e1138af7a0b0
[INFO] running `Command { std: "docker" "start" "f17d03d809f5734696ca7a9dda83b8694ee8e303a4b0f1a282f7e1138af7a0b0", kill_on_drop: false }`
[INFO] running `Command { std: "docker" "inspect" "f17d03d809f5734696ca7a9dda83b8694ee8e303a4b0f1a282f7e1138af7a0b0", kill_on_drop: false }`
[INFO] running `Command { std: "docker" "exec" "-e" "SOURCE_DIR=/opt/rustwide/workdir" "-e" "CARGO_HOME=/opt/rustwide/cargo-home" "-e" "RUSTUP_HOME=/opt/rustwide/rustup-home" "-e" "CARGO_TARGET_DIR=/opt/rustwide/target" "-w" "/opt/rustwide/workdir" "--user" "0:0" "f17d03d809f5734696ca7a9dda83b8694ee8e303a4b0f1a282f7e1138af7a0b0" "/opt/rustwide/cargo-home/bin/cargo" "+1.98.0-beta.8" "metadata" "--no-deps" "--format-version=1", kill_on_drop: false }`
[INFO] running `Command { std: "docker" "inspect" "f17d03d809f5734696ca7a9dda83b8694ee8e303a4b0f1a282f7e1138af7a0b0", kill_on_drop: false }`
[INFO] running `Command { std: "docker" "exec" "-e" "SOURCE_DIR=/opt/rustwide/workdir" "-e" "CARGO_HOME=/opt/rustwide/cargo-home" "-e" "RUSTUP_HOME=/opt/rustwide/rustup-home" "-e" "CARGO_TARGET_DIR=/opt/rustwide/target" "-e" "CARGO_INCREMENTAL=0" "-e" "RUST_BACKTRACE=full" "-e" "RUSTFLAGS=--cap-lints=warn" "-e" "RUSTDOCFLAGS=--cap-lints=warn" "-w" "/opt/rustwide/workdir" "--user" "0:0" "f17d03d809f5734696ca7a9dda83b8694ee8e303a4b0f1a282f7e1138af7a0b0" "/opt/rustwide/cargo-home/bin/cargo" "+1.98.0-beta.8" "build" "--frozen" "--message-format=json" "--release", kill_on_drop: false }`
[INFO] [stderr]    Compiling proc-macro2 v1.0.103
[INFO] [stderr]    Compiling version_check v0.9.5
[INFO] [stderr]    Compiling wasm-bindgen-shared v0.2.100
[INFO] [stderr]    Compiling serde_core v1.0.228
[INFO] [stderr]    Compiling semver v1.0.27
[INFO] [stderr]    Compiling thiserror v2.0.17
[INFO] [stderr]    Compiling log v0.4.27
[INFO] [stderr]    Compiling bumpalo v3.19.0
[INFO] [stderr]    Compiling wasm-bindgen v0.2.100
[INFO] [stderr]    Compiling rustversion v1.0.22
[INFO] [stderr]    Compiling cfg-if v1.0.4
[INFO] [stderr]    Compiling serde v1.0.228
[INFO] [stderr]    Compiling parking_lot_core v0.9.12
[INFO] [stderr]    Compiling stable_deref_trait v1.2.0
[INFO] [stderr]    Compiling futures-channel v0.3.31
[INFO] [stderr]    Compiling crossbeam-utils v0.8.21
[INFO] [stderr]    Compiling rustc_version v0.4.1
[INFO] [stderr]    Compiling smallvec v1.15.1
[INFO] [stderr]    Compiling futures-io v0.3.31
[INFO] [stderr]    Compiling futures-task v0.3.31
[INFO] [stderr]    Compiling slab v0.4.10
[INFO] [stderr]    Compiling quote v1.0.41
[INFO] [stderr]    Compiling num_cpus v1.17.0
[INFO] [stderr]    Compiling unicode-segmentation v1.12.0
[INFO] [stderr]    Compiling syn v2.0.108
[INFO] [stderr]    Compiling proc-macro-error-attr2 v2.0.0
[INFO] [stderr]    Compiling proc-macro2-diagnostics v0.10.1
[INFO] [stderr]    Compiling litemap v0.8.0
[INFO] [stderr]    Compiling writeable v0.6.1
[INFO] [stderr]    Compiling typenum v1.19.0
[INFO] [stderr]    Compiling lock_api v0.4.14
[INFO] [stderr]    Compiling convert_case v0.8.0
[INFO] [stderr]    Compiling concurrent-queue v2.5.0
[INFO] [stderr]    Compiling generic-array v0.14.9
[INFO] [stderr]    Compiling icu_properties_data v2.0.1
[INFO] [stderr]    Compiling icu_normalizer_data v2.0.0
[INFO] [stderr]    Compiling parking v2.2.1
[INFO] [stderr]    Compiling unicode-xid v0.2.6
[INFO] [stderr]    Compiling event-listener v5.4.1
[INFO] [stderr]    Compiling proc-macro-utils v0.10.0
[INFO] [stderr]    Compiling throw_error v0.3.1
[INFO] [stderr]    Compiling const_format_proc_macros v0.2.34
[INFO] [stderr]    Compiling slotmap v1.0.7
[INFO] [stderr]    Compiling libc v0.2.174
[INFO] [stderr]    Compiling or_poisoned v0.1.0
[INFO] [stderr]    Compiling camino v1.1.10
[INFO] [stderr]    Compiling serde_json v1.0.145
[INFO] [stderr]    Compiling paste v1.0.15
[INFO] [stderr]    Compiling indexmap v2.12.0
[INFO] [stderr]    Compiling event-listener-strategy v0.5.4
[INFO] [stderr]    Compiling reactive_graph v0.2.9
[INFO] [stderr]    Compiling server_fn_macro v0.8.8
[INFO] [stderr]    Compiling send_wrapper v0.6.0
[INFO] [stderr]    Compiling unicode-ident v1.0.18
[INFO] [stderr]    Compiling hashbrown v0.14.5
[INFO] [stderr]    Compiling const_format v0.2.35
[INFO] [stderr]    Compiling async-lock v3.4.1
[INFO] [stderr]    Compiling dashmap v6.1.0
[INFO] [stderr]    Compiling rustc-hash v2.1.1
[INFO] [stderr]    Compiling guardian v1.3.0
[INFO] [stderr]    Compiling either v1.15.0
[INFO] [stderr]    Compiling thiserror v1.0.69
[INFO] [stderr]    Compiling xxhash-rust v0.8.15
[INFO] [stderr]    Compiling itertools v0.14.0
[INFO] [stderr]    Compiling block-buffer v0.10.4
[INFO] [stderr]    Compiling crypto-common v0.1.6
[INFO] [stderr]    Compiling manyhow-macros v0.11.4
[INFO] [stderr]    Compiling parking_lot v0.12.5
[INFO] [stderr]    Compiling tachys v0.2.10
[INFO] [stderr]    Compiling prettyplease v0.2.37
[INFO] [stderr]    Compiling yansi v1.0.1
[INFO] [stderr]    Compiling winnow v0.7.13
[INFO] [stderr]    Compiling getrandom v0.3.3
[INFO] [stderr]    Compiling scopeguard v1.2.0
[INFO] [stderr]    Compiling utf8-width v0.1.7
[INFO] [stderr]    Compiling utf8_iter v1.0.4
[INFO] [stderr]    Compiling html-escape v0.2.13
[INFO] [stderr]    Compiling digest v0.10.7
[INFO] [stderr]    Compiling wasm-bindgen-backend v0.2.100
[INFO] [stderr]    Compiling synstructure v0.13.2
[INFO] [stderr]    Compiling proc-macro-error2 v2.0.1
[INFO] [stderr]    Compiling manyhow v0.11.4
[INFO] [stderr]    Compiling form_urlencoded v1.2.1
[INFO] [stderr]    Compiling either_of v0.1.6
[INFO] [stderr]    Compiling toml_parser v1.0.4
[INFO] [stderr]    Compiling serde_spanned v1.0.3
[INFO] [stderr]    Compiling toml_datetime v0.7.3
[INFO] [stderr]    Compiling wasm-bindgen-macro-support v0.2.100
[INFO] [stderr]    Compiling serde_derive v1.0.228
[INFO] [stderr]    Compiling thiserror-impl v2.0.17
[INFO] [stderr]    Compiling zerofrom-derive v0.1.6
[INFO] [stderr]    Compiling yoke-derive v0.8.0
[INFO] [stderr]    Compiling wasm-bindgen-macro v0.2.100
[INFO] [stderr]    Compiling zerovec-derive v0.11.1
[INFO] [stderr]    Compiling futures-macro v0.3.31
[INFO] [stderr]    Compiling displaydoc v0.2.5
[INFO] [stderr]    Compiling derive-where v1.5.0
[INFO] [stderr]    Compiling zerofrom v0.1.6
[INFO] [stderr]    Compiling yoke v0.8.0
[INFO] [stderr]    Compiling futures-util v0.3.31
[INFO] [stderr]    Compiling js-sys v0.3.77
[INFO] [stderr]    Compiling zerotrie v0.2.2
[INFO] [stderr]    Compiling syn_derive v0.2.0
[INFO] [stderr]    Compiling zerovec v0.11.2
[INFO] [stderr]    Compiling thiserror-impl v1.0.69
[INFO] [stderr]    Compiling pin-project-internal v1.1.10
[INFO] [stderr]    Compiling quote-use-macros v0.8.4
[INFO] [stderr]    Compiling reactive_stores_macro v0.2.6
[INFO] [stderr]    Compiling tinystr v0.8.1
[INFO] [stderr]    Compiling potential_utf v0.1.2
[INFO] [stderr]    Compiling icu_locale_core v2.0.0
[INFO] [stderr]    Compiling icu_collections v2.0.0
[INFO] [stderr]    Compiling pin-project v1.1.10
[INFO] [stderr]    Compiling quote-use v0.8.4
[INFO] [stderr]    Compiling async-trait v0.1.89
[INFO] [stderr]    Compiling oco_ref v0.2.1
[INFO] [stderr]    Compiling anyhow v1.0.98
[INFO] [stderr]    Compiling server_fn v0.8.8
[INFO] [stderr]    Compiling aho-corasick v1.1.3
[INFO] [stderr]    Compiling regex-syntax v0.8.5
[INFO] [stderr]    Compiling const_str_slice_concat v0.1.0
[INFO] [stderr]    Compiling next_tuple v0.1.0
[INFO] [stderr]    Compiling icu_provider v2.0.0
[INFO] [stderr]    Compiling drain_filter_polyfill v0.1.3
[INFO] [stderr]    Compiling same-file v1.0.6
[INFO] [stderr]    Compiling icu_properties v2.0.1
[INFO] [stderr]    Compiling icu_normalizer v2.0.0
[INFO] [stderr]    Compiling futures-executor v0.3.31
[INFO] [stderr]    Compiling wasm-bindgen-futures v0.4.50
[INFO] [stderr]    Compiling futures v0.3.31
[INFO] [stderr]    Compiling web-sys v0.3.77
[INFO] [stderr]    Compiling any_spawner v0.3.0
[INFO] [stderr]    Compiling hydration_context v0.3.0
[INFO] [stderr]    Compiling idna_adapter v1.2.1
[INFO] [stderr]    Compiling idna v1.0.3
[INFO] [stderr]    Compiling equivalent v1.0.2
[INFO] [stderr]    Compiling linear-map v1.2.0
[INFO] [stderr]    Compiling hashbrown v0.16.0
[INFO] [stderr]    Compiling collection_literals v1.0.2
[INFO] [stderr]    Compiling erased v0.1.2
[INFO] [stderr]    Compiling interpolator v0.5.0
[INFO] [stderr]    Compiling once_cell v1.21.3
[INFO] [stderr]    Compiling cpufeatures v0.2.17
[INFO] [stderr]    Compiling sha2 v0.10.9
[INFO] [stderr]    Compiling attribute-derive-macro v0.10.5
[INFO] [stderr]    Compiling reactive_stores v0.3.0
[INFO] [stderr]    Compiling convert_case v0.6.0
[INFO] [stderr]    Compiling url v2.5.4
[INFO] [stderr]    Compiling regex-automata v0.4.9
[INFO] [stderr]    Compiling walkdir v2.5.0
[INFO] [stderr]    Compiling rstml v0.12.1
[INFO] [stderr]    Compiling serde_qs v0.15.0
[INFO] [stderr]    Compiling server_fn_macro_default v0.8.5
[INFO] [stderr]    Compiling typed-builder-macro v0.21.2
[INFO] [stderr]    Compiling toml v0.9.8
[INFO] [stderr]    Compiling leptos_macro v0.8.10
[INFO] [stderr]    Compiling pathdiff v0.2.3
[INFO] [stderr]    Compiling base16 v0.2.1
[INFO] [stderr]    Compiling const-str v0.6.4
[INFO] [stderr]    Compiling wasm_split_macros v0.1.3
[INFO] [stderr]    Compiling config v0.15.18
[INFO] [stderr]    Compiling typed-builder v0.21.2
[INFO] [stderr]    Compiling regex v1.11.1
[INFO] [stderr]    Compiling leptos_hot_reload v0.8.5
[INFO] [stderr]    Compiling uuid v1.18.1
[INFO] [stderr]    Compiling attribute-derive v0.10.5
[INFO] [stderr]    Compiling codee v0.3.3
[INFO] [stderr]    Compiling leptos v0.8.11
[INFO] [stderr]    Compiling async-once-cell v0.5.4
[INFO] [stderr]    Compiling wasm_split_helpers v0.1.2
[INFO] [stderr]    Compiling leptos_config v0.8.7
[INFO] [stderr]    Compiling gloo-utils v0.2.0
[INFO] [stderr]    Compiling gloo-net v0.6.0
[INFO] [stderr]    Compiling wasm-streams v0.4.2
[INFO] [stderr]    Compiling leptos_dom v0.8.7
[INFO] [stderr]    Compiling leptos_server v0.8.5
[INFO] [stderr]    Compiling hybrid-ev-breakeven-calculator-rs v0.1.0 (/opt/rustwide/workdir)
[INFO] [stdout] error[E0618]: expected function, found `leptos::prelude::WriteSignal<std::string::String>`
[INFO] [stdout]    --> src/main.rs:122:9
[INFO] [stdout]     |
[INFO] [stdout]  74 |     let (hybrid_fuel_cost, set_hybrid_fuel_cost) = signal(String::new());
[INFO] [stdout]     |                            -------------------- `set_hybrid_fuel_cost` has type `leptos::prelude::WriteSignal<std::string::String>`
[INFO] [stdout] ...
[INFO] [stdout] 122 |         set_hybrid_fuel_cost(format!("{:.2}", _hybrid_fuel_cost));
[INFO] [stdout]     |         ^^^^^^^^^^^^^^^^^^^^-------------------------------------
[INFO] [stdout]     |         |
[INFO] [stdout]     |         call expression requires function
[INFO] [stdout] 
[INFO] [stdout] 
[INFO] [stdout] error[E0618]: expected function, found `leptos::prelude::WriteSignal<std::string::String>`
[INFO] [stdout]    --> src/main.rs:123:9
[INFO] [stdout]     |
[INFO] [stdout]  75 |     let (petrol_fuel_cost, set_petrol_fuel_cost) = signal(String::new());
[INFO] [stdout]     |                            -------------------- `set_petrol_fuel_cost` has type `leptos::prelude::WriteSignal<std::string::String>`
[INFO] [stdout] ...
[INFO] [stdout] 123 |         set_petrol_fuel_cost(format!("{:.2}", _petrol_fuel_cost));
[INFO] [stdout]     |         ^^^^^^^^^^^^^^^^^^^^-------------------------------------
[INFO] [stdout]     |         |
[INFO] [stdout]     |         call expression requires function
[INFO] [stdout] 
[INFO] [stdout] 
[INFO] [stdout] error[E0618]: expected function, found `leptos::prelude::WriteSignal<std::string::String>`
[INFO] [stdout]    --> src/main.rs:124:9
[INFO] [stdout]     |
[INFO] [stdout]  76 |     let (upfront_cost_difference, set_upfront_cost_difference) = signal(String::new());
[INFO] [stdout]     |                                   --------------------------- `set_upfront_cost_difference` has type `leptos::prelude::WriteSignal<std::string::String>`
[INFO] [stdout] ...
[INFO] [stdout] 124 |         set_upfront_cost_difference(format!("{:.2}", _upfront_cost_difference));
[INFO] [stdout]     |         ^^^^^^^^^^^^^^^^^^^^^^^^^^^--------------------------------------------
[INFO] [stdout]     |         |
[INFO] [stdout]     |         call expression requires function
[INFO] [stdout] 
[INFO] [stdout] 
[INFO] [stdout] error[E0618]: expected function, found `leptos::prelude::WriteSignal<std::string::String>`
[INFO] [stdout]    --> src/main.rs:125:9
[INFO] [stdout]     |
[INFO] [stdout]  77 |     let (breakeven_point, set_breakeven_point) = signal(String::new());
[INFO] [stdout]     |                           ------------------- `set_breakeven_point` has type `leptos::prelude::WriteSignal<std::string::String>`
[INFO] [stdout] ...
[INFO] [stdout] 125 |         set_breakeven_point(format!("{:.2} kilometres", _breakeven_point_kilometres));
[INFO] [stdout]     |         ^^^^^^^^^^^^^^^^^^^----------------------------------------------------------
[INFO] [stdout]     |         |
[INFO] [stdout]     |         call expression requires function
[INFO] [stdout] 
[INFO] [stdout] 
[INFO] [stdout] error[E0618]: expected function, found `leptos::prelude::WriteSignal<std::string::String>`
[INFO] [stdout]    --> src/main.rs:126:9
[INFO] [stdout]     |
[INFO] [stdout]  78 |       let (per_kilometre_fuel_cost_difference, set_per_kilometre_fuel_cost_difference) =
[INFO] [stdout]     |                                                -------------------------------------- `set_per_kilometre_fuel_cost_difference` has type `leptos::prelude::WriteSignal<std::string::String>`
[INFO] [stdout] ...
[INFO] [stdout] 126 |           set_per_kilometre_fuel_cost_difference(format!(
[INFO] [stdout]     |           -^^^^^^^^^^^^^^^^^^^^^^^^^^^^^^^^^^^^^- help: consider using a semicolon here to finish the statement: `;`
[INFO] [stdout]     |  _________|
[INFO] [stdout]     | |
[INFO] [stdout] 127 | |             "{:.2}",
[INFO] [stdout] 128 | |             _per_kilometre_fuel_cost_difference
[INFO] [stdout] 129 | |         ));
[INFO] [stdout]     | |__________- call expression requires function
[INFO] [stdout] 
[INFO] [stdout] 
[INFO] [stdout] error[E0618]: expected function, found `leptos::prelude::WriteSignal<std::string::String>`
[INFO] [stdout]    --> src/main.rs:130:9
[INFO] [stdout]     |
[INFO] [stdout]  80 |     let (breakeven_point_years, set_breakeven_point_years) = signal(String::new());
[INFO] [stdout]     |                                 ------------------------- `set_breakeven_point_years` has type `leptos::prelude::WriteSignal<std::string::String>`
[INFO] [stdout] ...
[INFO] [stdout] 130 |         set_breakeven_point_years(format!("{:.2} years", _breakeven_point_years));
[INFO] [stdout]     |         ^^^^^^^^^^^^^^^^^^^^^^^^^------------------------------------------------
[INFO] [stdout]     |         |
[INFO] [stdout]     |         call expression requires function
[INFO] [stdout] 
[INFO] [stdout] 
[INFO] [stdout] error[E0277]: the trait bound `leptos::prelude::ReadSignal<std::string::String>: IntoRender` is not satisfied
[INFO] [stdout]    --> src/main.rs:167:44
[INFO] [stdout]     |
[INFO] [stdout] 133 | /     view! {
[INFO] [stdout] 134 | |         <article class="w-full max-w-screen-sm sm:max-w-md md:max-w-lg lg:max-w-xl xl:max-w-2xl mx-auto p-4">
[INFO] [stdout] 135 | |             <header class="">
[INFO] [stdout] 136 | |                 <h1>Hybrid EV Breakeven Calculator</h1>
[INFO] [stdout] ...   |
[INFO] [stdout] 167 | |                         <p>Petrol cost/km: {hybrid_fuel_cost}</p>
[INFO] [stdout]     | |                                            ^----------------^
[INFO] [stdout]     | |                                            ||
[INFO] [stdout]     | |                                            |this tail expression is of type `ReadSignal<String>`
[INFO] [stdout]     | |                                            the trait `FnMut()` is not implemented for `leptos::prelude::ReadSignal<std::string::String>`
[INFO] [stdout] ...   |
[INFO] [stdout] 198 | |         </article>
[INFO] [stdout] 199 | |     }
[INFO] [stdout]     | |_____- required by a bound introduced by this call
[INFO] [stdout]     |
[INFO] [stdout]     = note: required for `leptos::prelude::ReadSignal<std::string::String>` to implement `ReactiveFunction`
[INFO] [stdout]     = note: required for `leptos::prelude::ReadSignal<std::string::String>` to implement `leptos::prelude::Render`
[INFO] [stdout]     = note: required for `leptos::prelude::ReadSignal<std::string::String>` to implement `IntoRender`
[INFO] [stdout] help: you might have meant to create the closure instead of a block
[INFO] [stdout]     |
[INFO] [stdout] 167 |                         <p>Petrol cost/km: |_| {hybrid_fuel_cost}</p>
[INFO] [stdout]     |                                            +++
[INFO] [stdout] 
[INFO] [stdout] 
[INFO] [stdout] error[E0277]: the trait bound `(&str, leptos::prelude::ReadSignal<std::string::String>): RenderHtml` is not satisfied
[INFO] [stdout]    --> src/main.rs:133:5
[INFO] [stdout]     |
[INFO] [stdout] 133 | /     view! {
[INFO] [stdout] 134 | |         <article class="w-full max-w-screen-sm sm:max-w-md md:max-w-lg lg:max-w-xl xl:max-w-2xl mx-auto p-4">
[INFO] [stdout] 135 | |             <header class="">
[INFO] [stdout] 136 | |                 <h1>Hybrid EV Breakeven Calculator</h1>
[INFO] [stdout] ...   |
[INFO] [stdout] 198 | |         </article>
[INFO] [stdout] 199 | |     }
[INFO] [stdout]     | |_____^ the trait `RenderHtml` is not implemented for `(&str, leptos::prelude::ReadSignal<std::string::String>)`
[INFO] [stdout]     |
[INFO] [stdout]     = help: the following other types implement trait `RenderHtml`:
[INFO] [stdout]               ()
[INFO] [stdout]               (A, B)
[INFO] [stdout]               (A, B, C)
[INFO] [stdout]               (A, B, C, D)
[INFO] [stdout]               (A, B, C, D, E)
[INFO] [stdout]               (A, B, C, D, E, F)
[INFO] [stdout]               (A, B, C, D, E, F, G)
[INFO] [stdout]               (A, B, C, D, E, F, G, H)
[INFO] [stdout]             and 19 others
[INFO] [stdout]     = note: required for `leptos::html::HtmlElement<leptos::html::P, (), ()>` to implement `leptos::prelude::ElementChild<(&str, leptos::prelude::ReadSignal<std::string::String>)>`
[INFO] [stdout]     = note: this error originates in the macro `view` (in Nightly builds, run with -Z macro-backtrace for more info)
[INFO] [stdout] 
[INFO] [stdout] 
[INFO] [stdout] error[E0277]: the trait bound `HtmlElement<P, (), ((&str, ReadSignal<String>),)>: RenderHtml` is not satisfied
[INFO] [stdout]    --> src/main.rs:133:5
[INFO] [stdout]     |
[INFO] [stdout] 133 | /     view! {
[INFO] [stdout] 134 | |         <article class="w-full max-w-screen-sm sm:max-w-md md:max-w-lg lg:max-w-xl xl:max-w-2xl mx-auto p-4">
[INFO] [stdout] 135 | |             <header class="">
[INFO] [stdout] 136 | |                 <h1>Hybrid EV Breakeven Calculator</h1>
[INFO] [stdout] ...   |
[INFO] [stdout] 198 | |         </article>
[INFO] [stdout] 199 | |     }
[INFO] [stdout]     | |_____^ the trait `RenderHtml` is not implemented for `HtmlElement<P, (), ((&str, ReadSignal<String>),)>`
[INFO] [stdout]     |
[INFO] [stdout] help: the trait `RenderHtml` is conditionally implemented for `leptos::html::HtmlElement<E, At, Ch>`
[INFO] [stdout]    --> /opt/rustwide/cargo-home/registry/src/index.crates.io-1949cf8c6b5b557f/tachys-0.2.10/src/html/element/mod.rs:350:1
[INFO] [stdout]     |
[INFO] [stdout] 350 | / impl<E, At, Ch> RenderHtml for HtmlElement<E, At, Ch>
[INFO] [stdout] 351 | | where
[INFO] [stdout] 352 | |     E: ElementType + Send,
[INFO] [stdout] 353 | |     At: Attribute + Send,
[INFO] [stdout] 354 | |     Ch: RenderHtml + Send,
[INFO] [stdout]     | |_________----------_______^
[INFO] [stdout]     |           |
[INFO] [stdout]     |           unsatisfied requirement introduced here: `((&str, leptos::prelude::ReadSignal<std::string::String>),): RenderHtml`
[INFO] [stdout]     = note: required for `leptos::html::HtmlElement<leptos::html::Div, (), ()>` to implement `ElementChild<HtmlElement<P, (), ((&str, ReadSignal<String>),)>>`
[INFO] [stdout]     = note: the full name for the type has been written to '/opt/rustwide/target/release/deps/hybrid_ev_breakeven_calculator_rs-b18f70259b78fea5.long-type-3119074456190853771.txt'
[INFO] [stdout]     = note: consider using `--verbose` to print the full type name to the console
[INFO] [stdout]     = note: this error originates in the macro `view` (in Nightly builds, run with -Z macro-backtrace for more info)
[INFO] [stdout] 
[INFO] [stdout] 
[INFO] [stdout] error[E0277]: the trait bound `(InertElement, impl IntoView, impl IntoView, ...): RenderHtml` is not satisfied
[INFO] [stdout]    --> src/main.rs:133:5
[INFO] [stdout]     |
[INFO] [stdout] 133 | /     view! {
[INFO] [stdout] 134 | |         <article class="w-full max-w-screen-sm sm:max-w-md md:max-w-lg lg:max-w-xl xl:max-w-2xl mx-auto p-4">
[INFO] [stdout] 135 | |             <header class="">
[INFO] [stdout] 136 | |                 <h1>Hybrid EV Breakeven Calculator</h1>
[INFO] [stdout] ...   |
[INFO] [stdout] 198 | |         </article>
[INFO] [stdout] 199 | |     }
[INFO] [stdout]     | |_____^ the trait `RenderHtml` is not implemented for `(InertElement, impl IntoView, impl IntoView, ...)`
[INFO] [stdout]     |
[INFO] [stdout]     = help: the following other types implement trait `RenderHtml`:
[INFO] [stdout]               ()
[INFO] [stdout]               (A, B)
[INFO] [stdout]               (A, B, C)
[INFO] [stdout]               (A, B, C, D)
[INFO] [stdout]               (A, B, C, D, E)
[INFO] [stdout]               (A, B, C, D, E, F)
[INFO] [stdout]               (A, B, C, D, E, F, G)
[INFO] [stdout]               (A, B, C, D, E, F, G, H)
[INFO] [stdout]             and 19 others
[INFO] [stdout]     = note: required for `leptos::html::HtmlElement<Fieldset, (), ()>` to implement `ElementChild<(InertElement, impl IntoView, impl IntoView, ...)>`
[INFO] [stdout]     = note: the full name for the type has been written to '/opt/rustwide/target/release/deps/hybrid_ev_breakeven_calculator_rs-b18f70259b78fea5.long-type-13448114531188831353.txt'
[INFO] [stdout]     = note: consider using `--verbose` to print the full type name to the console
[INFO] [stdout]     = note: this error originates in the macro `view` (in Nightly builds, run with -Z macro-backtrace for more info)
[INFO] [stdout] 
[INFO] [stdout] 
[INFO] [stdout] error[E0277]: the trait bound `(HtmlElement<Fieldset, (), ((..., ...),)>, ..., ..., ...): RenderHtml` is not satisfied
[INFO] [stdout]    --> src/main.rs:133:5
[INFO] [stdout]     |
[INFO] [stdout] 133 | /     view! {
[INFO] [stdout] 134 | |         <article class="w-full max-w-screen-sm sm:max-w-md md:max-w-lg lg:max-w-xl xl:max-w-2xl mx-auto p-4">
[INFO] [stdout] 135 | |             <header class="">
[INFO] [stdout] 136 | |                 <h1>Hybrid EV Breakeven Calculator</h1>
[INFO] [stdout] ...   |
[INFO] [stdout] 198 | |         </article>
[INFO] [stdout] 199 | |     }
[INFO] [stdout]     | |_____^ the trait `RenderHtml` is not implemented for `(HtmlElement<Fieldset, (), ((InertElement, ...),)>, ..., ..., ...)`
[INFO] [stdout]     |
[INFO] [stdout]     = help: the following other types implement trait `RenderHtml`:
[INFO] [stdout]               ()
[INFO] [stdout]               (A, B)
[INFO] [stdout]               (A, B, C)
[INFO] [stdout]               (A, B, C, D)
[INFO] [stdout]               (A, B, C, D, E)
[INFO] [stdout]               (A, B, C, D, E, F)
[INFO] [stdout]               (A, B, C, D, E, F, G)
[INFO] [stdout]               (A, B, C, D, E, F, G, H)
[INFO] [stdout]             and 19 others
[INFO] [stdout]     = note: required for `leptos::html::HtmlElement<leptos::html::Form, (), ()>` to implement `ElementChild<(HtmlElement<Fieldset, (), (...,)>, ..., ..., ...)>`
[INFO] [stdout]     = note: the full name for the type has been written to '/opt/rustwide/target/release/deps/hybrid_ev_breakeven_calculator_rs-b18f70259b78fea5.long-type-14169024775621361140.txt'
[INFO] [stdout]     = note: consider using `--verbose` to print the full type name to the console
[INFO] [stdout]     = note: this error originates in the macro `view` (in Nightly builds, run with -Z macro-backtrace for more info)
[INFO] [stdout] 
[INFO] [stdout] 
[INFO] [stdout] error[E0599]: the method `method` exists for struct `HtmlElement<Form, (), ((HtmlElement<..., (), ...>, ..., ..., ...),)>`, but its trait bounds were not satisfied
[INFO] [stdout]    --> src/main.rs:145:23
[INFO] [stdout]     |
[INFO] [stdout] 133 | /     view! {
[INFO] [stdout] 134 | |         <article class="w-full max-w-screen-sm sm:max-w-md md:max-w-lg lg:max-w-xl xl:max-w-2xl mx-auto p-4">
[INFO] [stdout] 135 | |             <header class="">
[INFO] [stdout] 136 | |                 <h1>Hybrid EV Breakeven Calculator</h1>
[INFO] [stdout] ...   |
[INFO] [stdout] 144 | |             <section>
[INFO] [stdout] 145 | |                 <form method="GET" action="">
[INFO] [stdout]     | |                      -^^^^^^ method cannot be called due to unsatisfied trait bounds
[INFO] [stdout]     | |______________________|
[INFO] [stdout]     |
[INFO] [stdout]     |
[INFO] [stdout]     = note: the following trait bounds were not satisfied:
[INFO] [stdout]             `((leptos::html::HtmlElement<Fieldset, (), ((leptos::tachys::html::InertElement, impl leptos::IntoView),)>, leptos::html::HtmlElement<Fieldset, (), ((leptos::tachys::html::InertElement, impl leptos::IntoView),)>, leptos::html::HtmlElement<Fieldset, (), ((leptos::tachys::html::InertElement, impl leptos::IntoView, impl leptos::IntoView, leptos::html::HtmlElement<leptos::html::Div, (), (leptos::html::HtmlElement<leptos::html::P, (), ((&str, leptos::prelude::ReadSignal<std::string::String>),)>,)>),)>, leptos::html::HtmlElement<Fieldset, (), ((leptos::tachys::html::InertElement, impl leptos::IntoView, impl leptos::IntoView, leptos::html::HtmlElement<leptos::html::Div, (), (leptos::html::HtmlElement<leptos::html::P, (), ((&str, leptos::prelude::ReadSignal<std::string::String>),)>,)>),)>),): leptos::prelude::Render`
[INFO] [stdout]     = note: the full name for the type has been written to '/opt/rustwide/target/release/deps/hybrid_ev_breakeven_calculator_rs-b18f70259b78fea5.long-type-10132733824240618089.txt'
[INFO] [stdout]     = note: consider using `--verbose` to print the full type name to the console
[INFO] [stdout] 
[INFO] [stdout] 
[INFO] [stdout] error[E0277]: the trait bound `(InertElement, ..., ..., ..., ..., ..., ..., ...): RenderHtml` is not satisfied
[INFO] [stdout]    --> src/main.rs:133:5
[INFO] [stdout]     |
[INFO] [stdout] 133 | /     view! {
[INFO] [stdout] 134 | |         <article class="w-full max-w-screen-sm sm:max-w-md md:max-w-lg lg:max-w-xl xl:max-w-2xl mx-auto p-4">
[INFO] [stdout] 135 | |             <header class="">
[INFO] [stdout] 136 | |                 <h1>Hybrid EV Breakeven Calculator</h1>
[INFO] [stdout] ...   |
[INFO] [stdout] 198 | |         </article>
[INFO] [stdout] 199 | |     }
[INFO] [stdout]     | |_____^ the trait `RenderHtml` is not implemented for `(InertElement, HtmlElement<Dd, (), ...>, ..., ..., ..., ..., ..., ...)`
[INFO] [stdout]     |
[INFO] [stdout]     = help: the following other types implement trait `RenderHtml`:
[INFO] [stdout]               ()
[INFO] [stdout]               (A, B)
[INFO] [stdout]               (A, B, C)
[INFO] [stdout]               (A, B, C, D)
[INFO] [stdout]               (A, B, C, D, E)
[INFO] [stdout]               (A, B, C, D, E, F)
[INFO] [stdout]               (A, B, C, D, E, F, G)
[INFO] [stdout]               (A, B, C, D, E, F, G, H)
[INFO] [stdout]             and 19 others
[INFO] [stdout]     = note: required for `leptos::html::HtmlElement<Dl, (), ()>` to implement `ElementChild<(InertElement, ..., ..., ..., ..., ..., ..., ...)>`
[INFO] [stdout]     = note: the full name for the type has been written to '/opt/rustwide/target/release/deps/hybrid_ev_breakeven_calculator_rs-b18f70259b78fea5.long-type-14586255012441852430.txt'
[INFO] [stdout]     = note: consider using `--verbose` to print the full type name to the console
[INFO] [stdout]     = note: this error originates in the macro `view` (in Nightly builds, run with -Z macro-backtrace for more info)
[INFO] [stdout] 
[INFO] [stdout] 
[INFO] [stdout] error[E0277]: the trait bound `(InertElement, HtmlElement<Dl, (), (...,)>): RenderHtml` is not satisfied
[INFO] [stdout]    --> src/main.rs:133:5
[INFO] [stdout]     |
[INFO] [stdout] 133 | /     view! {
[INFO] [stdout] 134 | |         <article class="w-full max-w-screen-sm sm:max-w-md md:max-w-lg lg:max-w-xl xl:max-w-2xl mx-auto p-4">
[INFO] [stdout] 135 | |             <header class="">
[INFO] [stdout] 136 | |                 <h1>Hybrid EV Breakeven Calculator</h1>
[INFO] [stdout] ...   |
[INFO] [stdout] 198 | |         </article>
[INFO] [stdout] 199 | |     }
[INFO] [stdout]     | |_____^ the trait `RenderHtml` is not implemented for `(InertElement, HtmlElement<Dl, (), (...,)>)`
[INFO] [stdout]     |
[INFO] [stdout]     = help: the following other types implement trait `RenderHtml`:
[INFO] [stdout]               ()
[INFO] [stdout]               (A, B)
[INFO] [stdout]               (A, B, C)
[INFO] [stdout]               (A, B, C, D)
[INFO] [stdout]               (A, B, C, D, E)
[INFO] [stdout]               (A, B, C, D, E, F)
[INFO] [stdout]               (A, B, C, D, E, F, G)
[INFO] [stdout]               (A, B, C, D, E, F, G, H)
[INFO] [stdout]             and 19 others
[INFO] [stdout]     = note: required for `leptos::html::HtmlElement<Section, (), ()>` to implement `ElementChild<(InertElement, HtmlElement<Dl, (), (...,)>)>`
[INFO] [stdout]     = note: the full name for the type has been written to '/opt/rustwide/target/release/deps/hybrid_ev_breakeven_calculator_rs-b18f70259b78fea5.long-type-13413669590665485104.txt'
[INFO] [stdout]     = note: consider using `--verbose` to print the full type name to the console
[INFO] [stdout]     = note: this error originates in the macro `view` (in Nightly builds, run with -Z macro-backtrace for more info)
[INFO] [stdout] 
[INFO] [stdout] 
[INFO] [stdout] error[E0277]: the trait bound `leptos::prelude::ReadSignal<std::string::String>: IntoProperty` is not satisfied
[INFO] [stdout]   --> src/main.rs:48:13
[INFO] [stdout]    |
[INFO] [stdout] 48 |             prop:value=value
[INFO] [stdout]    |             ^^^^ the trait `FnMut()` is not implemented for `leptos::prelude::ReadSignal<std::string::String>`
[INFO] [stdout]    |
[INFO] [stdout] help: the trait `leptos::prelude::PropAttribute<K, P>` is conditionally implemented for `leptos::html::HtmlElement<E, At, Ch>`
[INFO] [stdout]   --> /opt/rustwide/cargo-home/registry/src/index.crates.io-1949cf8c6b5b557f/tachys-0.2.10/src/html/attribute/global.rs:54:1
[INFO] [stdout]    |
[INFO] [stdout] 54 | / impl<E, At, Ch, K, P> PropAttribute<K, P> for HtmlElement<E, At, Ch>
[INFO] [stdout] 55 | | where
[INFO] [stdout] 56 | |     E: ElementType + Send,
[INFO] [stdout] 57 | |     At: Attribute + Send,
[INFO] [stdout] 58 | |     Ch: RenderHtml + Send,
[INFO] [stdout] 59 | |     K: AsRef<str> + Send,
[INFO] [stdout] 60 | |     P: IntoProperty,
[INFO] [stdout]    | |________------------^
[INFO] [stdout]    |          |
[INFO] [stdout]    |          unsatisfied requirement introduced here: `leptos::prelude::ReadSignal<std::string::String>: IntoProperty`
[INFO] [stdout]    |          unsatisfied requirement introduced here: `leptos::prelude::ReadSignal<std::string::String>: IntoProperty`
[INFO] [stdout]    = note: required for `leptos::prelude::ReadSignal<std::string::String>` to implement `ReactiveFunction`
[INFO] [stdout]    = note: required for `leptos::prelude::ReadSignal<std::string::String>` to implement `IntoProperty`
[INFO] [stdout]    = note: required for `HtmlElement<Input, (Class<&str>, Attr<Type, &str>, ..., ...), ()>` to implement `leptos::prelude::PropAttribute<&str, leptos::prelude::ReadSignal<std::string::String>>`
[INFO] [stdout]    = note: the full name for the type has been written to '/opt/rustwide/target/release/deps/hybrid_ev_breakeven_calculator_rs-b18f70259b78fea5.long-type-13052578479896459644.txt'
[INFO] [stdout]    = note: consider using `--verbose` to print the full type name to the console
[INFO] [stdout] 
[INFO] [stdout] 
[INFO] [stdout] error[E0277]: the trait bound `View<HtmlElement<Input, (..., ..., ..., ..., ...), ()>>: IntoView` is not satisfied
[INFO] [stdout]   --> src/main.rs:13:85
[INFO] [stdout]    |
[INFO] [stdout] 13 | pub fn NumberInput(handle_input: WriteSignal<String>, value: ReadSignal<String>) -> impl IntoView {
[INFO] [stdout]    |                                                                                     ^^^^^^^^^^^^^ the trait `RenderHtml` is not implemented for `View<HtmlElement<Input, (Class<&str>, ..., ..., ..., ...), ()>>`
[INFO] [stdout]    |
[INFO] [stdout] help: the trait `RenderHtml` is conditionally implemented for `leptos::prelude::View<T>`
[INFO] [stdout]   --> /opt/rustwide/cargo-home/registry/src/index.crates.io-1949cf8c6b5b557f/leptos-0.8.11/src/into_view.rs:88:1
[INFO] [stdout]    |
[INFO] [stdout] 88 | impl<T: RenderHtml> RenderHtml for View<T> {
[INFO] [stdout]    | ^^^^^^^^----------^^^^^^^^^^^^^^^^^^^^^^^^
[INFO] [stdout]    |         |
[INFO] [stdout]    |         unsatisfied requirement introduced here: `leptos::html::HtmlElement<Input, (Class<&str>, Attr<leptos::attr::Type, &str>, On<keypress, {closure@src/main.rs:14:41: 14:77}>, On<input, {closure@src/main.rs:45:22: 45:31}>, leptos::tachys::html::property::Property<&str, leptos::prelude::ReadSignal<std::string::String>>), ()>: RenderHtml`
[INFO] [stdout]    = note: required for `View<HtmlElement<Input, (Class<&str>, ..., ..., ..., ...), ()>>` to implement `leptos::IntoView`
[INFO] [stdout]    = note: the full name for the type has been written to '/opt/rustwide/target/release/deps/hybrid_ev_breakeven_calculator_rs-b18f70259b78fea5.long-type-4636126208490831681.txt'
[INFO] [stdout]    = note: consider using `--verbose` to print the full type name to the console
[INFO] [stdout] 
[INFO] [stdout] 
[INFO] [stdout] Some errors have detailed explanations: E0277, E0599, E0618.
[INFO] [stdout] 
[INFO] [stdout] For more information about an error, try `rustc --explain E0277`.
[INFO] [stdout] 
[INFO] [stderr] error: could not compile `hybrid-ev-breakeven-calculator-rs` (bin "hybrid-ev-breakeven-calculator-rs") due to 16 previous errors
[INFO] running `Command { std: "docker" "inspect" "f17d03d809f5734696ca7a9dda83b8694ee8e303a4b0f1a282f7e1138af7a0b0", kill_on_drop: false }`
[INFO] running `Command { std: "docker" "rm" "-f" "f17d03d809f5734696ca7a9dda83b8694ee8e303a4b0f1a282f7e1138af7a0b0", kill_on_drop: false }`
[INFO] [stdout] f17d03d809f5734696ca7a9dda83b8694ee8e303a4b0f1a282f7e1138af7a0b0
