[INFO] cloning repository https://github.com/lborres/aoc25
[INFO] running `Command { std: "git" "-c" "credential.helper=" "-c" "credential.helper=/workspace/cargo-home/bin/git-credential-null" "clone" "--bare" "https://github.com/lborres/aoc25" "/workspace/cache/git-repos/https%3A%2F%2Fgithub.com%2Flborres%2Faoc25", kill_on_drop: false }`
[INFO] [stderr] Cloning into bare repository '/workspace/cache/git-repos/https%3A%2F%2Fgithub.com%2Flborres%2Faoc25'...
[INFO] running `Command { std: "git" "rev-parse" "HEAD", kill_on_drop: false }`
[INFO] [stdout] 6d589ecb70dd6f806ebb80337bafe43f95c2e53d
[INFO] testing lborres/aoc25 against 1.99.0-beta.1+cargoflags=--release for beta-release-1.99-2
[INFO] running `Command { std: "git" "clone" "/workspace/cache/git-repos/https%3A%2F%2Fgithub.com%2Flborres%2Faoc25" "/workspace/builds/worker-2-tc2/source", kill_on_drop: false }`
[INFO] [stderr] Cloning into '/workspace/builds/worker-2-tc2/source'...
[INFO] [stderr] done.
[INFO] started tweaking git repo https://github.com/lborres/aoc25
[INFO] finished tweaking git repo https://github.com/lborres/aoc25
[INFO] tweaked toml for git repo https://github.com/lborres/aoc25 written to /workspace/builds/worker-2-tc2/source/Cargo.toml
[INFO] validating manifest of git repo https://github.com/lborres/aoc25 on toolchain 1.99.0-beta.1
[INFO] running `Command { std: CARGO_HOME="/workspace/cargo-home" RUSTUP_HOME="/workspace/rustup-home" "/workspace/cargo-home/bin/cargo" "+1.99.0-beta.1" "metadata" "--manifest-path" "Cargo.toml" "--no-deps", kill_on_drop: false }`
[INFO] crate git repo https://github.com/lborres/aoc25 already has a lockfile, it will not be regenerated
[INFO] running `Command { std: CARGO_HOME="/workspace/cargo-home" RUSTUP_HOME="/workspace/rustup-home" "/workspace/cargo-home/bin/cargo" "+1.99.0-beta.1" "fetch" "--manifest-path" "Cargo.toml", kill_on_drop: false }`
[INFO] running `Command { std: "docker" "create" "-v" "/var/lib/crater-agent-workspace/builds/worker-2-tc2/source:/opt/rustwide/workdir:ro,Z" "-v" "/var/lib/crater-agent-workspace/builds/worker-2-tc2/target:/opt/rustwide/target:rw,Z" "-v" "/var/lib/crater-agent-workspace/cargo-home:/opt/rustwide/cargo-home:ro,Z" "-v" "/var/lib/crater-agent-workspace/rustup-home:/opt/rustwide/rustup-home:ro,Z" "-m" "1610612736" "--network" "none" "ghcr.io/rust-lang/crates-build-env/linux@sha256:8683fc1fc2eb5c9ac98e0d076ab094b2ffac7f99da555d2b6a2e27f346de2ec7" "sleep" "infinity", kill_on_drop: false }`
[INFO] [stdout] 38dfd00ad14cbd22ee05164e878b4b288e2f8d2d7ac1d92aee9cb2892cab1b40
[INFO] running `Command { std: "docker" "start" "38dfd00ad14cbd22ee05164e878b4b288e2f8d2d7ac1d92aee9cb2892cab1b40", kill_on_drop: false }`
[INFO] running `Command { std: "docker" "inspect" "38dfd00ad14cbd22ee05164e878b4b288e2f8d2d7ac1d92aee9cb2892cab1b40", kill_on_drop: false }`
[INFO] running `Command { std: "docker" "exec" "-e" "SOURCE_DIR=/opt/rustwide/workdir" "-e" "CARGO_HOME=/opt/rustwide/cargo-home" "-e" "RUSTUP_HOME=/opt/rustwide/rustup-home" "-e" "CARGO_TARGET_DIR=/opt/rustwide/target" "-w" "/opt/rustwide/workdir" "--user" "0:0" "38dfd00ad14cbd22ee05164e878b4b288e2f8d2d7ac1d92aee9cb2892cab1b40" "/opt/rustwide/cargo-home/bin/cargo" "+1.99.0-beta.1" "metadata" "--no-deps" "--format-version=1", kill_on_drop: false }`
[INFO] running `Command { std: "docker" "inspect" "38dfd00ad14cbd22ee05164e878b4b288e2f8d2d7ac1d92aee9cb2892cab1b40", kill_on_drop: false }`
[INFO] running `Command { std: "docker" "exec" "-e" "SOURCE_DIR=/opt/rustwide/workdir" "-e" "CARGO_HOME=/opt/rustwide/cargo-home" "-e" "RUSTUP_HOME=/opt/rustwide/rustup-home" "-e" "CARGO_TARGET_DIR=/opt/rustwide/target" "-e" "CARGO_INCREMENTAL=0" "-e" "RUST_BACKTRACE=full" "-e" "RUSTFLAGS=--cap-lints=warn" "-e" "RUSTDOCFLAGS=--cap-lints=warn" "-w" "/opt/rustwide/workdir" "--user" "0:0" "38dfd00ad14cbd22ee05164e878b4b288e2f8d2d7ac1d92aee9cb2892cab1b40" "/opt/rustwide/cargo-home/bin/cargo" "+1.99.0-beta.1" "build" "--frozen" "--message-format=json" "--release", kill_on_drop: false }`
[INFO] [stderr]    Compiling proc-macro2 v1.0.104
[INFO] [stderr]    Compiling quote v1.0.42
[INFO] [stderr]    Compiling unicode-ident v1.0.22
[INFO] [stderr]    Compiling memchr v2.7.6
[INFO] [stderr]    Compiling once_cell v1.21.3
[INFO] [stderr]    Compiling colorchoice v1.0.4
[INFO] [stderr]    Compiling anstyle v1.0.13
[INFO] [stderr]    Compiling serde_core v1.0.228
[INFO] [stderr]    Compiling log v0.4.29
[INFO] [stderr]    Compiling clap_lex v0.7.6
[INFO] [stderr]    Compiling anstyle-parse v0.2.7
[INFO] [stderr]    Compiling regex-syntax v0.8.8
[INFO] [stderr]    Compiling anyhow v1.0.100
[INFO] [stderr]    Compiling ryu v1.0.22
[INFO] [stderr]    Compiling itoa v1.0.17
[INFO] [stderr]    Compiling dotenvy v0.15.7
[INFO] [stderr]    Compiling anstream v0.6.21
[INFO] [stderr]    Compiling clap_builder v4.5.53
[INFO] [stderr]    Compiling tracing-core v0.1.36
[INFO] [stderr]    Compiling aho-corasick v1.1.4
[INFO] [stderr]    Compiling csv-core v0.1.13
[INFO] [stderr]    Compiling tracing-log v0.2.0
[INFO] [stderr]    Compiling syn v2.0.112
[INFO] [stderr]    Compiling tracing-subscriber v0.3.22
[INFO] [stderr]    Compiling regex-automata v0.4.13
[INFO] [stderr]    Compiling csv v1.4.0
[INFO] [stderr]    Compiling tracing-attributes v0.1.31
[INFO] [stderr]    Compiling clap_derive v4.5.49
[INFO] [stderr]    Compiling regex v1.12.2
[INFO] [stderr]    Compiling tracing v0.1.44
[INFO] [stderr]    Compiling clap v4.5.53
[INFO] [stderr]    Compiling advent v0.1.0 (/opt/rustwide/workdir)
[INFO] [stdout] error[E0433]: cannot find `reader` in the crate root
[INFO] [stdout]  --> src/handlers/day01.rs:3:32
[INFO] [stdout]   |
[INFO] [stdout] 3 | use crate::{handlers::Handler, reader::reader::{CsvInputReader, InputReader}};
[INFO] [stdout]   |                                ^^^^^^ unresolved import
[INFO] [stdout]   |
[INFO] [stdout] help: a similar path exists
[INFO] [stdout]   |
[INFO] [stdout] 3 | use crate::{handlers::Handler, input::reader::reader::{CsvInputReader, InputReader}};
[INFO] [stdout]   |                                +++++++
[INFO] [stdout] 
[INFO] [stdout] 
[INFO] [stdout] error[E0425]: cannot find type `T` in this scope
[INFO] [stdout]  --> src/parsers/day01.rs:6:72
[INFO] [stdout]   |
[INFO] [stdout] 6 |     fn parse_record(records: Vec<csv::StringRecord>) -> anyhow::Result<T> {
[INFO] [stdout]   |                                                                        ^ not found in this scope
[INFO] [stdout]   |
[INFO] [stdout] help: you might be missing a type parameter
[INFO] [stdout]   |
[INFO] [stdout] 5 | impl<T> CsvParser for Day01Parser {
[INFO] [stdout]   |     +++
[INFO] [stdout] 
[INFO] [stdout] 
[INFO] [stdout] error[E0107]: missing generics for trait `CsvParser`
[INFO] [stdout]  --> src/parsers/day01.rs:5:6
[INFO] [stdout]   |
[INFO] [stdout] 5 | impl CsvParser for Day01Parser {
[INFO] [stdout]   |      ^^^^^^^^^ expected 1 generic argument
[INFO] [stdout]   |
[INFO] [stdout] note: trait defined here, with 1 generic parameter: `T`
[INFO] [stdout]  --> src/parsers/mod.rs:5:11
[INFO] [stdout]   |
[INFO] [stdout] 5 | pub trait CsvParser<T> {
[INFO] [stdout]   |           ^^^^^^^^^ -
[INFO] [stdout] help: add missing generic argument
[INFO] [stdout]   |
[INFO] [stdout] 5 | impl CsvParser<T> for Day01Parser {
[INFO] [stdout]   |               +++
[INFO] [stdout] 
[INFO] [stdout] 
[INFO] [stdout] warning: unused variable: `input`
[INFO] [stdout]  --> src/services/day01.rs:1:14
[INFO] [stdout]   |
[INFO] [stdout] 1 | pub fn part1(input: &str) -> String {
[INFO] [stdout]   |              ^^^^^ help: if this is intentional, prefix it with an underscore: `_input`
[INFO] [stdout]   |
[INFO] [stdout]   = note: `#[warn(unused_variables)]` (part of `#[warn(unused)]`) on by default
[INFO] [stdout] 
[INFO] [stdout] 
[INFO] [stdout] warning: unused variable: `input`
[INFO] [stdout]  --> src/services/day01.rs:4:14
[INFO] [stdout]   |
[INFO] [stdout] 4 | pub fn part2(input: &str) -> String {
[INFO] [stdout]   |              ^^^^^ help: if this is intentional, prefix it with an underscore: `_input`
[INFO] [stdout] 
[INFO] [stdout] 
[INFO] [stdout] Some errors have detailed explanations: E0107, E0425, E0433.
[INFO] [stdout] 
[INFO] [stdout] For more information about an error, try `rustc --explain E0107`.
[INFO] [stdout] 
[INFO] [stderr] error: could not compile `advent` (lib) due to 3 previous errors; 2 warnings emitted
[INFO] [stderr] warning: build failed, waiting for other jobs to finish...
[INFO] running `Command { std: "docker" "inspect" "38dfd00ad14cbd22ee05164e878b4b288e2f8d2d7ac1d92aee9cb2892cab1b40", kill_on_drop: false }`
[INFO] running `Command { std: "docker" "rm" "-f" "38dfd00ad14cbd22ee05164e878b4b288e2f8d2d7ac1d92aee9cb2892cab1b40", kill_on_drop: false }`
[INFO] [stdout] 38dfd00ad14cbd22ee05164e878b4b288e2f8d2d7ac1d92aee9cb2892cab1b40
