[INFO] cloning repository https://github.com/kyle-mccarthy/teamwork
[INFO] running `Command { std: "git" "-c" "credential.helper=" "-c" "credential.helper=/workspace/cargo-home/bin/git-credential-null" "clone" "--bare" "https://github.com/kyle-mccarthy/teamwork" "/workspace/cache/git-repos/https%3A%2F%2Fgithub.com%2Fkyle-mccarthy%2Fteamwork", kill_on_drop: false }`
[INFO] [stderr] Cloning into bare repository '/workspace/cache/git-repos/https%3A%2F%2Fgithub.com%2Fkyle-mccarthy%2Fteamwork'...
[INFO] running `Command { std: "git" "rev-parse" "HEAD", kill_on_drop: false }`
[INFO] [stdout] 566053e7d372d1c7a18cb4a5c6744a15bde68bc4
[INFO] testing kyle-mccarthy/teamwork against 1.98.0-beta.8+cargoflags=--release for beta-release-1.99-2
[INFO] running `Command { std: "git" "clone" "/workspace/cache/git-repos/https%3A%2F%2Fgithub.com%2Fkyle-mccarthy%2Fteamwork" "/workspace/builds/worker-4-tc1/source", kill_on_drop: false }`
[INFO] [stderr] Cloning into '/workspace/builds/worker-4-tc1/source'...
[INFO] [stderr] done.
[INFO] started tweaking git repo https://github.com/kyle-mccarthy/teamwork
[INFO] finished tweaking git repo https://github.com/kyle-mccarthy/teamwork
[INFO] tweaked toml for git repo https://github.com/kyle-mccarthy/teamwork written to /workspace/builds/worker-4-tc1/source/Cargo.toml
[INFO] validating manifest of git repo https://github.com/kyle-mccarthy/teamwork on toolchain 1.98.0-beta.8
[INFO] running `Command { std: CARGO_HOME="/workspace/cargo-home" RUSTUP_HOME="/workspace/rustup-home" "/workspace/cargo-home/bin/cargo" "+1.98.0-beta.8" "metadata" "--manifest-path" "Cargo.toml" "--no-deps", kill_on_drop: false }`
[INFO] crate git repo https://github.com/kyle-mccarthy/teamwork already has a lockfile, it will not be regenerated
[INFO] running `Command { std: CARGO_HOME="/workspace/cargo-home" RUSTUP_HOME="/workspace/rustup-home" "/workspace/cargo-home/bin/cargo" "+1.98.0-beta.8" "fetch" "--manifest-path" "Cargo.toml", kill_on_drop: false }`
[INFO] [stderr]     Updating crates.io index
[INFO] [stderr]  Downloading crates ...
[INFO] [stderr]   Downloaded async-process v1.0.1
[INFO] [stderr]   Downloaded sluice v0.5.3
[INFO] [stderr]   Downloaded async-global-executor v1.4.3
[INFO] [stderr]   Downloaded wasm-bindgen-shared v0.2.69
[INFO] [stderr]   Downloaded fastrand v1.4.0
[INFO] [stderr]   Downloaded ghash v0.3.0
[INFO] [stderr]   Downloaded serde_test v0.8.23
[INFO] [stderr]   Downloaded waker-fn v1.1.0
[INFO] [stderr]   Downloaded route-recognizer v0.2.0
[INFO] [stderr]   Downloaded parking v2.0.0
[INFO] [stderr]   Downloaded wasm-bindgen-macro v0.2.69
[INFO] [stderr]   Downloaded const_fn v0.4.4
[INFO] [stderr]   Downloaded sha2 v0.9.2
[INFO] [stderr]   Downloaded crypto-mac v0.10.0
[INFO] [stderr]   Downloaded subtle v2.4.0
[INFO] [stderr]   Downloaded hkdf v0.10.0
[INFO] [stderr]   Downloaded polyval v0.4.3
[INFO] [stderr]   Downloaded ctr v0.6.0
[INFO] [stderr]   Downloaded hmac v0.10.1
[INFO] [stderr]   Downloaded infer v0.2.3
[INFO] [stderr]   Downloaded universal-hash v0.4.0
[INFO] [stderr]   Downloaded atomic-waker v1.0.0
[INFO] [stderr]   Downloaded serde_with_macros v1.3.0
[INFO] [stderr]   Downloaded cipher v0.2.5
[INFO] [stderr]   Downloaded concurrent-queue v1.2.2
[INFO] [stderr]   Downloaded nb-connect v1.0.2
[INFO] [stderr]   Downloaded async-mutex v1.4.0
[INFO] [stderr]   Downloaded async-executor v1.4.0
[INFO] [stderr]   Downloaded cookie v0.14.3
[INFO] [stderr]   Downloaded wasm-bindgen-backend v0.2.69
[INFO] [stderr]   Downloaded wasm-bindgen-macro-support v0.2.69
[INFO] [stderr]   Downloaded async-attributes v1.1.1
[INFO] [stderr]   Downloaded simple-mutex v1.1.5
[INFO] [stderr]   Downloaded cache-padded v1.1.1
[INFO] [stderr]   Downloaded num-traits v0.1.43
[INFO] [stderr]   Downloaded gloo-timers v0.2.1
[INFO] [stderr]   Downloaded async-channel v1.5.1
[INFO] [stderr]   Downloaded async-session v2.0.1
[INFO] [stderr]   Downloaded event-listener v2.5.1
[INFO] [stderr]   Downloaded maybe-uninit v2.0.0
[INFO] [stderr]   Downloaded async-dup v1.2.2
[INFO] [stderr]   Downloaded darling_macro v0.10.2
[INFO] [stderr]   Downloaded aead v0.3.2
[INFO] [stderr]   Downloaded byte-pool v0.2.2
[INFO] [stderr]   Downloaded strsim v0.9.3
[INFO] [stderr]   Downloaded async-sse v4.1.0
[INFO] [stderr]   Downloaded crossbeam-queue v0.2.3
[INFO] [stderr]   Downloaded cpuid-bool v0.2.0
[INFO] [stderr]   Downloaded vec-arena v1.0.0
[INFO] [stderr]   Downloaded linked-hash-map v0.3.0
[INFO] [stderr]   Downloaded serde v0.8.23
[INFO] [stderr]   Downloaded rust-ini v0.13.0
[INFO] [stderr]   Downloaded kv-log-macro v1.0.7
[INFO] [stderr]   Downloaded data-encoding v2.3.1
[INFO] [stderr]   Downloaded wasm-bindgen-futures v0.4.19
[INFO] [stderr]   Downloaded blocking v1.0.2
[INFO] [stderr]   Downloaded anyhow v1.0.36
[INFO] [stderr]   Downloaded tracing-attributes v0.1.11
[INFO] [stderr]   Downloaded signal-hook v0.1.16
[INFO] [stderr]   Downloaded async-task v4.0.3
[INFO] [stderr]   Downloaded async-io v1.3.1
[INFO] [stderr]   Downloaded polling v2.0.2
[INFO] [stderr]   Downloaded http-client v6.2.0
[INFO] [stderr]   Downloaded wepoll-sys v3.0.1
[INFO] [stderr]   Downloaded bincode v1.3.1
[INFO] [stderr]   Downloaded darling v0.10.2
[INFO] [stderr]   Downloaded config v0.10.1
[INFO] [stderr]   Downloaded serde-hjson v0.9.1
[INFO] [stderr]   Downloaded serde_json v1.0.60
[INFO] [stderr]   Downloaded serde_derive v1.0.118
[INFO] [stderr]   Downloaded serde_qs v0.7.2
[INFO] [stderr]   Downloaded futures-lite v1.11.3
[INFO] [stderr]   Downloaded crossbeam-utils v0.8.1
[INFO] [stderr]   Downloaded spinning_top v0.2.2
[INFO] [stderr]   Downloaded async-h1 v2.3.0
[INFO] [stderr]   Downloaded darling_core v0.10.2
[INFO] [stderr]   Downloaded tide v0.15.0
[INFO] [stderr]   Downloaded cc v1.0.66
[INFO] [stderr]   Downloaded openssl-sys v0.9.59
[INFO] [stderr]   Downloaded serde_with v1.6.0
[INFO] [stderr]   Downloaded surf v2.1.0
[INFO] [stderr]   Downloaded tracing v0.1.22
[INFO] [stderr]   Downloaded flume v0.9.2
[INFO] [stderr]   Downloaded lexical-core v0.7.4
[INFO] [stderr]   Downloaded serde v1.0.118
[INFO] [stderr]   Downloaded aes v0.6.0
[INFO] [stderr]   Downloaded aesni v0.10.0
[INFO] [stderr]   Downloaded aes-soft v0.6.4
[INFO] [stderr]   Downloaded js-sys v0.3.46
[INFO] [stderr]   Downloaded curl v0.4.34
[INFO] [stderr]   Downloaded http v0.2.2
[INFO] [stderr]   Downloaded syn v1.0.55
[INFO] [stderr]   Downloaded aes-gcm v0.8.0
[INFO] [stderr]   Downloaded wasm-bindgen v0.2.69
[INFO] [stderr]   Downloaded blake3 v0.3.7
[INFO] [stderr]   Downloaded nom v5.1.2
[INFO] [stderr]   Downloaded isahc v0.9.14
[INFO] [stderr]   Downloaded async-std v1.8.0
[INFO] [stderr]   Downloaded femme v2.1.1
[INFO] [stderr]   Downloaded web-sys v0.3.46
[INFO] [stderr]   Downloaded http-types v2.9.0
[INFO] [stderr]   Downloaded libz-sys v1.1.2
[INFO] [stderr]   Downloaded curl-sys v0.4.39+curl-7.74.0
[INFO] [stderr]   Downloaded libnghttp2-sys v0.1.5+1.42.0
[INFO] running `Command { std: "docker" "create" "-v" "/var/lib/crater-agent-workspace/builds/worker-4-tc1/source:/opt/rustwide/workdir:ro,Z" "-v" "/var/lib/crater-agent-workspace/builds/worker-4-tc1/target:/opt/rustwide/target:rw,Z" "-v" "/var/lib/crater-agent-workspace/cargo-home:/opt/rustwide/cargo-home:ro,Z" "-v" "/var/lib/crater-agent-workspace/rustup-home:/opt/rustwide/rustup-home:ro,Z" "-m" "1610612736" "--network" "none" "ghcr.io/rust-lang/crates-build-env/linux@sha256:8683fc1fc2eb5c9ac98e0d076ab094b2ffac7f99da555d2b6a2e27f346de2ec7" "sleep" "infinity", kill_on_drop: false }`
[INFO] [stdout] e47183dc42c07585dae05320b2a6660b25dd065eb335dd816c268c49e6988417
[INFO] running `Command { std: "docker" "start" "e47183dc42c07585dae05320b2a6660b25dd065eb335dd816c268c49e6988417", kill_on_drop: false }`
[INFO] running `Command { std: "docker" "inspect" "e47183dc42c07585dae05320b2a6660b25dd065eb335dd816c268c49e6988417", kill_on_drop: false }`
[INFO] running `Command { std: "docker" "exec" "-e" "SOURCE_DIR=/opt/rustwide/workdir" "-e" "CARGO_HOME=/opt/rustwide/cargo-home" "-e" "RUSTUP_HOME=/opt/rustwide/rustup-home" "-e" "CARGO_TARGET_DIR=/opt/rustwide/target" "-w" "/opt/rustwide/workdir" "--user" "0:0" "e47183dc42c07585dae05320b2a6660b25dd065eb335dd816c268c49e6988417" "/opt/rustwide/cargo-home/bin/cargo" "+1.98.0-beta.8" "metadata" "--no-deps" "--format-version=1", kill_on_drop: false }`
[INFO] running `Command { std: "docker" "inspect" "e47183dc42c07585dae05320b2a6660b25dd065eb335dd816c268c49e6988417", kill_on_drop: false }`
[INFO] running `Command { std: "docker" "exec" "-e" "SOURCE_DIR=/opt/rustwide/workdir" "-e" "CARGO_HOME=/opt/rustwide/cargo-home" "-e" "RUSTUP_HOME=/opt/rustwide/rustup-home" "-e" "CARGO_TARGET_DIR=/opt/rustwide/target" "-e" "CARGO_INCREMENTAL=0" "-e" "RUST_BACKTRACE=full" "-e" "RUSTFLAGS=--cap-lints=warn" "-e" "RUSTDOCFLAGS=--cap-lints=warn" "-w" "/opt/rustwide/workdir" "--user" "0:0" "e47183dc42c07585dae05320b2a6660b25dd065eb335dd816c268c49e6988417" "/opt/rustwide/cargo-home/bin/cargo" "+1.98.0-beta.8" "build" "--frozen" "--message-format=json" "--release", kill_on_drop: false }`
[INFO] [stderr]    Compiling proc-macro2 v1.0.24
[INFO] [stderr]    Compiling syn v1.0.55
[INFO] [stderr]    Compiling libc v0.2.81
[INFO] [stderr]    Compiling memchr v2.3.4
[INFO] [stderr]    Compiling typenum v1.12.0
[INFO] [stderr]    Compiling generic-array v0.14.4
[INFO] [stderr]    Compiling serde v1.0.118
[INFO] [stderr]    Compiling serde_derive v1.0.118
[INFO] [stderr]    Compiling cc v1.0.66
[INFO] [stderr]    Compiling futures-core v0.3.8
[INFO] [stderr]    Compiling ryu v1.0.5
[INFO] [stderr]    Compiling log v0.4.11
[INFO] [stderr]    Compiling subtle v2.4.0
[INFO] [stderr]    Compiling futures-io v0.3.8
[INFO] [stderr]    Compiling pin-project-lite v0.2.0
[INFO] [stderr]    Compiling cfg-if v1.0.0
[INFO] [stderr]    Compiling once_cell v1.5.2
[INFO] [stderr]    Compiling pkg-config v0.3.19
[INFO] [stderr]    Compiling serde_json v1.0.60
[INFO] [stderr]    Compiling waker-fn v1.1.0
[INFO] [stderr]    Compiling parking v2.0.0
[INFO] [stderr]    Compiling cache-padded v1.1.1
[INFO] [stderr]    Compiling fastrand v1.4.0
[INFO] [stderr]    Compiling concurrent-queue v1.2.2
[INFO] [stderr]    Compiling standback v0.2.13
[INFO] [stderr]    Compiling event-listener v2.5.1
[INFO] [stderr]    Compiling proc-macro-hack v0.5.19
[INFO] [stderr]    Compiling getrandom v0.1.15
[INFO] [stderr]    Compiling percent-encoding v2.1.0
[INFO] [stderr]    Compiling opaque-debug v0.3.0
[INFO] [stderr]    Compiling vec-arena v1.0.0
[INFO] [stderr]    Compiling crossbeam-utils v0.8.1
[INFO] [stderr]    Compiling futures-lite v1.11.3
[INFO] [stderr]    Compiling tinyvec_macros v0.1.0
[INFO] [stderr]    Compiling async-task v4.0.3
[INFO] [stderr]    Compiling tinyvec v1.1.0
[INFO] [stderr]    Compiling ppv-lite86 v0.2.10
[INFO] [stderr]    Compiling cpuid-bool v0.2.0
[INFO] [stderr]    Compiling const_fn v0.4.4
[INFO] [stderr]    Compiling form_urlencoded v1.0.0
[INFO] [stderr]    Compiling async-channel v1.5.1
[INFO] [stderr]    Compiling num-traits v0.2.14
[INFO] [stderr]    Compiling time v0.2.23
[INFO] [stderr]    Compiling atomic-waker v1.0.0
[INFO] [stderr]    Compiling quote v1.0.8
[INFO] [stderr]    Compiling nb-connect v1.0.2
[INFO] [stderr]    Compiling signal-hook-registry v1.2.2
[INFO] [stderr]    Compiling num_cpus v1.13.0
[INFO] [stderr]    Compiling polling v2.0.2
[INFO] [stderr]    Compiling rand_core v0.5.1
[INFO] [stderr]    Compiling anyhow v1.0.36
[INFO] [stderr]    Compiling cpuid-bool v0.1.2
[INFO] [stderr]    Compiling kv-log-macro v1.0.7
[INFO] [stderr]    Compiling rand_chacha v0.2.2
[INFO] [stderr]    Compiling signal-hook v0.1.16
[INFO] [stderr]    Compiling libz-sys v1.1.2
[INFO] [stderr]    Compiling libnghttp2-sys v0.1.5+1.42.0
[INFO] [stderr]    Compiling openssl-sys v0.9.59
[INFO] [stderr]    Compiling curl-sys v0.4.39+curl-7.74.0
[INFO] [stderr]    Compiling async-mutex v1.4.0
[INFO] [stderr]    Compiling unicase v2.6.0
[INFO] [stderr]    Compiling cookie v0.14.3
[INFO] [stderr]    Compiling strsim v0.9.3
[INFO] [stderr]    Compiling base64 v0.12.3
[INFO] [stderr]    Compiling pin-project-internal v0.4.27
[INFO] [stderr] warning: openssl-sys@0.9.59: build/expando.c:4:24: error: pasting "RUST_VERSION_OPENSSL_" and "(" does not give a valid preprocessing token
[INFO] [stderr] warning: openssl-sys@0.9.59:     4 | #define VERSION2(n, v) RUST_VERSION_##n##_##v
[INFO] [stderr] warning: openssl-sys@0.9.59:       |                        ^~~~~~~~~~~~~
[INFO] [stderr] warning: openssl-sys@0.9.59: build/expando.c:5:23: note: in expansion of macro 'VERSION2'
[INFO] [stderr] warning: openssl-sys@0.9.59:     5 | #define VERSION(n, v) VERSION2(n, v)
[INFO] [stderr] warning: openssl-sys@0.9.59:       |                       ^~~~~~~~
[INFO] [stderr] warning: openssl-sys@0.9.59: build/expando.c:10:1: note: in expansion of macro 'VERSION'
[INFO] [stderr] warning: openssl-sys@0.9.59:    10 | VERSION(OPENSSL, OPENSSL_VERSION_NUMBER)
[INFO] [stderr] warning: openssl-sys@0.9.59:       | ^~~~~~~
[INFO] [stderr] error: failed to run custom build command for `openssl-sys v0.9.59`
[INFO] [stderr] note: To improve backtraces for build dependencies, set the CARGO_PROFILE_RELEASE_BUILD_OVERRIDE_DEBUG=true environment variable to enable debug information generation.
[INFO] [stderr] 
[INFO] [stderr] Caused by:
[INFO] [stderr]   process didn't exit successfully: `/opt/rustwide/target/release/build/openssl-sys-4085d8c26b4a6368/build-script-main` (exit status: 101)
[INFO] [stderr]   --- stdout
[INFO] [stderr]   cargo:rustc-cfg=const_fn
[INFO] [stderr]   cargo:rerun-if-env-changed=X86_64_UNKNOWN_LINUX_GNU_OPENSSL_LIB_DIR
[INFO] [stderr]   X86_64_UNKNOWN_LINUX_GNU_OPENSSL_LIB_DIR unset
[INFO] [stderr]   cargo:rerun-if-env-changed=OPENSSL_LIB_DIR
[INFO] [stderr]   OPENSSL_LIB_DIR unset
[INFO] [stderr]   cargo:rerun-if-env-changed=X86_64_UNKNOWN_LINUX_GNU_OPENSSL_INCLUDE_DIR
[INFO] [stderr]   X86_64_UNKNOWN_LINUX_GNU_OPENSSL_INCLUDE_DIR unset
[INFO] [stderr]   cargo:rerun-if-env-changed=OPENSSL_INCLUDE_DIR
[INFO] [stderr]   OPENSSL_INCLUDE_DIR unset
[INFO] [stderr]   cargo:rerun-if-env-changed=X86_64_UNKNOWN_LINUX_GNU_OPENSSL_DIR
[INFO] [stderr]   X86_64_UNKNOWN_LINUX_GNU_OPENSSL_DIR unset
[INFO] [stderr]   cargo:rerun-if-env-changed=OPENSSL_DIR
[INFO] [stderr]   OPENSSL_DIR unset
[INFO] [stderr]   cargo:rerun-if-env-changed=OPENSSL_NO_PKG_CONFIG
[INFO] [stderr]   cargo:rerun-if-env-changed=PKG_CONFIG
[INFO] [stderr]   cargo:rerun-if-env-changed=OPENSSL_STATIC
[INFO] [stderr]   cargo:rerun-if-env-changed=OPENSSL_DYNAMIC
[INFO] [stderr]   cargo:rerun-if-env-changed=PKG_CONFIG_ALL_STATIC
[INFO] [stderr]   cargo:rerun-if-env-changed=PKG_CONFIG_ALL_DYNAMIC
[INFO] [stderr]   cargo:rerun-if-env-changed=PKG_CONFIG_PATH_x86_64-unknown-linux-gnu
[INFO] [stderr]   cargo:rerun-if-env-changed=PKG_CONFIG_PATH_x86_64_unknown_linux_gnu
[INFO] [stderr]   cargo:rerun-if-env-changed=HOST_PKG_CONFIG_PATH
[INFO] [stderr]   cargo:rerun-if-env-changed=PKG_CONFIG_PATH
[INFO] [stderr]   cargo:rerun-if-env-changed=PKG_CONFIG_LIBDIR_x86_64-unknown-linux-gnu
[INFO] [stderr]   cargo:rerun-if-env-changed=PKG_CONFIG_LIBDIR_x86_64_unknown_linux_gnu
[INFO] [stderr]   cargo:rerun-if-env-changed=HOST_PKG_CONFIG_LIBDIR
[INFO] [stderr]   cargo:rerun-if-env-changed=PKG_CONFIG_LIBDIR
[INFO] [stderr]   cargo:rerun-if-env-changed=PKG_CONFIG_SYSROOT_DIR_x86_64-unknown-linux-gnu
[INFO] [stderr]   cargo:rerun-if-env-changed=PKG_CONFIG_SYSROOT_DIR_x86_64_unknown_linux_gnu
[INFO] [stderr]   cargo:rerun-if-env-changed=HOST_PKG_CONFIG_SYSROOT_DIR
[INFO] [stderr]   cargo:rerun-if-env-changed=PKG_CONFIG_SYSROOT_DIR
[INFO] [stderr]   cargo:rerun-if-env-changed=PKG_CONFIG_SYSROOT_DIR
[INFO] [stderr]   cargo:rerun-if-env-changed=SYSROOT
[INFO] [stderr]   cargo:rerun-if-env-changed=OPENSSL_STATIC
[INFO] [stderr]   cargo:rerun-if-env-changed=OPENSSL_DYNAMIC
[INFO] [stderr]   cargo:rerun-if-env-changed=PKG_CONFIG_ALL_STATIC
[INFO] [stderr]   cargo:rerun-if-env-changed=PKG_CONFIG_ALL_DYNAMIC
[INFO] [stderr]   cargo:rustc-link-lib=ssl
[INFO] [stderr]   cargo:rustc-link-lib=crypto
[INFO] [stderr]   cargo:rerun-if-env-changed=PKG_CONFIG
[INFO] [stderr]   cargo:rerun-if-env-changed=OPENSSL_STATIC
[INFO] [stderr]   cargo:rerun-if-env-changed=OPENSSL_DYNAMIC
[INFO] [stderr]   cargo:rerun-if-env-changed=PKG_CONFIG_ALL_STATIC
[INFO] [stderr]   cargo:rerun-if-env-changed=PKG_CONFIG_ALL_DYNAMIC
[INFO] [stderr]   cargo:rerun-if-env-changed=PKG_CONFIG_PATH_x86_64-unknown-linux-gnu
[INFO] [stderr]   cargo:rerun-if-env-changed=PKG_CONFIG_PATH_x86_64_unknown_linux_gnu
[INFO] [stderr]   cargo:rerun-if-env-changed=HOST_PKG_CONFIG_PATH
[INFO] [stderr]   cargo:rerun-if-env-changed=PKG_CONFIG_PATH
[INFO] [stderr]   cargo:rerun-if-env-changed=PKG_CONFIG_LIBDIR_x86_64-unknown-linux-gnu
[INFO] [stderr]   cargo:rerun-if-env-changed=PKG_CONFIG_LIBDIR_x86_64_unknown_linux_gnu
[INFO] [stderr]   cargo:rerun-if-env-changed=HOST_PKG_CONFIG_LIBDIR
[INFO] [stderr]   cargo:rerun-if-env-changed=PKG_CONFIG_LIBDIR
[INFO] [stderr]   cargo:rerun-if-env-changed=PKG_CONFIG_SYSROOT_DIR_x86_64-unknown-linux-gnu
[INFO] [stderr]   cargo:rerun-if-env-changed=PKG_CONFIG_SYSROOT_DIR_x86_64_unknown_linux_gnu
[INFO] [stderr]   cargo:rerun-if-env-changed=HOST_PKG_CONFIG_SYSROOT_DIR
[INFO] [stderr]   cargo:rerun-if-env-changed=PKG_CONFIG_SYSROOT_DIR
[INFO] [stderr]   OPT_LEVEL = Some("3")
[INFO] [stderr]   TARGET = Some("x86_64-unknown-linux-gnu")
[INFO] [stderr]   HOST = Some("x86_64-unknown-linux-gnu")
[INFO] [stderr]   CC_x86_64-unknown-linux-gnu = None
[INFO] [stderr]   CC_x86_64_unknown_linux_gnu = None
[INFO] [stderr]   HOST_CC = None
[INFO] [stderr]   CC = None
[INFO] [stderr]   CFLAGS_x86_64-unknown-linux-gnu = None
[INFO] [stderr]   CFLAGS_x86_64_unknown_linux_gnu = None
[INFO] [stderr]   HOST_CFLAGS = None
[INFO] [stderr]   CFLAGS = None
[INFO] [stderr]   CRATE_CC_NO_DEFAULTS = None
[INFO] [stderr]   DEBUG = Some("false")
[INFO] [stderr]   CARGO_CFG_TARGET_FEATURE = Some("fxsr,sse,sse2")
[INFO] [stderr]   running: "cc" "-O3" "-ffunction-sections" "-fdata-sections" "-fPIC" "-m64" "-I" "/usr/include" "-Wall" "-Wextra" "-E" "build/expando.c"
[INFO] [stderr]   cargo:warning=build/expando.c:4:24: error: pasting "RUST_VERSION_OPENSSL_" and "(" does not give a valid preprocessing token
[INFO] [stderr]   cargo:warning=    4 | #define VERSION2(n, v) RUST_VERSION_##n##_##v
[INFO] [stderr]   cargo:warning=      |                        ^~~~~~~~~~~~~
[INFO] [stderr]   cargo:warning=build/expando.c:5:23: note: in expansion of macro 'VERSION2'
[INFO] [stderr]   cargo:warning=    5 | #define VERSION(n, v) VERSION2(n, v)
[INFO] [stderr]   cargo:warning=      |                       ^~~~~~~~
[INFO] [stderr]   cargo:warning=build/expando.c:10:1: note: in expansion of macro 'VERSION'
[INFO] [stderr]   cargo:warning=   10 | VERSION(OPENSSL, OPENSSL_VERSION_NUMBER)
[INFO] [stderr]   cargo:warning=      | ^~~~~~~
[INFO] [stderr]   exit status: 1
[INFO] [stderr] 
[INFO] [stderr]   --- stderr
[INFO] [stderr] 
[INFO] [stderr]   thread 'main' (1392) panicked at /opt/rustwide/cargo-home/registry/src/index.crates.io-1949cf8c6b5b557f/openssl-sys-0.9.59/build/main.rs:141:13:
[INFO] [stderr] 
[INFO] [stderr]   Header expansion error:
[INFO] [stderr]   Error { kind: ToolExecError, message: "Command \"cc\" \"-O3\" \"-ffunction-sections\" \"-fdata-sections\" \"-fPIC\" \"-m64\" \"-I\" \"/usr/include\" \"-Wall\" \"-Wextra\" \"-E\" \"build/expando.c\" with args \"cc\" did not execute successfully (status code exit status: 1)." }
[INFO] [stderr] 
[INFO] [stderr]   Failed to find OpenSSL development headers.
[INFO] [stderr] 
[INFO] [stderr]   You can try fixing this setting the `OPENSSL_DIR` environment variable
[INFO] [stderr]   pointing to your OpenSSL installation or installing OpenSSL headers package
[INFO] [stderr]   specific to your distribution:
[INFO] [stderr] 
[INFO] [stderr]       # On Ubuntu
[INFO] [stderr]       sudo apt-get install libssl-dev
[INFO] [stderr]       # On Arch Linux
[INFO] [stderr]       sudo pacman -S openssl
[INFO] [stderr]       # On Fedora
[INFO] [stderr]       sudo dnf install openssl-devel
[INFO] [stderr] 
[INFO] [stderr]   See rust-openssl README for more information:
[INFO] [stderr] 
[INFO] [stderr]       https://github.com/sfackler/rust-openssl#linux
[INFO] [stderr] 
[INFO] [stderr]   stack backtrace:
[INFO] [stderr]      0:     0x5ed43e26bd41 - <<std[97b98282bc616a66]::sys::backtrace::BacktraceLock>::print::DisplayBacktrace as core[832e9a552fc17241]::fmt::Display>::fmt
[INFO] [stderr]      1:     0x5ed43e28003a - core[832e9a552fc17241]::fmt::write
[INFO] [stderr]      2:     0x5ed43e271bac - <std[97b98282bc616a66]::sys::stdio::unix::Stderr as std[97b98282bc616a66]::io::Write>::write_fmt
[INFO] [stderr]      3:     0x5ed43e24d2e6 - std[97b98282bc616a66]::panicking::default_hook::{closure#0}
[INFO] [stderr]      4:     0x5ed43e2665e1 - std[97b98282bc616a66]::panicking::default_hook
[INFO] [stderr]      5:     0x5ed43e26679b - std[97b98282bc616a66]::panicking::panic_with_hook
[INFO] [stderr]      6:     0x5ed43e24d392 - std[97b98282bc616a66]::panicking::panic_handler::{closure#0}
[INFO] [stderr]      7:     0x5ed43e2449d9 - std[97b98282bc616a66]::sys::backtrace::__rust_end_short_backtrace::<std[97b98282bc616a66]::panicking::panic_handler::{closure#0}, !>
[INFO] [stderr]      8:     0x5ed43e24dc2d - __rustc[e3d8617bb01b7f69]::rust_begin_unwind
[INFO] [stderr]      9:     0x5ed43e2807ac - core[832e9a552fc17241]::panicking::panic_fmt
[INFO] [stderr]     10:     0x5ed43e1dc742 - build_script_main[7a342691892a152a]::validate_headers
[INFO] [stderr]     11:     0x5ed43e1d6463 - build_script_main[7a342691892a152a]::find_normal::try_pkg_config
[INFO] [stderr]     12:     0x5ed43e1d6828 - build_script_main[7a342691892a152a]::find_normal::find_openssl_dir
[INFO] [stderr]     13:     0x5ed43e1d4677 - build_script_main[7a342691892a152a]::find_normal::get_openssl::{closure#0}
[INFO] [stderr]     14:     0x5ed43e1d1e30 - <core[832e9a552fc17241]::option::Option<std[97b98282bc616a66]::ffi::os_str::OsString>>::unwrap_or_else::<build_script_main[7a342691892a152a]::find_normal::get_openssl::{closure#0}>
[INFO] [stderr]     15:     0x5ed43e1d5d2c - build_script_main[7a342691892a152a]::find_normal::get_openssl
[INFO] [stderr]     16:     0x5ed43e1daa5d - build_script_main[7a342691892a152a]::find_openssl
[INFO] [stderr]     17:     0x5ed43e1dcd61 - build_script_main[7a342691892a152a]::main
[INFO] [stderr]     18:     0x5ed43e1d8de3 - <fn() as core[832e9a552fc17241]::ops::function::FnOnce<()>>::call_once
[INFO] [stderr]     19:     0x5ed43e1d3886 - std[97b98282bc616a66]::sys::backtrace::__rust_begin_short_backtrace::<fn(), ()>
[INFO] [stderr]     20:     0x5ed43e1d4099 - std[97b98282bc616a66]::rt::lang_start::<()>::{closure#0}
[INFO] [stderr]     21:     0x5ed43e265907 - std[97b98282bc616a66]::rt::lang_start_internal
[INFO] [stderr]     22:     0x5ed43e1d3711 - std[97b98282bc616a66]::rt::lang_start::<()>
[INFO] [stderr]     23:     0x5ed43e1deb35 - main
[INFO] [stderr]     24:     0x70b99adfb601 - <unknown>
[INFO] [stderr]     25:     0x70b99adfb718 - __libc_start_main
[INFO] [stderr]     26:     0x5ed43e1d1b75 - _start
[INFO] [stderr]     27:                0x0 - <unknown>
[INFO] [stderr] warning: build failed, waiting for other jobs to finish...
[INFO] running `Command { std: "docker" "inspect" "e47183dc42c07585dae05320b2a6660b25dd065eb335dd816c268c49e6988417", kill_on_drop: false }`
[INFO] running `Command { std: "docker" "rm" "-f" "e47183dc42c07585dae05320b2a6660b25dd065eb335dd816c268c49e6988417", kill_on_drop: false }`
[INFO] [stdout] e47183dc42c07585dae05320b2a6660b25dd065eb335dd816c268c49e6988417
