[INFO] cloning repository https://github.com/kusetos/lending-protocol
[INFO] running `Command { std: "git" "-c" "credential.helper=" "-c" "credential.helper=/workspace/cargo-home/bin/git-credential-null" "clone" "--bare" "https://github.com/kusetos/lending-protocol" "/workspace/cache/git-repos/https%3A%2F%2Fgithub.com%2Fkusetos%2Flending-protocol", kill_on_drop: false }`
[INFO] [stderr] Cloning into bare repository '/workspace/cache/git-repos/https%3A%2F%2Fgithub.com%2Fkusetos%2Flending-protocol'...
[INFO] running `Command { std: "git" "rev-parse" "HEAD", kill_on_drop: false }`
[INFO] [stdout] 94466cfcadc3e48f64551379050e03c1a27a35fa
[INFO] testing kusetos/lending-protocol against 1.98.0-beta.8+cargoflags=--release for beta-release-1.99-2
[INFO] running `Command { std: "git" "clone" "/workspace/cache/git-repos/https%3A%2F%2Fgithub.com%2Fkusetos%2Flending-protocol" "/workspace/builds/worker-0-tc1/source", kill_on_drop: false }`
[INFO] [stderr] Cloning into '/workspace/builds/worker-0-tc1/source'...
[INFO] [stderr] done.
[INFO] started tweaking git repo https://github.com/kusetos/lending-protocol
[INFO] finished tweaking git repo https://github.com/kusetos/lending-protocol
[INFO] tweaked toml for git repo https://github.com/kusetos/lending-protocol written to /workspace/builds/worker-0-tc1/source/Cargo.toml
[INFO] validating manifest of git repo https://github.com/kusetos/lending-protocol on toolchain 1.98.0-beta.8
[INFO] running `Command { std: CARGO_HOME="/workspace/cargo-home" RUSTUP_HOME="/workspace/rustup-home" "/workspace/cargo-home/bin/cargo" "+1.98.0-beta.8" "metadata" "--manifest-path" "Cargo.toml" "--no-deps", kill_on_drop: false }`
[INFO] crate git repo https://github.com/kusetos/lending-protocol already has a lockfile, it will not be regenerated
[INFO] running `Command { std: CARGO_HOME="/workspace/cargo-home" RUSTUP_HOME="/workspace/rustup-home" "/workspace/cargo-home/bin/cargo" "+1.98.0-beta.8" "fetch" "--manifest-path" "Cargo.toml", kill_on_drop: false }`
[INFO] [stderr]     Blocking waiting for file lock on package cache
[INFO] [stderr]     Updating crates.io index
[INFO] [stderr]     Blocking waiting for file lock on package cache
[INFO] [stderr]  Downloading crates ...
[INFO] [stderr]   Downloaded spl-token-metadata-interface v0.6.0
[INFO] [stderr]   Downloaded spl-pod v0.5.1
[INFO] [stderr]   Downloaded anchor-spl v0.31.1
[INFO] [stderr]   Downloaded thiserror v2.0.15
[INFO] [stderr]   Downloaded spl-type-length-value v0.7.0
[INFO] [stderr]   Downloaded solana-sha256-hasher v2.3.0
[INFO] [stderr]   Downloaded solana-define-syscall v2.3.0
[INFO] [stderr]   Downloaded parking_lot_core v0.9.11
[INFO] [stderr]   Downloaded redox_syscall v0.5.17
[INFO] [stderr]   Downloaded solana-decode-error v2.3.0
[INFO] [stderr]   Downloaded anchor-lang v0.31.1
[INFO] [stderr]   Downloaded solana-curve25519 v2.3.7
[INFO] [stderr]   Downloaded anchor-lang-idl v0.1.2
[INFO] [stderr]   Downloaded spl-associated-token-account-client v2.0.0
[INFO] [stderr]   Downloaded spl-memo v6.0.0
[INFO] [stderr]   Downloaded spl-elgamal-registry v0.1.1
[INFO] [stderr]   Downloaded anyhow v1.0.99
[INFO] [stderr]   Downloaded anchor-derive-accounts v0.31.1
[INFO] [stderr]   Downloaded anchor-attribute-access-control v0.31.1
[INFO] [stderr]   Downloaded solana-transaction-error v2.2.1
[INFO] [stderr]   Downloaded borsh-derive v1.5.7
[INFO] [stderr]   Downloaded solana-serialize-utils v2.2.1
[INFO] [stderr]   Downloaded solana-cpi v2.2.1
[INFO] [stderr]   Downloaded solana-msg v2.2.1
[INFO] [stderr]   Downloaded spl-program-error v0.6.0
[INFO] [stderr]   Downloaded solana-rent v2.2.1
[INFO] [stderr]   Downloaded anchor-lang-idl-spec v0.1.0
[INFO] [stderr]   Downloaded spl-associated-token-account v6.0.0
[INFO] [stderr]   Downloaded anchor-derive-space v0.31.1
[INFO] [stderr]   Downloaded solana-epoch-schedule v2.2.1
[INFO] [stderr]   Downloaded cargo_toml v0.19.2
[INFO] [stderr]   Downloaded anchor-attribute-event v0.31.1
[INFO] [stderr]   Downloaded five8_core v0.1.2
[INFO] [stderr]   Downloaded spl-discriminator-syn v0.2.1
[INFO] [stderr]   Downloaded solana-system-interface v1.0.0
[INFO] [stderr]   Downloaded solana-sysvar-id v2.2.1
[INFO] [stderr]   Downloaded solana-fee-calculator v2.2.1
[INFO] [stderr]   Downloaded solana-loader-v2-interface v2.2.1
[INFO] [stderr]   Downloaded anchor-attribute-account v0.31.1
[INFO] [stderr]   Downloaded cfg-if v1.0.1
[INFO] [stderr]   Downloaded borsh-derive v0.10.4
[INFO] [stderr]   Downloaded spl-program-error-derive v0.4.1
[INFO] [stderr]   Downloaded solana-instructions-sysvar v2.2.2
[INFO] [stderr]   Downloaded five8_const v0.1.4
[INFO] [stderr]   Downloaded solana-seed-derivable v2.2.1
[INFO] [stderr]   Downloaded spl-discriminator v0.4.1
[INFO] [stderr]   Downloaded solana-program-memory v2.3.1
[INFO] [stderr]   Downloaded spl-transfer-hook-interface v0.9.0
[INFO] [stderr]   Downloaded solana-slot-history v2.2.1
[INFO] [stderr]   Downloaded solana-bincode v2.2.1
[INFO] [stderr]   Downloaded solana-sanitize v2.2.1
[INFO] [stderr]   Downloaded solana-hash v2.3.0
[INFO] [stderr]   Downloaded spl-discriminator-derive v0.2.0
[INFO] [stderr]   Downloaded solana-borsh v2.2.1
[INFO] [stderr]   Downloaded solana-program-error v2.2.2
[INFO] [stderr]   Downloaded solana-security-txt v1.1.1
[INFO] [stderr]   Downloaded anchor-derive-serde v0.31.1
[INFO] [stderr]   Downloaded anchor-attribute-program v0.31.1
[INFO] [stderr]   Downloaded anchor-attribute-error v0.31.1
[INFO] [stderr]   Downloaded anchor-attribute-constant v0.31.1
[INFO] [stderr]   Downloaded num_enum v0.7.4
[INFO] [stderr]   Downloaded num_enum_derive v0.7.4
[INFO] [stderr]   Downloaded anchor-syn v0.31.1
[INFO] [stderr]   Downloaded spl-token-confidential-transfer-ciphertext-arithmetic v0.2.1
[INFO] [stderr]   Downloaded borsh-schema-derive-internal v0.10.4
[INFO] [stderr]   Downloaded spl-token-confidential-transfer-proof-extraction v0.2.1
[INFO] [stderr]   Downloaded solana-short-vec v2.2.1
[INFO] [stderr]   Downloaded solana-clock v2.2.2
[INFO] [stderr]   Downloaded solana-instruction v2.3.0
[INFO] [stderr]   Downloaded solana-sdk-macro v2.2.1
[INFO] [stderr]   Downloaded solana-stable-layout v2.2.1
[INFO] [stderr]   Downloaded solana-program-pack v2.2.1
[INFO] [stderr]   Downloaded solana-loader-v3-interface v5.0.0
[INFO] [stderr]   Downloaded solana-keccak-hasher v2.2.1
[INFO] [stderr]   Downloaded solana-blake3-hasher v2.2.1
[INFO] [stderr]   Downloaded solana-serde-varint v2.2.2
[INFO] [stderr]   Downloaded solana-epoch-rewards v2.2.1
[INFO] [stderr]   Downloaded solana-secp256k1-recover v2.2.1
[INFO] [stderr]   Downloaded solana-big-mod-exp v2.2.1
[INFO] [stderr]   Downloaded solana-account-info v2.3.0
[INFO] [stderr]   Downloaded solana-native-token v2.3.0
[INFO] [stderr]   Downloaded solana-feature-gate-interface v2.2.2
[INFO] [stderr]   Downloaded solana-atomic-u64 v2.2.1
[INFO] [stderr]   Downloaded solana-seed-phrase v2.2.1
[INFO] [stderr]   Downloaded solana-account v2.2.1
[INFO] [stderr]   Downloaded solana-signature v2.3.0
[INFO] [stderr]   Downloaded solana-slot-hashes v2.2.1
[INFO] [stderr]   Downloaded solana-last-restart-slot v2.2.1
[INFO] [stderr]   Downloaded solana-signer v2.2.1
[INFO] [stderr]   Downloaded solana-sdk-ids v2.2.1
[INFO] [stderr]   Downloaded solana-program-option v2.2.1
[INFO] [stderr]   Downloaded spl-token-group-interface v0.5.0
[INFO] [stderr]   Downloaded solana-nonce v2.2.1
[INFO] [stderr]   Downloaded solana-loader-v4-interface v2.2.1
[INFO] [stderr]   Downloaded serde_bytes v0.11.17
[INFO] [stderr]   Downloaded solana-example-mocks v2.2.1
[INFO] [stderr]   Downloaded spl-token-confidential-transfer-proof-generation v0.2.0
[INFO] [stderr]   Downloaded five8 v0.2.1
[INFO] [stderr]   Downloaded borsh-derive-internal v0.10.4
[INFO] [stderr]   Downloaded solana-sysvar v2.3.0
[INFO] [stderr]   Downloaded bitflags v2.9.2
[INFO] [stderr]   Downloaded solana-derivation-path v2.2.1
[INFO] [stderr]   Downloaded spl-tlv-account-resolution v0.9.0
[INFO] [stderr]   Downloaded aes-gcm-siv v0.11.1
[INFO] [stderr]   Downloaded borsh v0.10.4
[INFO] [stderr]   Downloaded solana-program-entrypoint v2.3.0
[INFO] [stderr]   Downloaded thiserror-impl v2.0.15
[INFO] [stderr]   Downloaded solana-vote-interface v2.2.6
[INFO] [stderr]   Downloaded solana-address-lookup-table-interface v2.2.2
[INFO] [stderr]   Downloaded solana-pubkey v2.4.0
[INFO] [stderr]   Downloaded parking_lot v0.12.4
[INFO] [stderr]   Downloaded typenum v1.18.0
[INFO] [stderr]   Downloaded solana-program v2.3.0
[INFO] [stderr]   Downloaded solana-stake-interface v1.2.1
[INFO] [stderr]   Downloaded solana-message v2.4.0
[INFO] [stderr]   Downloaded spl-token v7.0.0
[INFO] [stderr]   Downloaded borsh v1.5.7
[INFO] [stderr]   Downloaded indexmap v2.10.0
[INFO] [stderr]   Downloaded cc v1.2.33
[INFO] [stderr]   Downloaded spl-token-2022 v6.0.0
[INFO] [stderr]   Downloaded winnow v0.7.12
[INFO] [stderr]   Downloaded serde_json v1.0.142
[INFO] [stderr]   Downloaded blake3 v1.8.2
[INFO] [stderr]   Downloaded libc v0.2.175
[INFO] [stderr]   Downloaded solana-zk-sdk v2.3.7
[INFO] running `Command { std: "docker" "create" "-v" "/var/lib/crater-agent-workspace/builds/worker-0-tc1/source:/opt/rustwide/workdir:ro,Z" "-v" "/var/lib/crater-agent-workspace/builds/worker-0-tc1/target:/opt/rustwide/target:rw,Z" "-v" "/var/lib/crater-agent-workspace/cargo-home:/opt/rustwide/cargo-home:ro,Z" "-v" "/var/lib/crater-agent-workspace/rustup-home:/opt/rustwide/rustup-home:ro,Z" "-m" "1610612736" "--network" "none" "ghcr.io/rust-lang/crates-build-env/linux@sha256:8683fc1fc2eb5c9ac98e0d076ab094b2ffac7f99da555d2b6a2e27f346de2ec7" "sleep" "infinity", kill_on_drop: false }`
[INFO] [stdout] 09b86fde24fcdf2540adaa93a5c19701634f9c28e519c235b7e93910cac78edf
[INFO] running `Command { std: "docker" "start" "09b86fde24fcdf2540adaa93a5c19701634f9c28e519c235b7e93910cac78edf", kill_on_drop: false }`
[INFO] running `Command { std: "docker" "inspect" "09b86fde24fcdf2540adaa93a5c19701634f9c28e519c235b7e93910cac78edf", kill_on_drop: false }`
[INFO] running `Command { std: "docker" "exec" "-e" "SOURCE_DIR=/opt/rustwide/workdir" "-e" "CARGO_HOME=/opt/rustwide/cargo-home" "-e" "RUSTUP_HOME=/opt/rustwide/rustup-home" "-e" "CARGO_TARGET_DIR=/opt/rustwide/target" "-w" "/opt/rustwide/workdir" "--user" "0:0" "09b86fde24fcdf2540adaa93a5c19701634f9c28e519c235b7e93910cac78edf" "/opt/rustwide/cargo-home/bin/cargo" "+1.98.0-beta.8" "metadata" "--no-deps" "--format-version=1", kill_on_drop: false }`
[INFO] running `Command { std: "docker" "inspect" "09b86fde24fcdf2540adaa93a5c19701634f9c28e519c235b7e93910cac78edf", kill_on_drop: false }`
[INFO] running `Command { std: "docker" "exec" "-e" "SOURCE_DIR=/opt/rustwide/workdir" "-e" "CARGO_HOME=/opt/rustwide/cargo-home" "-e" "RUSTUP_HOME=/opt/rustwide/rustup-home" "-e" "CARGO_TARGET_DIR=/opt/rustwide/target" "-e" "CARGO_INCREMENTAL=0" "-e" "RUST_BACKTRACE=full" "-e" "RUSTFLAGS=--cap-lints=warn" "-e" "RUSTDOCFLAGS=--cap-lints=warn" "-w" "/opt/rustwide/workdir" "--user" "0:0" "09b86fde24fcdf2540adaa93a5c19701634f9c28e519c235b7e93910cac78edf" "/opt/rustwide/cargo-home/bin/cargo" "+1.98.0-beta.8" "build" "--frozen" "--message-format=json" "--release", kill_on_drop: false }`
[INFO] [stderr]    Compiling proc-macro2 v1.0.101
[INFO] [stderr]    Compiling unicode-ident v1.0.18
[INFO] [stderr]    Compiling version_check v0.9.5
[INFO] [stderr]    Compiling typenum v1.18.0
[INFO] [stderr]    Compiling serde v1.0.219
[INFO] [stderr]    Compiling cfg-if v1.0.1
[INFO] [stderr]    Compiling libc v0.2.175
[INFO] [stderr]    Compiling subtle v2.6.1
[INFO] [stderr]    Compiling syn v1.0.109
[INFO] [stderr]    Compiling zerocopy v0.8.26
[INFO] [stderr]    Compiling hashbrown v0.15.5
[INFO] [stderr]    Compiling equivalent v1.0.2
[INFO] [stderr]    Compiling winnow v0.7.12
[INFO] [stderr]    Compiling cpufeatures v0.2.17
[INFO] [stderr]    Compiling toml_datetime v0.6.11
[INFO] [stderr]    Compiling autocfg v1.5.0
[INFO] [stderr]    Compiling cfg_aliases v0.2.1
[INFO] [stderr]    Compiling five8_core v0.1.2
[INFO] [stderr]    Compiling semver v1.0.26
[INFO] [stderr]    Compiling once_cell v1.21.3
[INFO] [stderr]    Compiling borsh v1.5.7
[INFO] [stderr]    Compiling five8 v0.2.1
[INFO] [stderr]    Compiling solana-sanitize v2.2.1
[INFO] [stderr]    Compiling solana-atomic-u64 v2.2.1
[INFO] [stderr]    Compiling five8_const v0.1.4
[INFO] [stderr]    Compiling bs58 v0.5.1
[INFO] [stderr]    Compiling serde_json v1.0.142
[INFO] [stderr]    Compiling thiserror v1.0.69
[INFO] [stderr]    Compiling rustc_version v0.4.1
[INFO] [stderr]    Compiling solana-msg v2.2.1
[INFO] [stderr]    Compiling lazy_static v1.5.0
[INFO] [stderr]    Compiling opaque-debug v0.3.1
[INFO] [stderr]    Compiling crunchy v0.2.4
[INFO] [stderr]    Compiling thiserror v2.0.15
[INFO] [stderr]    Compiling keccak v0.1.5
[INFO] [stderr]    Compiling solana-program-memory v2.3.1
[INFO] [stderr]    Compiling base64 v0.22.1
[INFO] [stderr]    Compiling generic-array v0.14.7
[INFO] [stderr]    Compiling ahash v0.8.12
[INFO] [stderr]    Compiling shlex v1.3.0
[INFO] [stderr]    Compiling getrandom v0.1.16
[INFO] [stderr]    Compiling indexmap v2.10.0
[INFO] [stderr]    Compiling percent-encoding v2.3.1
[INFO] [stderr]    Compiling cc v1.2.33
[INFO] [stderr]    Compiling fnv v1.0.7
[INFO] [stderr]    Compiling arrayref v0.3.9
[INFO] [stderr]    Compiling qstring v0.7.2
[INFO] [stderr]    Compiling derivation-path v0.2.0
[INFO] [stderr]    Compiling uriparse v0.6.4
[INFO] [stderr]    Compiling curve25519-dalek v4.1.3
[INFO] [stderr]    Compiling feature-probe v0.1.1
[INFO] [stderr]    Compiling solana-signature v2.3.0
[INFO] [stderr]    Compiling quote v1.0.40
[INFO] [stderr]    Compiling num-traits v0.2.19
[INFO] [stderr]    Compiling syn v2.0.106
[INFO] [stderr]    Compiling bv v0.11.1
[INFO] [stderr]    Compiling either v1.15.0
[INFO] [stderr]    Compiling block-buffer v0.10.4
[INFO] [stderr]    Compiling crypto-common v0.1.6
[INFO] [stderr]    Compiling getrandom v0.2.16
[INFO] [stderr]    Compiling digest v0.9.0
[INFO] [stderr]    Compiling digest v0.10.7
[INFO] [stderr]    Compiling rand_core v0.6.4
[INFO] [stderr]    Compiling libsecp256k1-core v0.2.2
[INFO] [stderr]    Compiling solana-program-option v2.2.1
[INFO] [stderr]    Compiling solana-derivation-path v2.2.1
[INFO] [stderr]    Compiling sha2 v0.10.9
[INFO] [stderr]    Compiling ryu v1.0.20
[INFO] [stderr]    Compiling arrayvec v0.7.6
[INFO] [stderr]    Compiling rand_core v0.5.1
[INFO] [stderr]    Compiling inout v0.1.4
[INFO] [stderr]    Compiling universal-hash v0.5.1
[INFO] [stderr]    Compiling aead v0.5.2
[INFO] [stderr]    Compiling cipher v0.4.4
[INFO] [stderr]    Compiling polyval v0.6.2
[INFO] [stderr]    Compiling byteorder v1.5.0
[INFO] [stderr]    Compiling toml_edit v0.22.27
[INFO] [stderr]    Compiling sha3 v0.10.8
[INFO] [stderr]    Compiling aes v0.8.4
[INFO] [stderr]    Compiling ctr v0.9.2
[INFO] [stderr]    Compiling libsecp256k1-gen-ecmult v0.2.1
[INFO] [stderr]    Compiling solana-decode-error v2.3.0
[INFO] [stderr]    Compiling libsecp256k1-gen-genmult v0.2.1
[INFO] [stderr]    Compiling pbkdf2 v0.11.0
[INFO] [stderr]    Compiling hmac v0.12.1
[INFO] [stderr]    Compiling log v0.4.27
[INFO] [stderr]    Compiling constant_time_eq v0.3.1
[INFO] [stderr]    Compiling memchr v2.7.5
[INFO] [stderr]    Compiling anyhow v1.0.99
[INFO] [stderr]    Compiling itoa v1.0.15
[INFO] [stderr]    Compiling solana-seed-phrase v2.2.1
[INFO] [stderr]    Compiling block-buffer v0.9.0
[INFO] [stderr]    Compiling solana-seed-derivable v2.2.1
[INFO] [stderr]    Compiling itertools v0.12.1
[INFO] [stderr]    Compiling sha2 v0.9.9
[INFO] [stderr]    Compiling num-integer v0.1.46
[INFO] [stderr]    Compiling libsecp256k1 v0.6.0
[INFO] [stderr]    Compiling ppv-lite86 v0.2.21
[INFO] [stderr]    Compiling hashbrown v0.13.2
[INFO] [stderr]    Compiling rand_chacha v0.3.1
[INFO] [stderr]    Compiling rand_chacha v0.2.2
[INFO] [stderr]    Compiling rand v0.8.5
[INFO] [stderr]    Compiling rand v0.7.3
[INFO] [stderr]    Compiling memoffset v0.9.1
[INFO] [stderr]    Compiling bitflags v2.9.2
[INFO] [stderr]    Compiling base64 v0.12.3
[INFO] [stderr]    Compiling unicode-segmentation v1.12.0
[INFO] [stderr]    Compiling num-bigint v0.4.6
[INFO] [stderr]    Compiling solana-native-token v2.3.0
[INFO] [stderr]    Compiling rustversion v1.0.22
[INFO] [stderr]    Compiling solana-security-txt v1.1.1
[INFO] [stderr]    Compiling base64 v0.21.7
[INFO] [stderr]    Compiling heck v0.3.3
[INFO] [stderr]    Compiling proc-macro-crate v3.3.0
[INFO] [stderr]    Compiling borsh-derive-internal v0.10.4
[INFO] [stderr]    Compiling borsh-schema-derive-internal v0.10.4
[INFO] [stderr]    Compiling blake3 v1.8.2
[INFO] [stderr]    Compiling solana-big-mod-exp v2.2.1
[INFO] [stderr]    Compiling anchor-derive-space v0.31.1
[INFO] [stderr]    Compiling serde_derive v1.0.219
[INFO] [stderr]    Compiling bytemuck_derive v1.10.1
[INFO] [stderr]    Compiling borsh-derive v1.5.7
[INFO] [stderr]    Compiling zeroize_derive v1.4.2
[INFO] [stderr]    Compiling curve25519-dalek-derive v0.1.1
[INFO] [stderr]    Compiling thiserror-impl v1.0.69
[INFO] [stderr]    Compiling solana-sdk-macro v2.2.1
[INFO] [stderr]    Compiling thiserror-impl v2.0.15
[INFO] [stderr]    Compiling num-derive v0.4.2
[INFO] [stderr]    Compiling spl-program-error-derive v0.4.1
[INFO] [stderr]    Compiling num_enum_derive v0.7.4
[INFO] [stderr]    Compiling zeroize v1.8.1
[INFO] [stderr]    Compiling aes-gcm-siv v0.11.1
[INFO] [stderr]    Compiling merlin v3.0.0
[INFO] [stderr]    Compiling num_enum v0.7.4
[INFO] [stderr]    Compiling bytemuck v1.23.2
[INFO] [stderr]    Compiling spl-discriminator-syn v0.2.1
[INFO] [stderr]    Compiling spl-discriminator-derive v0.2.0
[INFO] [stderr]    Compiling toml v0.5.11
[INFO] [stderr]    Compiling anchor-lang-idl-spec v0.1.0
[INFO] [stderr]    Compiling solana-hash v2.3.0
[INFO] [stderr]    Compiling bincode v1.3.3
[INFO] [stderr]    Compiling solana-short-vec v2.2.1
[INFO] [stderr]    Compiling solana-fee-calculator v2.2.1
[INFO] [stderr]    Compiling serde_bytes v0.11.17
[INFO] [stderr]    Compiling solana-serde-varint v2.2.2
[INFO] [stderr]    Compiling solana-sha256-hasher v2.3.0
[INFO] [stderr]    Compiling solana-keccak-hasher v2.2.1
[INFO] [stderr]    Compiling solana-blake3-hasher v2.2.1
[INFO] [stderr]    Compiling proc-macro-crate v0.1.5
[INFO] [stderr]    Compiling anchor-syn v0.31.1
[INFO] [stderr]    Compiling anchor-lang-idl v0.1.2
[INFO] [stderr]    Compiling solana-curve25519 v2.3.7
[INFO] [stderr]    Compiling solana-secp256k1-recover v2.2.1
[INFO] [stderr]    Compiling borsh-derive v0.10.4
[INFO] [stderr]    Compiling borsh v0.10.4
[INFO] [stderr]    Compiling solana-pubkey v2.4.0
[INFO] [stderr]    Compiling solana-borsh v2.2.1
[INFO] [stderr]    Compiling solana-instruction v2.3.0
[INFO] [stderr]    Compiling solana-sdk-ids v2.2.1
[INFO] [stderr]    Compiling solana-nonce v2.2.1
[INFO] [stderr]    Compiling solana-sysvar-id v2.2.1
[INFO] [stderr]    Compiling solana-clock v2.2.2
[INFO] [stderr]    Compiling solana-rent v2.2.1
[INFO] [stderr]    Compiling solana-slot-hashes v2.2.1
[INFO] [stderr]    Compiling solana-slot-history v2.2.1
[INFO] [stderr]    Compiling solana-epoch-schedule v2.2.1
[INFO] [stderr]    Compiling solana-epoch-rewards v2.2.1
[INFO] [stderr]    Compiling solana-last-restart-slot v2.2.1
[INFO] [stderr]    Compiling solana-program-error v2.2.2
[INFO] [stderr]    Compiling solana-transaction-error v2.2.1
[INFO] [stderr]    Compiling solana-system-interface v1.0.0
[INFO] [stderr]    Compiling solana-serialize-utils v2.2.1
[INFO] [stderr]    Compiling solana-bincode v2.2.1
[INFO] [stderr]    Compiling solana-loader-v2-interface v2.2.1
[INFO] [stderr]    Compiling solana-stable-layout v2.2.1
[INFO] [stderr]    Compiling spl-associated-token-account-client v2.0.0
[INFO] [stderr]    Compiling solana-loader-v4-interface v2.2.1
[INFO] [stderr]    Compiling solana-loader-v3-interface v5.0.0
[INFO] [stderr]    Compiling solana-address-lookup-table-interface v2.2.2
[INFO] [stderr]    Compiling solana-signer v2.2.1
[INFO] [stderr]    Compiling solana-message v2.4.0
[INFO] [stderr]    Compiling solana-vote-interface v2.2.6
[INFO] [stderr]    Compiling solana-account-info v2.3.0
[INFO] [stderr]    Compiling solana-program-pack v2.2.1
[INFO] [stderr]    Compiling solana-cpi v2.2.1
[INFO] [stderr]    Compiling solana-program-entrypoint v2.3.0
[INFO] [stderr]    Compiling solana-instructions-sysvar v2.2.2
[INFO] [stderr]    Compiling solana-account v2.2.1
[INFO] [stderr]    Compiling spl-discriminator v0.4.1
[INFO] [stderr]    Compiling solana-stake-interface v1.2.1
[INFO] [stderr]    Compiling solana-feature-gate-interface v2.2.2
[INFO] [stderr]    Compiling spl-memo v6.0.0
[INFO] [stderr]    Compiling solana-zk-sdk v2.3.7
[INFO] [stderr]    Compiling solana-example-mocks v2.2.1
[INFO] [stderr]    Compiling solana-sysvar v2.3.0
[INFO] [stderr]    Compiling solana-program v2.3.0
[INFO] [stderr]    Compiling spl-program-error v0.6.0
[INFO] [stderr]    Compiling spl-token v7.0.0
[INFO] [stderr]    Compiling anchor-derive-accounts v0.31.1
[INFO] [stderr]    Compiling anchor-attribute-constant v0.31.1
[INFO] [stderr]    Compiling anchor-attribute-program v0.31.1
[INFO] [stderr]    Compiling anchor-attribute-event v0.31.1
[INFO] [stderr]    Compiling anchor-attribute-access-control v0.31.1
[INFO] [stderr]    Compiling anchor-derive-serde v0.31.1
[INFO] [stderr]    Compiling anchor-attribute-account v0.31.1
[INFO] [stderr]    Compiling anchor-attribute-error v0.31.1
[INFO] [stderr]    Compiling anchor-lang v0.31.1
[INFO] [stderr]    Compiling spl-pod v0.5.1
[INFO] [stderr]    Compiling spl-token-confidential-transfer-ciphertext-arithmetic v0.2.1
[INFO] [stderr]    Compiling spl-token-confidential-transfer-proof-generation v0.2.0
[INFO] [stderr]    Compiling spl-type-length-value v0.7.0
[INFO] [stderr]    Compiling spl-token-confidential-transfer-proof-extraction v0.2.1
[INFO] [stderr]    Compiling spl-token-group-interface v0.5.0
[INFO] [stderr]    Compiling spl-tlv-account-resolution v0.9.0
[INFO] [stderr]    Compiling spl-token-metadata-interface v0.6.0
[INFO] [stderr]    Compiling spl-elgamal-registry v0.1.1
[INFO] [stderr]    Compiling spl-transfer-hook-interface v0.9.0
[INFO] [stderr]    Compiling spl-token-2022 v6.0.0
[INFO] [stderr]    Compiling spl-associated-token-account v6.0.0
[INFO] [stderr]    Compiling anchor-spl v0.31.1
[INFO] [stderr]    Compiling lending-core v0.1.0 (/opt/rustwide/workdir/programs/lending-core)
[INFO] [stdout] error: pubkey array is not 32 bytes long: len=33
[INFO] [stdout]  --> programs/lending-core/src/lib.rs:5:13
[INFO] [stdout]   |
[INFO] [stdout] 5 | declare_id!("So1end111111111111111111111111111111111111111");
[INFO] [stdout]   |             ^^^^^^^^^^^^^^^^^^^^^^^^^^^^^^^^^^^^^^^^^^^^^^^
[INFO] [stdout] 
[INFO] [stdout] 
[INFO] [stdout] error[E0425]: cannot find value `ID` in the crate root
[INFO] [stdout]  --> programs/lending-core/src/states.rs:4:1
[INFO] [stdout]   |
[INFO] [stdout] 4 | #[account]
[INFO] [stdout]   | ^^^^^^^^^^ not found in the crate root
[INFO] [stdout]   |
[INFO] [stdout]   = note: this error originates in the attribute macro `account` (in Nightly builds, run with -Z macro-backtrace for more info)
[INFO] [stdout] 
[INFO] [stdout] 
[INFO] [stdout] error[E0425]: cannot find value `ID` in the crate root
[INFO] [stdout]   --> programs/lending-core/src/states.rs:11:1
[INFO] [stdout]    |
[INFO] [stdout] 11 | #[account]
[INFO] [stdout]    | ^^^^^^^^^^ not found in the crate root
[INFO] [stdout]    |
[INFO] [stdout]    = note: this error originates in the attribute macro `account` (in Nightly builds, run with -Z macro-backtrace for more info)
[INFO] [stdout] 
[INFO] [stdout] 
[INFO] [stdout] error[E0425]: cannot find value `LTV_RATIO` in this scope
[INFO] [stdout]   --> programs/lending-core/src/instructions/borrow_ix.rs:24:57
[INFO] [stdout]    |
[INFO] [stdout] 24 |     let max_borrow_value = collateral_value.checked_mul(LTV_RATIO).unwrap().checked_div(100).unwrap();
[INFO] [stdout]    |                                                         ^^^^^^^^^ not found in this scope
[INFO] [stdout]    |
[INFO] [stdout] help: consider importing this constant
[INFO] [stdout]    |
[INFO] [stdout]  1 + use crate::LTV_RATIO;
[INFO] [stdout]    |
[INFO] [stdout] 
[INFO] [stdout] 
[INFO] [stdout] error[E0425]: cannot find value `INTEREST_RATE` in this scope
[INFO] [stdout]   --> programs/lending-core/src/instructions/repay_ix.rs:20:65
[INFO] [stdout]    |
[INFO] [stdout] 20 |     let interest_due = user_account.stablecoin_debt.checked_mul(INTEREST_RATE).unwrap().checked_div(100).unwrap();
[INFO] [stdout]    |                                                                 ^^^^^^^^^^^^^ not found in this scope
[INFO] [stdout]    |
[INFO] [stdout] help: consider importing this constant
[INFO] [stdout]    |
[INFO] [stdout]  1 + use crate::INTEREST_RATE;
[INFO] [stdout]    |
[INFO] [stdout] 
[INFO] [stdout] 
[INFO] [stdout] error[E0425]: cannot find value `LTV_RATIO` in this scope
[INFO] [stdout]   --> programs/lending-core/src/instructions/withdraw_ix.rs:29:65
[INFO] [stdout]    |
[INFO] [stdout] 29 |     let max_borrow_for_remaining = collateral_value.checked_mul(LTV_RATIO).unwrap().checked_div(100).unwrap();
[INFO] [stdout]    |                                                                 ^^^^^^^^^ not found in this scope
[INFO] [stdout]    |
[INFO] [stdout] help: consider importing this constant
[INFO] [stdout]    |
[INFO] [stdout]  1 + use crate::LTV_RATIO;
[INFO] [stdout]    |
[INFO] [stdout] 
[INFO] [stdout] 
[INFO] [stdout] error[E0425]: cannot find value `ID` in this scope
[INFO] [stdout]   --> programs/lending-core/src/lib.rs:14:1
[INFO] [stdout]    |
[INFO] [stdout] 14 | #[program]
[INFO] [stdout]    | ^^^^^^^^^^ not found in this scope
[INFO] [stdout]    |
[INFO] [stdout]    = note: this error originates in the attribute macro `program` (in Nightly builds, run with -Z macro-backtrace for more info)
[INFO] [stdout] 
[INFO] [stdout] 
[INFO] [stdout] error[E0425]: cannot find value `ID` in the crate root
[INFO] [stdout]   --> programs/lending-core/src/lib.rs:14:1
[INFO] [stdout]    |
[INFO] [stdout] 14 | #[program]
[INFO] [stdout]    | ^^^^^^^^^^ not found in the crate root
[INFO] [stdout]    |
[INFO] [stdout]    = note: this error originates in the attribute macro `program` (in Nightly builds, run with -Z macro-backtrace for more info)
[INFO] [stdout] 
[INFO] [stdout] 
[INFO] [stdout] error[E0425]: cannot find type `Initialize` in this scope
[INFO] [stdout]   --> programs/lending-core/src/lib.rs:23:36
[INFO] [stdout]    |
[INFO] [stdout] 23 |     pub fn initialize(ctx: Context<Initialize>) -> Result<()> {
[INFO] [stdout]    |                                    ^^^^^^^^^^ not found in this scope
[INFO] [stdout]    |
[INFO] [stdout]    = help: consider importing one of these structs:
[INFO] [stdout]            crate::instruction::Initialize
[INFO] [stdout]            crate::instructions::Initialize
[INFO] [stdout]            crate::instructions::__client_accounts_initialize::Initialize
[INFO] [stdout]            crate::instructions::__cpi_client_accounts_initialize::Initialize
[INFO] [stdout] 
[INFO] [stdout] 
[INFO] [stdout] error[E0433]: cannot find type `Initialize` in this scope
[INFO] [stdout]   --> programs/lending-core/src/lib.rs:23:36
[INFO] [stdout]    |
[INFO] [stdout] 23 |     pub fn initialize(ctx: Context<Initialize>) -> Result<()> {
[INFO] [stdout]    |                                    ^^^^^^^^^^ use of undeclared type `Initialize`
[INFO] [stdout]    |
[INFO] [stdout]    = help: consider importing one of these structs:
[INFO] [stdout]            crate::instruction::Initialize
[INFO] [stdout]            crate::instructions::Initialize
[INFO] [stdout]            crate::instructions::__client_accounts_initialize::Initialize
[INFO] [stdout]            crate::instructions::__cpi_client_accounts_initialize::Initialize
[INFO] [stdout] 
[INFO] [stdout] 
[INFO] [stdout] error[E0425]: cannot find type `Deposit` in this scope
[INFO] [stdout]   --> programs/lending-core/src/lib.rs:27:33
[INFO] [stdout]    |
[INFO] [stdout] 27 |     pub fn deposit(ctx: Context<Deposit>, amount: u64) -> Result<()>  {
[INFO] [stdout]    |                                 ^^^^^^^ not found in this scope
[INFO] [stdout]    |
[INFO] [stdout]    = help: consider importing one of these structs:
[INFO] [stdout]            crate::instruction::Deposit
[INFO] [stdout]            crate::instructions::Deposit
[INFO] [stdout]            crate::instructions::__client_accounts_deposit::Deposit
[INFO] [stdout]            crate::instructions::__cpi_client_accounts_deposit::Deposit
[INFO] [stdout] 
[INFO] [stdout] 
[INFO] [stdout] error[E0433]: cannot find type `Deposit` in this scope
[INFO] [stdout]   --> programs/lending-core/src/lib.rs:27:33
[INFO] [stdout]    |
[INFO] [stdout] 27 |     pub fn deposit(ctx: Context<Deposit>, amount: u64) -> Result<()>  {
[INFO] [stdout]    |                                 ^^^^^^^ use of undeclared type `Deposit`
[INFO] [stdout]    |
[INFO] [stdout]    = help: consider importing one of these structs:
[INFO] [stdout]            crate::instruction::Deposit
[INFO] [stdout]            crate::instructions::Deposit
[INFO] [stdout]            crate::instructions::__client_accounts_deposit::Deposit
[INFO] [stdout]            crate::instructions::__cpi_client_accounts_deposit::Deposit
[INFO] [stdout] 
[INFO] [stdout] 
[INFO] [stdout] error[E0425]: cannot find type `Borrow` in this scope
[INFO] [stdout]   --> programs/lending-core/src/lib.rs:31:32
[INFO] [stdout]    |
[INFO] [stdout] 31 |     pub fn borrow(ctx: Context<Borrow>, amount: u64) -> Result<()>  {
[INFO] [stdout]    |                                ^^^^^^ not found in this scope
[INFO] [stdout]    |
[INFO] [stdout]    = help: consider importing one of these items:
[INFO] [stdout]            crate::instruction::Borrow
[INFO] [stdout]            crate::instructions::Borrow
[INFO] [stdout]            crate::instructions::__client_accounts_borrow::Borrow
[INFO] [stdout]            crate::instructions::__cpi_client_accounts_borrow::Borrow
[INFO] [stdout]            std::borrow::Borrow
[INFO] [stdout] 
[INFO] [stdout] 
[INFO] [stdout] error[E0433]: cannot find type `Borrow` in this scope
[INFO] [stdout]   --> programs/lending-core/src/lib.rs:31:32
[INFO] [stdout]    |
[INFO] [stdout] 31 |     pub fn borrow(ctx: Context<Borrow>, amount: u64) -> Result<()>  {
[INFO] [stdout]    |                                ^^^^^^ use of undeclared type `Borrow`
[INFO] [stdout]    |
[INFO] [stdout]    = help: consider importing one of these items:
[INFO] [stdout]            crate::instruction::Borrow
[INFO] [stdout]            crate::instructions::Borrow
[INFO] [stdout]            crate::instructions::__client_accounts_borrow::Borrow
[INFO] [stdout]            crate::instructions::__cpi_client_accounts_borrow::Borrow
[INFO] [stdout]            std::borrow::Borrow
[INFO] [stdout] 
[INFO] [stdout] 
[INFO] [stdout] error[E0425]: cannot find type `Repay` in this scope
[INFO] [stdout]   --> programs/lending-core/src/lib.rs:35:31
[INFO] [stdout]    |
[INFO] [stdout] 35 |     pub fn repay(ctx: Context<Repay>, amount: u64) -> Result<()>  {
[INFO] [stdout]    |                               ^^^^^ not found in this scope
[INFO] [stdout]    |
[INFO] [stdout]    = help: consider importing one of these structs:
[INFO] [stdout]            crate::instruction::Repay
[INFO] [stdout]            crate::instructions::Repay
[INFO] [stdout]            crate::instructions::__client_accounts_repay::Repay
[INFO] [stdout]            crate::instructions::__cpi_client_accounts_repay::Repay
[INFO] [stdout] 
[INFO] [stdout] 
[INFO] [stdout] error[E0433]: cannot find type `Repay` in this scope
[INFO] [stdout]   --> programs/lending-core/src/lib.rs:35:31
[INFO] [stdout]    |
[INFO] [stdout] 35 |     pub fn repay(ctx: Context<Repay>, amount: u64) -> Result<()>  {
[INFO] [stdout]    |                               ^^^^^ use of undeclared type `Repay`
[INFO] [stdout]    |
[INFO] [stdout]    = help: consider importing one of these structs:
[INFO] [stdout]            crate::instruction::Repay
[INFO] [stdout]            crate::instructions::Repay
[INFO] [stdout]            crate::instructions::__client_accounts_repay::Repay
[INFO] [stdout]            crate::instructions::__cpi_client_accounts_repay::Repay
[INFO] [stdout] 
[INFO] [stdout] 
[INFO] [stdout] error[E0425]: cannot find type `Withdraw` in this scope
[INFO] [stdout]   --> programs/lending-core/src/lib.rs:39:34
[INFO] [stdout]    |
[INFO] [stdout] 39 |     pub fn withdraw(ctx: Context<Withdraw>, amount: u64) -> Result<()>  {
[INFO] [stdout]    |                                  ^^^^^^^^ not found in this scope
[INFO] [stdout]    |
[INFO] [stdout]    = help: consider importing one of these structs:
[INFO] [stdout]            crate::instruction::Withdraw
[INFO] [stdout]            crate::instructions::Withdraw
[INFO] [stdout]            crate::instructions::__client_accounts_withdraw::Withdraw
[INFO] [stdout]            crate::instructions::__cpi_client_accounts_withdraw::Withdraw
[INFO] [stdout] 
[INFO] [stdout] 
[INFO] [stdout] error[E0433]: cannot find type `Withdraw` in this scope
[INFO] [stdout]   --> programs/lending-core/src/lib.rs:39:34
[INFO] [stdout]    |
[INFO] [stdout] 39 |     pub fn withdraw(ctx: Context<Withdraw>, amount: u64) -> Result<()>  {
[INFO] [stdout]    |                                  ^^^^^^^^ use of undeclared type `Withdraw`
[INFO] [stdout]    |
[INFO] [stdout]    = help: consider importing one of these structs:
[INFO] [stdout]            crate::instruction::Withdraw
[INFO] [stdout]            crate::instructions::Withdraw
[INFO] [stdout]            crate::instructions::__client_accounts_withdraw::Withdraw
[INFO] [stdout]            crate::instructions::__cpi_client_accounts_withdraw::Withdraw
[INFO] [stdout] 
[INFO] [stdout] 
[INFO] [stdout] warning: unexpected `cfg` condition value: `custom-heap`
[INFO] [stdout]   --> programs/lending-core/src/lib.rs:14:1
[INFO] [stdout]    |
[INFO] [stdout] 14 | #[program]
[INFO] [stdout]    | ^^^^^^^^^^
[INFO] [stdout]    |
[INFO] [stdout]    = note: expected values for `feature` are: `cpi`, `default`, `idl-build`, `no-entrypoint`, `no-idl`, and `no-log-ix-name`
[INFO] [stdout]    = note: using a cfg inside a macro will use the cfgs from the destination crate and not the ones from the defining crate
[INFO] [stdout]    = help: try referring to `$crate::custom_heap_default` crate for guidance on how handle this unexpected cfg
[INFO] [stdout]    = note: see <https://doc.rust-lang.org/nightly/rustc/check-cfg/cargo-specifics.html> for more information about checking conditional configuration
[INFO] [stdout]    = note: `#[warn(unexpected_cfgs)]` on by default
[INFO] [stdout]    = note: this warning originates in the macro `$crate::custom_heap_default` which comes from the expansion of the attribute macro `program` (in Nightly builds, run with -Z macro-backtrace for more info)
[INFO] [stdout] 
[INFO] [stdout] 
[INFO] [stdout] warning: unexpected `cfg` condition value: `solana`
[INFO] [stdout]   --> programs/lending-core/src/lib.rs:14:1
[INFO] [stdout]    |
[INFO] [stdout] 14 | #[program]
[INFO] [stdout]    | ^^^^^^^^^^
[INFO] [stdout]    |
[INFO] [stdout]    = note: expected values for `target_os` are: `aix`, `amdhsa`, `android`, `cuda`, `cygwin`, `dragonfly`, `emscripten`, `espidf`, `freebsd`, `fuchsia`, `haiku`, `helenos`, `hermit`, `horizon`, `hurd`, `illumos`, `ios`, `l4re`, `linux`, `lynxos178`, `macos`, `managarm`, `motor`, `netbsd`, `none`, `nto`, `nuttx`, `openbsd`, `psp`, `psx`, `qnx`, `qurt`, `redox`, `rtems`, and `solaris` and 15 more
[INFO] [stdout]    = note: using a cfg inside a macro will use the cfgs from the destination crate and not the ones from the defining crate
[INFO] [stdout]    = help: try referring to `$crate::custom_heap_default` crate for guidance on how handle this unexpected cfg
[INFO] [stdout]    = note: see <https://doc.rust-lang.org/nightly/rustc/check-cfg/cargo-specifics.html> for more information about checking conditional configuration
[INFO] [stdout]    = note: this warning originates in the macro `$crate::custom_heap_default` which comes from the expansion of the attribute macro `program` (in Nightly builds, run with -Z macro-backtrace for more info)
[INFO] [stdout] 
[INFO] [stdout] 
[INFO] [stdout] warning: unexpected `cfg` condition value: `custom-panic`
[INFO] [stdout]   --> programs/lending-core/src/lib.rs:14:1
[INFO] [stdout]    |
[INFO] [stdout] 14 | #[program]
[INFO] [stdout]    | ^^^^^^^^^^
[INFO] [stdout]    |
[INFO] [stdout]    = note: expected values for `feature` are: `cpi`, `default`, `idl-build`, `no-entrypoint`, `no-idl`, and `no-log-ix-name`
[INFO] [stdout]    = note: using a cfg inside a macro will use the cfgs from the destination crate and not the ones from the defining crate
[INFO] [stdout]    = help: try referring to `$crate::custom_panic_default` crate for guidance on how handle this unexpected cfg
[INFO] [stdout]    = note: see <https://doc.rust-lang.org/nightly/rustc/check-cfg/cargo-specifics.html> for more information about checking conditional configuration
[INFO] [stdout]    = note: this warning originates in the macro `$crate::custom_panic_default` which comes from the expansion of the attribute macro `program` (in Nightly builds, run with -Z macro-backtrace for more info)
[INFO] [stdout] 
[INFO] [stdout] 
[INFO] [stdout] warning: unexpected `cfg` condition value: `solana`
[INFO] [stdout]   --> programs/lending-core/src/lib.rs:14:1
[INFO] [stdout]    |
[INFO] [stdout] 14 | #[program]
[INFO] [stdout]    | ^^^^^^^^^^
[INFO] [stdout]    |
[INFO] [stdout]    = note: expected values for `target_os` are: `aix`, `amdhsa`, `android`, `cuda`, `cygwin`, `dragonfly`, `emscripten`, `espidf`, `freebsd`, `fuchsia`, `haiku`, `helenos`, `hermit`, `horizon`, `hurd`, `illumos`, `ios`, `l4re`, `linux`, `lynxos178`, `macos`, `managarm`, `motor`, `netbsd`, `none`, `nto`, `nuttx`, `openbsd`, `psp`, `psx`, `qnx`, `qurt`, `redox`, `rtems`, and `solaris` and 15 more
[INFO] [stdout]    = note: using a cfg inside a macro will use the cfgs from the destination crate and not the ones from the defining crate
[INFO] [stdout]    = help: try referring to `$crate::custom_panic_default` crate for guidance on how handle this unexpected cfg
[INFO] [stdout]    = note: see <https://doc.rust-lang.org/nightly/rustc/check-cfg/cargo-specifics.html> for more information about checking conditional configuration
[INFO] [stdout]    = note: this warning originates in the macro `$crate::custom_panic_default` which comes from the expansion of the attribute macro `program` (in Nightly builds, run with -Z macro-backtrace for more info)
[INFO] [stdout] 
[INFO] [stdout] 
[INFO] [stdout] warning: unused imports: `Mint`, `TokenAccount`, and `Token`
[INFO] [stdout]  --> programs/lending-core/src/lib.rs:2:25
[INFO] [stdout]   |
[INFO] [stdout] 2 | use anchor_spl::token::{Mint, TokenAccount, Token};
[INFO] [stdout]   |                         ^^^^  ^^^^^^^^^^^^  ^^^^^
[INFO] [stdout]   |
[INFO] [stdout]   = note: `#[warn(unused_imports)]` (part of `#[warn(unused)]`) on by default
[INFO] [stdout] 
[INFO] [stdout] 
[INFO] [stdout] warning: unused imports: `LendingPool` and `UserAccount`
[INFO] [stdout]  --> programs/lending-core/src/lib.rs:4:21
[INFO] [stdout]   |
[INFO] [stdout] 4 | use crate::states::{LendingPool, UserAccount};
[INFO] [stdout]   |                     ^^^^^^^^^^^  ^^^^^^^^^^^
[INFO] [stdout] 
[INFO] [stdout] 
[INFO] [stdout] warning: unexpected `cfg` condition value: `anchor-debug`
[INFO] [stdout]  --> programs/lending-core/src/instructions/initialize_ix.rs:5:10
[INFO] [stdout]   |
[INFO] [stdout] 5 | #[derive(Accounts)]
[INFO] [stdout]   |          ^^^^^^^^
[INFO] [stdout]   |
[INFO] [stdout]   = note: expected values for `feature` are: `cpi`, `default`, `idl-build`, `no-entrypoint`, `no-idl`, and `no-log-ix-name`
[INFO] [stdout]   = note: using a cfg inside a derive macro will use the cfgs from the destination crate and not the ones from the defining crate
[INFO] [stdout]   = help: try referring to `Accounts` crate for guidance on how handle this unexpected cfg
[INFO] [stdout]   = note: see <https://doc.rust-lang.org/nightly/rustc/check-cfg/cargo-specifics.html> for more information about checking conditional configuration
[INFO] [stdout]   = note: this warning originates in the derive macro `Accounts` (in Nightly builds, run with -Z macro-backtrace for more info)
[INFO] [stdout] 
[INFO] [stdout] 
[INFO] [stdout] warning: unexpected `cfg` condition value: `anchor-debug`
[INFO] [stdout]  --> programs/lending-core/src/instructions/borrow_ix.rs:7:10
[INFO] [stdout]   |
[INFO] [stdout] 7 | #[derive(Accounts)]
[INFO] [stdout]   |          ^^^^^^^^
[INFO] [stdout]   |
[INFO] [stdout]   = note: expected values for `feature` are: `cpi`, `default`, `idl-build`, `no-entrypoint`, `no-idl`, and `no-log-ix-name`
[INFO] [stdout]   = note: using a cfg inside a derive macro will use the cfgs from the destination crate and not the ones from the defining crate
[INFO] [stdout]   = help: try referring to `Accounts` crate for guidance on how handle this unexpected cfg
[INFO] [stdout]   = note: see <https://doc.rust-lang.org/nightly/rustc/check-cfg/cargo-specifics.html> for more information about checking conditional configuration
[INFO] [stdout]   = note: this warning originates in the derive macro `Accounts` (in Nightly builds, run with -Z macro-backtrace for more info)
[INFO] [stdout] 
[INFO] [stdout] 
[INFO] [stdout] warning: unexpected `cfg` condition value: `anchor-debug`
[INFO] [stdout]  --> programs/lending-core/src/instructions/deposit_ix.rs:6:10
[INFO] [stdout]   |
[INFO] [stdout] 6 | #[derive(Accounts)]
[INFO] [stdout]   |          ^^^^^^^^
[INFO] [stdout]   |
[INFO] [stdout]   = note: expected values for `feature` are: `cpi`, `default`, `idl-build`, `no-entrypoint`, `no-idl`, and `no-log-ix-name`
[INFO] [stdout]   = note: using a cfg inside a derive macro will use the cfgs from the destination crate and not the ones from the defining crate
[INFO] [stdout]   = help: try referring to `Accounts` crate for guidance on how handle this unexpected cfg
[INFO] [stdout]   = note: see <https://doc.rust-lang.org/nightly/rustc/check-cfg/cargo-specifics.html> for more information about checking conditional configuration
[INFO] [stdout]   = note: this warning originates in the derive macro `Accounts` (in Nightly builds, run with -Z macro-backtrace for more info)
[INFO] [stdout] 
[INFO] [stdout] 
[INFO] [stdout] warning: unexpected `cfg` condition value: `anchor-debug`
[INFO] [stdout]  --> programs/lending-core/src/instructions/repay_ix.rs:7:10
[INFO] [stdout]   |
[INFO] [stdout] 7 | #[derive(Accounts)]
[INFO] [stdout]   |          ^^^^^^^^
[INFO] [stdout]   |
[INFO] [stdout]   = note: expected values for `feature` are: `cpi`, `default`, `idl-build`, `no-entrypoint`, `no-idl`, and `no-log-ix-name`
[INFO] [stdout]   = note: using a cfg inside a derive macro will use the cfgs from the destination crate and not the ones from the defining crate
[INFO] [stdout]   = help: try referring to `Accounts` crate for guidance on how handle this unexpected cfg
[INFO] [stdout]   = note: see <https://doc.rust-lang.org/nightly/rustc/check-cfg/cargo-specifics.html> for more information about checking conditional configuration
[INFO] [stdout]   = note: this warning originates in the derive macro `Accounts` (in Nightly builds, run with -Z macro-backtrace for more info)
[INFO] [stdout] 
[INFO] [stdout] 
[INFO] [stdout] warning: unexpected `cfg` condition value: `anchor-debug`
[INFO] [stdout]  --> programs/lending-core/src/instructions/withdraw_ix.rs:6:10
[INFO] [stdout]   |
[INFO] [stdout] 6 | #[derive(Accounts)]
[INFO] [stdout]   |          ^^^^^^^^
[INFO] [stdout]   |
[INFO] [stdout]   = note: expected values for `feature` are: `cpi`, `default`, `idl-build`, `no-entrypoint`, `no-idl`, and `no-log-ix-name`
[INFO] [stdout]   = note: using a cfg inside a derive macro will use the cfgs from the destination crate and not the ones from the defining crate
[INFO] [stdout]   = help: try referring to `Accounts` crate for guidance on how handle this unexpected cfg
[INFO] [stdout]   = note: see <https://doc.rust-lang.org/nightly/rustc/check-cfg/cargo-specifics.html> for more information about checking conditional configuration
[INFO] [stdout]   = note: this warning originates in the derive macro `Accounts` (in Nightly builds, run with -Z macro-backtrace for more info)
[INFO] [stdout] 
[INFO] [stdout] 
[INFO] [stdout] warning: ambiguous glob re-exports
[INFO] [stdout]   --> programs/lending-core/src/instructions/mod.rs:7:9
[INFO] [stdout]    |
[INFO] [stdout]  7 | pub use initialize_ix::*;
[INFO] [stdout]    |         ^^^^^^^^^^^^^^^^ the name `handle` in the value namespace is first re-exported here
[INFO] [stdout] ...
[INFO] [stdout] 11 | pub use withdraw_ix::*;
[INFO] [stdout]    |         -------------- but the name `handle` in the value namespace is also re-exported here
[INFO] [stdout]    |
[INFO] [stdout]    = note: `#[warn(ambiguous_glob_reexports)]` on by default
[INFO] [stdout] 
[INFO] [stdout] 
[INFO] [stdout] warning: unexpected `cfg` condition value: `anchor-debug`
[INFO] [stdout]   --> programs/lending-core/src/lib.rs:14:1
[INFO] [stdout]    |
[INFO] [stdout] 14 | #[program]
[INFO] [stdout]    | ^^^^^^^^^^
[INFO] [stdout]    |
[INFO] [stdout]    = note: expected values for `feature` are: `cpi`, `default`, `idl-build`, `no-entrypoint`, `no-idl`, and `no-log-ix-name`
[INFO] [stdout]    = note: using a cfg inside a attribute macro will use the cfgs from the destination crate and not the ones from the defining crate
[INFO] [stdout]    = help: try referring to `program` crate for guidance on how handle this unexpected cfg
[INFO] [stdout]    = note: see <https://doc.rust-lang.org/nightly/rustc/check-cfg/cargo-specifics.html> for more information about checking conditional configuration
[INFO] [stdout]    = note: this warning originates in the attribute macro `program` (in Nightly builds, run with -Z macro-backtrace for more info)
[INFO] [stdout] 
[INFO] [stdout] 
[INFO] [stdout] warning: unexpected `cfg` condition value: `anchor-debug`
[INFO] [stdout]   --> programs/lending-core/src/lib.rs:14:1
[INFO] [stdout]    |
[INFO] [stdout] 14 | #[program]
[INFO] [stdout]    | ^^^^^^^^^^
[INFO] [stdout]    |
[INFO] [stdout]    = note: expected values for `feature` are: `cpi`, `default`, `idl-build`, `no-entrypoint`, `no-idl`, and `no-log-ix-name`
[INFO] [stdout]    = note: using a cfg inside a derive macro will use the cfgs from the destination crate and not the ones from the defining crate
[INFO] [stdout]    = help: try referring to `Accounts` crate for guidance on how handle this unexpected cfg
[INFO] [stdout]    = note: see <https://doc.rust-lang.org/nightly/rustc/check-cfg/cargo-specifics.html> for more information about checking conditional configuration
[INFO] [stdout]    = note: this warning originates in the derive macro `Accounts` (in Nightly builds, run with -Z macro-backtrace for more info)
[INFO] [stdout] 
[INFO] [stdout] 
[INFO] [stdout] warning: unexpected `cfg` condition value: `anchor-debug`
[INFO] [stdout]   --> programs/lending-core/src/lib.rs:14:1
[INFO] [stdout]    |
[INFO] [stdout] 14 | #[program]
[INFO] [stdout]    | ^^^^^^^^^^
[INFO] [stdout]    |
[INFO] [stdout]    = note: expected values for `feature` are: `cpi`, `default`, `idl-build`, `no-entrypoint`, `no-idl`, and `no-log-ix-name`
[INFO] [stdout]    = note: using a cfg inside a derive macro will use the cfgs from the destination crate and not the ones from the defining crate
[INFO] [stdout]    = help: try referring to `Accounts` crate for guidance on how handle this unexpected cfg
[INFO] [stdout]    = note: see <https://doc.rust-lang.org/nightly/rustc/check-cfg/cargo-specifics.html> for more information about checking conditional configuration
[INFO] [stdout]    = note: this warning originates in the derive macro `Accounts` (in Nightly builds, run with -Z macro-backtrace for more info)
[INFO] [stdout] 
[INFO] [stdout] 
[INFO] [stdout] warning: unexpected `cfg` condition value: `anchor-debug`
[INFO] [stdout]   --> programs/lending-core/src/lib.rs:14:1
[INFO] [stdout]    |
[INFO] [stdout] 14 | #[program]
[INFO] [stdout]    | ^^^^^^^^^^
[INFO] [stdout]    |
[INFO] [stdout]    = note: expected values for `feature` are: `cpi`, `default`, `idl-build`, `no-entrypoint`, `no-idl`, and `no-log-ix-name`
[INFO] [stdout]    = note: using a cfg inside a derive macro will use the cfgs from the destination crate and not the ones from the defining crate
[INFO] [stdout]    = help: try referring to `Accounts` crate for guidance on how handle this unexpected cfg
[INFO] [stdout]    = note: see <https://doc.rust-lang.org/nightly/rustc/check-cfg/cargo-specifics.html> for more information about checking conditional configuration
[INFO] [stdout]    = note: this warning originates in the derive macro `Accounts` (in Nightly builds, run with -Z macro-backtrace for more info)
[INFO] [stdout] 
[INFO] [stdout] 
[INFO] [stdout] warning: unexpected `cfg` condition value: `anchor-debug`
[INFO] [stdout]   --> programs/lending-core/src/lib.rs:14:1
[INFO] [stdout]    |
[INFO] [stdout] 14 | #[program]
[INFO] [stdout]    | ^^^^^^^^^^
[INFO] [stdout]    |
[INFO] [stdout]    = note: expected values for `feature` are: `cpi`, `default`, `idl-build`, `no-entrypoint`, `no-idl`, and `no-log-ix-name`
[INFO] [stdout]    = note: using a cfg inside a derive macro will use the cfgs from the destination crate and not the ones from the defining crate
[INFO] [stdout]    = help: try referring to `Accounts` crate for guidance on how handle this unexpected cfg
[INFO] [stdout]    = note: see <https://doc.rust-lang.org/nightly/rustc/check-cfg/cargo-specifics.html> for more information about checking conditional configuration
[INFO] [stdout]    = note: this warning originates in the derive macro `Accounts` (in Nightly builds, run with -Z macro-backtrace for more info)
[INFO] [stdout] 
[INFO] [stdout] 
[INFO] [stdout] warning: unexpected `cfg` condition value: `anchor-debug`
[INFO] [stdout]   --> programs/lending-core/src/lib.rs:14:1
[INFO] [stdout]    |
[INFO] [stdout] 14 | #[program]
[INFO] [stdout]    | ^^^^^^^^^^
[INFO] [stdout]    |
[INFO] [stdout]    = note: expected values for `feature` are: `cpi`, `default`, `idl-build`, `no-entrypoint`, `no-idl`, and `no-log-ix-name`
[INFO] [stdout]    = note: using a cfg inside a derive macro will use the cfgs from the destination crate and not the ones from the defining crate
[INFO] [stdout]    = help: try referring to `Accounts` crate for guidance on how handle this unexpected cfg
[INFO] [stdout]    = note: see <https://doc.rust-lang.org/nightly/rustc/check-cfg/cargo-specifics.html> for more information about checking conditional configuration
[INFO] [stdout]    = note: this warning originates in the derive macro `Accounts` (in Nightly builds, run with -Z macro-backtrace for more info)
[INFO] [stdout] 
[INFO] [stdout] 
[INFO] [stdout] warning: unexpected `cfg` condition value: `anchor-debug`
[INFO] [stdout]   --> programs/lending-core/src/lib.rs:14:1
[INFO] [stdout]    |
[INFO] [stdout] 14 | #[program]
[INFO] [stdout]    | ^^^^^^^^^^
[INFO] [stdout]    |
[INFO] [stdout]    = note: expected values for `feature` are: `cpi`, `default`, `idl-build`, `no-entrypoint`, `no-idl`, and `no-log-ix-name`
[INFO] [stdout]    = note: using a cfg inside a derive macro will use the cfgs from the destination crate and not the ones from the defining crate
[INFO] [stdout]    = help: try referring to `Accounts` crate for guidance on how handle this unexpected cfg
[INFO] [stdout]    = note: see <https://doc.rust-lang.org/nightly/rustc/check-cfg/cargo-specifics.html> for more information about checking conditional configuration
[INFO] [stdout]    = note: this warning originates in the derive macro `Accounts` (in Nightly builds, run with -Z macro-backtrace for more info)
[INFO] [stdout] 
[INFO] [stdout] 
[INFO] [stdout] warning: unused imports: `program::invoke_signed` and `system_instruction`
[INFO] [stdout]   --> programs/lending-core/src/lib.rs:16:39
[INFO] [stdout]    |
[INFO] [stdout] 16 |     use anchor_lang::solana_program::{program::invoke_signed, system_instruction};
[INFO] [stdout]    |                                       ^^^^^^^^^^^^^^^^^^^^^^  ^^^^^^^^^^^^^^^^^^
[INFO] [stdout] 
[INFO] [stdout] 
[INFO] [stdout] warning: use of deprecated module `anchor_lang::solana_program::system_instruction`: Use `solana_system_interface` crate instead
[INFO] [stdout]   --> programs/lending-core/src/lib.rs:16:63
[INFO] [stdout]    |
[INFO] [stdout] 16 |     use anchor_lang::solana_program::{program::invoke_signed, system_instruction};
[INFO] [stdout]    |                                                               ^^^^^^^^^^^^^^^^^^
[INFO] [stdout]    |
[INFO] [stdout]    = note: `#[warn(deprecated)]` on by default
[INFO] [stdout] 
[INFO] [stdout] 
[INFO] [stdout] error[E0433]: cannot find module or crate `system_instruction` in this scope
[INFO] [stdout]   --> programs/lending-core/src/instructions/deposit_ix.rs:28:14
[INFO] [stdout]    |
[INFO] [stdout] 28 |     let ix = system_instruction::transfer(
[INFO] [stdout]    |              ^^^^^^^^^^^^^^^^^^ use of unresolved module or unlinked crate `system_instruction`
[INFO] [stdout]    |
[INFO] [stdout]    = help: if you wanted to use a crate named `system_instruction`, use `cargo add system_instruction` to add it to your `Cargo.toml`
[INFO] [stdout] 
[INFO] [stdout] 
[INFO] [stdout] error[E0425]: cannot find function `invoke` in this scope
[INFO] [stdout]   --> programs/lending-core/src/instructions/deposit_ix.rs:33:5
[INFO] [stdout]    |
[INFO] [stdout] 33 |     invoke(
[INFO] [stdout]    |     ^^^^^^ not found in this scope
[INFO] [stdout] 
[INFO] [stdout] 
[INFO] [stdout] error[E0433]: cannot find module or crate `system_instruction` in this scope
[INFO] [stdout]   --> programs/lending-core/src/instructions/withdraw_ix.rs:40:14
[INFO] [stdout]    |
[INFO] [stdout] 40 |     let ix = system_instruction::transfer(
[INFO] [stdout]    |              ^^^^^^^^^^^^^^^^^^ use of unresolved module or unlinked crate `system_instruction`
[INFO] [stdout]    |
[INFO] [stdout]    = help: if you wanted to use a crate named `system_instruction`, use `cargo add system_instruction` to add it to your `Cargo.toml`
[INFO] [stdout] 
[INFO] [stdout] 
[INFO] [stdout] error[E0425]: cannot find function `invoke_signed` in this scope
[INFO] [stdout]   --> programs/lending-core/src/instructions/withdraw_ix.rs:46:5
[INFO] [stdout]    |
[INFO] [stdout] 46 |     invoke_signed(
[INFO] [stdout]    |     ^^^^^^^^^^^^^ not found in this scope
[INFO] [stdout] 
[INFO] [stdout] 
[INFO] [stdout] warning: use of deprecated method `anchor_lang::prelude::AccountInfo::<'a>::realloc`: Use AccountInfo::resize() instead
[INFO] [stdout]   --> programs/lending-core/src/lib.rs:14:1
[INFO] [stdout]    |
[INFO] [stdout] 14 | #[program]
[INFO] [stdout]    | ^^^^^^^^^^
[INFO] [stdout]    |
[INFO] [stdout]    = note: this warning originates in the attribute macro `program` (in Nightly builds, run with -Z macro-backtrace for more info)
[INFO] [stdout] 
[INFO] [stdout] 
[INFO] [stdout] Some errors have detailed explanations: E0425, E0433.
[INFO] [stdout] 
[INFO] [stdout] For more information about an error, try `rustc --explain E0425`.
[INFO] [stdout] 
[INFO] [stderr] error: could not compile `lending-core` (lib) due to 22 previous errors; 22 warnings emitted
[INFO] running `Command { std: "docker" "inspect" "09b86fde24fcdf2540adaa93a5c19701634f9c28e519c235b7e93910cac78edf", kill_on_drop: false }`
[INFO] running `Command { std: "docker" "rm" "-f" "09b86fde24fcdf2540adaa93a5c19701634f9c28e519c235b7e93910cac78edf", kill_on_drop: false }`
[INFO] [stdout] 09b86fde24fcdf2540adaa93a5c19701634f9c28e519c235b7e93910cac78edf
