[INFO] cloning repository https://github.com/kurtosis-tech/solana-testing
[INFO] running `Command { std: "git" "-c" "credential.helper=" "-c" "credential.helper=/workspace/cargo-home/bin/git-credential-null" "clone" "--bare" "https://github.com/kurtosis-tech/solana-testing" "/workspace/cache/git-repos/https%3A%2F%2Fgithub.com%2Fkurtosis-tech%2Fsolana-testing", kill_on_drop: false }`
[INFO] [stderr] Cloning into bare repository '/workspace/cache/git-repos/https%3A%2F%2Fgithub.com%2Fkurtosis-tech%2Fsolana-testing'...
[INFO] running `Command { std: "git" "rev-parse" "HEAD", kill_on_drop: false }`
[INFO] [stdout] 7f1f3c3c246bd34bfc102eebfb6f7b21dc250c6f
[INFO] testing kurtosis-tech/solana-testing against 1.98.0-beta.8+cargoflags=--release for beta-release-1.99-2
[INFO] running `Command { std: "git" "clone" "/workspace/cache/git-repos/https%3A%2F%2Fgithub.com%2Fkurtosis-tech%2Fsolana-testing" "/workspace/builds/worker-5-tc1/source", kill_on_drop: false }`
[INFO] [stderr] Cloning into '/workspace/builds/worker-5-tc1/source'...
[INFO] [stderr] done.
[INFO] started tweaking git repo https://github.com/kurtosis-tech/solana-testing
[INFO] finished tweaking git repo https://github.com/kurtosis-tech/solana-testing
[INFO] tweaked toml for git repo https://github.com/kurtosis-tech/solana-testing written to /workspace/builds/worker-5-tc1/source/Cargo.toml
[INFO] validating manifest of git repo https://github.com/kurtosis-tech/solana-testing on toolchain 1.98.0-beta.8
[INFO] running `Command { std: CARGO_HOME="/workspace/cargo-home" RUSTUP_HOME="/workspace/rustup-home" "/workspace/cargo-home/bin/cargo" "+1.98.0-beta.8" "metadata" "--manifest-path" "Cargo.toml" "--no-deps", kill_on_drop: false }`
[INFO] crate git repo https://github.com/kurtosis-tech/solana-testing already has a lockfile, it will not be regenerated
[INFO] running `Command { std: CARGO_HOME="/workspace/cargo-home" RUSTUP_HOME="/workspace/rustup-home" "/workspace/cargo-home/bin/cargo" "+1.98.0-beta.8" "fetch" "--manifest-path" "Cargo.toml", kill_on_drop: false }`
[INFO] [stderr]     Blocking waiting for file lock on package cache
[INFO] [stderr]     Updating crates.io index
[INFO] [stderr]     Blocking waiting for file lock on package cache
[INFO] [stderr]  Downloading crates ...
[INFO] [stderr]   Downloaded tracing-futures v0.2.5
[INFO] [stderr]   Downloaded tracing v0.1.25
[INFO] [stderr]   Downloaded pin-project-lite v0.2.4
[INFO] [stderr]   Downloaded tracing-attributes v0.1.13
[INFO] [stderr]   Downloaded tonic v0.4.0
[INFO] [stderr]   Downloaded thiserror-impl v1.0.24
[INFO] [stderr]   Downloaded vcpkg v0.2.11
[INFO] [stderr]   Downloaded tower-layer v0.3.1
[INFO] [stderr]   Downloaded async-stream-impl v0.3.0
[INFO] [stderr]   Downloaded security-framework-sys v2.1.1
[INFO] [stderr]   Downloaded simple-error v0.2.3
[INFO] [stderr]   Downloaded wasm-bindgen-futures v0.4.20
[INFO] [stderr]   Downloaded form_urlencoded v1.0.1
[INFO] [stderr]   Downloaded futures-task v0.3.13
[INFO] [stderr]   Downloaded futures-io v0.3.13
[INFO] [stderr]   Downloaded futures-sink v0.3.13
[INFO] [stderr]   Downloaded http-body v0.4.0
[INFO] [stderr]   Downloaded async-stream v0.3.0
[INFO] [stderr]   Downloaded tokio-macros v1.1.0
[INFO] [stderr]   Downloaded futures-core v0.3.13
[INFO] [stderr]   Downloaded wasm-bindgen-macro v0.2.70
[INFO] [stderr]   Downloaded os_str_bytes v2.4.0
[INFO] [stderr]   Downloaded wasm-bindgen-shared v0.2.70
[INFO] [stderr]   Downloaded rand_core v0.6.2
[INFO] [stderr]   Downloaded async-trait v0.1.42
[INFO] [stderr]   Downloaded native-tls v0.2.7
[INFO] [stderr]   Downloaded simplelog v0.9.0
[INFO] [stderr]   Downloaded wasm-bindgen-backend v0.2.70
[INFO] [stderr]   Downloaded wasm-bindgen-macro-support v0.2.70
[INFO] [stderr]   Downloaded unicode-width v0.1.8
[INFO] [stderr]   Downloaded miow v0.3.6
[INFO] [stderr]   Downloaded tokio-stream v0.1.3
[INFO] [stderr]   Downloaded httparse v1.3.5
[INFO] [stderr]   Downloaded futures-channel v0.3.13
[INFO] [stderr]   Downloaded kurtosis-rust-lib v1.16.0
[INFO] [stderr]   Downloaded textwrap v0.12.1
[INFO] [stderr]   Downloaded clap_derive v3.0.0-beta.2
[INFO] [stderr]   Downloaded pin-project-internal v1.0.5
[INFO] [stderr]   Downloaded downcast-rs v1.2.0
[INFO] [stderr]   Downloaded dashmap v4.0.2
[INFO] [stderr]   Downloaded tinyvec v1.1.1
[INFO] [stderr]   Downloaded tokio-native-tls v0.3.0
[INFO] [stderr]   Downloaded redox_syscall v0.2.5
[INFO] [stderr]   Downloaded thiserror v1.0.24
[INFO] [stderr]   Downloaded once_cell v1.7.0
[INFO] [stderr]   Downloaded socket2 v0.3.19
[INFO] [stderr]   Downloaded serde_derive v1.0.123
[INFO] [stderr]   Downloaded pin-project v1.0.5
[INFO] [stderr]   Downloaded openssl-sys v0.9.60
[INFO] [stderr]   Downloaded cc v1.0.67
[INFO] [stderr]   Downloaded serde v1.0.123
[INFO] [stderr]   Downloaded js-sys v0.3.47
[INFO] [stderr]   Downloaded security-framework v2.1.1
[INFO] [stderr]   Downloaded tokio-util v0.6.3
[INFO] [stderr]   Downloaded url v2.2.1
[INFO] [stderr]   Downloaded mio v0.7.9
[INFO] [stderr]   Downloaded http v0.2.3
[INFO] [stderr]   Downloaded unicode-normalization v0.1.17
[INFO] [stderr]   Downloaded tower v0.4.5
[INFO] [stderr]   Downloaded serde_json v1.0.63
[INFO] [stderr]   Downloaded futures-util v0.3.13
[INFO] [stderr]   Downloaded reqwest v0.11.1
[INFO] [stderr]   Downloaded bumpalo v3.6.1
[INFO] [stderr]   Downloaded clap v3.0.0-beta.2
[INFO] [stderr]   Downloaded hyper v0.14.4
[INFO] [stderr]   Downloaded wasm-bindgen v0.2.70
[INFO] [stderr]   Downloaded h2 v0.3.0
[INFO] [stderr]   Downloaded openssl v0.10.32
[INFO] [stderr]   Downloaded idna v0.2.2
[INFO] [stderr]   Downloaded tokio v1.2.0
[INFO] [stderr]   Downloaded web-sys v0.3.47
[INFO] running `Command { std: "docker" "create" "-v" "/var/lib/crater-agent-workspace/builds/worker-5-tc1/source:/opt/rustwide/workdir:ro,Z" "-v" "/var/lib/crater-agent-workspace/builds/worker-5-tc1/target:/opt/rustwide/target:rw,Z" "-v" "/var/lib/crater-agent-workspace/cargo-home:/opt/rustwide/cargo-home:ro,Z" "-v" "/var/lib/crater-agent-workspace/rustup-home:/opt/rustwide/rustup-home:ro,Z" "-m" "1610612736" "--network" "none" "ghcr.io/rust-lang/crates-build-env/linux@sha256:8683fc1fc2eb5c9ac98e0d076ab094b2ffac7f99da555d2b6a2e27f346de2ec7" "sleep" "infinity", kill_on_drop: false }`
[INFO] [stdout] 2bb5278012bdb313d8752d9d72df34a7e5078bdb946524ea93142db4d9112d58
[INFO] running `Command { std: "docker" "start" "2bb5278012bdb313d8752d9d72df34a7e5078bdb946524ea93142db4d9112d58", kill_on_drop: false }`
[INFO] running `Command { std: "docker" "inspect" "2bb5278012bdb313d8752d9d72df34a7e5078bdb946524ea93142db4d9112d58", kill_on_drop: false }`
[INFO] running `Command { std: "docker" "exec" "-e" "SOURCE_DIR=/opt/rustwide/workdir" "-e" "CARGO_HOME=/opt/rustwide/cargo-home" "-e" "RUSTUP_HOME=/opt/rustwide/rustup-home" "-e" "CARGO_TARGET_DIR=/opt/rustwide/target" "-w" "/opt/rustwide/workdir" "--user" "0:0" "2bb5278012bdb313d8752d9d72df34a7e5078bdb946524ea93142db4d9112d58" "/opt/rustwide/cargo-home/bin/cargo" "+1.98.0-beta.8" "metadata" "--no-deps" "--format-version=1", kill_on_drop: false }`
[INFO] running `Command { std: "docker" "inspect" "2bb5278012bdb313d8752d9d72df34a7e5078bdb946524ea93142db4d9112d58", kill_on_drop: false }`
[INFO] running `Command { std: "docker" "exec" "-e" "SOURCE_DIR=/opt/rustwide/workdir" "-e" "CARGO_HOME=/opt/rustwide/cargo-home" "-e" "RUSTUP_HOME=/opt/rustwide/rustup-home" "-e" "CARGO_TARGET_DIR=/opt/rustwide/target" "-e" "CARGO_INCREMENTAL=0" "-e" "RUST_BACKTRACE=full" "-e" "RUSTFLAGS=--cap-lints=warn" "-e" "RUSTDOCFLAGS=--cap-lints=warn" "-w" "/opt/rustwide/workdir" "--user" "0:0" "2bb5278012bdb313d8752d9d72df34a7e5078bdb946524ea93142db4d9112d58" "/opt/rustwide/cargo-home/bin/cargo" "+1.98.0-beta.8" "build" "--frozen" "--message-format=json" "--release", kill_on_drop: false }`
[INFO] [stderr]    Compiling libc v0.2.86
[INFO] [stderr]    Compiling proc-macro2 v1.0.24
[INFO] [stderr]    Compiling unicode-xid v0.2.1
[INFO] [stderr]    Compiling syn v1.0.60
[INFO] [stderr]    Compiling autocfg v1.0.1
[INFO] [stderr]    Compiling log v0.4.14
[INFO] [stderr]    Compiling memchr v2.3.4
[INFO] [stderr]    Compiling getrandom v0.2.2
[INFO] [stderr]    Compiling bytes v1.0.1
[INFO] [stderr]    Compiling anyhow v1.0.38
[INFO] [stderr]    Compiling lazy_static v1.4.0
[INFO] [stderr]    Compiling pin-project-lite v0.2.4
[INFO] [stderr]    Compiling futures-core v0.3.13
[INFO] [stderr]    Compiling cfg-if v1.0.0
[INFO] [stderr]    Compiling either v1.6.1
[INFO] [stderr]    Compiling pkg-config v0.3.19
[INFO] [stderr]    Compiling itoa v0.4.7
[INFO] [stderr]    Compiling cc v1.0.67
[INFO] [stderr]    Compiling tracing-core v0.1.17
[INFO] [stderr]    Compiling hashbrown v0.9.1
[INFO] [stderr]    Compiling ppv-lite86 v0.2.10
[INFO] [stderr]    Compiling fnv v1.0.7
[INFO] [stderr]    Compiling itertools v0.9.0
[INFO] [stderr]    Compiling pin-utils v0.1.0
[INFO] [stderr]    Compiling futures-io v0.3.13
[INFO] [stderr]    Compiling bitflags v1.2.1
[INFO] [stderr]    Compiling version_check v0.9.2
[INFO] [stderr]    Compiling indexmap v1.6.1
[INFO] [stderr]    Compiling tokio v1.2.0
[INFO] [stderr]    Compiling futures-task v0.3.13
[INFO] [stderr]    Compiling slab v0.4.2
[INFO] [stderr]    Compiling unicode-segmentation v1.7.1
[INFO] [stderr]    Compiling futures-sink v0.3.13
[INFO] [stderr]    Compiling httparse v1.3.5
[INFO] [stderr]    Compiling futures-util v0.3.13
[INFO] [stderr]    Compiling num_cpus v1.13.0
[INFO] [stderr]    Compiling mio v0.7.9
[INFO] [stderr]    Compiling http v0.2.3
[INFO] [stderr]    Compiling heck v0.3.2
[INFO] [stderr]    Compiling quote v1.0.9
[INFO] [stderr]    Compiling fixedbitset v0.2.0
[INFO] [stderr]    Compiling foreign-types-shared v0.1.1
[INFO] [stderr]    Compiling tower-service v0.3.1
[INFO] [stderr]    Compiling serde_derive v1.0.123
[INFO] [stderr]    Compiling try-lock v0.2.3
[INFO] [stderr]    Compiling openssl-sys v0.9.60
[INFO] [stderr]    Compiling rand_core v0.6.2
[INFO] [stderr]    Compiling remove_dir_all v0.5.3
[INFO] [stderr]    Compiling percent-encoding v2.1.0
[INFO] [stderr]    Compiling openssl v0.10.32
[INFO] [stderr]    Compiling foreign-types v0.3.2
[INFO] [stderr]    Compiling want v0.3.0
[INFO] [stderr]    Compiling proc-macro-error-attr v1.0.4
[INFO] [stderr]    Compiling socket2 v0.3.19
[INFO] [stderr]    Compiling num-traits v0.2.14
[INFO] [stderr]    Compiling futures-channel v0.3.13
[INFO] [stderr]    Compiling native-tls v0.2.7
[INFO] [stderr]    Compiling tinyvec_macros v0.1.0
[INFO] [stderr]    Compiling httpdate v0.3.2
[INFO] [stderr]    Compiling rand_chacha v0.3.0
[INFO] [stderr]    Compiling once_cell v1.7.0
[INFO] [stderr]    Compiling multimap v0.8.2
[INFO] [stderr]    Compiling serde v1.0.123
[INFO] [stderr]    Compiling ryu v1.0.5
[INFO] [stderr]    Compiling getrandom v0.1.16
[INFO] [stderr] warning: openssl-sys@0.9.60: build/expando.c:4:24: error: pasting "RUST_VERSION_OPENSSL_" and "(" does not give a valid preprocessing token
[INFO] [stderr] warning: openssl-sys@0.9.60:     4 | #define VERSION2(n, v) RUST_VERSION_##n##_##v
[INFO] [stderr] warning: openssl-sys@0.9.60:       |                        ^~~~~~~~~~~~~
[INFO] [stderr] warning: openssl-sys@0.9.60: build/expando.c:5:23: note: in expansion of macro 'VERSION2'
[INFO] [stderr] warning: openssl-sys@0.9.60:     5 | #define VERSION(n, v) VERSION2(n, v)
[INFO] [stderr] warning: openssl-sys@0.9.60:       |                       ^~~~~~~~
[INFO] [stderr] warning: openssl-sys@0.9.60: build/expando.c:10:1: note: in expansion of macro 'VERSION'
[INFO] [stderr] warning: openssl-sys@0.9.60:    10 | VERSION(OPENSSL, OPENSSL_VERSION_NUMBER)
[INFO] [stderr] warning: openssl-sys@0.9.60:       | ^~~~~~~
[INFO] [stderr] error: failed to run custom build command for `openssl-sys v0.9.60`
[INFO] [stderr] note: To improve backtraces for build dependencies, set the CARGO_PROFILE_RELEASE_BUILD_OVERRIDE_DEBUG=true environment variable to enable debug information generation.
[INFO] [stderr] 
[INFO] [stderr] Caused by:
[INFO] [stderr]   process didn't exit successfully: `/opt/rustwide/target/release/build/openssl-sys-506d30c1f3e59d99/build-script-main` (exit status: 101)
[INFO] [stderr]   --- stdout
[INFO] [stderr]   cargo:rustc-cfg=const_fn
[INFO] [stderr]   cargo:rerun-if-env-changed=X86_64_UNKNOWN_LINUX_GNU_OPENSSL_LIB_DIR
[INFO] [stderr]   X86_64_UNKNOWN_LINUX_GNU_OPENSSL_LIB_DIR unset
[INFO] [stderr]   cargo:rerun-if-env-changed=OPENSSL_LIB_DIR
[INFO] [stderr]   OPENSSL_LIB_DIR unset
[INFO] [stderr]   cargo:rerun-if-env-changed=X86_64_UNKNOWN_LINUX_GNU_OPENSSL_INCLUDE_DIR
[INFO] [stderr]   X86_64_UNKNOWN_LINUX_GNU_OPENSSL_INCLUDE_DIR unset
[INFO] [stderr]   cargo:rerun-if-env-changed=OPENSSL_INCLUDE_DIR
[INFO] [stderr]   OPENSSL_INCLUDE_DIR unset
[INFO] [stderr]   cargo:rerun-if-env-changed=X86_64_UNKNOWN_LINUX_GNU_OPENSSL_DIR
[INFO] [stderr]   X86_64_UNKNOWN_LINUX_GNU_OPENSSL_DIR unset
[INFO] [stderr]   cargo:rerun-if-env-changed=OPENSSL_DIR
[INFO] [stderr]   OPENSSL_DIR unset
[INFO] [stderr]   cargo:rerun-if-env-changed=OPENSSL_NO_PKG_CONFIG
[INFO] [stderr]   cargo:rerun-if-env-changed=PKG_CONFIG
[INFO] [stderr]   cargo:rerun-if-env-changed=OPENSSL_STATIC
[INFO] [stderr]   cargo:rerun-if-env-changed=OPENSSL_DYNAMIC
[INFO] [stderr]   cargo:rerun-if-env-changed=PKG_CONFIG_ALL_STATIC
[INFO] [stderr]   cargo:rerun-if-env-changed=PKG_CONFIG_ALL_DYNAMIC
[INFO] [stderr]   cargo:rerun-if-env-changed=PKG_CONFIG_PATH_x86_64-unknown-linux-gnu
[INFO] [stderr]   cargo:rerun-if-env-changed=PKG_CONFIG_PATH_x86_64_unknown_linux_gnu
[INFO] [stderr]   cargo:rerun-if-env-changed=HOST_PKG_CONFIG_PATH
[INFO] [stderr]   cargo:rerun-if-env-changed=PKG_CONFIG_PATH
[INFO] [stderr]   cargo:rerun-if-env-changed=PKG_CONFIG_LIBDIR_x86_64-unknown-linux-gnu
[INFO] [stderr]   cargo:rerun-if-env-changed=PKG_CONFIG_LIBDIR_x86_64_unknown_linux_gnu
[INFO] [stderr]   cargo:rerun-if-env-changed=HOST_PKG_CONFIG_LIBDIR
[INFO] [stderr]   cargo:rerun-if-env-changed=PKG_CONFIG_LIBDIR
[INFO] [stderr]   cargo:rerun-if-env-changed=PKG_CONFIG_SYSROOT_DIR_x86_64-unknown-linux-gnu
[INFO] [stderr]   cargo:rerun-if-env-changed=PKG_CONFIG_SYSROOT_DIR_x86_64_unknown_linux_gnu
[INFO] [stderr]   cargo:rerun-if-env-changed=HOST_PKG_CONFIG_SYSROOT_DIR
[INFO] [stderr]   cargo:rerun-if-env-changed=PKG_CONFIG_SYSROOT_DIR
[INFO] [stderr]   cargo:rerun-if-env-changed=PKG_CONFIG_SYSROOT_DIR
[INFO] [stderr]   cargo:rerun-if-env-changed=SYSROOT
[INFO] [stderr]   cargo:rerun-if-env-changed=OPENSSL_STATIC
[INFO] [stderr]   cargo:rerun-if-env-changed=OPENSSL_DYNAMIC
[INFO] [stderr]   cargo:rerun-if-env-changed=PKG_CONFIG_ALL_STATIC
[INFO] [stderr]   cargo:rerun-if-env-changed=PKG_CONFIG_ALL_DYNAMIC
[INFO] [stderr]   cargo:rustc-link-lib=ssl
[INFO] [stderr]   cargo:rustc-link-lib=crypto
[INFO] [stderr]   cargo:rerun-if-env-changed=PKG_CONFIG
[INFO] [stderr]   cargo:rerun-if-env-changed=OPENSSL_STATIC
[INFO] [stderr]   cargo:rerun-if-env-changed=OPENSSL_DYNAMIC
[INFO] [stderr]   cargo:rerun-if-env-changed=PKG_CONFIG_ALL_STATIC
[INFO] [stderr]   cargo:rerun-if-env-changed=PKG_CONFIG_ALL_DYNAMIC
[INFO] [stderr]   cargo:rerun-if-env-changed=PKG_CONFIG_PATH_x86_64-unknown-linux-gnu
[INFO] [stderr]   cargo:rerun-if-env-changed=PKG_CONFIG_PATH_x86_64_unknown_linux_gnu
[INFO] [stderr]   cargo:rerun-if-env-changed=HOST_PKG_CONFIG_PATH
[INFO] [stderr]   cargo:rerun-if-env-changed=PKG_CONFIG_PATH
[INFO] [stderr]   cargo:rerun-if-env-changed=PKG_CONFIG_LIBDIR_x86_64-unknown-linux-gnu
[INFO] [stderr]   cargo:rerun-if-env-changed=PKG_CONFIG_LIBDIR_x86_64_unknown_linux_gnu
[INFO] [stderr]   cargo:rerun-if-env-changed=HOST_PKG_CONFIG_LIBDIR
[INFO] [stderr]   cargo:rerun-if-env-changed=PKG_CONFIG_LIBDIR
[INFO] [stderr]   cargo:rerun-if-env-changed=PKG_CONFIG_SYSROOT_DIR_x86_64-unknown-linux-gnu
[INFO] [stderr]   cargo:rerun-if-env-changed=PKG_CONFIG_SYSROOT_DIR_x86_64_unknown_linux_gnu
[INFO] [stderr]   cargo:rerun-if-env-changed=HOST_PKG_CONFIG_SYSROOT_DIR
[INFO] [stderr]   cargo:rerun-if-env-changed=PKG_CONFIG_SYSROOT_DIR
[INFO] [stderr]   OPT_LEVEL = Some("3")
[INFO] [stderr]   TARGET = Some("x86_64-unknown-linux-gnu")
[INFO] [stderr]   HOST = Some("x86_64-unknown-linux-gnu")
[INFO] [stderr]   CC_x86_64-unknown-linux-gnu = None
[INFO] [stderr]   CC_x86_64_unknown_linux_gnu = None
[INFO] [stderr]   HOST_CC = None
[INFO] [stderr]   CC = None
[INFO] [stderr]   CFLAGS_x86_64-unknown-linux-gnu = None
[INFO] [stderr]   CFLAGS_x86_64_unknown_linux_gnu = None
[INFO] [stderr]   HOST_CFLAGS = None
[INFO] [stderr]   CFLAGS = None
[INFO] [stderr]   CRATE_CC_NO_DEFAULTS = None
[INFO] [stderr]   DEBUG = Some("false")
[INFO] [stderr]   CARGO_CFG_TARGET_FEATURE = Some("fxsr,sse,sse2")
[INFO] [stderr]   running: "cc" "-O3" "-ffunction-sections" "-fdata-sections" "-fPIC" "-m64" "-I" "/usr/include" "-Wall" "-Wextra" "-E" "build/expando.c"
[INFO] [stderr]   cargo:warning=build/expando.c:4:24: error: pasting "RUST_VERSION_OPENSSL_" and "(" does not give a valid preprocessing token
[INFO] [stderr]   cargo:warning=    4 | #define VERSION2(n, v) RUST_VERSION_##n##_##v
[INFO] [stderr]   cargo:warning=      |                        ^~~~~~~~~~~~~
[INFO] [stderr]   cargo:warning=build/expando.c:5:23: note: in expansion of macro 'VERSION2'
[INFO] [stderr]   cargo:warning=    5 | #define VERSION(n, v) VERSION2(n, v)
[INFO] [stderr]   cargo:warning=      |                       ^~~~~~~~
[INFO] [stderr]   cargo:warning=build/expando.c:10:1: note: in expansion of macro 'VERSION'
[INFO] [stderr]   cargo:warning=   10 | VERSION(OPENSSL, OPENSSL_VERSION_NUMBER)
[INFO] [stderr]   cargo:warning=      | ^~~~~~~
[INFO] [stderr]   exit status: 1
[INFO] [stderr] 
[INFO] [stderr]   --- stderr
[INFO] [stderr] 
[INFO] [stderr]   thread 'main' (1157) panicked at /opt/rustwide/cargo-home/registry/src/index.crates.io-1949cf8c6b5b557f/openssl-sys-0.9.60/build/main.rs:141:13:
[INFO] [stderr] 
[INFO] [stderr]   Header expansion error:
[INFO] [stderr]   Error { kind: ToolExecError, message: "Command \"cc\" \"-O3\" \"-ffunction-sections\" \"-fdata-sections\" \"-fPIC\" \"-m64\" \"-I\" \"/usr/include\" \"-Wall\" \"-Wextra\" \"-E\" \"build/expando.c\" with args \"cc\" did not execute successfully (status code exit status: 1)." }
[INFO] [stderr] 
[INFO] [stderr]   Failed to find OpenSSL development headers.
[INFO] [stderr] 
[INFO] [stderr]   You can try fixing this setting the `OPENSSL_DIR` environment variable
[INFO] [stderr]   pointing to your OpenSSL installation or installing OpenSSL headers package
[INFO] [stderr]   specific to your distribution:
[INFO] [stderr] 
[INFO] [stderr]       # On Ubuntu
[INFO] [stderr]       sudo apt-get install libssl-dev
[INFO] [stderr]       # On Arch Linux
[INFO] [stderr]       sudo pacman -S openssl
[INFO] [stderr]       # On Fedora
[INFO] [stderr]       sudo dnf install openssl-devel
[INFO] [stderr] 
[INFO] [stderr]   See rust-openssl README for more information:
[INFO] [stderr] 
[INFO] [stderr]       https://github.com/sfackler/rust-openssl#linux
[INFO] [stderr] 
[INFO] [stderr]   stack backtrace:
[INFO] [stderr]      0:     0x62d36080f7b1 - <<std[97b98282bc616a66]::sys::backtrace::BacktraceLock>::print::DisplayBacktrace as core[832e9a552fc17241]::fmt::Display>::fmt
[INFO] [stderr]      1:     0x62d360823aaa - core[832e9a552fc17241]::fmt::write
[INFO] [stderr]      2:     0x62d36081561c - <std[97b98282bc616a66]::sys::stdio::unix::Stderr as std[97b98282bc616a66]::io::Write>::write_fmt
[INFO] [stderr]      3:     0x62d3607f0d56 - std[97b98282bc616a66]::panicking::default_hook::{closure#0}
[INFO] [stderr]      4:     0x62d36080a051 - std[97b98282bc616a66]::panicking::default_hook
[INFO] [stderr]      5:     0x62d36080a20b - std[97b98282bc616a66]::panicking::panic_with_hook
[INFO] [stderr]      6:     0x62d3607f0e02 - std[97b98282bc616a66]::panicking::panic_handler::{closure#0}
[INFO] [stderr]      7:     0x62d3607e8449 - std[97b98282bc616a66]::sys::backtrace::__rust_end_short_backtrace::<std[97b98282bc616a66]::panicking::panic_handler::{closure#0}, !>
[INFO] [stderr]      8:     0x62d3607f169d - __rustc[e3d8617bb01b7f69]::rust_begin_unwind
[INFO] [stderr]      9:     0x62d36082421c - core[832e9a552fc17241]::panicking::panic_fmt
[INFO] [stderr]     10:     0x62d360778c82 - build_script_main[13aa087cd543e0d8]::validate_headers
[INFO] [stderr]     11:     0x62d360780bc3 - build_script_main[13aa087cd543e0d8]::find_normal::try_pkg_config
[INFO] [stderr]     12:     0x62d360780f88 - build_script_main[13aa087cd543e0d8]::find_normal::find_openssl_dir
[INFO] [stderr]     13:     0x62d36077f3f7 - build_script_main[13aa087cd543e0d8]::find_normal::get_openssl::{closure#0}
[INFO] [stderr]     14:     0x62d3607750c0 - <core[832e9a552fc17241]::option::Option<std[97b98282bc616a66]::ffi::os_str::OsString>>::unwrap_or_else::<build_script_main[13aa087cd543e0d8]::find_normal::get_openssl::{closure#0}>
[INFO] [stderr]     15:     0x62d36078048c - build_script_main[13aa087cd543e0d8]::find_normal::get_openssl
[INFO] [stderr]     16:     0x62d360776f9d - build_script_main[13aa087cd543e0d8]::find_openssl
[INFO] [stderr]     17:     0x62d3607792a1 - build_script_main[13aa087cd543e0d8]::main
[INFO] [stderr]     18:     0x62d36077cd93 - <fn() as core[832e9a552fc17241]::ops::function::FnOnce<()>>::call_once
[INFO] [stderr]     19:     0x62d360775a86 - std[97b98282bc616a66]::sys::backtrace::__rust_begin_short_backtrace::<fn(), ()>
[INFO] [stderr]     20:     0x62d360776299 - std[97b98282bc616a66]::rt::lang_start::<()>::{closure#0}
[INFO] [stderr]     21:     0x62d360809377 - std[97b98282bc616a66]::rt::lang_start_internal
[INFO] [stderr]     22:     0x62d360775911 - std[97b98282bc616a66]::rt::lang_start::<()>
[INFO] [stderr]     23:     0x62d36077d025 - main
[INFO] [stderr]     24:     0x79cf0bc7a601 - <unknown>
[INFO] [stderr]     25:     0x79cf0bc7a718 - __libc_start_main
[INFO] [stderr]     26:     0x62d360774e05 - _start
[INFO] [stderr]     27:                0x0 - <unknown>
[INFO] [stderr] warning: build failed, waiting for other jobs to finish...
[INFO] running `Command { std: "docker" "inspect" "2bb5278012bdb313d8752d9d72df34a7e5078bdb946524ea93142db4d9112d58", kill_on_drop: false }`
[INFO] running `Command { std: "docker" "rm" "-f" "2bb5278012bdb313d8752d9d72df34a7e5078bdb946524ea93142db4d9112d58", kill_on_drop: false }`
[INFO] [stdout] 2bb5278012bdb313d8752d9d72df34a7e5078bdb946524ea93142db4d9112d58
