[INFO] cloning repository https://github.com/ksk001100/gtrans
[INFO] running `Command { std: "git" "-c" "credential.helper=" "-c" "credential.helper=/workspace/cargo-home/bin/git-credential-null" "clone" "--bare" "https://github.com/ksk001100/gtrans" "/workspace/cache/git-repos/https%3A%2F%2Fgithub.com%2Fksk001100%2Fgtrans", kill_on_drop: false }`
[INFO] [stderr] Cloning into bare repository '/workspace/cache/git-repos/https%3A%2F%2Fgithub.com%2Fksk001100%2Fgtrans'...
[INFO] running `Command { std: "git" "rev-parse" "HEAD", kill_on_drop: false }`
[INFO] [stdout] 061766884c48d317179dc52e6138193fb487ae73
[INFO] testing ksk001100/gtrans against 1.98.0-beta.8+cargoflags=--release for beta-release-1.99-2
[INFO] running `Command { std: "git" "clone" "/workspace/cache/git-repos/https%3A%2F%2Fgithub.com%2Fksk001100%2Fgtrans" "/workspace/builds/worker-3-tc1/source", kill_on_drop: false }`
[INFO] [stderr] Cloning into '/workspace/builds/worker-3-tc1/source'...
[INFO] [stderr] done.
[INFO] started tweaking git repo https://github.com/ksk001100/gtrans
[INFO] finished tweaking git repo https://github.com/ksk001100/gtrans
[INFO] tweaked toml for git repo https://github.com/ksk001100/gtrans written to /workspace/builds/worker-3-tc1/source/Cargo.toml
[INFO] validating manifest of git repo https://github.com/ksk001100/gtrans on toolchain 1.98.0-beta.8
[INFO] running `Command { std: CARGO_HOME="/workspace/cargo-home" RUSTUP_HOME="/workspace/rustup-home" "/workspace/cargo-home/bin/cargo" "+1.98.0-beta.8" "metadata" "--manifest-path" "Cargo.toml" "--no-deps", kill_on_drop: false }`
[INFO] crate git repo https://github.com/ksk001100/gtrans already has a lockfile, it will not be regenerated
[INFO] running `Command { std: CARGO_HOME="/workspace/cargo-home" RUSTUP_HOME="/workspace/rustup-home" "/workspace/cargo-home/bin/cargo" "+1.98.0-beta.8" "fetch" "--manifest-path" "Cargo.toml", kill_on_drop: false }`
[INFO] [stderr]     Updating crates.io index
[INFO] [stderr]  Downloading crates ...
[INFO] [stderr]   Downloaded seahorse v0.7.0
[INFO] [stderr]   Downloaded serde v1.0.104
[INFO] [stderr]   Downloaded ryu v1.0.2
[INFO] [stderr]   Downloaded itoa v0.4.5
[INFO] [stderr]   Downloaded fnv v1.0.6
[INFO] [stderr]   Downloaded dtoa v0.4.5
[INFO] [stderr]   Downloaded try-lock v0.2.2
[INFO] [stderr]   Downloaded pin-utils v0.1.0-alpha.4
[INFO] [stderr]   Downloaded serde_json v1.0.48
[INFO] [stderr]   Downloaded openssl-probe v0.1.2
[INFO] [stderr]   Downloaded hyper-tls v0.4.1
[INFO] [stderr]   Downloaded hermit-abi v0.1.8
[INFO] [stderr]   Downloaded security-framework-sys v0.3.3
[INFO] [stderr]   Downloaded pkg-config v0.3.17
[INFO] [stderr]   Downloaded rand_chacha v0.2.1
[INFO] [stderr]   Downloaded serde_urlencoded v0.6.1
[INFO] [stderr]   Downloaded futures-core v0.3.4
[INFO] [stderr]   Downloaded sourcefile v0.1.4
[INFO] [stderr]   Downloaded slab v0.4.2
[INFO] [stderr]   Downloaded pin-project-lite v0.1.4
[INFO] [stderr]   Downloaded miow v0.2.1
[INFO] [stderr]   Downloaded core-foundation-sys v0.6.2
[INFO] [stderr]   Downloaded base64 v0.11.0
[INFO] [stderr]   Downloaded version_check v0.1.5
[INFO] [stderr]   Downloaded version_check v0.9.1
[INFO] [stderr]   Downloaded matches v0.1.8
[INFO] [stderr]   Downloaded num_cpus v1.12.0
[INFO] [stderr]   Downloaded ws2_32-sys v0.2.1
[INFO] [stderr]   Downloaded futures-sink v0.3.4
[INFO] [stderr]   Downloaded wasm-bindgen-macro v0.2.58
[INFO] [stderr]   Downloaded tower-service v0.3.0
[INFO] [stderr]   Downloaded http-body v0.3.1
[INFO] [stderr]   Downloaded futures-io v0.3.4
[INFO] [stderr]   Downloaded wasm-bindgen-futures v0.4.8
[INFO] [stderr]   Downloaded futures-task v0.3.4
[INFO] [stderr]   Downloaded remove_dir_all v0.5.2
[INFO] [stderr]   Downloaded vcpkg v0.2.8
[INFO] [stderr]   Downloaded wasm-bindgen-shared v0.2.58
[INFO] [stderr]   Downloaded unicase v2.6.0
[INFO] [stderr]   Downloaded wasm-bindgen-webidl v0.2.58
[INFO] [stderr]   Downloaded iovec v0.1.4
[INFO] [stderr]   Downloaded tokio-util v0.2.0
[INFO] [stderr]   Downloaded wasm-bindgen-backend v0.2.58
[INFO] [stderr]   Downloaded kernel32-sys v0.2.2
[INFO] [stderr]   Downloaded time v0.1.42
[INFO] [stderr]   Downloaded mime_guess v2.0.1
[INFO] [stderr]   Downloaded futures-channel v0.3.4
[INFO] [stderr]   Downloaded bitflags v1.2.1
[INFO] [stderr]   Downloaded redox_syscall v0.1.56
[INFO] [stderr]   Downloaded autocfg v1.0.0
[INFO] [stderr]   Downloaded winreg v0.6.2
[INFO] [stderr]   Downloaded wasm-bindgen-macro-support v0.2.58
[INFO] [stderr]   Downloaded smallvec v1.2.0
[INFO] [stderr]   Downloaded tokio-tls v0.3.0
[INFO] [stderr]   Downloaded fuchsia-zircon-sys v0.3.3
[INFO] [stderr]   Downloaded native-tls v0.2.3
[INFO] [stderr]   Downloaded tempfile v3.1.0
[INFO] [stderr]   Downloaded core-foundation v0.6.4
[INFO] [stderr]   Downloaded memchr v2.3.3
[INFO] [stderr]   Downloaded anyhow v1.0.26
[INFO] [stderr]   Downloaded unicode-bidi v0.3.4
[INFO] [stderr]   Downloaded net2 v0.2.33
[INFO] [stderr]   Downloaded fuchsia-zircon v0.3.3
[INFO] [stderr]   Downloaded c2-chacha v0.2.3
[INFO] [stderr]   Downloaded ppv-lite86 v0.2.6
[INFO] [stderr]   Downloaded openssl-sys v0.9.54
[INFO] [stderr]   Downloaded pin-project-internal v0.4.8
[INFO] [stderr]   Downloaded weedle v0.10.0
[INFO] [stderr]   Downloaded getrandom v0.1.14
[INFO] [stderr]   Downloaded log v0.4.8
[INFO] [stderr]   Downloaded schannel v0.1.17
[INFO] [stderr]   Downloaded pin-project v0.4.8
[INFO] [stderr]   Downloaded httparse v1.3.4
[INFO] [stderr]   Downloaded proc-macro2 v1.0.9
[INFO] [stderr]   Downloaded js-sys v0.3.35
[INFO] [stderr]   Downloaded unicode-segmentation v1.6.0
[INFO] [stderr]   Downloaded bytes v0.5.4
[INFO] [stderr]   Downloaded indexmap v1.3.2
[INFO] [stderr]   Downloaded security-framework v0.3.4
[INFO] [stderr]   Downloaded cc v1.0.50
[INFO] [stderr]   Downloaded heck v0.3.1
[INFO] [stderr]   Downloaded url v2.1.1
[INFO] [stderr]   Downloaded http v0.2.0
[INFO] [stderr]   Downloaded nom v4.2.3
[INFO] [stderr]   Downloaded reqwest v0.10.2
[INFO] [stderr]   Downloaded hyper v0.13.2
[INFO] [stderr]   Downloaded bumpalo v3.2.0
[INFO] [stderr]   Downloaded wasm-bindgen v0.2.58
[INFO] [stderr]   Downloaded mio v0.6.21
[INFO] [stderr]   Downloaded futures-util v0.3.4
[INFO] [stderr]   Downloaded h2 v0.2.1
[INFO] [stderr]   Downloaded openssl v0.10.28
[INFO] [stderr]   Downloaded syn v1.0.16
[INFO] [stderr]   Downloaded web-sys v0.3.35
[INFO] [stderr]   Downloaded idna v0.2.0
[INFO] [stderr]   Downloaded tokio v0.2.11
[INFO] [stderr]   Downloaded libc v0.2.67
[INFO] [stderr]   Downloaded winapi v0.2.8
[INFO] [stderr]   Downloaded winapi v0.3.8
[INFO] [stderr]   Downloaded encoding_rs v0.8.22
[INFO] [stderr]   Downloaded unicode-normalization v0.1.12
[INFO] running `Command { std: "docker" "create" "-v" "/var/lib/crater-agent-workspace/builds/worker-3-tc1/source:/opt/rustwide/workdir:ro,Z" "-v" "/var/lib/crater-agent-workspace/builds/worker-3-tc1/target:/opt/rustwide/target:rw,Z" "-v" "/var/lib/crater-agent-workspace/cargo-home:/opt/rustwide/cargo-home:ro,Z" "-v" "/var/lib/crater-agent-workspace/rustup-home:/opt/rustwide/rustup-home:ro,Z" "-m" "1610612736" "--network" "none" "ghcr.io/rust-lang/crates-build-env/linux@sha256:8683fc1fc2eb5c9ac98e0d076ab094b2ffac7f99da555d2b6a2e27f346de2ec7" "sleep" "infinity", kill_on_drop: false }`
[INFO] [stdout] 152d0cf7abc66d0c0467717900ccb2e45fb6fbdddf1b0203d81310125c0792e1
[INFO] running `Command { std: "docker" "start" "152d0cf7abc66d0c0467717900ccb2e45fb6fbdddf1b0203d81310125c0792e1", kill_on_drop: false }`
[INFO] running `Command { std: "docker" "inspect" "152d0cf7abc66d0c0467717900ccb2e45fb6fbdddf1b0203d81310125c0792e1", kill_on_drop: false }`
[INFO] running `Command { std: "docker" "exec" "-e" "SOURCE_DIR=/opt/rustwide/workdir" "-e" "CARGO_HOME=/opt/rustwide/cargo-home" "-e" "RUSTUP_HOME=/opt/rustwide/rustup-home" "-e" "CARGO_TARGET_DIR=/opt/rustwide/target" "-w" "/opt/rustwide/workdir" "--user" "0:0" "152d0cf7abc66d0c0467717900ccb2e45fb6fbdddf1b0203d81310125c0792e1" "/opt/rustwide/cargo-home/bin/cargo" "+1.98.0-beta.8" "metadata" "--no-deps" "--format-version=1", kill_on_drop: false }`
[INFO] running `Command { std: "docker" "inspect" "152d0cf7abc66d0c0467717900ccb2e45fb6fbdddf1b0203d81310125c0792e1", kill_on_drop: false }`
[INFO] running `Command { std: "docker" "exec" "-e" "SOURCE_DIR=/opt/rustwide/workdir" "-e" "CARGO_HOME=/opt/rustwide/cargo-home" "-e" "RUSTUP_HOME=/opt/rustwide/rustup-home" "-e" "CARGO_TARGET_DIR=/opt/rustwide/target" "-e" "CARGO_INCREMENTAL=0" "-e" "RUST_BACKTRACE=full" "-e" "RUSTFLAGS=--cap-lints=warn" "-e" "RUSTDOCFLAGS=--cap-lints=warn" "-w" "/opt/rustwide/workdir" "--user" "0:0" "152d0cf7abc66d0c0467717900ccb2e45fb6fbdddf1b0203d81310125c0792e1" "/opt/rustwide/cargo-home/bin/cargo" "+1.98.0-beta.8" "build" "--frozen" "--message-format=json" "--release", kill_on_drop: false }`
[INFO] [stderr]    Compiling libc v0.2.67
[INFO] [stderr]    Compiling autocfg v1.0.0
[INFO] [stderr]    Compiling log v0.4.8
[INFO] [stderr]    Compiling cc v1.0.50
[INFO] [stderr]    Compiling pkg-config v0.3.17
[INFO] [stderr]    Compiling memchr v2.3.3
[INFO] [stderr]    Compiling slab v0.4.2
[INFO] [stderr]    Compiling bytes v0.5.4
[INFO] [stderr]    Compiling fnv v1.0.6
[INFO] [stderr]    Compiling version_check v0.9.1
[INFO] [stderr]    Compiling proc-macro2 v1.0.9
[INFO] [stderr]    Compiling itoa v0.4.5
[INFO] [stderr]    Compiling unicode-xid v0.2.0
[INFO] [stderr]    Compiling syn v1.0.16
[INFO] [stderr]    Compiling bitflags v1.2.1
[INFO] [stderr]    Compiling unicase v2.6.0
[INFO] [stderr]    Compiling futures-core v0.3.4
[INFO] [stderr]    Compiling pin-project-lite v0.1.4
[INFO] [stderr]    Compiling iovec v0.1.4
[INFO] [stderr]    Compiling net2 v0.2.33
[INFO] [stderr]    Compiling num_cpus v1.12.0
[INFO] [stderr]    Compiling indexmap v1.3.2
[INFO] [stderr]    Compiling openssl v0.10.28
[INFO] [stderr]    Compiling foreign-types-shared v0.1.1
[INFO] [stderr]    Compiling foreign-types v0.3.2
[INFO] [stderr]    Compiling http v0.2.0
[INFO] [stderr]    Compiling openssl-sys v0.9.54
[INFO] [stderr]    Compiling native-tls v0.2.3
[INFO] [stderr]    Compiling httparse v1.3.4
[INFO] [stderr]    Compiling futures-task v0.3.4
[INFO] [stderr]    Compiling mio v0.6.21
[INFO] [stderr]    Compiling quote v1.0.2
[INFO] [stderr]    Compiling futures-sink v0.3.4
[INFO] [stderr]    Compiling smallvec v1.2.0
[INFO] [stderr]    Compiling pin-utils v0.1.0-alpha.4
[INFO] [stderr]    Compiling futures-io v0.3.4
[INFO] [stderr]    Compiling matches v0.1.8
[INFO] [stderr]    Compiling serde v1.0.104
[INFO] [stderr]    Compiling unicode-normalization v0.1.12
[INFO] [stderr] warning: openssl-sys@0.9.54: build/expando.c:4:24: error: pasting "RUST_VERSION_OPENSSL_" and "(" does not give a valid preprocessing token
[INFO] [stderr] warning: openssl-sys@0.9.54:     4 | #define VERSION2(n, v) RUST_VERSION_##n##_##v
[INFO] [stderr] warning: openssl-sys@0.9.54:       |                        ^~~~~~~~~~~~~
[INFO] [stderr] warning: openssl-sys@0.9.54: build/expando.c:5:23: note: in expansion of macro 'VERSION2'
[INFO] [stderr] warning: openssl-sys@0.9.54:     5 | #define VERSION(n, v) VERSION2(n, v)
[INFO] [stderr] warning: openssl-sys@0.9.54:       |                       ^~~~~~~~
[INFO] [stderr] warning: openssl-sys@0.9.54: build/expando.c:10:1: note: in expansion of macro 'VERSION'
[INFO] [stderr] warning: openssl-sys@0.9.54:    10 | VERSION(OPENSSL, OPENSSL_VERSION_NUMBER)
[INFO] [stderr] warning: openssl-sys@0.9.54:       | ^~~~~~~
[INFO] [stderr] error: failed to run custom build command for `openssl-sys v0.9.54`
[INFO] [stderr] note: To improve backtraces for build dependencies, set the CARGO_PROFILE_RELEASE_BUILD_OVERRIDE_DEBUG=true environment variable to enable debug information generation.
[INFO] [stderr] 
[INFO] [stderr] Caused by:
[INFO] [stderr]   process didn't exit successfully: `/opt/rustwide/target/release/build/openssl-sys-ba8d29d87f4a48fe/build-script-main` (exit status: 101)
[INFO] [stderr]   --- stdout
[INFO] [stderr]   cargo:rustc-cfg=const_fn
[INFO] [stderr]   cargo:rerun-if-env-changed=X86_64_UNKNOWN_LINUX_GNU_OPENSSL_LIB_DIR
[INFO] [stderr]   X86_64_UNKNOWN_LINUX_GNU_OPENSSL_LIB_DIR unset
[INFO] [stderr]   cargo:rerun-if-env-changed=OPENSSL_LIB_DIR
[INFO] [stderr]   OPENSSL_LIB_DIR unset
[INFO] [stderr]   cargo:rerun-if-env-changed=X86_64_UNKNOWN_LINUX_GNU_OPENSSL_INCLUDE_DIR
[INFO] [stderr]   X86_64_UNKNOWN_LINUX_GNU_OPENSSL_INCLUDE_DIR unset
[INFO] [stderr]   cargo:rerun-if-env-changed=OPENSSL_INCLUDE_DIR
[INFO] [stderr]   OPENSSL_INCLUDE_DIR unset
[INFO] [stderr]   cargo:rerun-if-env-changed=X86_64_UNKNOWN_LINUX_GNU_OPENSSL_DIR
[INFO] [stderr]   X86_64_UNKNOWN_LINUX_GNU_OPENSSL_DIR unset
[INFO] [stderr]   cargo:rerun-if-env-changed=OPENSSL_DIR
[INFO] [stderr]   OPENSSL_DIR unset
[INFO] [stderr]   cargo:rustc-link-lib=ssl
[INFO] [stderr]   cargo:rustc-link-lib=crypto
[INFO] [stderr]   OPT_LEVEL = Some("3")
[INFO] [stderr]   TARGET = Some("x86_64-unknown-linux-gnu")
[INFO] [stderr]   HOST = Some("x86_64-unknown-linux-gnu")
[INFO] [stderr]   CC_x86_64-unknown-linux-gnu = None
[INFO] [stderr]   CC_x86_64_unknown_linux_gnu = None
[INFO] [stderr]   HOST_CC = None
[INFO] [stderr]   CC = None
[INFO] [stderr]   CFLAGS_x86_64-unknown-linux-gnu = None
[INFO] [stderr]   CFLAGS_x86_64_unknown_linux_gnu = None
[INFO] [stderr]   HOST_CFLAGS = None
[INFO] [stderr]   CFLAGS = None
[INFO] [stderr]   CRATE_CC_NO_DEFAULTS = None
[INFO] [stderr]   DEBUG = Some("false")
[INFO] [stderr]   CARGO_CFG_TARGET_FEATURE = Some("fxsr,sse,sse2")
[INFO] [stderr]   running: "cc" "-O3" "-ffunction-sections" "-fdata-sections" "-fPIC" "-m64" "-I" "/usr/include" "-Wall" "-Wextra" "-E" "build/expando.c"
[INFO] [stderr]   cargo:warning=build/expando.c:4:24: error: pasting "RUST_VERSION_OPENSSL_" and "(" does not give a valid preprocessing token
[INFO] [stderr]   cargo:warning=    4 | #define VERSION2(n, v) RUST_VERSION_##n##_##v
[INFO] [stderr]   cargo:warning=      |                        ^~~~~~~~~~~~~
[INFO] [stderr]   cargo:warning=build/expando.c:5:23: note: in expansion of macro 'VERSION2'
[INFO] [stderr]   cargo:warning=    5 | #define VERSION(n, v) VERSION2(n, v)
[INFO] [stderr]   cargo:warning=      |                       ^~~~~~~~
[INFO] [stderr]   cargo:warning=build/expando.c:10:1: note: in expansion of macro 'VERSION'
[INFO] [stderr]   cargo:warning=   10 | VERSION(OPENSSL, OPENSSL_VERSION_NUMBER)
[INFO] [stderr]   cargo:warning=      | ^~~~~~~
[INFO] [stderr]   exit status: 1
[INFO] [stderr] 
[INFO] [stderr]   --- stderr
[INFO] [stderr] 
[INFO] [stderr]   thread 'main' (621) panicked at /opt/rustwide/cargo-home/registry/src/index.crates.io-1949cf8c6b5b557f/openssl-sys-0.9.54/build/main.rs:126:13:
[INFO] [stderr] 
[INFO] [stderr]   Header expansion error:
[INFO] [stderr]   Error { kind: ToolExecError, message: "Command \"cc\" \"-O3\" \"-ffunction-sections\" \"-fdata-sections\" \"-fPIC\" \"-m64\" \"-I\" \"/usr/include\" \"-Wall\" \"-Wextra\" \"-E\" \"build/expando.c\" with args \"cc\" did not execute successfully (status code exit status: 1)." }
[INFO] [stderr] 
[INFO] [stderr]   Failed to find OpenSSL development headers.
[INFO] [stderr] 
[INFO] [stderr]   You can try fixing this setting the `OPENSSL_DIR` environment variable
[INFO] [stderr]   pointing to your OpenSSL installation or installing OpenSSL headers package
[INFO] [stderr]   specific to your distribution:
[INFO] [stderr] 
[INFO] [stderr]       # On Ubuntu
[INFO] [stderr]       sudo apt-get install libssl-dev
[INFO] [stderr]       # On Arch Linux
[INFO] [stderr]       sudo pacman -S openssl
[INFO] [stderr]       # On Fedora
[INFO] [stderr]       sudo dnf install openssl-devel
[INFO] [stderr] 
[INFO] [stderr]   See rust-openssl README for more information:
[INFO] [stderr] 
[INFO] [stderr]       https://github.com/sfackler/rust-openssl#linux
[INFO] [stderr] 
[INFO] [stderr]   stack backtrace:
[INFO] [stderr]      0:     0x5b55f4f247f1 - <<std[97b98282bc616a66]::sys::backtrace::BacktraceLock>::print::DisplayBacktrace as core[832e9a552fc17241]::fmt::Display>::fmt
[INFO] [stderr]      1:     0x5b55f4f38a2a - core[832e9a552fc17241]::fmt::write
[INFO] [stderr]      2:     0x5b55f4f2a59c - <std[97b98282bc616a66]::sys::stdio::unix::Stderr as std[97b98282bc616a66]::io::Write>::write_fmt
[INFO] [stderr]      3:     0x5b55f4f060c6 - std[97b98282bc616a66]::panicking::default_hook::{closure#0}
[INFO] [stderr]      4:     0x5b55f4f1f091 - std[97b98282bc616a66]::panicking::default_hook
[INFO] [stderr]      5:     0x5b55f4f1f24b - std[97b98282bc616a66]::panicking::panic_with_hook
[INFO] [stderr]      6:     0x5b55f4f06172 - std[97b98282bc616a66]::panicking::panic_handler::{closure#0}
[INFO] [stderr]      7:     0x5b55f4efd7b9 - std[97b98282bc616a66]::sys::backtrace::__rust_end_short_backtrace::<std[97b98282bc616a66]::panicking::panic_handler::{closure#0}, !>
[INFO] [stderr]      8:     0x5b55f4f06a0d - __rustc[e3d8617bb01b7f69]::rust_begin_unwind
[INFO] [stderr]      9:     0x5b55f4f3919c - core[832e9a552fc17241]::panicking::panic_fmt
[INFO] [stderr]     10:     0x5b55f4e9717f - build_script_main[b4911075549bd5ee]::validate_headers
[INFO] [stderr]     11:     0x5b55f4e9a703 - build_script_main[b4911075549bd5ee]::find::try_pkg_config
[INFO] [stderr]     12:     0x5b55f4e9aac8 - build_script_main[b4911075549bd5ee]::find::find_openssl_dir
[INFO] [stderr]     13:     0x5b55f4e95597 - build_script_main[b4911075549bd5ee]::find::get_openssl::{closure#0}
[INFO] [stderr]     14:     0x5b55f4e93620 - <core[832e9a552fc17241]::option::Option<std[97b98282bc616a66]::ffi::os_str::OsString>>::unwrap_or_else::<build_script_main[b4911075549bd5ee]::find::get_openssl::{closure#0}>
[INFO] [stderr]     15:     0x5b55f4e99fff - build_script_main[b4911075549bd5ee]::find::get_openssl
[INFO] [stderr]     16:     0x5b55f4e97799 - build_script_main[b4911075549bd5ee]::main
[INFO] [stderr]     17:     0x5b55f4e9ce73 - <fn() as core[832e9a552fc17241]::ops::function::FnOnce<()>>::call_once
[INFO] [stderr]     18:     0x5b55f4e941c6 - std[97b98282bc616a66]::sys::backtrace::__rust_begin_short_backtrace::<fn(), ()>
[INFO] [stderr]     19:     0x5b55f4e949e9 - std[97b98282bc616a66]::rt::lang_start::<()>::{closure#0}
[INFO] [stderr]     20:     0x5b55f4f1e3b7 - std[97b98282bc616a66]::rt::lang_start_internal
[INFO] [stderr]     21:     0x5b55f4e94051 - std[97b98282bc616a66]::rt::lang_start::<()>
[INFO] [stderr]     22:     0x5b55f4e9d0b5 - main
[INFO] [stderr]     23:     0x72ec3fdae601 - <unknown>
[INFO] [stderr]     24:     0x72ec3fdae718 - __libc_start_main
[INFO] [stderr]     25:     0x5b55f4e932c5 - _start
[INFO] [stderr]     26:                0x0 - <unknown>
[INFO] [stderr] warning: build failed, waiting for other jobs to finish...
[INFO] running `Command { std: "docker" "inspect" "152d0cf7abc66d0c0467717900ccb2e45fb6fbdddf1b0203d81310125c0792e1", kill_on_drop: false }`
[INFO] running `Command { std: "docker" "rm" "-f" "152d0cf7abc66d0c0467717900ccb2e45fb6fbdddf1b0203d81310125c0792e1", kill_on_drop: false }`
[INFO] [stdout] 152d0cf7abc66d0c0467717900ccb2e45fb6fbdddf1b0203d81310125c0792e1
