[INFO] cloning repository https://github.com/kpanuragh/0xOS
[INFO] running `Command { std: "git" "-c" "credential.helper=" "-c" "credential.helper=/workspace/cargo-home/bin/git-credential-null" "clone" "--bare" "https://github.com/kpanuragh/0xOS" "/workspace/cache/git-repos/https%3A%2F%2Fgithub.com%2Fkpanuragh%2F0xOS", kill_on_drop: false }`
[INFO] [stderr] Cloning into bare repository '/workspace/cache/git-repos/https%3A%2F%2Fgithub.com%2Fkpanuragh%2F0xOS'...
[INFO] running `Command { std: "git" "rev-parse" "HEAD", kill_on_drop: false }`
[INFO] [stdout] 21b52f0e44fc8b871b1b16c62c8c9c277aaaba62
[INFO] testing kpanuragh/0xOS against 1.98.0-beta.8+cargoflags=--release for beta-release-1.99-2
[INFO] running `Command { std: "git" "clone" "/workspace/cache/git-repos/https%3A%2F%2Fgithub.com%2Fkpanuragh%2F0xOS" "/workspace/builds/worker-5-tc1/source", kill_on_drop: false }`
[INFO] [stderr] Cloning into '/workspace/builds/worker-5-tc1/source'...
[INFO] [stderr] done.
[INFO] removed /workspace/builds/worker-5-tc1/source/.cargo/config.toml
[INFO] removed /workspace/builds/worker-5-tc1/source/rust-toolchain.toml
[INFO] started tweaking git repo https://github.com/kpanuragh/0xOS
[INFO] finished tweaking git repo https://github.com/kpanuragh/0xOS
[INFO] tweaked toml for git repo https://github.com/kpanuragh/0xOS written to /workspace/builds/worker-5-tc1/source/Cargo.toml
[INFO] validating manifest of git repo https://github.com/kpanuragh/0xOS on toolchain 1.98.0-beta.8
[INFO] running `Command { std: CARGO_HOME="/workspace/cargo-home" RUSTUP_HOME="/workspace/rustup-home" "/workspace/cargo-home/bin/cargo" "+1.98.0-beta.8" "metadata" "--manifest-path" "Cargo.toml" "--no-deps", kill_on_drop: false }`
[INFO] crate git repo https://github.com/kpanuragh/0xOS already has a lockfile, it will not be regenerated
[INFO] running `Command { std: CARGO_HOME="/workspace/cargo-home" RUSTUP_HOME="/workspace/rustup-home" "/workspace/cargo-home/bin/cargo" "+1.98.0-beta.8" "fetch" "--manifest-path" "Cargo.toml", kill_on_drop: false }`
[INFO] [stderr]     Updating crates.io index
[INFO] [stderr]  Downloading crates ...
[INFO] [stderr]   Downloaded rand_core v0.9.5
[INFO] [stderr]   Downloaded rusty-fork v0.3.1
[INFO] [stderr]   Downloaded zerocopy-derive v0.8.55
[INFO] [stderr]   Downloaded volatile v0.4.6
[INFO] [stderr]   Downloaded bit_field v0.10.3
[INFO] [stderr]   Downloaded const_fn v0.4.12
[INFO] [stderr]   Downloaded thread_local v1.1.10
[INFO] [stderr]   Downloaded linked_list_allocator v0.10.6
[INFO] [stderr]   Downloaded limine v0.5.0
[INFO] [stderr]   Downloaded spin v0.9.9
[INFO] [stderr]   Downloaded spinning_top v0.2.5
[INFO] [stderr]   Downloaded generator v0.8.9
[INFO] [stderr]   Downloaded cc v1.4.0
[INFO] [stderr]   Downloaded rand v0.9.5
[INFO] [stderr]   Downloaded x86_64 v0.15.5
[INFO] [stderr]   Downloaded aho-corasick v1.1.5
[INFO] [stderr]   Downloaded tracing-subscriber v0.3.23
[INFO] [stderr]   Downloaded proptest v1.11.0
[INFO] [stderr]   Downloaded zerocopy v0.8.55
[INFO] [stderr]   Downloaded regex-automata v0.4.16
[INFO] running `Command { std: "docker" "create" "-v" "/var/lib/crater-agent-workspace/builds/worker-5-tc1/source:/opt/rustwide/workdir:ro,Z" "-v" "/var/lib/crater-agent-workspace/builds/worker-5-tc1/target:/opt/rustwide/target:rw,Z" "-v" "/var/lib/crater-agent-workspace/cargo-home:/opt/rustwide/cargo-home:ro,Z" "-v" "/var/lib/crater-agent-workspace/rustup-home:/opt/rustwide/rustup-home:ro,Z" "-m" "1610612736" "--network" "none" "ghcr.io/rust-lang/crates-build-env/linux@sha256:8683fc1fc2eb5c9ac98e0d076ab094b2ffac7f99da555d2b6a2e27f346de2ec7" "sleep" "infinity", kill_on_drop: false }`
[INFO] [stdout] 066edd24c2038d41edc4066bd06b6b295f6c9409c82b982e3458c0c10e678846
[INFO] running `Command { std: "docker" "start" "066edd24c2038d41edc4066bd06b6b295f6c9409c82b982e3458c0c10e678846", kill_on_drop: false }`
[INFO] running `Command { std: "docker" "inspect" "066edd24c2038d41edc4066bd06b6b295f6c9409c82b982e3458c0c10e678846", kill_on_drop: false }`
[INFO] running `Command { std: "docker" "exec" "-e" "SOURCE_DIR=/opt/rustwide/workdir" "-e" "CARGO_HOME=/opt/rustwide/cargo-home" "-e" "RUSTUP_HOME=/opt/rustwide/rustup-home" "-e" "CARGO_TARGET_DIR=/opt/rustwide/target" "-w" "/opt/rustwide/workdir" "--user" "0:0" "066edd24c2038d41edc4066bd06b6b295f6c9409c82b982e3458c0c10e678846" "/opt/rustwide/cargo-home/bin/cargo" "+1.98.0-beta.8" "metadata" "--no-deps" "--format-version=1", kill_on_drop: false }`
[INFO] running `Command { std: "docker" "inspect" "066edd24c2038d41edc4066bd06b6b295f6c9409c82b982e3458c0c10e678846", kill_on_drop: false }`
[INFO] running `Command { std: "docker" "exec" "-e" "SOURCE_DIR=/opt/rustwide/workdir" "-e" "CARGO_HOME=/opt/rustwide/cargo-home" "-e" "RUSTUP_HOME=/opt/rustwide/rustup-home" "-e" "CARGO_TARGET_DIR=/opt/rustwide/target" "-e" "CARGO_INCREMENTAL=0" "-e" "RUST_BACKTRACE=full" "-e" "RUSTFLAGS=--cap-lints=warn" "-e" "RUSTDOCFLAGS=--cap-lints=warn" "-w" "/opt/rustwide/workdir" "--user" "0:0" "066edd24c2038d41edc4066bd06b6b295f6c9409c82b982e3458c0c10e678846" "/opt/rustwide/cargo-home/bin/cargo" "+1.98.0-beta.8" "build" "--frozen" "--message-format=json" "--release", kill_on_drop: false }`
[INFO] [stderr]    Compiling const_fn v0.4.12
[INFO] [stderr]    Compiling rustversion v1.0.23
[INFO] [stderr]    Compiling scopeguard v1.2.0
[INFO] [stderr]    Compiling bitflags v2.13.1
[INFO] [stderr]    Compiling bit_field v0.10.3
[INFO] [stderr]    Compiling spin v0.9.9
[INFO] [stderr]    Compiling volatile v0.4.6
[INFO] [stderr]    Compiling kernel v0.1.0 (/opt/rustwide/workdir/kernel)
[INFO] [stderr]    Compiling lock_api v0.4.14
[INFO] [stderr]    Compiling ring v0.1.0 (/opt/rustwide/workdir/crates/ring)
[INFO] [stderr]    Compiling timer v0.1.0 (/opt/rustwide/workdir/crates/timer)
[INFO] [stderr]    Compiling input v0.1.0 (/opt/rustwide/workdir/crates/input)
[INFO] [stderr]    Compiling executor v0.1.0 (/opt/rustwide/workdir/crates/executor)
[INFO] [stderr]    Compiling gfx v0.1.0 (/opt/rustwide/workdir/crates/gfx)
[INFO] [stderr]    Compiling limine v0.5.0
[INFO] [stderr]    Compiling buddy v0.1.0 (/opt/rustwide/workdir/crates/buddy)
[INFO] [stderr]    Compiling handle v0.1.0 (/opt/rustwide/workdir/crates/handle)
[INFO] [stderr]    Compiling elf v0.1.0 (/opt/rustwide/workdir/crates/elf)
[INFO] [stderr]    Compiling spinning_top v0.2.5
[INFO] [stderr]    Compiling linked_list_allocator v0.10.6
[INFO] [stderr]    Compiling x86_64 v0.15.5
[INFO] [stdout] error[E0407]: method `forward_overflowing` is not a member of trait `Step`
[INFO] [stdout]    --> /opt/rustwide/cargo-home/registry/src/index.crates.io-1949cf8c6b5b557f/x86_64-0.15.5/src/addr.rs:494:5
[INFO] [stdout]     |
[INFO] [stdout] 494 | /     fn forward_overflowing(start: Self, count: usize) -> (Self, bool) {
[INFO] [stdout] 495 | |         match Self::forward_checked(start, count) {
[INFO] [stdout] 496 | |             Some(next) => (next, false),
[INFO] [stdout] 497 | |             None => (start, true),
[INFO] [stdout] 498 | |         }
[INFO] [stdout] 499 | |     }
[INFO] [stdout]     | |_____^ not a member of trait `Step`
[INFO] [stdout] 
[INFO] [stdout] 
[INFO] [stdout] error[E0407]: method `backward_overflowing` is not a member of trait `Step`
[INFO] [stdout]    --> /opt/rustwide/cargo-home/registry/src/index.crates.io-1949cf8c6b5b557f/x86_64-0.15.5/src/addr.rs:506:5
[INFO] [stdout]     |
[INFO] [stdout] 506 | /     fn backward_overflowing(start: Self, count: usize) -> (Self, bool) {
[INFO] [stdout] 507 | |         match Self::backward_checked(start, count) {
[INFO] [stdout] 508 | |             Some(next) => (next, false),
[INFO] [stdout] 509 | |             None => (start, true),
[INFO] [stdout] 510 | |         }
[INFO] [stdout] 511 | |     }
[INFO] [stdout]     | |_____^ not a member of trait `Step`
[INFO] [stdout] 
[INFO] [stdout] 
[INFO] [stdout] error[E0407]: method `forward_overflowing` is not a member of trait `Step`
[INFO] [stdout]    --> /opt/rustwide/cargo-home/registry/src/index.crates.io-1949cf8c6b5b557f/x86_64-0.15.5/src/structures/paging/page.rs:330:5
[INFO] [stdout]     |
[INFO] [stdout] 330 | /     fn forward_overflowing(start: Self, count: usize) -> (Self, bool) {
[INFO] [stdout] 331 | |         match Self::forward_checked(start, count) {
[INFO] [stdout] 332 | |             Some(next) => (next, false),
[INFO] [stdout] 333 | |             None => (start, true),
[INFO] [stdout] 334 | |         }
[INFO] [stdout] 335 | |     }
[INFO] [stdout]     | |_____^ not a member of trait `Step`
[INFO] [stdout] 
[INFO] [stdout] 
[INFO] [stdout] error[E0407]: method `backward_overflowing` is not a member of trait `Step`
[INFO] [stdout]    --> /opt/rustwide/cargo-home/registry/src/index.crates.io-1949cf8c6b5b557f/x86_64-0.15.5/src/structures/paging/page.rs:341:5
[INFO] [stdout]     |
[INFO] [stdout] 341 | /     fn backward_overflowing(start: Self, count: usize) -> (Self, bool) {
[INFO] [stdout] 342 | |         match Self::backward_checked(start, count) {
[INFO] [stdout] 343 | |             Some(next) => (next, false),
[INFO] [stdout] 344 | |             None => (start, true),
[INFO] [stdout] 345 | |         }
[INFO] [stdout] 346 | |     }
[INFO] [stdout]     | |_____^ not a member of trait `Step`
[INFO] [stdout] 
[INFO] [stdout] 
[INFO] [stdout] error[E0407]: method `forward_overflowing` is not a member of trait `Step`
[INFO] [stdout]    --> /opt/rustwide/cargo-home/registry/src/index.crates.io-1949cf8c6b5b557f/x86_64-0.15.5/src/structures/paging/page_table.rs:397:5
[INFO] [stdout]     |
[INFO] [stdout] 397 | /     fn forward_overflowing(start: Self, count: usize) -> (Self, bool) {
[INFO] [stdout] 398 | |         match Self::forward_checked(start, count) {
[INFO] [stdout] 399 | |             Some(next) => (next, false),
[INFO] [stdout] 400 | |             None => (start, true),
[INFO] [stdout] 401 | |         }
[INFO] [stdout] 402 | |     }
[INFO] [stdout]     | |_____^ not a member of trait `Step`
[INFO] [stdout] 
[INFO] [stdout] 
[INFO] [stdout] error[E0407]: method `backward_overflowing` is not a member of trait `Step`
[INFO] [stdout]    --> /opt/rustwide/cargo-home/registry/src/index.crates.io-1949cf8c6b5b557f/x86_64-0.15.5/src/structures/paging/page_table.rs:409:5
[INFO] [stdout]     |
[INFO] [stdout] 409 | /     fn backward_overflowing(start: Self, count: usize) -> (Self, bool) {
[INFO] [stdout] 410 | |         match Self::backward_checked(start, count) {
[INFO] [stdout] 411 | |             Some(next) => (next, false),
[INFO] [stdout] 412 | |             None => (start, true),
[INFO] [stdout] 413 | |         }
[INFO] [stdout] 414 | |     }
[INFO] [stdout]     | |_____^ not a member of trait `Step`
[INFO] [stdout] 
[INFO] [stdout] 
[INFO] [stdout] error[E0554]: `#![feature]` may not be used on the beta release channel
[INFO] [stdout]   --> /opt/rustwide/cargo-home/registry/src/index.crates.io-1949cf8c6b5b557f/x86_64-0.15.5/src/lib.rs:10:5
[INFO] [stdout]    |
[INFO] [stdout] 10 |     feature(abi_x86_interrupt)
[INFO] [stdout]    |     ^^^^^^^^^^^^^^^^^^^^^^^^^^
[INFO] [stdout] 
[INFO] [stdout] 
[INFO] [stdout] Some errors have detailed explanations: E0407, E0554.
[INFO] [stdout] 
[INFO] [stdout] For more information about an error, try `rustc --explain E0407`.
[INFO] [stdout] 
[INFO] [stderr] error: could not compile `x86_64` (lib) due to 7 previous errors
[INFO] running `Command { std: "docker" "inspect" "066edd24c2038d41edc4066bd06b6b295f6c9409c82b982e3458c0c10e678846", kill_on_drop: false }`
[INFO] running `Command { std: "docker" "rm" "-f" "066edd24c2038d41edc4066bd06b6b295f6c9409c82b982e3458c0c10e678846", kill_on_drop: false }`
[INFO] [stdout] 066edd24c2038d41edc4066bd06b6b295f6c9409c82b982e3458c0c10e678846
