[INFO] cloning repository https://github.com/knisht/wtfis
[INFO] running `Command { std: "git" "-c" "credential.helper=" "-c" "credential.helper=/workspace/cargo-home/bin/git-credential-null" "clone" "--bare" "https://github.com/knisht/wtfis" "/workspace/cache/git-repos/https%3A%2F%2Fgithub.com%2Fknisht%2Fwtfis", kill_on_drop: false }`
[INFO] [stderr] Cloning into bare repository '/workspace/cache/git-repos/https%3A%2F%2Fgithub.com%2Fknisht%2Fwtfis'...
[INFO] running `Command { std: "git" "rev-parse" "HEAD", kill_on_drop: false }`
[INFO] [stdout] e35f06d5b7d9bef35762021491d21273210efac0
[INFO] testing knisht/wtfis against 1.99.0-beta.1+cargoflags=--release for beta-release-1.99-2
[INFO] running `Command { std: "git" "clone" "/workspace/cache/git-repos/https%3A%2F%2Fgithub.com%2Fknisht%2Fwtfis" "/workspace/builds/worker-2-tc2/source", kill_on_drop: false }`
[INFO] [stderr] Cloning into '/workspace/builds/worker-2-tc2/source'...
[INFO] [stderr] done.
[INFO] started tweaking git repo https://github.com/knisht/wtfis
[INFO] finished tweaking git repo https://github.com/knisht/wtfis
[INFO] tweaked toml for git repo https://github.com/knisht/wtfis written to /workspace/builds/worker-2-tc2/source/Cargo.toml
[INFO] validating manifest of git repo https://github.com/knisht/wtfis on toolchain 1.99.0-beta.1
[INFO] running `Command { std: CARGO_HOME="/workspace/cargo-home" RUSTUP_HOME="/workspace/rustup-home" "/workspace/cargo-home/bin/cargo" "+1.99.0-beta.1" "metadata" "--manifest-path" "Cargo.toml" "--no-deps", kill_on_drop: false }`
[INFO] crate git repo https://github.com/knisht/wtfis already has a lockfile, it will not be regenerated
[INFO] running `Command { std: CARGO_HOME="/workspace/cargo-home" RUSTUP_HOME="/workspace/rustup-home" "/workspace/cargo-home/bin/cargo" "+1.99.0-beta.1" "fetch" "--manifest-path" "Cargo.toml", kill_on_drop: false }`
[INFO] [stderr] warning: Cargo.toml: `package.edition` is unspecified, defaulting to `2015` while the latest is `2024`
[INFO] [stderr] warning: `wtfis` (manifest) generated 1 warning
[INFO] [stderr]     Blocking waiting for file lock on package cache
[INFO] [stderr]     Blocking waiting for file lock on package cache
[INFO] running `Command { std: "docker" "create" "-v" "/var/lib/crater-agent-workspace/builds/worker-2-tc2/source:/opt/rustwide/workdir:ro,Z" "-v" "/var/lib/crater-agent-workspace/builds/worker-2-tc2/target:/opt/rustwide/target:rw,Z" "-v" "/var/lib/crater-agent-workspace/cargo-home:/opt/rustwide/cargo-home:ro,Z" "-v" "/var/lib/crater-agent-workspace/rustup-home:/opt/rustwide/rustup-home:ro,Z" "-m" "1610612736" "--network" "none" "ghcr.io/rust-lang/crates-build-env/linux@sha256:8683fc1fc2eb5c9ac98e0d076ab094b2ffac7f99da555d2b6a2e27f346de2ec7" "sleep" "infinity", kill_on_drop: false }`
[INFO] [stdout] 4b967065a6672ddab9022087a900015bececfa19def89e36d4d28893e9a9b5e2
[INFO] running `Command { std: "docker" "start" "4b967065a6672ddab9022087a900015bececfa19def89e36d4d28893e9a9b5e2", kill_on_drop: false }`
[INFO] running `Command { std: "docker" "inspect" "4b967065a6672ddab9022087a900015bececfa19def89e36d4d28893e9a9b5e2", kill_on_drop: false }`
[INFO] running `Command { std: "docker" "exec" "-e" "SOURCE_DIR=/opt/rustwide/workdir" "-e" "CARGO_HOME=/opt/rustwide/cargo-home" "-e" "RUSTUP_HOME=/opt/rustwide/rustup-home" "-e" "CARGO_TARGET_DIR=/opt/rustwide/target" "-w" "/opt/rustwide/workdir" "--user" "0:0" "4b967065a6672ddab9022087a900015bececfa19def89e36d4d28893e9a9b5e2" "/opt/rustwide/cargo-home/bin/cargo" "+1.99.0-beta.1" "metadata" "--no-deps" "--format-version=1", kill_on_drop: false }`
[INFO] running `Command { std: "docker" "inspect" "4b967065a6672ddab9022087a900015bececfa19def89e36d4d28893e9a9b5e2", kill_on_drop: false }`
[INFO] running `Command { std: "docker" "exec" "-e" "SOURCE_DIR=/opt/rustwide/workdir" "-e" "CARGO_HOME=/opt/rustwide/cargo-home" "-e" "RUSTUP_HOME=/opt/rustwide/rustup-home" "-e" "CARGO_TARGET_DIR=/opt/rustwide/target" "-e" "CARGO_INCREMENTAL=0" "-e" "RUST_BACKTRACE=full" "-e" "RUSTFLAGS=--cap-lints=warn" "-e" "RUSTDOCFLAGS=--cap-lints=warn" "-w" "/opt/rustwide/workdir" "--user" "0:0" "4b967065a6672ddab9022087a900015bececfa19def89e36d4d28893e9a9b5e2" "/opt/rustwide/cargo-home/bin/cargo" "+1.99.0-beta.1" "build" "--frozen" "--message-format=json" "--release", kill_on_drop: false }`
[INFO] [stderr] warning: Cargo.toml: `package.edition` is unspecified, defaulting to `2015` while the latest is `2024`
[INFO] [stderr] warning: `wtfis` (manifest) generated 1 warning
[INFO] [stderr]    Compiling unicode-xid v0.1.0
[INFO] [stderr]    Compiling version_check v0.1.5
[INFO] [stderr]    Compiling rand_core v0.3.0
[INFO] [stderr]    Compiling libc v0.2.43
[INFO] [stderr]    Compiling siphasher v0.2.3
[INFO] [stderr]    Compiling serde v1.0.79
[INFO] [stderr]    Compiling proc-macro2 v0.4.20
[INFO] [stderr]    Compiling string_cache_shared v0.3.0
[INFO] [stderr]    Compiling cc v1.0.25
[INFO] [stderr]    Compiling pkg-config v0.3.14
[INFO] [stderr]    Compiling cfg-if v0.1.5
[INFO] [stderr]    Compiling ryu v0.2.6
[INFO] [stderr]    Compiling void v1.0.2
[INFO] [stderr]    Compiling itoa v0.4.3
[INFO] [stderr]    Compiling httparse v1.3.3
[INFO] [stderr]    Compiling unreachable v1.0.0
[INFO] [stderr]    Compiling proc-macro2 v0.3.8
[INFO] [stderr]    Compiling log v0.4.5
[INFO] [stderr]    Compiling phf_shared v0.7.23
[INFO] [stderr]    Compiling new_debug_unreachable v1.0.1
[INFO] [stderr]    Compiling openssl v0.10.12
[INFO] [stderr]    Compiling unicode-normalization v0.1.7
[INFO] [stderr]    Compiling futf v0.1.4
[INFO] [stderr]    Compiling log v0.3.9
[INFO] [stderr]    Compiling rand_core v0.2.2
[INFO] [stderr]    Compiling safemem v0.2.0
[INFO] [stderr]    Compiling rand v0.5.5
[INFO] [stderr]    Compiling lazy_static v1.1.0
[INFO] [stderr]    Compiling unicase v1.4.2
[INFO] [stderr]    Compiling byteorder v1.2.6
[INFO] [stderr]    Compiling utf-8 v0.7.4
[INFO] [stderr]    Compiling percent-encoding v1.0.1
[INFO] [stderr]    Compiling bitflags v1.0.4
[INFO] [stderr]    Compiling native-tls v0.2.1
[INFO] [stderr]    Compiling mime v0.2.6
[INFO] [stderr]    Compiling time v0.1.40
[INFO] [stderr]    Compiling tendril v0.4.0
[INFO] [stderr]    Compiling num_cpus v1.8.0
[INFO] [stderr]    Compiling phf v0.7.23
[INFO] [stderr]    Compiling language-tags v0.2.2
[INFO] [stderr]    Compiling traitobject v0.1.0
[INFO] [stderr]    Compiling base64 v0.6.0
[INFO] [stderr]    Compiling openssl-probe v0.1.2
[INFO] [stdout] error[E0119]: conflicting implementations of trait `Trait` for type `(dyn Send + Sync + 'static)`
[INFO] [stdout]   --> /opt/rustwide/cargo-home/registry/src/index.crates.io-1949cf8c6b5b557f/traitobject-0.1.0/src/impls.rs:72:1
[INFO] [stdout]    |
[INFO] [stdout] 71 | unsafe impl Trait for ::std::marker::Send + Sync { }
[INFO] [stdout]    | ------------------------------------------------ first implementation here
[INFO] [stdout] 72 | unsafe impl Trait for ::std::marker::Send + Send + Sync { }
[INFO] [stdout]    | ^^^^^^^^^^^^^^^^^^^^^^^^^^^^^^^^^^^^^^^^^^^^^^^^^^^^^^^ conflicting implementation for `(dyn Send + Sync + 'static)`
[INFO] [stdout] 
[INFO] [stdout] 
[INFO] [stdout] error[E0119]: conflicting implementations of trait `Trait` for type `(dyn Send + Sync + 'static)`
[INFO] [stdout]   --> /opt/rustwide/cargo-home/registry/src/index.crates.io-1949cf8c6b5b557f/traitobject-0.1.0/src/impls.rs:73:1
[INFO] [stdout]    |
[INFO] [stdout] 71 | unsafe impl Trait for ::std::marker::Send + Sync { }
[INFO] [stdout]    | ------------------------------------------------ first implementation here
[INFO] [stdout] 72 | unsafe impl Trait for ::std::marker::Send + Send + Sync { }
[INFO] [stdout] 73 | unsafe impl Trait for ::std::marker::Sync + Send { }
[INFO] [stdout]    | ^^^^^^^^^^^^^^^^^^^^^^^^^^^^^^^^^^^^^^^^^^^^^^^^ conflicting implementation for `(dyn Send + Sync + 'static)`
[INFO] [stdout] 
[INFO] [stdout] 
[INFO] [stdout] error[E0119]: conflicting implementations of trait `Trait` for type `(dyn Send + Sync + 'static)`
[INFO] [stdout]   --> /opt/rustwide/cargo-home/registry/src/index.crates.io-1949cf8c6b5b557f/traitobject-0.1.0/src/impls.rs:75:1
[INFO] [stdout]    |
[INFO] [stdout] 71 | unsafe impl Trait for ::std::marker::Send + Sync { }
[INFO] [stdout]    | ------------------------------------------------ first implementation here
[INFO] [stdout] ...
[INFO] [stdout] 75 | unsafe impl Trait for ::std::marker::Sync + Send + Sync { }
[INFO] [stdout]    | ^^^^^^^^^^^^^^^^^^^^^^^^^^^^^^^^^^^^^^^^^^^^^^^^^^^^^^^ conflicting implementation for `(dyn Send + Sync + 'static)`
[INFO] [stdout] 
[INFO] [stdout] 
[INFO] [stdout] For more information about this error, try `rustc --explain E0119`.
[INFO] [stdout] 
[INFO] [stderr] error: could not compile `traitobject` (lib) due to 3 previous errors
[INFO] [stderr] warning: build failed, waiting for other jobs to finish...
[INFO] [stdout] error[E0793]: reference to field of packed struct is unaligned
[INFO] [stdout]    --> /opt/rustwide/cargo-home/registry/src/index.crates.io-1949cf8c6b5b557f/tendril-0.4.0/src/tendril.rs:241:20
[INFO] [stdout]     |
[INFO] [stdout] 241 |                 if (*header).refcount.decrement() == 1 {
[INFO] [stdout]     |                    ^^^^^^^^^^^^^^^^^^
[INFO] [stdout]     |
[INFO] [stdout]     = note: this struct is 1-byte aligned, but the type of this field may require higher alignment
[INFO] [stdout]     = note: creating a misaligned reference is undefined behavior (even if that reference is never dereferenced)
[INFO] [stdout]     = help: copy the field contents to a local variable, or replace the reference with a raw pointer and use `read_unaligned`/`write_unaligned` (loads and stores via `*p` must be properly aligned even when using raw pointers)
[INFO] [stdout] 
[INFO] [stdout] 
[INFO] [stdout] error[E0793]: reference to field of packed struct is unaligned
[INFO] [stdout]    --> /opt/rustwide/cargo-home/registry/src/index.crates.io-1949cf8c6b5b557f/tendril-0.4.0/src/tendril.rs:958:9
[INFO] [stdout]     |
[INFO] [stdout] 958 |         (*self.header()).refcount.increment();
[INFO] [stdout]     |         ^^^^^^^^^^^^^^^^^^^^^^^^^
[INFO] [stdout]     |
[INFO] [stdout]     = note: this struct is 1-byte aligned, but the type of this field may require higher alignment
[INFO] [stdout]     = note: creating a misaligned reference is undefined behavior (even if that reference is never dereferenced)
[INFO] [stdout]     = help: copy the field contents to a local variable, or replace the reference with a raw pointer and use `read_unaligned`/`write_unaligned` (loads and stores via `*p` must be properly aligned even when using raw pointers)
[INFO] [stdout] 
[INFO] [stdout] 
[INFO] [stdout] For more information about this error, try `rustc --explain E0793`.
[INFO] [stdout] 
[INFO] [stderr] error: could not compile `tendril` (lib) due to 2 previous errors
[INFO] running `Command { std: "docker" "inspect" "4b967065a6672ddab9022087a900015bececfa19def89e36d4d28893e9a9b5e2", kill_on_drop: false }`
[INFO] running `Command { std: "docker" "rm" "-f" "4b967065a6672ddab9022087a900015bececfa19def89e36d4d28893e9a9b5e2", kill_on_drop: false }`
[INFO] [stdout] 4b967065a6672ddab9022087a900015bececfa19def89e36d4d28893e9a9b5e2
