[INFO] cloning repository https://github.com/kgrzywocz/league_of_steel
[INFO] running `Command { std: "git" "-c" "credential.helper=" "-c" "credential.helper=/workspace/cargo-home/bin/git-credential-null" "clone" "--bare" "https://github.com/kgrzywocz/league_of_steel" "/workspace/cache/git-repos/https%3A%2F%2Fgithub.com%2Fkgrzywocz%2Fleague_of_steel", kill_on_drop: false }`
[INFO] [stderr] Cloning into bare repository '/workspace/cache/git-repos/https%3A%2F%2Fgithub.com%2Fkgrzywocz%2Fleague_of_steel'...
[INFO] running `Command { std: "git" "rev-parse" "HEAD", kill_on_drop: false }`
[INFO] [stdout] 19e0409d965d2109dfbfc6b7df06141d1d2a3afd
[INFO] testing kgrzywocz/league_of_steel against 1.98.0-beta.8+cargoflags=--release for beta-release-1.99-2
[INFO] running `Command { std: "git" "clone" "/workspace/cache/git-repos/https%3A%2F%2Fgithub.com%2Fkgrzywocz%2Fleague_of_steel" "/workspace/builds/worker-5-tc1/source", kill_on_drop: false }`
[INFO] [stderr] Cloning into '/workspace/builds/worker-5-tc1/source'...
[INFO] [stderr] done.
[INFO] started tweaking git repo https://github.com/kgrzywocz/league_of_steel
[INFO] finished tweaking git repo https://github.com/kgrzywocz/league_of_steel
[INFO] tweaked toml for git repo https://github.com/kgrzywocz/league_of_steel written to /workspace/builds/worker-5-tc1/source/Cargo.toml
[INFO] validating manifest of git repo https://github.com/kgrzywocz/league_of_steel on toolchain 1.98.0-beta.8
[INFO] running `Command { std: CARGO_HOME="/workspace/cargo-home" RUSTUP_HOME="/workspace/rustup-home" "/workspace/cargo-home/bin/cargo" "+1.98.0-beta.8" "metadata" "--manifest-path" "Cargo.toml" "--no-deps", kill_on_drop: false }`
[INFO] crate git repo https://github.com/kgrzywocz/league_of_steel already has a lockfile, it will not be regenerated
[INFO] running `Command { std: CARGO_HOME="/workspace/cargo-home" RUSTUP_HOME="/workspace/rustup-home" "/workspace/cargo-home/bin/cargo" "+1.98.0-beta.8" "fetch" "--manifest-path" "Cargo.toml", kill_on_drop: false }`
[INFO] [stderr]     Updating crates.io index
[INFO] [stderr]  Downloading crates ...
[INFO] [stderr]   Downloaded num-traits v0.2.10
[INFO] [stderr]   Downloaded smallvec v1.0.0
[INFO] [stderr]   Downloaded tiny_http v0.6.2
[INFO] [stderr]   Downloaded chunked_transfer v0.3.1
[INFO] [stderr]   Downloaded thiserror-impl v1.0.19
[INFO] [stderr]   Downloaded piston-viewport v1.0.0
[INFO] [stderr]   Downloaded thread_local v0.3.6
[INFO] [stderr]   Downloaded pkg-config v0.3.17
[INFO] [stderr]   Downloaded wayland-sys v0.21.13
[INFO] [stderr]   Downloaded thiserror v1.0.19
[INFO] [stderr]   Downloaded memmap v0.7.0
[INFO] [stderr]   Downloaded scopeguard v1.0.0
[INFO] [stderr]   Downloaded piston-shaders_graphics2d v0.3.1
[INFO] [stderr]   Downloaded piston v0.50.0
[INFO] [stderr]   Downloaded atty v0.2.13
[INFO] [stderr]   Downloaded ansi_term v0.11.0
[INFO] [stderr]   Downloaded vec_map v0.8.1
[INFO] [stderr]   Downloaded unicode-width v0.1.7
[INFO] [stderr]   Downloaded read_color v1.0.0
[INFO] [stderr]   Downloaded vecmath v1.0.0
[INFO] [stderr]   Downloaded piston-gfx_texture v0.41.0
[INFO] [stderr]   Downloaded vcpkg v0.2.8
[INFO] [stderr]   Downloaded dlib v0.4.1
[INFO] [stderr]   Downloaded glutin_glx_sys v0.1.6
[INFO] [stderr]   Downloaded hermit-abi v0.1.5
[INFO] [stderr]   Downloaded draw_state v0.8.0
[INFO] [stderr]   Downloaded predicates-tree v1.0.0
[INFO] [stderr]   Downloaded rand_chacha v0.2.1
[INFO] [stderr]   Downloaded gfx_gl v0.6.1
[INFO] [stderr]   Downloaded scoped_threadpool v0.1.9
[INFO] [stderr]   Downloaded downcast-rs v1.1.1
[INFO] [stderr]   Downloaded core-foundation-sys v0.6.2
[INFO] [stderr]   Downloaded gl v0.11.0
[INFO] [stderr]   Downloaded adler32 v1.0.4
[INFO] [stderr]   Downloaded ordered-float v1.0.2
[INFO] [stderr]   Downloaded approx v0.3.2
[INFO] [stderr]   Downloaded shader_version v0.6.0
[INFO] [stderr]   Downloaded pistoncore-window v0.45.0
[INFO] [stderr]   Downloaded glutin_wgl_sys v0.1.4
[INFO] [stderr]   Downloaded glutin_gles2_sys v0.1.4
[INFO] [stderr]   Downloaded glutin_egl_sys v0.1.4
[INFO] [stderr]   Downloaded cgl v0.2.3
[INFO] [stderr]   Downloaded num_cpus v1.11.1
[INFO] [stderr]   Downloaded crossbeam-queue v0.2.1
[INFO] [stderr]   Downloaded wayland-commons v0.21.13
[INFO] [stderr]   Downloaded line_drawing v0.7.0
[INFO] [stderr]   Downloaded wayland-scanner v0.21.13
[INFO] [stderr]   Downloaded piston-texture v0.8.0
[INFO] [stderr]   Downloaded interpolation v0.2.0
[INFO] [stderr]   Downloaded tiff v0.5.0
[INFO] [stderr]   Downloaded num-rational v0.2.2
[INFO] [stderr]   Downloaded memoffset v0.5.3
[INFO] [stderr]   Downloaded either v1.5.3
[INFO] [stderr]   Downloaded color_quant v1.0.1
[INFO] [stderr]   Downloaded pistoncore-event_loop v0.50.0
[INFO] [stderr]   Downloaded itoa v0.4.4
[INFO] [stderr]   Downloaded c2-chacha v0.2.3
[INFO] [stderr]   Downloaded simple-logging v2.0.2
[INFO] [stderr]   Downloaded autocfg v0.1.7
[INFO] [stderr]   Downloaded num-integer v0.1.41
[INFO] [stderr]   Downloaded piston-graphics_api_version v0.2.0
[INFO] [stderr]   Downloaded piston-float v1.0.0
[INFO] [stderr]   Downloaded same-file v1.0.5
[INFO] [stderr]   Downloaded fragile v1.0.0
[INFO] [stderr]   Downloaded predicates-core v1.0.0
[INFO] [stderr]   Downloaded gleam v0.6.19
[INFO] [stderr]   Downloaded num-iter v0.1.39
[INFO] [stderr]   Downloaded bytemuck v1.2.0
[INFO] [stderr]   Downloaded version_check v0.9.1
[INFO] [stderr]   Downloaded ppv-lite86 v0.2.6
[INFO] [stderr]   Downloaded pistoncore-input v0.28.1
[INFO] [stderr]   Downloaded walkdir v2.2.9
[INFO] [stderr]   Downloaded core-graphics v0.17.3
[INFO] [stderr]   Downloaded andrew v0.2.1
[INFO] [stderr]   Downloaded stb_truetype v0.3.1
[INFO] [stderr]   Downloaded gl_generator v0.10.0
[INFO] [stderr]   Downloaded gfx v0.18.2
[INFO] [stderr]   Downloaded ascii v0.8.7
[INFO] [stderr]   Downloaded thread-id v3.3.0
[INFO] [stderr]   Downloaded libloading v0.5.2
[INFO] [stderr]   Downloaded parking_lot v0.9.0
[INFO] [stderr]   Downloaded parking_lot_core v0.6.2
[INFO] [stderr]   Downloaded smallvec v0.6.13
[INFO] [stderr]   Downloaded piston2d-graphics v0.36.0
[INFO] [stderr]   Downloaded crossbeam-deque v0.7.2
[INFO] [stderr]   Downloaded downcast v0.10.0
[INFO] [stderr]   Downloaded security-framework-sys v0.3.3
[INFO] [stderr]   Downloaded proc-macro2 v1.0.6
[INFO] [stderr]   Downloaded core-foundation v0.6.4
[INFO] [stderr]   Downloaded wayland-client v0.21.13
[INFO] [stderr]   Downloaded rusttype v0.8.2
[INFO] [stderr]   Downloaded arrayvec v0.5.1
[INFO] [stderr]   Downloaded cocoa v0.18.5
[INFO] [stderr]   Downloaded deflate v0.8.4
[INFO] [stderr]   Downloaded crossbeam-utils v0.7.0
[INFO] [stderr]   Downloaded crossbeam-epoch v0.8.0
[INFO] [stderr]   Downloaded gif v0.10.3
[INFO] [stderr]   Downloaded gfx_core v0.9.2
[INFO] [stderr]   Downloaded gfx_device_gl v0.16.2
[INFO] [stderr]   Downloaded predicates v1.0.4
[INFO] [stderr]   Downloaded tempfile v3.1.0
[INFO] [stderr]   Downloaded miniview v0.4.1
[INFO] [stderr]   Downloaded pistoncore-glutin_window v0.64.0
[INFO] [stderr]   Downloaded glutin v0.21.2
[INFO] [stderr]   Downloaded rusttype v0.7.9
[INFO] [stderr]   Downloaded png v0.16.5
[INFO] [stderr]   Downloaded rayon-core v1.7.0
[INFO] [stderr]   Downloaded native-tls v0.2.3
[INFO] [stderr]   Downloaded schannel v0.1.16
[INFO] [stderr]   Downloaded bencher v0.1.5
[INFO] [stderr]   Downloaded xml-rs v0.8.0
[INFO] [stderr]   Downloaded unicode-normalization v0.1.11
[INFO] [stderr]   Downloaded x11-dl v2.18.4
[INFO] [stderr]   Downloaded getrandom v0.1.13
[INFO] [stderr]   Downloaded openssl-sys v0.9.53
[INFO] [stderr]   Downloaded aho-corasick v0.7.6
[INFO] [stderr]   Downloaded smithay-client-toolkit v0.4.6
[INFO] [stderr]   Downloaded mockall v0.7.1
[INFO] [stderr]   Downloaded mockall_derive v0.7.1
[INFO] [stderr]   Downloaded security-framework v0.3.4
[INFO] [stderr]   Downloaded heck v0.3.1
[INFO] [stderr]   Downloaded wayland-protocols v0.21.13
[INFO] [stderr]   Downloaded anyhow v1.0.31
[INFO] [stderr]   Downloaded wasi v0.7.0
[INFO] [stderr]   Downloaded rayon v1.3.0
[INFO] [stderr]   Downloaded serde_json v1.0.44
[INFO] [stderr]   Downloaded toml v0.5.6
[INFO] [stderr]   Downloaded http_req v0.6.1
[INFO] [stderr]   Downloaded syn v1.0.11
[INFO] [stderr]   Downloaded nix v0.14.1
[INFO] [stderr]   Downloaded jpeg-decoder v0.1.18
[INFO] [stderr]   Downloaded winit v0.19.5
[INFO] [stderr]   Downloaded image v0.23.5
[INFO] [stderr]   Downloaded regex v1.3.1
[INFO] [stderr]   Downloaded regex-syntax v0.6.12
[INFO] [stderr]   Downloaded piston2d-gfx_graphics v0.68.0
[INFO] [stderr]   Downloaded unicode-segmentation v1.6.0
[INFO] [stderr]   Downloaded rand v0.7.2
[INFO] [stderr]   Downloaded piston_window v0.109.0
[INFO] [stderr]   Downloaded cbindgen v0.14.2
[INFO] [stderr]   Downloaded openssl v0.10.26
[INFO] [stderr]   Downloaded clap v2.33.0
[INFO] running `Command { std: "docker" "create" "-v" "/var/lib/crater-agent-workspace/builds/worker-5-tc1/source:/opt/rustwide/workdir:ro,Z" "-v" "/var/lib/crater-agent-workspace/builds/worker-5-tc1/target:/opt/rustwide/target:rw,Z" "-v" "/var/lib/crater-agent-workspace/cargo-home:/opt/rustwide/cargo-home:ro,Z" "-v" "/var/lib/crater-agent-workspace/rustup-home:/opt/rustwide/rustup-home:ro,Z" "-m" "1610612736" "--network" "none" "ghcr.io/rust-lang/crates-build-env/linux@sha256:8683fc1fc2eb5c9ac98e0d076ab094b2ffac7f99da555d2b6a2e27f346de2ec7" "sleep" "infinity", kill_on_drop: false }`
[INFO] [stdout] 8fe57bdf49421949f166990c74e2de4812543b61d276212f6afc625e45a3e7ce
[INFO] running `Command { std: "docker" "start" "8fe57bdf49421949f166990c74e2de4812543b61d276212f6afc625e45a3e7ce", kill_on_drop: false }`
[INFO] running `Command { std: "docker" "inspect" "8fe57bdf49421949f166990c74e2de4812543b61d276212f6afc625e45a3e7ce", kill_on_drop: false }`
[INFO] running `Command { std: "docker" "exec" "-e" "SOURCE_DIR=/opt/rustwide/workdir" "-e" "CARGO_HOME=/opt/rustwide/cargo-home" "-e" "RUSTUP_HOME=/opt/rustwide/rustup-home" "-e" "CARGO_TARGET_DIR=/opt/rustwide/target" "-w" "/opt/rustwide/workdir" "--user" "0:0" "8fe57bdf49421949f166990c74e2de4812543b61d276212f6afc625e45a3e7ce" "/opt/rustwide/cargo-home/bin/cargo" "+1.98.0-beta.8" "metadata" "--no-deps" "--format-version=1", kill_on_drop: false }`
[INFO] running `Command { std: "docker" "inspect" "8fe57bdf49421949f166990c74e2de4812543b61d276212f6afc625e45a3e7ce", kill_on_drop: false }`
[INFO] running `Command { std: "docker" "exec" "-e" "SOURCE_DIR=/opt/rustwide/workdir" "-e" "CARGO_HOME=/opt/rustwide/cargo-home" "-e" "RUSTUP_HOME=/opt/rustwide/rustup-home" "-e" "CARGO_TARGET_DIR=/opt/rustwide/target" "-e" "CARGO_INCREMENTAL=0" "-e" "RUST_BACKTRACE=full" "-e" "RUSTFLAGS=--cap-lints=warn" "-e" "RUSTDOCFLAGS=--cap-lints=warn" "-w" "/opt/rustwide/workdir" "--user" "0:0" "8fe57bdf49421949f166990c74e2de4812543b61d276212f6afc625e45a3e7ce" "/opt/rustwide/cargo-home/bin/cargo" "+1.98.0-beta.8" "build" "--frozen" "--message-format=json" "--release", kill_on_drop: false }`
[INFO] [stderr] warning: testlib v0.6.1 (/opt/rustwide/workdir/testlib) ignoring invalid dependency `app` which is missing a lib target
[INFO] [stderr]    Compiling libc v0.2.66
[INFO] [stderr]    Compiling autocfg v0.1.7
[INFO] [stderr]    Compiling log v0.4.8
[INFO] [stderr]    Compiling bitflags v1.2.1
[INFO] [stderr]    Compiling cfg-if v0.1.10
[INFO] [stderr]    Compiling xml-rs v0.8.0
[INFO] [stderr]    Compiling proc-macro2 v1.0.6
[INFO] [stderr]    Compiling cc v1.0.48
[INFO] [stderr]    Compiling unicode-xid v0.2.0
[INFO] [stderr]    Compiling syn v1.0.11
[INFO] [stderr]    Compiling semver-parser v0.7.0
[INFO] [stderr]    Compiling serde v1.0.104
[INFO] [stderr]    Compiling khronos_api v3.1.0
[INFO] [stderr]    Compiling pkg-config v0.3.17
[INFO] [stderr]    Compiling byteorder v1.3.2
[INFO] [stderr]    Compiling proc-macro2 v0.4.30
[INFO] [stderr]    Compiling unicode-xid v0.1.0
[INFO] [stderr]    Compiling scopeguard v1.0.0
[INFO] [stderr]    Compiling semver v0.9.0
[INFO] [stderr]    Compiling num-traits v0.2.10
[INFO] [stderr]    Compiling ryu v1.0.2
[INFO] [stderr]    Compiling crossbeam-utils v0.7.0
[INFO] [stderr]    Compiling getrandom v0.1.13
[INFO] [stderr]    Compiling maybe-uninit v2.0.0
[INFO] [stderr]    Compiling crossbeam-epoch v0.8.0
[INFO] [stderr]    Compiling rustc_version v0.2.3
[INFO] [stderr]    Compiling num-integer v0.1.41
[INFO] [stderr]    Compiling quote v0.6.13
[INFO] [stderr]    Compiling piston-float v1.0.0
[INFO] [stderr]    Compiling nix v0.14.1
[INFO] [stderr]    Compiling stb_truetype v0.3.1
[INFO] [stderr]    Compiling arrayvec v0.5.1
[INFO] [stderr]    Compiling ppv-lite86 v0.2.6
[INFO] [stderr]    Compiling void v1.0.2
[INFO] [stderr]    Compiling piston-viewport v1.0.0
[INFO] [stderr]    Compiling memoffset v0.5.3
[INFO] [stderr]    Compiling quote v1.0.2
[INFO] [stderr]    Compiling rayon-core v1.7.0
[INFO] [stderr]    Compiling c2-chacha v0.2.3
[INFO] [stderr]    Compiling adler32 v1.0.4
[INFO] [stderr]    Compiling unicode-width v0.1.7
[INFO] [stderr]    Compiling crossbeam-queue v0.2.1
[INFO] [stderr]    Compiling x11-dl v2.18.4
[INFO] [stderr]    Compiling rand_core v0.5.1
[INFO] [stderr]    Compiling textwrap v0.11.0
[INFO] [stderr]    Compiling parking_lot_core v0.6.2
[INFO] [stderr]    Compiling atty v0.2.13
[INFO] [stderr]    Compiling num_cpus v1.11.1
[INFO] [stderr]    Compiling wayland-scanner v0.21.13
[INFO] [stderr]    Compiling gl_generator v0.13.1
[INFO] [stderr]    Compiling rand_chacha v0.2.1
[INFO] [stderr]    Compiling unicode-segmentation v1.6.0
[INFO] [stderr]    Compiling strsim v0.8.0
[INFO] [stderr]    Compiling piston-graphics_api_version v0.2.0
[INFO] [stderr]    Compiling rand v0.7.2
[INFO] [stderr]    Compiling cbindgen v0.14.2
[INFO] [stderr]    Compiling libloading v0.5.2
[INFO] [stderr]    Compiling openssl-sys v0.9.53
[INFO] [stderr]    Compiling vec_map v0.8.1
[INFO] [stderr]    Compiling downcast-rs v1.1.1
[INFO] [stderr]    Compiling same-file v1.0.5
[INFO] [stderr]    Compiling remove_dir_all v0.5.2
[INFO] [stderr]    Compiling crc32fast v1.2.0
[INFO] [stderr]    Compiling approx v0.3.2
[INFO] [stderr]    Compiling ordered-float v1.0.2
[INFO] [stderr]    Compiling rusttype v0.8.2
[INFO] [stderr]    Compiling ansi_term v0.11.0
[INFO] [stderr]    Compiling itoa v0.4.4
[INFO] [stderr]    Compiling heck v0.3.1
[INFO] [stderr]    Compiling crossbeam-deque v0.7.2
[INFO] [stderr]    Compiling walkdir v2.2.9
[INFO] [stderr]    Compiling dlib v0.4.1
[INFO] [stderr]    Compiling clap v2.33.0
[INFO] [stderr]    Compiling line_drawing v0.7.0
[INFO] [stderr]    Compiling wayland-sys v0.21.13
[INFO] [stderr]    Compiling miniz_oxide v0.3.7
[INFO] [stderr]    Compiling parking_lot v0.9.0
[INFO] [stderr] warning: openssl-sys@0.9.53: build/expando.c:4:24: error: pasting "RUST_VERSION_OPENSSL_" and "(" does not give a valid preprocessing token
[INFO] [stderr] warning: openssl-sys@0.9.53:     4 | #define VERSION2(n, v) RUST_VERSION_##n##_##v
[INFO] [stderr] warning: openssl-sys@0.9.53:       |                        ^~~~~~~~~~~~~
[INFO] [stderr] warning: openssl-sys@0.9.53: build/expando.c:5:23: note: in expansion of macro 'VERSION2'
[INFO] [stderr] warning: openssl-sys@0.9.53:     5 | #define VERSION(n, v) VERSION2(n, v)
[INFO] [stderr] warning: openssl-sys@0.9.53:       |                       ^~~~~~~~
[INFO] [stderr] warning: openssl-sys@0.9.53: build/expando.c:10:1: note: in expansion of macro 'VERSION'
[INFO] [stderr] warning: openssl-sys@0.9.53:    10 | VERSION(OPENSSL, OPENSSL_VERSION_NUMBER)
[INFO] [stderr] warning: openssl-sys@0.9.53:       | ^~~~~~~
[INFO] [stderr] error: failed to run custom build command for `openssl-sys v0.9.53`
[INFO] [stderr] note: To improve backtraces for build dependencies, set the CARGO_PROFILE_RELEASE_BUILD_OVERRIDE_DEBUG=true environment variable to enable debug information generation.
[INFO] [stderr] 
[INFO] [stderr] Caused by:
[INFO] [stderr]   process didn't exit successfully: `/opt/rustwide/target/release/build/openssl-sys-3620a99568fd7e8f/build-script-main` (exit status: 101)
[INFO] [stderr]   --- stdout
[INFO] [stderr]   cargo:rustc-cfg=const_fn
[INFO] [stderr]   cargo:rerun-if-env-changed=X86_64_UNKNOWN_LINUX_GNU_OPENSSL_LIB_DIR
[INFO] [stderr]   X86_64_UNKNOWN_LINUX_GNU_OPENSSL_LIB_DIR unset
[INFO] [stderr]   cargo:rerun-if-env-changed=OPENSSL_LIB_DIR
[INFO] [stderr]   OPENSSL_LIB_DIR unset
[INFO] [stderr]   cargo:rerun-if-env-changed=X86_64_UNKNOWN_LINUX_GNU_OPENSSL_INCLUDE_DIR
[INFO] [stderr]   X86_64_UNKNOWN_LINUX_GNU_OPENSSL_INCLUDE_DIR unset
[INFO] [stderr]   cargo:rerun-if-env-changed=OPENSSL_INCLUDE_DIR
[INFO] [stderr]   OPENSSL_INCLUDE_DIR unset
[INFO] [stderr]   cargo:rerun-if-env-changed=X86_64_UNKNOWN_LINUX_GNU_OPENSSL_DIR
[INFO] [stderr]   X86_64_UNKNOWN_LINUX_GNU_OPENSSL_DIR unset
[INFO] [stderr]   cargo:rerun-if-env-changed=OPENSSL_DIR
[INFO] [stderr]   OPENSSL_DIR unset
[INFO] [stderr]   cargo:rustc-link-lib=ssl
[INFO] [stderr]   cargo:rustc-link-lib=crypto
[INFO] [stderr]   OPT_LEVEL = Some("3")
[INFO] [stderr]   TARGET = Some("x86_64-unknown-linux-gnu")
[INFO] [stderr]   HOST = Some("x86_64-unknown-linux-gnu")
[INFO] [stderr]   CC_x86_64-unknown-linux-gnu = None
[INFO] [stderr]   CC_x86_64_unknown_linux_gnu = None
[INFO] [stderr]   HOST_CC = None
[INFO] [stderr]   CC = None
[INFO] [stderr]   CFLAGS_x86_64-unknown-linux-gnu = None
[INFO] [stderr]   CFLAGS_x86_64_unknown_linux_gnu = None
[INFO] [stderr]   HOST_CFLAGS = None
[INFO] [stderr]   CFLAGS = None
[INFO] [stderr]   CRATE_CC_NO_DEFAULTS = None
[INFO] [stderr]   DEBUG = Some("false")
[INFO] [stderr]   CARGO_CFG_TARGET_FEATURE = Some("fxsr,sse,sse2")
[INFO] [stderr]   running: "cc" "-O3" "-ffunction-sections" "-fdata-sections" "-fPIC" "-m64" "-I" "/usr/include" "-Wall" "-Wextra" "-E" "build/expando.c"
[INFO] [stderr]   cargo:warning=build/expando.c:4:24: error: pasting "RUST_VERSION_OPENSSL_" and "(" does not give a valid preprocessing token
[INFO] [stderr]   cargo:warning=    4 | #define VERSION2(n, v) RUST_VERSION_##n##_##v
[INFO] [stderr]   cargo:warning=      |                        ^~~~~~~~~~~~~
[INFO] [stderr]   cargo:warning=build/expando.c:5:23: note: in expansion of macro 'VERSION2'
[INFO] [stderr]   cargo:warning=    5 | #define VERSION(n, v) VERSION2(n, v)
[INFO] [stderr]   cargo:warning=      |                       ^~~~~~~~
[INFO] [stderr]   cargo:warning=build/expando.c:10:1: note: in expansion of macro 'VERSION'
[INFO] [stderr]   cargo:warning=   10 | VERSION(OPENSSL, OPENSSL_VERSION_NUMBER)
[INFO] [stderr]   cargo:warning=      | ^~~~~~~
[INFO] [stderr]   exit status: 1
[INFO] [stderr] 
[INFO] [stderr]   --- stderr
[INFO] [stderr] 
[INFO] [stderr]   thread 'main' (1529) panicked at /opt/rustwide/cargo-home/registry/src/index.crates.io-1949cf8c6b5b557f/openssl-sys-0.9.53/build/main.rs:126:13:
[INFO] [stderr] 
[INFO] [stderr]   Header expansion error:
[INFO] [stderr]   Error { kind: ToolExecError, message: "Command \"cc\" \"-O3\" \"-ffunction-sections\" \"-fdata-sections\" \"-fPIC\" \"-m64\" \"-I\" \"/usr/include\" \"-Wall\" \"-Wextra\" \"-E\" \"build/expando.c\" with args \"cc\" did not execute successfully (status code exit status: 1)." }
[INFO] [stderr] 
[INFO] [stderr]   Failed to find OpenSSL development headers.
[INFO] [stderr] 
[INFO] [stderr]   You can try fixing this setting the `OPENSSL_DIR` environment variable
[INFO] [stderr]   pointing to your OpenSSL installation or installing OpenSSL headers package
[INFO] [stderr]   specific to your distribution:
[INFO] [stderr] 
[INFO] [stderr]       # On Ubuntu
[INFO] [stderr]       sudo apt-get install libssl-dev
[INFO] [stderr]       # On Arch Linux
[INFO] [stderr]       sudo pacman -S openssl
[INFO] [stderr]       # On Fedora
[INFO] [stderr]       sudo dnf install openssl-devel
[INFO] [stderr] 
[INFO] [stderr]   See rust-openssl README for more information:
[INFO] [stderr] 
[INFO] [stderr]       https://github.com/sfackler/rust-openssl#linux
[INFO] [stderr] 
[INFO] [stderr]   stack backtrace:
[INFO] [stderr]      0:     0x6499357a7511 - <<std[97b98282bc616a66]::sys::backtrace::BacktraceLock>::print::DisplayBacktrace as core[832e9a552fc17241]::fmt::Display>::fmt
[INFO] [stderr]      1:     0x6499357bb74a - core[832e9a552fc17241]::fmt::write
[INFO] [stderr]      2:     0x6499357ad2bc - <std[97b98282bc616a66]::sys::stdio::unix::Stderr as std[97b98282bc616a66]::io::Write>::write_fmt
[INFO] [stderr]      3:     0x649935788de6 - std[97b98282bc616a66]::panicking::default_hook::{closure#0}
[INFO] [stderr]      4:     0x6499357a1db1 - std[97b98282bc616a66]::panicking::default_hook
[INFO] [stderr]      5:     0x6499357a1f6b - std[97b98282bc616a66]::panicking::panic_with_hook
[INFO] [stderr]      6:     0x649935788e92 - std[97b98282bc616a66]::panicking::panic_handler::{closure#0}
[INFO] [stderr]      7:     0x6499357804d9 - std[97b98282bc616a66]::sys::backtrace::__rust_end_short_backtrace::<std[97b98282bc616a66]::panicking::panic_handler::{closure#0}, !>
[INFO] [stderr]      8:     0x64993578972d - __rustc[e3d8617bb01b7f69]::rust_begin_unwind
[INFO] [stderr]      9:     0x6499357bbebc - core[832e9a552fc17241]::panicking::panic_fmt
[INFO] [stderr]     10:     0x649935719eeb - build_script_main[eaf0871eab114fa8]::validate_headers
[INFO] [stderr]     11:     0x64993571d323 - build_script_main[eaf0871eab114fa8]::find::try_pkg_config
[INFO] [stderr]     12:     0x64993571d6e8 - build_script_main[eaf0871eab114fa8]::find::find_openssl_dir
[INFO] [stderr]     13:     0x649935718307 - build_script_main[eaf0871eab114fa8]::find::get_openssl::{closure#0}
[INFO] [stderr]     14:     0x649935716380 - <core[832e9a552fc17241]::option::Option<std[97b98282bc616a66]::ffi::os_str::OsString>>::unwrap_or_else::<build_script_main[eaf0871eab114fa8]::find::get_openssl::{closure#0}>
[INFO] [stderr]     15:     0x64993571cc1f - build_script_main[eaf0871eab114fa8]::find::get_openssl
[INFO] [stderr]     16:     0x64993571a509 - build_script_main[eaf0871eab114fa8]::main
[INFO] [stderr]     17:     0x64993571fc43 - <fn() as core[832e9a552fc17241]::ops::function::FnOnce<()>>::call_once
[INFO] [stderr]     18:     0x649935716f36 - std[97b98282bc616a66]::sys::backtrace::__rust_begin_short_backtrace::<fn(), ()>
[INFO] [stderr]     19:     0x649935717759 - std[97b98282bc616a66]::rt::lang_start::<()>::{closure#0}
[INFO] [stderr]     20:     0x6499357a10d7 - std[97b98282bc616a66]::rt::lang_start_internal
[INFO] [stderr]     21:     0x649935716dc1 - std[97b98282bc616a66]::rt::lang_start::<()>
[INFO] [stderr]     22:     0x64993571fe85 - main
[INFO] [stderr]     23:     0x7e295187c601 - <unknown>
[INFO] [stderr]     24:     0x7e295187c718 - __libc_start_main
[INFO] [stderr]     25:     0x649935716155 - _start
[INFO] [stderr]     26:                0x0 - <unknown>
[INFO] [stderr] warning: build failed, waiting for other jobs to finish...
[INFO] running `Command { std: "docker" "inspect" "8fe57bdf49421949f166990c74e2de4812543b61d276212f6afc625e45a3e7ce", kill_on_drop: false }`
[INFO] running `Command { std: "docker" "rm" "-f" "8fe57bdf49421949f166990c74e2de4812543b61d276212f6afc625e45a3e7ce", kill_on_drop: false }`
[INFO] [stdout] 8fe57bdf49421949f166990c74e2de4812543b61d276212f6afc625e45a3e7ce
