[INFO] cloning repository https://github.com/kernel32dev/patrocars
[INFO] running `Command { std: "git" "-c" "credential.helper=" "-c" "credential.helper=/workspace/cargo-home/bin/git-credential-null" "clone" "--bare" "https://github.com/kernel32dev/patrocars" "/workspace/cache/git-repos/https%3A%2F%2Fgithub.com%2Fkernel32dev%2Fpatrocars", kill_on_drop: false }`
[INFO] [stderr] Cloning into bare repository '/workspace/cache/git-repos/https%3A%2F%2Fgithub.com%2Fkernel32dev%2Fpatrocars'...
[INFO] running `Command { std: "git" "rev-parse" "HEAD", kill_on_drop: false }`
[INFO] [stdout] 5a8b6060b5af681064b3fae8cad71d11055981ef
[INFO] testing kernel32dev/patrocars against 1.98.0-beta.8+cargoflags=--release for beta-release-1.99-2
[INFO] running `Command { std: "git" "clone" "/workspace/cache/git-repos/https%3A%2F%2Fgithub.com%2Fkernel32dev%2Fpatrocars" "/workspace/builds/worker-2-tc1/source", kill_on_drop: false }`
[INFO] [stderr] Cloning into '/workspace/builds/worker-2-tc1/source'...
[INFO] [stderr] done.
[INFO] started tweaking git repo https://github.com/kernel32dev/patrocars
[INFO] finished tweaking git repo https://github.com/kernel32dev/patrocars
[INFO] tweaked toml for git repo https://github.com/kernel32dev/patrocars written to /workspace/builds/worker-2-tc1/source/Cargo.toml
[INFO] validating manifest of git repo https://github.com/kernel32dev/patrocars on toolchain 1.98.0-beta.8
[INFO] running `Command { std: CARGO_HOME="/workspace/cargo-home" RUSTUP_HOME="/workspace/rustup-home" "/workspace/cargo-home/bin/cargo" "+1.98.0-beta.8" "metadata" "--manifest-path" "Cargo.toml" "--no-deps", kill_on_drop: false }`
[INFO] crate git repo https://github.com/kernel32dev/patrocars already has a lockfile, it will not be regenerated
[INFO] running `Command { std: CARGO_HOME="/workspace/cargo-home" RUSTUP_HOME="/workspace/rustup-home" "/workspace/cargo-home/bin/cargo" "+1.98.0-beta.8" "fetch" "--manifest-path" "Cargo.toml", kill_on_drop: false }`
[INFO] [stderr]     Updating crates.io index
[INFO] [stderr]  Downloading crates ...
[INFO] [stderr]   Downloaded thiserror-impl v1.0.63
[INFO] [stderr]   Downloaded hyper-tungstenite v0.14.0
[INFO] [stderr]   Downloaded ulid v1.1.3
[INFO] [stderr]   Downloaded num_threads v0.1.7
[INFO] [stderr]   Downloaded futures-macro v0.3.30
[INFO] [stderr]   Downloaded simple_logger v5.0.0
[INFO] [stderr]   Downloaded encoding_index_tests v0.1.4
[INFO] [stderr]   Downloaded md-5 v0.9.1
[INFO] [stderr]   Downloaded hmac v0.10.1
[INFO] [stderr]   Downloaded cpufeatures v0.2.12
[INFO] [stderr]   Downloaded rsfbclient-native v0.24.0
[INFO] [stderr]   Downloaded encoding-index-singlebyte v1.20141219.5
[INFO] [stderr]   Downloaded num_enum_derive v0.5.11
[INFO] [stderr]   Downloaded crypto-mac v0.10.1
[INFO] [stderr]   Downloaded cipher v0.2.5
[INFO] [stderr]   Downloaded rsfbclient-derive v0.24.0
[INFO] [stderr]   Downloaded intuple v0.2.0
[INFO] [stderr]   Downloaded intuple_derive v0.2.0
[INFO] [stderr]   Downloaded toml_datetime v0.6.8
[INFO] [stderr]   Downloaded ppv-lite86 v0.2.18
[INFO] [stderr]   Downloaded serde_spanned v0.6.7
[INFO] [stderr]   Downloaded colored v2.1.0
[INFO] [stderr]   Downloaded thiserror v1.0.63
[INFO] [stderr]   Downloaded zerocopy v0.6.6
[INFO] [stderr]   Downloaded sha2 v0.10.8
[INFO] [stderr]   Downloaded pwhash v1.0.0
[INFO] [stderr]   Downloaded num_enum v0.5.11
[INFO] [stderr]   Downloaded blowfish v0.7.0
[INFO] [stderr]   Downloaded glob v0.3.1
[INFO] [stderr]   Downloaded futures-executor v0.3.30
[INFO] [stderr]   Downloaded tokio-tungstenite v0.23.1
[INFO] [stderr]   Downloaded data-encoding v2.6.0
[INFO] [stderr]   Downloaded rsfbclient v0.24.0
[INFO] [stderr]   Downloaded serde_qs v0.13.0
[INFO] [stderr]   Downloaded futures v0.3.30
[INFO] [stderr]   Downloaded rsfbclient-rust v0.24.0
[INFO] [stderr]   Downloaded bytes v1.6.1
[INFO] [stderr]   Downloaded rsfbclient-core v0.24.0
[INFO] [stderr]   Downloaded serde_derive v1.0.204
[INFO] [stderr]   Downloaded tungstenite v0.23.0
[INFO] [stderr]   Downloaded toml v0.8.19
[INFO] [stderr]   Downloaded cc v1.1.6
[INFO] [stderr]   Downloaded hyper-util v0.1.6
[INFO] [stderr]   Downloaded encoding v0.2.33
[INFO] [stderr]   Downloaded serde v1.0.204
[INFO] [stderr]   Downloaded syn v2.0.72
[INFO] [stderr]   Downloaded toml_edit v0.22.20
[INFO] [stderr]   Downloaded mio v1.0.1
[INFO] [stderr]   Downloaded encoding-index-korean v1.20141219.5
[INFO] [stderr]   Downloaded encoding-index-japanese v1.20141219.5
[INFO] [stderr]   Downloaded encoding-index-tradchinese v1.20141219.5
[INFO] [stderr]   Downloaded encoding-index-simpchinese v1.20141219.5
[INFO] [stderr]   Downloaded serde_json v1.0.121
[INFO] [stderr]   Downloaded hyper v1.4.1
[INFO] [stderr]   Downloaded h2 v0.4.5
[INFO] [stderr]   Downloaded winnow v0.6.18
[INFO] [stderr]   Downloaded regex v1.10.6
[INFO] [stderr]   Downloaded object v0.36.2
[INFO] [stderr]   Downloaded regex-syntax v0.8.4
[INFO] [stderr]   Downloaded zerocopy-derive v0.6.6
[INFO] [stderr]   Downloaded regex-automata v0.4.7
[INFO] [stderr]   Downloaded libc v0.2.155
[INFO] [stderr]   Downloaded tokio v1.39.2
[INFO] running `Command { std: "docker" "create" "-v" "/var/lib/crater-agent-workspace/builds/worker-2-tc1/source:/opt/rustwide/workdir:ro,Z" "-v" "/var/lib/crater-agent-workspace/builds/worker-2-tc1/target:/opt/rustwide/target:rw,Z" "-v" "/var/lib/crater-agent-workspace/cargo-home:/opt/rustwide/cargo-home:ro,Z" "-v" "/var/lib/crater-agent-workspace/rustup-home:/opt/rustwide/rustup-home:ro,Z" "-m" "1610612736" "--network" "none" "ghcr.io/rust-lang/crates-build-env/linux@sha256:8683fc1fc2eb5c9ac98e0d076ab094b2ffac7f99da555d2b6a2e27f346de2ec7" "sleep" "infinity", kill_on_drop: false }`
[INFO] [stdout] 6f62024f6864d6b52c04a861c8d56c346ff852fdee345c4b3181c1c9bf9891e8
[INFO] running `Command { std: "docker" "start" "6f62024f6864d6b52c04a861c8d56c346ff852fdee345c4b3181c1c9bf9891e8", kill_on_drop: false }`
[INFO] running `Command { std: "docker" "inspect" "6f62024f6864d6b52c04a861c8d56c346ff852fdee345c4b3181c1c9bf9891e8", kill_on_drop: false }`
[INFO] running `Command { std: "docker" "exec" "-e" "SOURCE_DIR=/opt/rustwide/workdir" "-e" "CARGO_HOME=/opt/rustwide/cargo-home" "-e" "RUSTUP_HOME=/opt/rustwide/rustup-home" "-e" "CARGO_TARGET_DIR=/opt/rustwide/target" "-w" "/opt/rustwide/workdir" "--user" "0:0" "6f62024f6864d6b52c04a861c8d56c346ff852fdee345c4b3181c1c9bf9891e8" "/opt/rustwide/cargo-home/bin/cargo" "+1.98.0-beta.8" "metadata" "--no-deps" "--format-version=1", kill_on_drop: false }`
[INFO] running `Command { std: "docker" "inspect" "6f62024f6864d6b52c04a861c8d56c346ff852fdee345c4b3181c1c9bf9891e8", kill_on_drop: false }`
[INFO] running `Command { std: "docker" "exec" "-e" "SOURCE_DIR=/opt/rustwide/workdir" "-e" "CARGO_HOME=/opt/rustwide/cargo-home" "-e" "RUSTUP_HOME=/opt/rustwide/rustup-home" "-e" "CARGO_TARGET_DIR=/opt/rustwide/target" "-e" "CARGO_INCREMENTAL=0" "-e" "RUST_BACKTRACE=full" "-e" "RUSTFLAGS=--cap-lints=warn" "-e" "RUSTDOCFLAGS=--cap-lints=warn" "-w" "/opt/rustwide/workdir" "--user" "0:0" "6f62024f6864d6b52c04a861c8d56c346ff852fdee345c4b3181c1c9bf9891e8" "/opt/rustwide/cargo-home/bin/cargo" "+1.98.0-beta.8" "build" "--frozen" "--message-format=json" "--release", kill_on_drop: false }`
[INFO] [stderr]    Compiling proc-macro2 v1.0.86
[INFO] [stderr]    Compiling unicode-ident v1.0.12
[INFO] [stderr]    Compiling version_check v0.9.5
[INFO] [stderr]    Compiling typenum v1.17.0
[INFO] [stderr]    Compiling libc v0.2.155
[INFO] [stderr]    Compiling autocfg v1.3.0
[INFO] [stderr]    Compiling memchr v2.7.4
[INFO] [stderr]    Compiling serde v1.0.204
[INFO] [stderr]    Compiling itoa v1.0.11
[INFO] [stderr]    Compiling bytes v1.6.1
[INFO] [stderr]    Compiling byteorder v1.5.0
[INFO] [stderr]    Compiling pin-project-lite v0.2.14
[INFO] [stderr]    Compiling cpufeatures v0.2.12
[INFO] [stderr]    Compiling futures-core v0.3.30
[INFO] [stderr]    Compiling futures-sink v0.3.30
[INFO] [stderr]    Compiling thiserror v1.0.63
[INFO] [stderr]    Compiling encoding_index_tests v0.1.4
[INFO] [stderr]    Compiling futures-io v0.3.30
[INFO] [stderr]    Compiling syn v1.0.109
[INFO] [stderr]    Compiling serde_json v1.0.121
[INFO] [stderr]    Compiling futures-channel v0.3.30
[INFO] [stderr]    Compiling futures-task v0.3.30
[INFO] [stderr]    Compiling hashbrown v0.14.5
[INFO] [stderr]    Compiling equivalent v1.0.1
[INFO] [stderr]    Compiling httparse v1.9.4
[INFO] [stderr]    Compiling toml_datetime v0.6.8
[INFO] [stderr]    Compiling winnow v0.5.40
[INFO] [stderr]    Compiling opaque-debug v0.3.1
[INFO] [stderr]    Compiling generic-array v0.14.7
[INFO] [stderr]    Compiling unicase v2.7.0
[INFO] [stderr]    Compiling once_cell v1.19.0
[INFO] [stderr]    Compiling regex-syntax v0.8.4
[INFO] [stderr]    Compiling slab v0.4.9
[INFO] [stderr]    Compiling num-traits v0.2.19
[INFO] [stderr]    Compiling tracing-core v0.1.32
[INFO] [stderr]    Compiling mime_guess v2.0.5
[INFO] [stderr]    Compiling encoding-index-simpchinese v1.20141219.5
[INFO] [stderr]    Compiling encoding-index-tradchinese v1.20141219.5
[INFO] [stderr]    Compiling http v1.1.0
[INFO] [stderr]    Compiling aho-corasick v1.1.3
[INFO] [stderr]    Compiling encoding-index-singlebyte v1.20141219.5
[INFO] [stderr]    Compiling encoding-index-japanese v1.20141219.5
[INFO] [stderr]    Compiling indexmap v2.2.6
[INFO] [stderr]    Compiling quote v1.0.36
[INFO] [stderr]    Compiling getrandom v0.2.15
[INFO] [stderr]    Compiling signal-hook-registry v1.4.2
[INFO] [stderr]    Compiling socket2 v0.5.7
[INFO] [stderr]    Compiling mio v1.0.1
[INFO] [stderr]    Compiling syn v2.0.72
[INFO] [stderr]    Compiling rand_core v0.6.4
[INFO] [stderr]    Compiling tracing v0.1.40
[INFO] [stderr]    Compiling encoding-index-korean v1.20141219.5
[INFO] [stderr]    Compiling atomic-waker v1.1.2
[INFO] [stderr]    Compiling http-body v1.0.1
[INFO] [stderr]    Compiling iana-time-zone v0.1.60
[INFO] [stderr]    Compiling log v0.4.22
[INFO] [stderr]    Compiling percent-encoding v2.3.1
[INFO] [stderr]    Compiling tinyvec_macros v0.1.1
[INFO] [stderr]    Compiling encoding v0.2.33
[INFO] [stderr]    Compiling tinyvec v1.8.0
[INFO] [stderr]    Compiling smallvec v1.13.2
[INFO] [stderr]    Compiling crypto-common v0.1.6
[INFO] [stderr]    Compiling block-buffer v0.10.4
[INFO] [stderr]    Compiling digest v0.9.0
[INFO] [stderr]    Compiling block-buffer v0.9.0
[INFO] [stderr]    Compiling crypto-mac v0.10.1
[INFO] [stderr]    Compiling digest v0.10.7
[INFO] [stderr]    Compiling cipher v0.2.5
[INFO] [stderr]    Compiling ryu v1.0.18
[INFO] [stderr]    Compiling glob v0.3.1
[INFO] [stderr]    Compiling data-encoding v2.6.0
[INFO] [stderr]    Compiling blowfish v0.7.0
[INFO] [stderr]    Compiling toml_edit v0.19.15
[INFO] [stderr]    Compiling sha1 v0.10.6
[INFO] [stderr]    Compiling sha2 v0.9.9
[INFO] [stderr]    Compiling hmac v0.10.1
[INFO] [stderr]    Compiling md-5 v0.9.1
[INFO] [stderr]    Compiling sha-1 v0.9.8
[INFO] [stderr]    Compiling num-integer v0.1.46
[INFO] [stderr]    Compiling rsfbclient-native v0.24.0
[INFO] [stderr]    Compiling num-conv v0.1.0
[INFO] [stderr]    Compiling mime v0.3.17
[INFO] [stderr]    Compiling time-core v0.1.2
[INFO] [stderr]    Compiling regex-automata v0.4.7
[INFO] [stderr]    Compiling unicode-normalization v0.1.23
[INFO] [stderr]    Compiling powerfmt v0.2.0
[INFO] [stderr]    Compiling unicode-bidi v0.3.15
[INFO] [stderr]    Compiling time-macros v0.2.18
[INFO] [stderr]    Compiling deranged v0.3.11
[INFO] [stderr]    Compiling idna v0.5.0
[INFO] [stderr]    Compiling num-bigint v0.4.6
[INFO] [stderr]    Compiling sha-1 v0.10.1
[INFO] [stderr]    Compiling sha2 v0.10.8
[INFO] [stderr]    Compiling form_urlencoded v1.2.1
[INFO] [stderr]    Compiling linked-hash-map v0.5.6
[INFO] [stderr]    Compiling winnow v0.6.18
[INFO] [stderr]    Compiling hex v0.4.3
[INFO] [stderr]    Compiling num_threads v0.1.7
[INFO] [stderr]    Compiling time v0.3.36
[INFO] [stderr]    Compiling proc-macro-crate v1.3.1
[INFO] [stderr]    Compiling lru-cache v0.1.2
[INFO] [stderr]    Compiling url v2.5.2
[INFO] [stderr]    Compiling rsfbclient-derive v0.24.0
[INFO] [stderr]    Compiling colored v2.1.0
[INFO] [stderr]    Compiling either v1.13.0
[INFO] [stderr]    Compiling md5 v0.7.0
[INFO] [stderr]    Compiling regex v1.10.6
[INFO] [stderr]    Compiling num_enum_derive v0.5.11
[INFO] [stderr]    Compiling serde_derive v1.0.204
[INFO] [stderr]    Compiling zerocopy-derive v0.6.6
[INFO] [stderr]    Compiling thiserror-impl v1.0.63
[INFO] [stderr]    Compiling zerocopy v0.6.6
[INFO] [stderr]    Compiling futures-macro v0.3.30
[INFO] [stderr]    Compiling tokio-macros v2.4.0
[INFO] [stderr]    Compiling num_enum v0.5.11
[INFO] [stderr]    Compiling html-temple-parser v0.0.0 (/opt/rustwide/workdir/html-temple/parser)
[INFO] [stderr]    Compiling ppv-lite86 v0.2.18
[INFO] [stderr]    Compiling server-utils-macros v0.0.0 (/opt/rustwide/workdir/server-utils/macros)
[INFO] [stderr]    Compiling intuple_derive v0.2.0
[INFO] [stderr]    Compiling simple_logger v5.0.0
[INFO] [stdout] warning: unused variable: `array`
[INFO] [stdout]    --> html-temple/parser/src/runtime/eval.rs:350:23
[INFO] [stdout]     |
[INFO] [stdout] 350 |         Pat::Array(_, array, _) => {
[INFO] [stdout]     |                       ^^^^^ help: if this is intentional, prefix it with an underscore: `_array`
[INFO] [stdout]     |
[INFO] [stdout]     = note: `#[warn(unused_variables)]` (part of `#[warn(unused)]`) on by default
[INFO] [stdout] 
[INFO] [stdout] 
[INFO] [stdout] warning: unused variable: `array`
[INFO] [stdout]    --> html-temple/parser/src/runtime/eval.rs:351:33
[INFO] [stdout]     |
[INFO] [stdout] 351 |             if let Value::Array(array) = value {
[INFO] [stdout]     |                                 ^^^^^ help: if this is intentional, prefix it with an underscore: `_array`
[INFO] [stdout] 
[INFO] [stdout] 
[INFO] [stdout] warning: unused variable: `record`
[INFO] [stdout]    --> html-temple/parser/src/runtime/eval.rs:357:24
[INFO] [stdout]     |
[INFO] [stdout] 357 |         Pat::Record(_, record, _) => {
[INFO] [stdout]     |                        ^^^^^^ help: if this is intentional, prefix it with an underscore: `_record`
[INFO] [stdout] 
[INFO] [stdout] 
[INFO] [stdout] warning: unused variable: `record`
[INFO] [stdout]    --> html-temple/parser/src/runtime/eval.rs:358:34
[INFO] [stdout]     |
[INFO] [stdout] 358 |             if let Value::Record(record) = value {
[INFO] [stdout]     |                                  ^^^^^^ help: if this is intentional, prefix it with an underscore: `_record`
[INFO] [stdout] 
[INFO] [stdout] 
[INFO] [stdout] warning: unused variable: `pats`
[INFO] [stdout]    --> html-temple/parser/src/runtime/eval.rs:496:29
[INFO] [stdout]     |
[INFO] [stdout] 496 |         Value::Function((_, pats, rest, body)) => {
[INFO] [stdout]     |                             ^^^^ help: if this is intentional, prefix it with an underscore: `_pats`
[INFO] [stdout] 
[INFO] [stdout] 
[INFO] [stdout] warning: unused variable: `rest`
[INFO] [stdout]    --> html-temple/parser/src/runtime/eval.rs:496:35
[INFO] [stdout]     |
[INFO] [stdout] 496 |         Value::Function((_, pats, rest, body)) => {
[INFO] [stdout]     |                                   ^^^^ help: if this is intentional, prefix it with an underscore: `_rest`
[INFO] [stdout] 
[INFO] [stdout] 
[INFO] [stdout] warning: unused variable: `args`
[INFO] [stdout]    --> html-temple/parser/src/runtime/eval.rs:497:17
[INFO] [stdout]     |
[INFO] [stdout] 497 |             let args = eval_items(env, arg_exprs)?;
[INFO] [stdout]     |                 ^^^^ help: if this is intentional, prefix it with an underscore: `_args`
[INFO] [stdout] 
[INFO] [stdout] 
[INFO] [stdout] warning: unused variable: `arena`
[INFO] [stdout]    --> html-temple/parser/src/runtime/run.rs:671:5
[INFO] [stdout]     |
[INFO] [stdout] 671 |     arena: &'a Arena,
[INFO] [stdout]     |     ^^^^^ help: if this is intentional, prefix it with an underscore: `_arena`
[INFO] [stdout] 
[INFO] [stdout] 
[INFO] [stdout] warning: unused variable: `value_source`
[INFO] [stdout]    --> html-temple/parser/src/runtime/run.rs:673:5
[INFO] [stdout]     |
[INFO] [stdout] 673 |     value_source: Source,
[INFO] [stdout]     |     ^^^^^^^^^^^^ help: if this is intentional, prefix it with an underscore: `_value_source`
[INFO] [stdout] 
[INFO] [stdout] 
[INFO] [stdout] warning: unused variable: `arg_sources`
[INFO] [stdout]    --> html-temple/parser/src/runtime/run.rs:676:5
[INFO] [stdout]     |
[INFO] [stdout] 676 |     arg_sources: impl Fn(usize) -> Option<Source>,
[INFO] [stdout]     |     ^^^^^^^^^^^ help: if this is intentional, prefix it with an underscore: `_arg_sources`
[INFO] [stdout] 
[INFO] [stdout] 
[INFO] [stdout] warning: unused variable: `start`
[INFO] [stdout]    --> html-temple/parser/src/runtime/run.rs:904:41
[INFO] [stdout]     |
[INFO] [stdout] 904 |         [Value::RangeExclusiveOpen(Some(start))] => todo!("slice string"),
[INFO] [stdout]     |                                         ^^^^^ help: if this is intentional, prefix it with an underscore: `_start`
[INFO] [stdout] 
[INFO] [stdout] 
[INFO] [stdout] warning: unused variable: `start`
[INFO] [stdout]    --> html-temple/parser/src/runtime/run.rs:905:38
[INFO] [stdout]     |
[INFO] [stdout] 905 |         [Value::RangeExclusiveClosed(start, end)] => todo!("slice string"),
[INFO] [stdout]     |                                      ^^^^^ help: if this is intentional, prefix it with an underscore: `_start`
[INFO] [stdout] 
[INFO] [stdout] 
[INFO] [stdout] warning: unused variable: `end`
[INFO] [stdout]    --> html-temple/parser/src/runtime/run.rs:905:45
[INFO] [stdout]     |
[INFO] [stdout] 905 |         [Value::RangeExclusiveClosed(start, end)] => todo!("slice string"),
[INFO] [stdout]     |                                             ^^^ help: if this is intentional, prefix it with an underscore: `_end`
[INFO] [stdout] 
[INFO] [stdout] 
[INFO] [stdout] warning: unused variable: `start`
[INFO] [stdout]    --> html-temple/parser/src/runtime/run.rs:906:32
[INFO] [stdout]     |
[INFO] [stdout] 906 |         [Value::RangeInclusive(start, end)] => todo!("slice string"),
[INFO] [stdout]     |                                ^^^^^ help: if this is intentional, prefix it with an underscore: `_start`
[INFO] [stdout] 
[INFO] [stdout] 
[INFO] [stdout] warning: unused variable: `end`
[INFO] [stdout]    --> html-temple/parser/src/runtime/run.rs:906:39
[INFO] [stdout]     |
[INFO] [stdout] 906 |         [Value::RangeInclusive(start, end)] => todo!("slice string"),
[INFO] [stdout]     |                                       ^^^ help: if this is intentional, prefix it with an underscore: `_end`
[INFO] [stdout] 
[INFO] [stdout] 
[INFO] [stdout] warning: unused variable: `start`
[INFO] [stdout]    --> html-temple/parser/src/runtime/run.rs:957:41
[INFO] [stdout]     |
[INFO] [stdout] 957 |         [Value::RangeExclusiveOpen(Some(start)), ..] => todo!("slice array"),
[INFO] [stdout]     |                                         ^^^^^ help: if this is intentional, prefix it with an underscore: `_start`
[INFO] [stdout] 
[INFO] [stdout] 
[INFO] [stdout] warning: unused variable: `start`
[INFO] [stdout]    --> html-temple/parser/src/runtime/run.rs:958:38
[INFO] [stdout]     |
[INFO] [stdout] 958 |         [Value::RangeExclusiveClosed(start, end), ..] => todo!("slice array"),
[INFO] [stdout]     |                                      ^^^^^ help: if this is intentional, prefix it with an underscore: `_start`
[INFO] [stdout] 
[INFO] [stdout] 
[INFO] [stdout] warning: unused variable: `end`
[INFO] [stdout]    --> html-temple/parser/src/runtime/run.rs:958:45
[INFO] [stdout]     |
[INFO] [stdout] 958 |         [Value::RangeExclusiveClosed(start, end), ..] => todo!("slice array"),
[INFO] [stdout]     |                                             ^^^ help: if this is intentional, prefix it with an underscore: `_end`
[INFO] [stdout] 
[INFO] [stdout] 
[INFO] [stdout] warning: unused variable: `start`
[INFO] [stdout]    --> html-temple/parser/src/runtime/run.rs:959:32
[INFO] [stdout]     |
[INFO] [stdout] 959 |         [Value::RangeInclusive(start, end), ..] => todo!("slice array"),
[INFO] [stdout]     |                                ^^^^^ help: if this is intentional, prefix it with an underscore: `_start`
[INFO] [stdout] 
[INFO] [stdout] 
[INFO] [stdout] warning: unused variable: `end`
[INFO] [stdout]    --> html-temple/parser/src/runtime/run.rs:959:39
[INFO] [stdout]     |
[INFO] [stdout] 959 |         [Value::RangeInclusive(start, end), ..] => todo!("slice array"),
[INFO] [stdout]     |                                       ^^^ help: if this is intentional, prefix it with an underscore: `_end`
[INFO] [stdout] 
[INFO] [stdout] 
[INFO] [stdout] warning: unused variable: `bad_index`
[INFO] [stdout]    --> html-temple/parser/src/runtime/run.rs:960:10
[INFO] [stdout]     |
[INFO] [stdout] 960 |         [ref bad_index, ..] => todo!("error bad array index"),
[INFO] [stdout]     |          ^^^^^^^^^^^^^ help: if this is intentional, prefix it with an underscore: `_bad_index`
[INFO] [stdout] 
[INFO] [stdout] 
[INFO] [stdout] warning: unused variable: `bad_index`
[INFO] [stdout]     --> html-temple/parser/src/runtime/run.rs:1032:10
[INFO] [stdout]      |
[INFO] [stdout] 1032 |         [ref bad_index, ..] => todo!("error bad record index"),
[INFO] [stdout]      |          ^^^^^^^^^^^^^ help: if this is intentional, prefix it with an underscore: `_bad_index`
[INFO] [stdout] 
[INFO] [stdout] 
[INFO] [stderr]    Compiling tokio v1.39.2
[INFO] [stderr]    Compiling futures-util v0.3.30
[INFO] [stderr]    Compiling intuple v0.2.0
[INFO] [stderr]    Compiling rand_chacha v0.3.1
[INFO] [stderr]    Compiling html-temple-macros v0.0.0 (/opt/rustwide/workdir/html-temple/macros)
[INFO] [stdout] warning: unused variable: `inputs`
[INFO] [stdout]    --> html-temple/macros/src/compiler.rs:180:32
[INFO] [stdout]     |
[INFO] [stdout] 180 |             let (_, (_, path), inputs) = &**include;
[INFO] [stdout]     |                                ^^^^^^ help: if this is intentional, prefix it with an underscore: `_inputs`
[INFO] [stdout]     |
[INFO] [stdout]     = note: `#[warn(unused_variables)]` (part of `#[warn(unused)]`) on by default
[INFO] [stdout] 
[INFO] [stdout] 
[INFO] [stderr]    Compiling rand v0.8.5
[INFO] [stderr]    Compiling tungstenite v0.23.0
[INFO] [stderr]    Compiling pwhash v1.0.0
[INFO] [stderr]    Compiling ulid v1.1.3
[INFO] [stderr]    Compiling chrono v0.4.38
[INFO] [stderr]    Compiling serde_spanned v0.6.7
[INFO] [stderr]    Compiling serde_qs v0.13.0
[INFO] [stderr]    Compiling toml_edit v0.22.20
[INFO] [stderr]    Compiling http-body-util v0.1.2
[INFO] [stderr]    Compiling futures-executor v0.3.30
[INFO] [stderr]    Compiling futures v0.3.30
[INFO] [stdout] warning: unused variable: `array`
[INFO] [stdout]    --> html-temple/parser/src/runtime/eval.rs:350:23
[INFO] [stdout]     |
[INFO] [stdout] 350 |         Pat::Array(_, array, _) => {
[INFO] [stdout]     |                       ^^^^^ help: if this is intentional, prefix it with an underscore: `_array`
[INFO] [stdout]     |
[INFO] [stdout]     = note: `#[warn(unused_variables)]` (part of `#[warn(unused)]`) on by default
[INFO] [stdout] 
[INFO] [stdout] 
[INFO] [stdout] warning: unused variable: `array`
[INFO] [stdout]    --> html-temple/parser/src/runtime/eval.rs:351:33
[INFO] [stdout]     |
[INFO] [stdout] 351 |             if let Value::Array(array) = value {
[INFO] [stdout]     |                                 ^^^^^ help: if this is intentional, prefix it with an underscore: `_array`
[INFO] [stdout] 
[INFO] [stdout] 
[INFO] [stdout] warning: unused variable: `record`
[INFO] [stdout]    --> html-temple/parser/src/runtime/eval.rs:357:24
[INFO] [stdout]     |
[INFO] [stdout] 357 |         Pat::Record(_, record, _) => {
[INFO] [stdout]     |                        ^^^^^^ help: if this is intentional, prefix it with an underscore: `_record`
[INFO] [stdout] 
[INFO] [stdout] 
[INFO] [stdout] warning: unused variable: `record`
[INFO] [stdout]    --> html-temple/parser/src/runtime/eval.rs:358:34
[INFO] [stdout]     |
[INFO] [stdout] 358 |             if let Value::Record(record) = value {
[INFO] [stdout]     |                                  ^^^^^^ help: if this is intentional, prefix it with an underscore: `_record`
[INFO] [stdout] 
[INFO] [stdout] 
[INFO] [stdout] warning: unused variable: `pats`
[INFO] [stdout]    --> html-temple/parser/src/runtime/eval.rs:496:29
[INFO] [stdout]     |
[INFO] [stdout] 496 |         Value::Function((_, pats, rest, body)) => {
[INFO] [stdout]     |                             ^^^^ help: if this is intentional, prefix it with an underscore: `_pats`
[INFO] [stdout] 
[INFO] [stdout] 
[INFO] [stdout] warning: unused variable: `rest`
[INFO] [stdout]    --> html-temple/parser/src/runtime/eval.rs:496:35
[INFO] [stdout]     |
[INFO] [stdout] 496 |         Value::Function((_, pats, rest, body)) => {
[INFO] [stdout]     |                                   ^^^^ help: if this is intentional, prefix it with an underscore: `_rest`
[INFO] [stdout] 
[INFO] [stdout] 
[INFO] [stdout] warning: unused variable: `args`
[INFO] [stdout]    --> html-temple/parser/src/runtime/eval.rs:497:17
[INFO] [stdout]     |
[INFO] [stdout] 497 |             let args = eval_items(env, arg_exprs)?;
[INFO] [stdout]     |                 ^^^^ help: if this is intentional, prefix it with an underscore: `_args`
[INFO] [stdout] 
[INFO] [stdout] 
[INFO] [stdout] warning: unused variable: `arena`
[INFO] [stdout]    --> html-temple/parser/src/runtime/run.rs:671:5
[INFO] [stdout]     |
[INFO] [stdout] 671 |     arena: &'a Arena,
[INFO] [stdout]     |     ^^^^^ help: if this is intentional, prefix it with an underscore: `_arena`
[INFO] [stdout] 
[INFO] [stdout] 
[INFO] [stdout] warning: unused variable: `value_source`
[INFO] [stdout]    --> html-temple/parser/src/runtime/run.rs:673:5
[INFO] [stdout]     |
[INFO] [stdout] 673 |     value_source: Source,
[INFO] [stdout]     |     ^^^^^^^^^^^^ help: if this is intentional, prefix it with an underscore: `_value_source`
[INFO] [stdout] 
[INFO] [stdout] 
[INFO] [stdout] warning: unused variable: `arg_sources`
[INFO] [stdout]    --> html-temple/parser/src/runtime/run.rs:676:5
[INFO] [stdout]     |
[INFO] [stdout] 676 |     arg_sources: impl Fn(usize) -> Option<Source>,
[INFO] [stdout]     |     ^^^^^^^^^^^ help: if this is intentional, prefix it with an underscore: `_arg_sources`
[INFO] [stdout] 
[INFO] [stdout] 
[INFO] [stdout] warning: unused variable: `start`
[INFO] [stdout]    --> html-temple/parser/src/runtime/run.rs:904:41
[INFO] [stdout]     |
[INFO] [stdout] 904 |         [Value::RangeExclusiveOpen(Some(start))] => todo!("slice string"),
[INFO] [stdout]     |                                         ^^^^^ help: if this is intentional, prefix it with an underscore: `_start`
[INFO] [stdout] 
[INFO] [stdout] 
[INFO] [stdout] warning: unused variable: `start`
[INFO] [stdout]    --> html-temple/parser/src/runtime/run.rs:905:38
[INFO] [stdout]     |
[INFO] [stdout] 905 |         [Value::RangeExclusiveClosed(start, end)] => todo!("slice string"),
[INFO] [stdout]     |                                      ^^^^^ help: if this is intentional, prefix it with an underscore: `_start`
[INFO] [stdout] 
[INFO] [stdout] 
[INFO] [stdout] warning: unused variable: `end`
[INFO] [stdout]    --> html-temple/parser/src/runtime/run.rs:905:45
[INFO] [stdout]     |
[INFO] [stdout] 905 |         [Value::RangeExclusiveClosed(start, end)] => todo!("slice string"),
[INFO] [stdout]     |                                             ^^^ help: if this is intentional, prefix it with an underscore: `_end`
[INFO] [stdout] 
[INFO] [stdout] 
[INFO] [stdout] warning: unused variable: `start`
[INFO] [stdout]    --> html-temple/parser/src/runtime/run.rs:906:32
[INFO] [stdout]     |
[INFO] [stdout] 906 |         [Value::RangeInclusive(start, end)] => todo!("slice string"),
[INFO] [stdout]     |                                ^^^^^ help: if this is intentional, prefix it with an underscore: `_start`
[INFO] [stdout] 
[INFO] [stdout] 
[INFO] [stdout] warning: unused variable: `end`
[INFO] [stdout]    --> html-temple/parser/src/runtime/run.rs:906:39
[INFO] [stdout]     |
[INFO] [stdout] 906 |         [Value::RangeInclusive(start, end)] => todo!("slice string"),
[INFO] [stdout]     |                                       ^^^ help: if this is intentional, prefix it with an underscore: `_end`
[INFO] [stdout] 
[INFO] [stdout] 
[INFO] [stdout] warning: unused variable: `start`
[INFO] [stdout]    --> html-temple/parser/src/runtime/run.rs:957:41
[INFO] [stdout]     |
[INFO] [stdout] 957 |         [Value::RangeExclusiveOpen(Some(start)), ..] => todo!("slice array"),
[INFO] [stdout]     |                                         ^^^^^ help: if this is intentional, prefix it with an underscore: `_start`
[INFO] [stdout] 
[INFO] [stdout] 
[INFO] [stdout] warning: unused variable: `start`
[INFO] [stdout]    --> html-temple/parser/src/runtime/run.rs:958:38
[INFO] [stdout]     |
[INFO] [stdout] 958 |         [Value::RangeExclusiveClosed(start, end), ..] => todo!("slice array"),
[INFO] [stdout]     |                                      ^^^^^ help: if this is intentional, prefix it with an underscore: `_start`
[INFO] [stdout] 
[INFO] [stdout] 
[INFO] [stdout] warning: unused variable: `end`
[INFO] [stdout]    --> html-temple/parser/src/runtime/run.rs:958:45
[INFO] [stdout]     |
[INFO] [stdout] 958 |         [Value::RangeExclusiveClosed(start, end), ..] => todo!("slice array"),
[INFO] [stdout]     |                                             ^^^ help: if this is intentional, prefix it with an underscore: `_end`
[INFO] [stdout] 
[INFO] [stdout] 
[INFO] [stdout] warning: unused variable: `start`
[INFO] [stdout]    --> html-temple/parser/src/runtime/run.rs:959:32
[INFO] [stdout]     |
[INFO] [stdout] 959 |         [Value::RangeInclusive(start, end), ..] => todo!("slice array"),
[INFO] [stdout]     |                                ^^^^^ help: if this is intentional, prefix it with an underscore: `_start`
[INFO] [stdout] 
[INFO] [stdout] 
[INFO] [stdout] warning: unused variable: `end`
[INFO] [stdout]    --> html-temple/parser/src/runtime/run.rs:959:39
[INFO] [stdout]     |
[INFO] [stdout] 959 |         [Value::RangeInclusive(start, end), ..] => todo!("slice array"),
[INFO] [stdout]     |                                       ^^^ help: if this is intentional, prefix it with an underscore: `_end`
[INFO] [stdout] 
[INFO] [stdout] 
[INFO] [stdout] warning: unused variable: `bad_index`
[INFO] [stdout]    --> html-temple/parser/src/runtime/run.rs:960:10
[INFO] [stdout]     |
[INFO] [stdout] 960 |         [ref bad_index, ..] => todo!("error bad array index"),
[INFO] [stdout]     |          ^^^^^^^^^^^^^ help: if this is intentional, prefix it with an underscore: `_bad_index`
[INFO] [stdout] 
[INFO] [stdout] 
[INFO] [stdout] warning: unused variable: `bad_index`
[INFO] [stdout]     --> html-temple/parser/src/runtime/run.rs:1032:10
[INFO] [stdout]      |
[INFO] [stdout] 1032 |         [ref bad_index, ..] => todo!("error bad record index"),
[INFO] [stdout]      |          ^^^^^^^^^^^^^ help: if this is intentional, prefix it with an underscore: `_bad_index`
[INFO] [stdout] 
[INFO] [stdout] 
[INFO] [stderr]    Compiling rsfbclient-core v0.24.0
[INFO] [stderr]    Compiling html-temple v0.0.0 (/opt/rustwide/workdir/html-temple/lib)
[INFO] [stderr]    Compiling toml v0.8.19
[INFO] [stderr]    Compiling tokio-util v0.7.11
[INFO] [stderr]    Compiling tokio-tungstenite v0.23.1
[INFO] [stderr]    Compiling rsfbclient-rust v0.24.0
[INFO] [stderr]    Compiling h2 v0.4.5
[INFO] [stderr]    Compiling rsfbclient v0.24.0
[INFO] [stderr]    Compiling hyper v1.4.1
[INFO] [stderr]    Compiling hyper-util v0.1.6
[INFO] [stderr]    Compiling hyper-tungstenite v0.14.0
[INFO] [stderr]    Compiling server-utils v0.0.0 (/opt/rustwide/workdir/server-utils/lib)
[INFO] [stdout] warning: unused variable: `value`
[INFO] [stdout]    --> server-utils/lib/src/from.rs:103:13
[INFO] [stdout]     |
[INFO] [stdout] 103 |     fn from(value: body::BodyError) -> Self {
[INFO] [stdout]     |             ^^^^^ help: if this is intentional, prefix it with an underscore: `_value`
[INFO] [stdout]     |
[INFO] [stdout]     = note: `#[warn(unused_variables)]` (part of `#[warn(unused)]`) on by default
[INFO] [stdout] 
[INFO] [stdout] 
[INFO] [stdout] warning: unused variable: `value`
[INFO] [stdout]   --> server-utils/lib/src/ws.rs:18:13
[INFO] [stdout]    |
[INFO] [stdout] 18 |     fn from(value: ProtocolError) -> Self {
[INFO] [stdout]    |             ^^^^^ help: if this is intentional, prefix it with an underscore: `_value`
[INFO] [stdout] 
[INFO] [stdout] 
[INFO] [stderr]    Compiling patrocars v0.0.0 (/opt/rustwide/workdir)
[INFO] [stdout] error[E0599]: no method named `to_html` found for type `!` in the current scope
[INFO] [stdout]    --> src/app/mod.rs:104:32
[INFO] [stdout]     |
[INFO] [stdout] 104 |               Err(Response::html(html_temple::use_template!(
[INFO] [stdout]     |  ________________________________^
[INFO] [stdout] 105 | |                 "templates/modelo.html",
[INFO] [stdout] 106 | |                 rows
[INFO] [stdout] 107 | |             )))
[INFO] [stdout]     | |_____________^ method not found in `!`
[INFO] [stdout]     |
[INFO] [stdout]     = note: this error originates in the macro `html_temple::use_template` (in Nightly builds, run with -Z macro-backtrace for more info)
[INFO] [stdout] 
[INFO] [stdout] 
[INFO] [stdout] error[E0599]: no method named `to_html` found for type `!` in the current scope
[INFO] [stdout]    --> src/app/mod.rs:175:32
[INFO] [stdout]     |
[INFO] [stdout] 175 |               Err(Response::html(html_temple::use_template!(
[INFO] [stdout]     |  ________________________________^
[INFO] [stdout] 176 | |                 "templates/veiculo.html",
[INFO] [stdout] 177 | |                 rows
[INFO] [stdout] 178 | |             )))
[INFO] [stdout]     | |_____________^ method not found in `!`
[INFO] [stdout]     |
[INFO] [stdout]     = note: this error originates in the macro `html_temple::use_template` (in Nightly builds, run with -Z macro-backtrace for more info)
[INFO] [stdout] 
[INFO] [stdout] 
[INFO] [stdout] error[E0594]: cannot assign to value, as it is not declared as mutable
[INFO] [stdout]    --> src/app/mod.rs:115:32
[INFO] [stdout]     |
[INFO] [stdout] 115 |               Err(Response::html(html_temple::use_template!(
[INFO] [stdout]     |  ________________________________^
[INFO] [stdout] 116 | |                 "templates/modelo-new.html",
[INFO] [stdout] 117 | |                 montadoras
[INFO] [stdout] 118 | |             )))
[INFO] [stdout]     | |_____________^ cannot assign
[INFO] [stdout]     |
[INFO] [stdout]     = note: this error originates in the macro `html_temple::use_template` (in Nightly builds, run with -Z macro-backtrace for more info)
[INFO] [stdout] help: consider changing this to be mutable
[INFO] [stdout]     |
[INFO] [stdout] 117 |                 mut montadoras
[INFO] [stdout]     |                 +++
[INFO] [stdout] 
[INFO] [stdout] 
[INFO] [stdout] Some errors have detailed explanations: E0594, E0599.
[INFO] [stdout] 
[INFO] [stdout] For more information about an error, try `rustc --explain E0594`.
[INFO] [stdout] 
[INFO] [stderr] error: could not compile `patrocars` (bin "patrocars") due to 3 previous errors
[INFO] running `Command { std: "docker" "inspect" "6f62024f6864d6b52c04a861c8d56c346ff852fdee345c4b3181c1c9bf9891e8", kill_on_drop: false }`
[INFO] running `Command { std: "docker" "rm" "-f" "6f62024f6864d6b52c04a861c8d56c346ff852fdee345c4b3181c1c9bf9891e8", kill_on_drop: false }`
[INFO] [stdout] 6f62024f6864d6b52c04a861c8d56c346ff852fdee345c4b3181c1c9bf9891e8
