[INFO] cloning repository https://github.com/keekun/ddql
[INFO] running `Command { std: "git" "-c" "credential.helper=" "-c" "credential.helper=/workspace/cargo-home/bin/git-credential-null" "clone" "--bare" "https://github.com/keekun/ddql" "/workspace/cache/git-repos/https%3A%2F%2Fgithub.com%2Fkeekun%2Fddql", kill_on_drop: false }`
[INFO] [stderr] Cloning into bare repository '/workspace/cache/git-repos/https%3A%2F%2Fgithub.com%2Fkeekun%2Fddql'...
[INFO] running `Command { std: "git" "rev-parse" "HEAD", kill_on_drop: false }`
[INFO] [stdout] d5ecc1ed0acbb652a1452a985077f0c42272e0cb
[INFO] testing keekun/ddql against 1.99.0-beta.1+cargoflags=--release for beta-release-1.99-2
[INFO] running `Command { std: "git" "clone" "/workspace/cache/git-repos/https%3A%2F%2Fgithub.com%2Fkeekun%2Fddql" "/workspace/builds/worker-7-tc2/source", kill_on_drop: false }`
[INFO] [stderr] Cloning into '/workspace/builds/worker-7-tc2/source'...
[INFO] [stderr] done.
[INFO] started tweaking git repo https://github.com/keekun/ddql
[INFO] finished tweaking git repo https://github.com/keekun/ddql
[INFO] tweaked toml for git repo https://github.com/keekun/ddql written to /workspace/builds/worker-7-tc2/source/Cargo.toml
[INFO] validating manifest of git repo https://github.com/keekun/ddql on toolchain 1.99.0-beta.1
[INFO] running `Command { std: CARGO_HOME="/workspace/cargo-home" RUSTUP_HOME="/workspace/rustup-home" "/workspace/cargo-home/bin/cargo" "+1.99.0-beta.1" "metadata" "--manifest-path" "Cargo.toml" "--no-deps", kill_on_drop: false }`
[INFO] crate git repo https://github.com/keekun/ddql already has a lockfile, it will not be regenerated
[INFO] running `Command { std: CARGO_HOME="/workspace/cargo-home" RUSTUP_HOME="/workspace/rustup-home" "/workspace/cargo-home/bin/cargo" "+1.99.0-beta.1" "fetch" "--manifest-path" "Cargo.toml", kill_on_drop: false }`
[INFO] [stderr] warning: Cargo.toml: `package.edition` is unspecified, defaulting to `2015` while the latest is `2024`
[INFO] [stderr] warning: `ddql` (manifest) generated 1 warning
[INFO] running `Command { std: "docker" "create" "-v" "/var/lib/crater-agent-workspace/builds/worker-7-tc2/source:/opt/rustwide/workdir:ro,Z" "-v" "/var/lib/crater-agent-workspace/builds/worker-7-tc2/target:/opt/rustwide/target:rw,Z" "-v" "/var/lib/crater-agent-workspace/cargo-home:/opt/rustwide/cargo-home:ro,Z" "-v" "/var/lib/crater-agent-workspace/rustup-home:/opt/rustwide/rustup-home:ro,Z" "-m" "1610612736" "--network" "none" "ghcr.io/rust-lang/crates-build-env/linux@sha256:8683fc1fc2eb5c9ac98e0d076ab094b2ffac7f99da555d2b6a2e27f346de2ec7" "sleep" "infinity", kill_on_drop: false }`
[INFO] [stdout] 968b6bb113eca4dd02050d211be26105c294b4760986ff7dd777ea6fb9c658e1
[INFO] running `Command { std: "docker" "start" "968b6bb113eca4dd02050d211be26105c294b4760986ff7dd777ea6fb9c658e1", kill_on_drop: false }`
[INFO] running `Command { std: "docker" "inspect" "968b6bb113eca4dd02050d211be26105c294b4760986ff7dd777ea6fb9c658e1", kill_on_drop: false }`
[INFO] running `Command { std: "docker" "exec" "-e" "SOURCE_DIR=/opt/rustwide/workdir" "-e" "CARGO_HOME=/opt/rustwide/cargo-home" "-e" "RUSTUP_HOME=/opt/rustwide/rustup-home" "-e" "CARGO_TARGET_DIR=/opt/rustwide/target" "-w" "/opt/rustwide/workdir" "--user" "0:0" "968b6bb113eca4dd02050d211be26105c294b4760986ff7dd777ea6fb9c658e1" "/opt/rustwide/cargo-home/bin/cargo" "+1.99.0-beta.1" "metadata" "--no-deps" "--format-version=1", kill_on_drop: false }`
[INFO] running `Command { std: "docker" "inspect" "968b6bb113eca4dd02050d211be26105c294b4760986ff7dd777ea6fb9c658e1", kill_on_drop: false }`
[INFO] running `Command { std: "docker" "exec" "-e" "SOURCE_DIR=/opt/rustwide/workdir" "-e" "CARGO_HOME=/opt/rustwide/cargo-home" "-e" "RUSTUP_HOME=/opt/rustwide/rustup-home" "-e" "CARGO_TARGET_DIR=/opt/rustwide/target" "-e" "CARGO_INCREMENTAL=0" "-e" "RUST_BACKTRACE=full" "-e" "RUSTFLAGS=--cap-lints=warn" "-e" "RUSTDOCFLAGS=--cap-lints=warn" "-w" "/opt/rustwide/workdir" "--user" "0:0" "968b6bb113eca4dd02050d211be26105c294b4760986ff7dd777ea6fb9c658e1" "/opt/rustwide/cargo-home/bin/cargo" "+1.99.0-beta.1" "build" "--frozen" "--message-format=json" "--release", kill_on_drop: false }`
[INFO] [stderr] warning: Cargo.toml: `package.edition` is unspecified, defaulting to `2015` while the latest is `2024`
[INFO] [stderr] warning: `ddql` (manifest) generated 1 warning
[INFO] [stderr]    Compiling libc v0.2.42
[INFO] [stderr]    Compiling version_check v0.1.4
[INFO] [stderr]    Compiling cfg-if v0.1.4
[INFO] [stderr]    Compiling futures v0.1.23
[INFO] [stderr]    Compiling byteorder v1.2.4
[INFO] [stderr]    Compiling nodrop v0.1.12
[INFO] [stderr]    Compiling slab v0.4.1
[INFO] [stderr]    Compiling scopeguard v0.3.3
[INFO] [stderr]    Compiling log v0.4.3
[INFO] [stderr]    Compiling arrayvec v0.4.7
[INFO] [stderr]    Compiling crossbeam-utils v0.3.2
[INFO] [stderr]    Compiling memoffset v0.2.1
[INFO] [stderr]    Compiling lazycell v0.6.0
[INFO] [stderr]    Compiling cc v1.0.18
[INFO] [stderr]    Compiling pkg-config v0.3.13
[INFO] [stderr]    Compiling lazy_static v1.1.0
[INFO] [stderr]    Compiling iovec v0.1.2
[INFO] [stderr]    Compiling net2 v0.2.33
[INFO] [stderr]    Compiling bytes v0.4.9
[INFO] [stderr]    Compiling num_cpus v1.8.0
[INFO] [stderr]    Compiling rand v0.4.2
[INFO] [stderr]    Compiling crossbeam-epoch v0.4.3
[INFO] [stderr]    Compiling mio v0.6.15
[INFO] [stderr]    Compiling crossbeam-deque v0.3.1
[INFO] [stderr]    Compiling unicase v2.1.0
[INFO] [stderr]    Compiling scoped-tls v0.1.2
[INFO] [stderr]    Compiling openssl v0.9.24
[INFO] [stderr]    Compiling openssl-sys v0.9.35
[INFO] [stderr]    Compiling bitflags v0.9.1
[INFO] [stderr]    Compiling num-traits v0.2.5
[INFO] [stderr]    Compiling httparse v1.3.2
[INFO] [stderr]    Compiling time v0.1.40
[INFO] [stderr]    Compiling rand v0.3.22
[INFO] [stderr]    Compiling memchr v2.0.1
[INFO] [stderr]    Compiling log v0.3.9
[INFO] [stderr] warning: openssl-sys@0.9.35: /opt/rustwide/target/release/build/openssl-sys-ccfa3690ca2c2e61/out/expando.c:4:24: error: pasting "RUST_VERSION_OPENSSL_" and "(" does not give a valid preprocessing token
[INFO] [stderr] warning: openssl-sys@0.9.35:     4 | #define VERSION2(n, v) RUST_VERSION_ ## n ## _ ## v
[INFO] [stderr] warning: openssl-sys@0.9.35:       |                        ^~~~~~~~~~~~~
[INFO] [stderr] warning: openssl-sys@0.9.35: /opt/rustwide/target/release/build/openssl-sys-ccfa3690ca2c2e61/out/expando.c:5:23: note: in expansion of macro 'VERSION2'
[INFO] [stderr] warning: openssl-sys@0.9.35:     5 | #define VERSION(n, v) VERSION2(n, v)
[INFO] [stderr] warning: openssl-sys@0.9.35:       |                       ^~~~~~~~
[INFO] [stderr] warning: openssl-sys@0.9.35: /opt/rustwide/target/release/build/openssl-sys-ccfa3690ca2c2e61/out/expando.c:7:1: note: in expansion of macro 'VERSION'
[INFO] [stderr] warning: openssl-sys@0.9.35:     7 | VERSION(OPENSSL, OPENSSL_VERSION_NUMBER)
[INFO] [stderr] warning: openssl-sys@0.9.35:       | ^~~~~~~
[INFO] [stderr] error: failed to run custom build command for `openssl-sys v0.9.35`
[INFO] [stderr] note: To improve backtraces for build dependencies, set the CARGO_PROFILE_RELEASE_BUILD_OVERRIDE_DEBUG=true environment variable to enable debug information generation.
[INFO] [stderr] 
[INFO] [stderr] Caused by:
[INFO] [stderr]   process didn't exit successfully: `/opt/rustwide/target/release/build/openssl-sys-74917f6598136768/build-script-main` (exit status: 101)
[INFO] [stderr]   --- stdout
[INFO] [stderr]   cargo:rerun-if-env-changed=X86_64_UNKNOWN_LINUX_GNU_OPENSSL_LIB_DIR
[INFO] [stderr]   cargo:rerun-if-env-changed=OPENSSL_LIB_DIR
[INFO] [stderr]   cargo:rerun-if-env-changed=X86_64_UNKNOWN_LINUX_GNU_OPENSSL_INCLUDE_DIR
[INFO] [stderr]   cargo:rerun-if-env-changed=OPENSSL_INCLUDE_DIR
[INFO] [stderr]   cargo:rerun-if-env-changed=X86_64_UNKNOWN_LINUX_GNU_OPENSSL_DIR
[INFO] [stderr]   cargo:rerun-if-env-changed=OPENSSL_DIR
[INFO] [stderr]   cargo:rustc-link-lib=ssl
[INFO] [stderr]   cargo:rustc-link-lib=crypto
[INFO] [stderr]   OPT_LEVEL = Some("3")
[INFO] [stderr]   TARGET = Some("x86_64-unknown-linux-gnu")
[INFO] [stderr]   HOST = Some("x86_64-unknown-linux-gnu")
[INFO] [stderr]   TARGET = Some("x86_64-unknown-linux-gnu")
[INFO] [stderr]   TARGET = Some("x86_64-unknown-linux-gnu")
[INFO] [stderr]   HOST = Some("x86_64-unknown-linux-gnu")
[INFO] [stderr]   CC_x86_64-unknown-linux-gnu = None
[INFO] [stderr]   CC_x86_64_unknown_linux_gnu = None
[INFO] [stderr]   HOST_CC = None
[INFO] [stderr]   CC = None
[INFO] [stderr]   HOST = Some("x86_64-unknown-linux-gnu")
[INFO] [stderr]   TARGET = Some("x86_64-unknown-linux-gnu")
[INFO] [stderr]   HOST = Some("x86_64-unknown-linux-gnu")
[INFO] [stderr]   CFLAGS_x86_64-unknown-linux-gnu = None
[INFO] [stderr]   CFLAGS_x86_64_unknown_linux_gnu = None
[INFO] [stderr]   HOST_CFLAGS = None
[INFO] [stderr]   CFLAGS = None
[INFO] [stderr]   DEBUG = Some("false")
[INFO] [stderr]   running: "cc" "-O3" "-ffunction-sections" "-fdata-sections" "-fPIC" "-m64" "-Wall" "-Wextra" "-E" "/opt/rustwide/target/release/build/openssl-sys-ccfa3690ca2c2e61/out/expando.c"
[INFO] [stderr]   cargo:warning=/opt/rustwide/target/release/build/openssl-sys-ccfa3690ca2c2e61/out/expando.c:4:24: error: pasting "RUST_VERSION_OPENSSL_" and "(" does not give a valid preprocessing token
[INFO] [stderr]   cargo:warning=    4 | #define VERSION2(n, v) RUST_VERSION_ ## n ## _ ## v
[INFO] [stderr]   cargo:warning=      |                        ^~~~~~~~~~~~~
[INFO] [stderr]   cargo:warning=/opt/rustwide/target/release/build/openssl-sys-ccfa3690ca2c2e61/out/expando.c:5:23: note: in expansion of macro 'VERSION2'
[INFO] [stderr]   cargo:warning=    5 | #define VERSION(n, v) VERSION2(n, v)
[INFO] [stderr]   cargo:warning=      |                       ^~~~~~~~
[INFO] [stderr]   cargo:warning=/opt/rustwide/target/release/build/openssl-sys-ccfa3690ca2c2e61/out/expando.c:7:1: note: in expansion of macro 'VERSION'
[INFO] [stderr]   cargo:warning=    7 | VERSION(OPENSSL, OPENSSL_VERSION_NUMBER)
[INFO] [stderr]   cargo:warning=      | ^~~~~~~
[INFO] [stderr]   exit status: 1
[INFO] [stderr] 
[INFO] [stderr]   --- stderr
[INFO] [stderr] 
[INFO] [stderr]   thread 'main' (436) panicked at /opt/rustwide/cargo-home/registry/src/index.crates.io-1949cf8c6b5b557f/openssl-sys-0.9.35/build/main.rs:428:13:
[INFO] [stderr] 
[INFO] [stderr]   Header expansion error:
[INFO] [stderr]   Error { kind: ToolExecError, message: "Command \"cc\" \"-O3\" \"-ffunction-sections\" \"-fdata-sections\" \"-fPIC\" \"-m64\" \"-Wall\" \"-Wextra\" \"-E\" \"/opt/rustwide/target/release/build/openssl-sys-ccfa3690ca2c2e61/out/expando.c\" with args \"cc\" did not execute successfully (status code exit status: 1)." }
[INFO] [stderr] 
[INFO] [stderr]   Failed to find OpenSSL development headers.
[INFO] [stderr] 
[INFO] [stderr]   You can try fixing this setting the `OPENSSL_DIR` environment variable
[INFO] [stderr]   pointing to your OpenSSL installation or installing OpenSSL headers package
[INFO] [stderr]   specific to your distribution:
[INFO] [stderr] 
[INFO] [stderr]       # On Ubuntu
[INFO] [stderr]       sudo apt-get install libssl-dev
[INFO] [stderr]       # On Arch Linux
[INFO] [stderr]       sudo pacman -S openssl
[INFO] [stderr]       # On Fedora
[INFO] [stderr]       sudo dnf install openssl-devel
[INFO] [stderr] 
[INFO] [stderr]   See rust-openssl README for more information:
[INFO] [stderr] 
[INFO] [stderr]       https://github.com/sfackler/rust-openssl#linux
[INFO] [stderr] 
[INFO] [stderr]   stack backtrace:
[INFO] [stderr]      0:     0x61caa2c8a411 - <<std[104cf6e2632825ea]::sys::backtrace::BacktraceLock>::print::DisplayBacktrace as core[7c831bd917ebf35f]::fmt::Display>::fmt
[INFO] [stderr]      1:     0x61caa2c9eaaa - core[7c831bd917ebf35f]::fmt::write
[INFO] [stderr]      2:     0x61caa2c9029c - <std[104cf6e2632825ea]::sys::stdio::unix::Stderr as core[7c831bd917ebf35f]::io::write::Write>::write_fmt
[INFO] [stderr]      3:     0x61caa2c69a86 - std[104cf6e2632825ea]::panicking::default_hook::{closure#0}
[INFO] [stderr]      4:     0x61caa2c850d1 - std[104cf6e2632825ea]::panicking::default_hook
[INFO] [stderr]      5:     0x61caa2c8528b - std[104cf6e2632825ea]::panicking::panic_with_hook
[INFO] [stderr]      6:     0x61caa2c69b32 - std[104cf6e2632825ea]::panicking::panic_handler::{closure#0}
[INFO] [stderr]      7:     0x61caa2c621c9 - std[104cf6e2632825ea]::sys::backtrace::__rust_end_short_backtrace::<std[104cf6e2632825ea]::panicking::panic_handler::{closure#0}, !>
[INFO] [stderr]      8:     0x61caa2c6a3ed - __rustc[b0d56fa5b193ad05]::rust_begin_unwind
[INFO] [stderr]      9:     0x61caa2c9f21c - core[7c831bd917ebf35f]::panicking::panic_fmt
[INFO] [stderr]     10:     0x61caa2c0f8fd - build_script_main[e9b2174fe2cad4ab]::validate_headers
[INFO] [stderr]     11:     0x61caa2c12ba3 - build_script_main[e9b2174fe2cad4ab]::imp::try_pkg_config
[INFO] [stderr]     12:     0x61caa2c12f68 - build_script_main[e9b2174fe2cad4ab]::imp::find_openssl_dir
[INFO] [stderr]     13:     0x61caa2c0dab7 - build_script_main[e9b2174fe2cad4ab]::imp::get_openssl::{closure#0}
[INFO] [stderr]     14:     0x61caa2c0be80 - <core[7c831bd917ebf35f]::option::Option<std[104cf6e2632825ea]::ffi::os_str::OsString>>::unwrap_or_else::<build_script_main[e9b2174fe2cad4ab]::imp::get_openssl::{closure#0}>
[INFO] [stderr]     15:     0x61caa2c1249f - build_script_main[e9b2174fe2cad4ab]::imp::get_openssl
[INFO] [stderr]     16:     0x61caa2c10094 - build_script_main[e9b2174fe2cad4ab]::main
[INFO] [stderr]     17:     0x61caa2c15d23 - <fn() as core[7c831bd917ebf35f]::ops::function::FnOnce<()>>::call_once
[INFO] [stderr]     18:     0x61caa2c0c7a6 - std[104cf6e2632825ea]::sys::backtrace::__rust_begin_short_backtrace::<fn(), ()>
[INFO] [stderr]     19:     0x61caa2c0d009 - std[104cf6e2632825ea]::rt::lang_start::<()>::{closure#0}
[INFO] [stderr]     20:     0x61caa2c84499 - std[104cf6e2632825ea]::rt::lang_start_internal
[INFO] [stderr]     21:     0x61caa2c0c4c1 - std[104cf6e2632825ea]::rt::lang_start::<()>
[INFO] [stderr]     22:     0x61caa2c16045 - main
[INFO] [stderr]     23:     0x7018a0617601 - <unknown>
[INFO] [stderr]     24:     0x7018a0617718 - __libc_start_main
[INFO] [stderr]     25:     0x61caa2c0bbe5 - _start
[INFO] [stderr]     26:                0x0 - <unknown>
[INFO] [stderr] warning: build failed, waiting for other jobs to finish...
[INFO] running `Command { std: "docker" "inspect" "968b6bb113eca4dd02050d211be26105c294b4760986ff7dd777ea6fb9c658e1", kill_on_drop: false }`
[INFO] running `Command { std: "docker" "rm" "-f" "968b6bb113eca4dd02050d211be26105c294b4760986ff7dd777ea6fb9c658e1", kill_on_drop: false }`
[INFO] [stdout] 968b6bb113eca4dd02050d211be26105c294b4760986ff7dd777ea6fb9c658e1
