[INFO] cloning repository https://github.com/kc-nremc/LdlServer
[INFO] running `Command { std: "git" "-c" "credential.helper=" "-c" "credential.helper=/workspace/cargo-home/bin/git-credential-null" "clone" "--bare" "https://github.com/kc-nremc/LdlServer" "/workspace/cache/git-repos/https%3A%2F%2Fgithub.com%2Fkc-nremc%2FLdlServer", kill_on_drop: false }`
[INFO] [stderr] Cloning into bare repository '/workspace/cache/git-repos/https%3A%2F%2Fgithub.com%2Fkc-nremc%2FLdlServer'...
[INFO] running `Command { std: "git" "rev-parse" "HEAD", kill_on_drop: false }`
[INFO] [stdout] 19489a803989ac7814856edffcc17c5197c7493d
[INFO] testing kc-nremc/LdlServer against 1.98.0-beta.8+cargoflags=--release for beta-release-1.99-2
[INFO] running `Command { std: "git" "clone" "/workspace/cache/git-repos/https%3A%2F%2Fgithub.com%2Fkc-nremc%2FLdlServer" "/workspace/builds/worker-7-tc1/source", kill_on_drop: false }`
[INFO] [stderr] Cloning into '/workspace/builds/worker-7-tc1/source'...
[INFO] [stderr] done.
[INFO] started tweaking git repo https://github.com/kc-nremc/LdlServer
[INFO] finished tweaking git repo https://github.com/kc-nremc/LdlServer
[INFO] tweaked toml for git repo https://github.com/kc-nremc/LdlServer written to /workspace/builds/worker-7-tc1/source/Cargo.toml
[INFO] validating manifest of git repo https://github.com/kc-nremc/LdlServer on toolchain 1.98.0-beta.8
[INFO] running `Command { std: CARGO_HOME="/workspace/cargo-home" RUSTUP_HOME="/workspace/rustup-home" "/workspace/cargo-home/bin/cargo" "+1.98.0-beta.8" "metadata" "--manifest-path" "Cargo.toml" "--no-deps", kill_on_drop: false }`
[INFO] crate git repo https://github.com/kc-nremc/LdlServer already has a lockfile, it will not be regenerated
[INFO] running `Command { std: CARGO_HOME="/workspace/cargo-home" RUSTUP_HOME="/workspace/rustup-home" "/workspace/cargo-home/bin/cargo" "+1.98.0-beta.8" "fetch" "--manifest-path" "Cargo.toml", kill_on_drop: false }`
[INFO] [stderr]     Updating crates.io index
[INFO] [stderr]  Downloading crates ...
[INFO] [stderr]   Downloaded getrandom v0.2.7
[INFO] [stderr]   Downloaded uuid v1.1.2
[INFO] [stderr]   Downloaded darling_macro v0.13.4
[INFO] [stderr]   Downloaded bytestring v1.1.0
[INFO] [stderr]   Downloaded uuid-macro-internal v1.1.2
[INFO] [stderr]   Downloaded unicode-ident v1.0.1
[INFO] [stderr]   Downloaded rand_core v0.6.3
[INFO] [stderr]   Downloaded futures-sink v0.3.21
[INFO] [stderr]   Downloaded futures-task v0.3.21
[INFO] [stderr]   Downloaded num_threads v0.1.6
[INFO] [stderr]   Downloaded futures-core v0.3.21
[INFO] [stderr]   Downloaded cpufeatures v0.2.2
[INFO] [stderr]   Downloaded ident_case v1.0.1
[INFO] [stderr]   Downloaded percent-encoding v2.1.0
[INFO] [stderr]   Downloaded mime_guess v2.0.4
[INFO] [stderr]   Downloaded dotenv v0.15.0
[INFO] [stderr]   Downloaded block-buffer v0.10.2
[INFO] [stderr]   Downloaded actix_derive v0.6.0
[INFO] [stderr]   Downloaded mime v0.3.16
[INFO] [stderr]   Downloaded firestorm v0.5.1
[INFO] [stderr]   Downloaded httpdate v1.0.2
[INFO] [stderr]   Downloaded num_cpus v1.13.1
[INFO] [stderr]   Downloaded crypto-common v0.1.5
[INFO] [stderr]   Downloaded tokio-util v0.7.3
[INFO] [stderr]   Downloaded form_urlencoded v1.0.1
[INFO] [stderr]   Downloaded rustc_version v0.4.0
[INFO] [stderr]   Downloaded tinyvec_macros v0.1.0
[INFO] [stderr]   Downloaded serde_with_macros v1.5.2
[INFO] [stderr]   Downloaded convert_case v0.4.0
[INFO] [stderr]   Downloaded sha1 v0.10.1
[INFO] [stderr]   Downloaded crossbeam-utils v0.8.10
[INFO] [stderr]   Downloaded actix-files v0.6.1
[INFO] [stderr]   Downloaded matches v0.1.9
[INFO] [stderr]   Downloaded actix-web-codegen v4.0.1
[INFO] [stderr]   Downloaded local-waker v0.1.3
[INFO] [stderr]   Downloaded local-channel v0.1.3
[INFO] [stderr]   Downloaded alloc-no-stdlib v2.0.3
[INFO] [stderr]   Downloaded alloc-stdlib v0.2.1
[INFO] [stderr]   Downloaded http-range v0.1.5
[INFO] [stderr]   Downloaded askama_escape v0.10.3
[INFO] [stderr]   Downloaded once_cell v1.13.0
[INFO] [stderr]   Downloaded signal-hook-registry v1.4.0
[INFO] [stderr]   Downloaded actix-macros v0.2.3
[INFO] [stderr]   Downloaded zstd-safe v5.0.2+zstd.1.5.2
[INFO] [stderr]   Downloaded slab v0.4.6
[INFO] [stderr]   Downloaded actix-codec v0.5.0
[INFO] [stderr]   Downloaded scheduled-thread-pool v0.2.6
[INFO] [stderr]   Downloaded unicase v2.6.0
[INFO] [stderr]   Downloaded termcolor v1.1.3
[INFO] [stderr]   Downloaded serde_bytes v0.11.6
[INFO] [stderr]   Downloaded ppv-lite86 v0.2.16
[INFO] [stderr]   Downloaded r2d2 v0.8.10
[INFO] [stderr]   Downloaded smallvec v1.9.0
[INFO] [stderr]   Downloaded redox_syscall v0.2.13
[INFO] [stderr]   Downloaded time-macros v0.2.4
[INFO] [stderr]   Downloaded strsim v0.10.0
[INFO] [stderr]   Downloaded actix-web-actors v4.1.0
[INFO] [stderr]   Downloaded actix-utils v3.0.0
[INFO] [stderr]   Downloaded actix-rt v2.7.0
[INFO] [stderr]   Downloaded digest v0.10.3
[INFO] [stderr]   Downloaded generic-array v0.14.5
[INFO] [stderr]   Downloaded httparse v1.7.1
[INFO] [stderr]   Downloaded pkg-config v0.3.25
[INFO] [stderr]   Downloaded lock_api v0.4.7
[INFO] [stderr]   Downloaded diesel_derives v1.4.1
[INFO] [stderr]   Downloaded parking_lot_core v0.9.3
[INFO] [stderr]   Downloaded jobserver v0.1.24
[INFO] [stderr]   Downloaded unicode-bidi v0.3.8
[INFO] [stderr]   Downloaded cookie v0.16.0
[INFO] [stderr]   Downloaded paste v1.0.7
[INFO] [stderr]   Downloaded actix-server v2.1.1
[INFO] [stderr]   Downloaded zstd v0.11.2+zstd.1.5.2
[INFO] [stderr]   Downloaded env_logger v0.9.0
[INFO] [stderr]   Downloaded darling v0.13.4
[INFO] [stderr]   Downloaded socket2 v0.4.4
[INFO] [stderr]   Downloaded uuid v0.8.2
[INFO] [stderr]   Downloaded ahash v0.7.6
[INFO] [stderr]   Downloaded actix-router v0.5.0
[INFO] [stderr]   Downloaded typenum v1.15.0
[INFO] [stderr]   Downloaded darling_core v0.13.4
[INFO] [stderr]   Downloaded bytes v1.1.0
[INFO] [stderr]   Downloaded derive_more v0.99.17
[INFO] [stderr]   Downloaded tracing-core v0.1.28
[INFO] [stderr]   Downloaded indexmap v1.9.1
[INFO] [stderr]   Downloaded url v2.2.2
[INFO] [stderr]   Downloaded actix-service v2.0.2
[INFO] [stderr]   Downloaded miniz_oxide v0.5.3
[INFO] [stderr]   Downloaded cc v1.0.73
[INFO] [stderr]   Downloaded tracing v0.1.35
[INFO] [stderr]   Downloaded flate2 v1.0.24
[INFO] [stderr]   Downloaded actix v0.13.0
[INFO] [stderr]   Downloaded time v0.3.11
[INFO] [stderr]   Downloaded mio v0.8.4
[INFO] [stderr]   Downloaded crossbeam-channel v0.5.5
[INFO] [stderr]   Downloaded hashbrown v0.12.2
[INFO] [stderr]   Downloaded bson v2.3.0
[INFO] [stderr]   Downloaded serde_with v1.14.0
[INFO] [stderr]   Downloaded http v0.2.8
[INFO] [stderr]   Downloaded unicode-normalization v0.1.21
[INFO] [stderr]   Downloaded actix-http v3.2.1
[INFO] [stderr]   Downloaded h2 v0.3.13
[INFO] [stderr]   Downloaded diesel v1.4.8
[INFO] [stderr]   Downloaded futures-util v0.3.21
[INFO] [stderr]   Downloaded brotli-decompressor v2.3.2
[INFO] [stderr]   Downloaded actix-web v4.1.0
[INFO] [stderr]   Downloaded idna v0.2.3
[INFO] [stderr]   Downloaded libc v0.2.126
[INFO] [stderr]   Downloaded tokio v1.19.2
[INFO] [stderr]   Downloaded windows_aarch64_msvc v0.36.1
[INFO] [stderr]   Downloaded windows_x86_64_msvc v0.36.1
[INFO] [stderr]   Downloaded zstd-sys v2.0.1+zstd.1.5.2
[INFO] [stderr]   Downloaded windows_i686_msvc v0.36.1
[INFO] [stderr]   Downloaded windows_x86_64_gnu v0.36.1
[INFO] [stderr]   Downloaded windows_i686_gnu v0.36.1
[INFO] [stderr]   Downloaded encoding_rs v0.8.31
[INFO] [stderr]   Downloaded brotli v3.3.4
[INFO] [stderr]   Downloaded libsqlite3-sys v0.9.1
[INFO] [stderr]   Downloaded windows-sys v0.36.1
[INFO] running `Command { std: "docker" "create" "-v" "/var/lib/crater-agent-workspace/builds/worker-7-tc1/source:/opt/rustwide/workdir:ro,Z" "-v" "/var/lib/crater-agent-workspace/builds/worker-7-tc1/target:/opt/rustwide/target:rw,Z" "-v" "/var/lib/crater-agent-workspace/cargo-home:/opt/rustwide/cargo-home:ro,Z" "-v" "/var/lib/crater-agent-workspace/rustup-home:/opt/rustwide/rustup-home:ro,Z" "-m" "1610612736" "--network" "none" "ghcr.io/rust-lang/crates-build-env/linux@sha256:8683fc1fc2eb5c9ac98e0d076ab094b2ffac7f99da555d2b6a2e27f346de2ec7" "sleep" "infinity", kill_on_drop: false }`
[INFO] [stdout] 7e27dd8c02e4f446f768af6057045b808823ca326f8e52a22daf728ab28c82e7
[INFO] running `Command { std: "docker" "start" "7e27dd8c02e4f446f768af6057045b808823ca326f8e52a22daf728ab28c82e7", kill_on_drop: false }`
[INFO] running `Command { std: "docker" "inspect" "7e27dd8c02e4f446f768af6057045b808823ca326f8e52a22daf728ab28c82e7", kill_on_drop: false }`
[INFO] running `Command { std: "docker" "exec" "-e" "SOURCE_DIR=/opt/rustwide/workdir" "-e" "CARGO_HOME=/opt/rustwide/cargo-home" "-e" "RUSTUP_HOME=/opt/rustwide/rustup-home" "-e" "CARGO_TARGET_DIR=/opt/rustwide/target" "-w" "/opt/rustwide/workdir" "--user" "0:0" "7e27dd8c02e4f446f768af6057045b808823ca326f8e52a22daf728ab28c82e7" "/opt/rustwide/cargo-home/bin/cargo" "+1.98.0-beta.8" "metadata" "--no-deps" "--format-version=1", kill_on_drop: false }`
[INFO] running `Command { std: "docker" "inspect" "7e27dd8c02e4f446f768af6057045b808823ca326f8e52a22daf728ab28c82e7", kill_on_drop: false }`
[INFO] running `Command { std: "docker" "exec" "-e" "SOURCE_DIR=/opt/rustwide/workdir" "-e" "CARGO_HOME=/opt/rustwide/cargo-home" "-e" "RUSTUP_HOME=/opt/rustwide/rustup-home" "-e" "CARGO_TARGET_DIR=/opt/rustwide/target" "-e" "CARGO_INCREMENTAL=0" "-e" "RUST_BACKTRACE=full" "-e" "RUSTFLAGS=--cap-lints=warn" "-e" "RUSTDOCFLAGS=--cap-lints=warn" "-w" "/opt/rustwide/workdir" "--user" "0:0" "7e27dd8c02e4f446f768af6057045b808823ca326f8e52a22daf728ab28c82e7" "/opt/rustwide/cargo-home/bin/cargo" "+1.98.0-beta.8" "build" "--frozen" "--message-format=json" "--release", kill_on_drop: false }`
[INFO] [stderr]    Compiling libc v0.2.126
[INFO] [stderr]    Compiling proc-macro2 v1.0.40
[INFO] [stderr]    Compiling unicode-ident v1.0.1
[INFO] [stderr]    Compiling quote v1.0.20
[INFO] [stderr]    Compiling syn v1.0.98
[INFO] [stderr]    Compiling version_check v0.9.4
[INFO] [stderr]    Compiling memchr v2.5.0
[INFO] [stderr]    Compiling log v0.4.17
[INFO] [stderr]    Compiling lock_api v0.4.7
[INFO] [stderr]    Compiling once_cell v1.13.0
[INFO] [stderr]    Compiling parking_lot_core v0.9.3
[INFO] [stderr]    Compiling smallvec v1.9.0
[INFO] [stderr]    Compiling pin-project-lite v0.2.9
[INFO] [stderr]    Compiling futures-core v0.3.21
[INFO] [stderr]    Compiling bytes v1.1.0
[INFO] [stderr]    Compiling serde_derive v1.0.139
[INFO] [stderr]    Compiling fnv v1.0.7
[INFO] [stderr]    Compiling itoa v1.0.2
[INFO] [stderr]    Compiling serde v1.0.139
[INFO] [stderr]    Compiling futures-task v0.3.21
[INFO] [stderr]    Compiling typenum v1.15.0
[INFO] [stderr]    Compiling mio v0.8.4
[INFO] [stderr]    Compiling jobserver v0.1.24
[INFO] [stderr]    Compiling parking_lot v0.12.1
[INFO] [stderr]    Compiling signal-hook-registry v1.4.0
[INFO] [stderr]    Compiling socket2 v0.4.4
[INFO] [stderr]    Compiling cc v1.0.73
[INFO] [stderr]    Compiling getrandom v0.2.7
[INFO] [stderr]    Compiling tokio v1.19.2
[INFO] [stderr]    Compiling generic-array v0.14.5
[INFO] [stderr]    Compiling tracing-core v0.1.28
[INFO] [stderr]    Compiling futures-util v0.3.21
[INFO] [stderr]    Compiling indexmap v1.9.1
[INFO] [stderr]    Compiling pin-utils v0.1.0
[INFO] [stderr]    Compiling futures-sink v0.3.21
[INFO] [stderr]    Compiling rand_core v0.6.3
[INFO] [stderr]    Compiling unicase v2.6.0
[INFO] [stderr]    Compiling zstd-sys v2.0.1+zstd.1.5.2
[INFO] [stderr]    Compiling ppv-lite86 v0.2.16
[INFO] [stderr]    Compiling tracing v0.1.35
[INFO] [stderr]    Compiling percent-encoding v2.1.0
[INFO] [stderr]    Compiling hashbrown v0.12.2
[INFO] [stderr]    Compiling rand_chacha v0.3.1
[INFO] [stderr]    Compiling ahash v0.7.6
[INFO] [stderr]    Compiling zstd-safe v5.0.2+zstd.1.5.2
[INFO] [stderr]    Compiling local-waker v0.1.3
[INFO] [stderr]    Compiling matches v0.1.9
[INFO] [stderr]    Compiling tinyvec_macros v0.1.0
[INFO] [stderr]    Compiling alloc-no-stdlib v2.0.3
[INFO] [stderr]    Compiling tinyvec v1.6.0
[INFO] [stderr]    Compiling alloc-stdlib v0.2.1
[INFO] [stderr]    Compiling http v0.2.8
[INFO] [stderr]    Compiling block-buffer v0.10.2
[INFO] [stderr]    Compiling crypto-common v0.1.5
[INFO] [stderr]    Compiling aho-corasick v0.7.18
[INFO] [stderr]    Compiling rand v0.8.5
[INFO] [stderr]    Compiling ident_case v1.0.1
[INFO] [stderr]    Compiling httparse v1.7.1
[INFO] [stderr]    Compiling num_threads v0.1.6
[INFO] [stderr]    Compiling paste v1.0.7
[INFO] [stderr]    Compiling cfg-if v1.0.0
[INFO] [stderr]    Compiling regex-syntax v0.6.27
[INFO] [stderr]    Compiling time-macros v0.2.4
[INFO] [stderr]    Compiling ryu v1.0.10
[INFO] [stderr]    Compiling serde_json v1.0.82
[INFO] [stderr]    Compiling strsim v0.10.0
[INFO] [stderr]    Compiling encoding_rs v0.8.31
[INFO] [stderr]    Compiling time v0.3.11
[INFO] [stderr]    Compiling tokio-util v0.7.3
[INFO] [stderr]    Compiling actix-rt v2.7.0
[INFO] [stderr]    Compiling regex v1.6.0
[INFO] [stderr]    Compiling darling_core v0.13.4
[INFO] [stderr]    Compiling actix-service v2.0.2
[INFO] [stderr]    Compiling miniz_oxide v0.5.3
[INFO] [stderr]    Compiling unicode-normalization v0.1.21
[INFO] [stderr]    Compiling digest v0.10.3
[INFO] [stderr]    Compiling brotli-decompressor v2.3.2
[INFO] [stderr]    Compiling form_urlencoded v1.0.1
[INFO] [stderr]    Compiling actix-utils v3.0.0
[INFO] [stderr]    Compiling bytestring v1.1.0
[INFO] [stderr]    Compiling cookie v0.16.0
[INFO] [stderr]    Compiling base64 v0.13.0
[INFO] [stderr]    Compiling firestorm v0.5.1
[INFO] [stderr]    Compiling mime v0.3.16
[INFO] [stderr]    Compiling unicode-bidi v0.3.8
[INFO] [stderr]    Compiling crossbeam-utils v0.8.10
[INFO] [stderr]    Compiling convert_case v0.4.0
[INFO] [stderr]    Compiling cpufeatures v0.2.2
[INFO] [stderr]    Compiling slab v0.4.6
[INFO] [stderr]    Compiling sha1 v0.10.1
[INFO] [stderr]    Compiling h2 v0.3.13
[INFO] [stderr]    Compiling derive_more v0.99.17
[INFO] [stderr]    Compiling idna v0.2.3
[INFO] [stderr]    Compiling brotli v3.3.4
[INFO] [stderr]    Compiling actix-router v0.5.0
[INFO] [stderr]    Compiling flate2 v1.0.24
[INFO] [stderr]    Compiling darling_macro v0.13.4
[INFO] [stderr]    Compiling actix-codec v0.5.0
[INFO] [stderr]    Compiling local-channel v0.1.3
[INFO] [stderr]    Compiling num_cpus v1.13.1
[INFO] [stderr]    Compiling language-tags v0.3.2
[INFO] [stderr]    Compiling pkg-config v0.3.25
[INFO] [stderr]    Compiling httpdate v1.0.2
[INFO] [stderr]    Compiling libsqlite3-sys v0.9.1
[INFO] [stderr]    Compiling actix-server v2.1.1
[INFO] [stderr]    Compiling darling v0.13.4
[INFO] [stderr]    Compiling mime_guess v2.0.4
[INFO] [stderr]    Compiling actix-web-codegen v4.0.1
[INFO] [stderr]    Compiling serde_urlencoded v0.7.1
[INFO] [stderr]    Compiling url v2.2.2
[INFO] [stderr]    Compiling actix-macros v0.2.3
[INFO] [stderr]    Compiling crossbeam-channel v0.5.5
[INFO] [stderr]    Compiling serde_with_macros v1.5.2
[INFO] [stderr]    Compiling actix_derive v0.6.0
[INFO] [stderr]    Compiling scheduled-thread-pool v0.2.6
[INFO] [stderr]    Compiling actix v0.13.0
[INFO] [stderr]    Compiling r2d2 v0.8.10
[INFO] [stderr]    Compiling serde_with v1.14.0
[INFO] [stderr]    Compiling uuid v0.8.2
[INFO] [stderr]    Compiling serde_bytes v0.11.6
[INFO] [stderr]    Compiling uuid-macro-internal v1.1.2
[INFO] [stderr]    Compiling diesel_derives v1.4.1
[INFO] [stderr]    Compiling atty v0.2.14
[INFO] [stderr]    Compiling askama_escape v0.10.3
[INFO] [stderr]    Compiling lazy_static v1.4.0
[INFO] [stderr]    Compiling termcolor v1.1.3
[INFO] [stderr]    Compiling humantime v2.1.0
[INFO] [stderr]    Compiling hex v0.4.3
[INFO] [stderr]    Compiling http-range v0.1.5
[INFO] [stderr]    Compiling env_logger v0.9.0
[INFO] [stderr]    Compiling uuid v1.1.2
[INFO] [stderr]    Compiling dotenv v0.15.0
[INFO] [stderr]    Compiling bson v2.3.0
[INFO] [stderr]    Compiling zstd v0.11.2+zstd.1.5.2
[INFO] [stderr]    Compiling actix-http v3.2.1
[INFO] [stderr]    Compiling actix-web v4.1.0
[INFO] [stderr]    Compiling actix-web-actors v4.1.0
[INFO] [stderr]    Compiling actix-files v0.6.1
[INFO] [stderr]    Compiling diesel v1.4.8
[INFO] [stderr]    Compiling ldl_server v0.1.0 (/opt/rustwide/workdir)
[INFO] [stdout] error[E0425]: cannot find value `message` in this scope
[INFO] [stdout]    --> src/server.rs:168:38
[INFO] [stdout]     |
[INFO] [stdout]  12 | pub struct Message(pub String);
[INFO] [stdout]     | ------------------------------- similarly named tuple struct `Message` defined here
[INFO] [stdout] ...
[INFO] [stdout] 168 |         self.send_message(&msg.room, message, skip_id)
[INFO] [stdout]     |                                      ^^^^^^^
[INFO] [stdout]     |
[INFO] [stdout] help: a tuple struct with a similar name exists
[INFO] [stdout]     |
[INFO] [stdout] 168 -         self.send_message(&msg.room, message, skip_id)
[INFO] [stdout] 168 +         self.send_message(&msg.room, Message, skip_id)
[INFO] [stdout]     |
[INFO] [stdout] 
[INFO] [stdout] 
[INFO] [stdout] error[E0425]: cannot find value `skip_id` in this scope
[INFO] [stdout]    --> src/server.rs:168:47
[INFO] [stdout]     |
[INFO] [stdout] 168 |         self.send_message(&msg.room, message, skip_id)
[INFO] [stdout]     |                                               ^^^^^^^ not found in this scope
[INFO] [stdout] 
[INFO] [stdout] 
[INFO] [stdout] error[E0308]: mismatched types
[INFO] [stdout]   --> src/session.rs:94:17
[INFO] [stdout]    |
[INFO] [stdout] 72 |       fn handle(&mut self, msg: Result<ws::Message, ws::ProtocolError>, ctx: &mut Self::Context) {
[INFO] [stdout]    |                                                                                                 - expected `()` because of default return type
[INFO] [stdout] ...
[INFO] [stdout] 94 | /                 self.addr
[INFO] [stdout] 95 | |                     .send(server::ChangeColor {
[INFO] [stdout] 96 | |                         id: self.id,
[INFO] [stdout] 97 | |                         color: cmd.color,
[INFO] [stdout] 98 | |                         room: self.room
[INFO] [stdout] 99 | |                     })
[INFO] [stdout]    | |                      ^- help: consider using a semicolon here: `;`
[INFO] [stdout]    | |______________________|
[INFO] [stdout]    |                        expected `()`, found `MsgRequest<AddressSender<...>, ...>`
[INFO] [stdout]    |
[INFO] [stdout]    = note: expected unit type `()`
[INFO] [stdout]                  found struct `actix::address::message::MsgRequest<AddressSender<ChatServer>, server::ChangeColor>`
[INFO] [stdout] 
[INFO] [stdout] 
[INFO] [stdout] Some errors have detailed explanations: E0308, E0425.
[INFO] [stdout] 
[INFO] [stdout] For more information about an error, try `rustc --explain E0308`.
[INFO] [stdout] 
[INFO] [stderr] error: could not compile `ldl_server` (lib) due to 3 previous errors
[INFO] [stderr] warning: build failed, waiting for other jobs to finish...
[INFO] running `Command { std: "docker" "inspect" "7e27dd8c02e4f446f768af6057045b808823ca326f8e52a22daf728ab28c82e7", kill_on_drop: false }`
[INFO] running `Command { std: "docker" "rm" "-f" "7e27dd8c02e4f446f768af6057045b808823ca326f8e52a22daf728ab28c82e7", kill_on_drop: false }`
[INFO] [stdout] 7e27dd8c02e4f446f768af6057045b808823ca326f8e52a22daf728ab28c82e7
