[INFO] cloning repository https://github.com/kanren3/jm-downloader
[INFO] running `Command { std: "git" "-c" "credential.helper=" "-c" "credential.helper=/workspace/cargo-home/bin/git-credential-null" "clone" "--bare" "https://github.com/kanren3/jm-downloader" "/workspace/cache/git-repos/https%3A%2F%2Fgithub.com%2Fkanren3%2Fjm-downloader", kill_on_drop: false }`
[INFO] [stderr] Cloning into bare repository '/workspace/cache/git-repos/https%3A%2F%2Fgithub.com%2Fkanren3%2Fjm-downloader'...
[INFO] running `Command { std: "git" "rev-parse" "HEAD", kill_on_drop: false }`
[INFO] [stdout] 96a88ebba7fe909bf451f020e3a2c22aca5e0bf0
[INFO] testing kanren3/jm-downloader against 1.98.0-beta.8+cargoflags=--release for beta-release-1.99-2
[INFO] running `Command { std: "git" "clone" "/workspace/cache/git-repos/https%3A%2F%2Fgithub.com%2Fkanren3%2Fjm-downloader" "/workspace/builds/worker-6-tc1/source", kill_on_drop: false }`
[INFO] [stderr] Cloning into '/workspace/builds/worker-6-tc1/source'...
[INFO] [stderr] done.
[INFO] started tweaking git repo https://github.com/kanren3/jm-downloader
[INFO] finished tweaking git repo https://github.com/kanren3/jm-downloader
[INFO] tweaked toml for git repo https://github.com/kanren3/jm-downloader written to /workspace/builds/worker-6-tc1/source/Cargo.toml
[INFO] validating manifest of git repo https://github.com/kanren3/jm-downloader on toolchain 1.98.0-beta.8
[INFO] running `Command { std: CARGO_HOME="/workspace/cargo-home" RUSTUP_HOME="/workspace/rustup-home" "/workspace/cargo-home/bin/cargo" "+1.98.0-beta.8" "metadata" "--manifest-path" "Cargo.toml" "--no-deps", kill_on_drop: false }`
[INFO] crate git repo https://github.com/kanren3/jm-downloader already has a lockfile, it will not be regenerated
[INFO] running `Command { std: CARGO_HOME="/workspace/cargo-home" RUSTUP_HOME="/workspace/rustup-home" "/workspace/cargo-home/bin/cargo" "+1.98.0-beta.8" "fetch" "--manifest-path" "Cargo.toml", kill_on_drop: false }`
[INFO] [stderr]     Blocking waiting for file lock on package cache
[INFO] [stderr]  Downloading crates ...
[INFO] [stderr]   Downloaded windows-link v0.1.0
[INFO] [stderr]   Downloaded windows-interface v0.59.0
[INFO] [stderr]   Downloaded serde v1.0.218
[INFO] [stderr]   Downloaded windows-result v0.3.1
[INFO] [stderr]   Downloaded ravif v0.11.11
[INFO] [stderr]   Downloaded serde_derive v1.0.218
[INFO] [stderr]   Downloaded zune-core v0.4.12
[INFO] [stderr]   Downloaded bitstream-io v2.6.0
[INFO] [stderr]   Downloaded avif-serialize v0.8.3
[INFO] [stderr]   Downloaded built v0.7.7
[INFO] [stderr]   Downloaded zune-jpeg v0.4.14
[INFO] [stderr]   Downloaded imgref v1.11.0
[INFO] [stderr]   Downloaded libfuzzer-sys v0.4.9
[INFO] [stderr]   Downloaded winnow v0.7.3
[INFO] [stderr]   Downloaded image v0.25.5
[INFO] [stderr]   Downloaded rav1e v0.7.1
[INFO] running `Command { std: "docker" "create" "-v" "/var/lib/crater-agent-workspace/builds/worker-6-tc1/source:/opt/rustwide/workdir:ro,Z" "-v" "/var/lib/crater-agent-workspace/builds/worker-6-tc1/target:/opt/rustwide/target:rw,Z" "-v" "/var/lib/crater-agent-workspace/cargo-home:/opt/rustwide/cargo-home:ro,Z" "-v" "/var/lib/crater-agent-workspace/rustup-home:/opt/rustwide/rustup-home:ro,Z" "-m" "1610612736" "--network" "none" "ghcr.io/rust-lang/crates-build-env/linux@sha256:8683fc1fc2eb5c9ac98e0d076ab094b2ffac7f99da555d2b6a2e27f346de2ec7" "sleep" "infinity", kill_on_drop: false }`
[INFO] [stdout] 99443f195c5ea233cb92b00ecbf6b66c7e25f455b2a0c367784109bd123ea9a9
[INFO] running `Command { std: "docker" "start" "99443f195c5ea233cb92b00ecbf6b66c7e25f455b2a0c367784109bd123ea9a9", kill_on_drop: false }`
[INFO] running `Command { std: "docker" "inspect" "99443f195c5ea233cb92b00ecbf6b66c7e25f455b2a0c367784109bd123ea9a9", kill_on_drop: false }`
[INFO] running `Command { std: "docker" "exec" "-e" "SOURCE_DIR=/opt/rustwide/workdir" "-e" "CARGO_HOME=/opt/rustwide/cargo-home" "-e" "RUSTUP_HOME=/opt/rustwide/rustup-home" "-e" "CARGO_TARGET_DIR=/opt/rustwide/target" "-w" "/opt/rustwide/workdir" "--user" "0:0" "99443f195c5ea233cb92b00ecbf6b66c7e25f455b2a0c367784109bd123ea9a9" "/opt/rustwide/cargo-home/bin/cargo" "+1.98.0-beta.8" "metadata" "--no-deps" "--format-version=1", kill_on_drop: false }`
[INFO] running `Command { std: "docker" "inspect" "99443f195c5ea233cb92b00ecbf6b66c7e25f455b2a0c367784109bd123ea9a9", kill_on_drop: false }`
[INFO] running `Command { std: "docker" "exec" "-e" "SOURCE_DIR=/opt/rustwide/workdir" "-e" "CARGO_HOME=/opt/rustwide/cargo-home" "-e" "RUSTUP_HOME=/opt/rustwide/rustup-home" "-e" "CARGO_TARGET_DIR=/opt/rustwide/target" "-e" "CARGO_INCREMENTAL=0" "-e" "RUST_BACKTRACE=full" "-e" "RUSTFLAGS=--cap-lints=warn" "-e" "RUSTDOCFLAGS=--cap-lints=warn" "-w" "/opt/rustwide/workdir" "--user" "0:0" "99443f195c5ea233cb92b00ecbf6b66c7e25f455b2a0c367784109bd123ea9a9" "/opt/rustwide/cargo-home/bin/cargo" "+1.98.0-beta.8" "build" "--frozen" "--message-format=json" "--release", kill_on_drop: false }`
[INFO] [stderr]    Compiling proc-macro2 v1.0.94
[INFO] [stderr]    Compiling unicode-ident v1.0.18
[INFO] [stderr]    Compiling autocfg v1.4.0
[INFO] [stderr]    Compiling rayon-core v1.12.1
[INFO] [stderr]    Compiling windows-link v0.1.0
[INFO] [stderr]    Compiling anyhow v1.0.97
[INFO] [stderr]    Compiling adler2 v2.0.0
[INFO] [stderr]    Compiling either v1.15.0
[INFO] [stderr]    Compiling memchr v2.7.4
[INFO] [stderr]    Compiling arrayvec v0.7.6
[INFO] [stderr]    Compiling minimal-lexical v0.2.1
[INFO] [stderr]    Compiling built v0.7.7
[INFO] [stderr]    Compiling aligned-vec v0.5.0
[INFO] [stderr]    Compiling libc v0.2.170
[INFO] [stderr]    Compiling thiserror v1.0.69
[INFO] [stderr]    Compiling crc32fast v1.4.2
[INFO] [stderr]    Compiling miniz_oxide v0.8.5
[INFO] [stderr]    Compiling windows-result v0.3.1
[INFO] [stderr]    Compiling windows-strings v0.3.1
[INFO] [stderr]    Compiling log v0.4.26
[INFO] [stderr]    Compiling imgref v1.11.0
[INFO] [stderr]    Compiling noop_proc_macro v0.3.0
[INFO] [stderr]    Compiling serde v1.0.218
[INFO] [stderr]    Compiling quick-error v2.0.1
[INFO] [stderr]    Compiling once_cell v1.20.3
[INFO] [stderr]    Compiling new_debug_unreachable v1.0.6
[INFO] [stderr]    Compiling weezl v0.1.8
[INFO] [stderr]    Compiling bitstream-io v2.6.0
[INFO] [stderr]    Compiling avif-serialize v0.8.3
[INFO] [stderr]    Compiling loop9 v0.1.5
[INFO] [stderr]    Compiling rav1e v0.7.1
[INFO] [stderr]    Compiling fdeflate v0.3.7
[INFO] [stderr]    Compiling nom v7.1.3
[INFO] [stderr]    Compiling half v2.4.1
[INFO] [stderr]    Compiling num-traits v0.2.19
[INFO] [stderr]    Compiling itertools v0.12.1
[INFO] [stderr]    Compiling zune-inflate v0.2.54
[INFO] [stderr]    Compiling rgb v0.8.50
[INFO] [stderr]    Compiling quote v1.0.39
[INFO] [stderr]    Compiling syn v2.0.99
[INFO] [stderr]    Compiling simd_helpers v0.1.0
[INFO] [stderr]    Compiling flate2 v1.1.0
[INFO] [stderr]    Compiling bytemuck v1.22.0
[INFO] [stderr]    Compiling serde_json v1.0.140
[INFO] [stderr]    Compiling lebe v0.5.2
[INFO] [stderr]    Compiling byteorder-lite v0.1.0
[INFO] [stderr]    Compiling smallvec v1.14.0
[INFO] [stderr]    Compiling rayon v1.10.0
[INFO] [stderr]    Compiling zune-core v0.4.12
[INFO] [stderr]    Compiling jpeg-decoder v0.3.1
[INFO] [stderr]    Compiling bit_field v0.10.2
[INFO] [stderr]    Compiling color_quant v1.1.0
[INFO] [stderr]    Compiling qoi v0.4.1
[INFO] [stderr]    Compiling png v0.17.16
[INFO] [stderr]    Compiling gif v0.13.1
[INFO] [stderr]    Compiling exr v1.73.0
[INFO] [stderr]    Compiling zune-jpeg v0.4.14
[INFO] [stderr]    Compiling image-webp v0.2.1
[INFO] [stderr]    Compiling ryu v1.0.20
[INFO] [stderr]    Compiling itoa v1.0.15
[INFO] [stderr]    Compiling base64 v0.21.7
[INFO] [stderr]    Compiling md5 v0.7.0
[INFO] [stderr]    Compiling num-integer v0.1.46
[INFO] [stderr]    Compiling v_frame v0.3.8
[INFO] [stderr]    Compiling num-bigint v0.4.6
[INFO] [stderr]    Compiling tiff v0.9.1
[INFO] [stderr]    Compiling num-rational v0.4.2
[INFO] [stderr]    Compiling maybe-rayon v0.1.1
[INFO] [stderr]    Compiling av1-grain v0.2.3
[INFO] [stderr]    Compiling windows-interface v0.59.0
[INFO] [stderr]    Compiling windows-implement v0.59.0
[INFO] [stderr]    Compiling thiserror-impl v1.0.69
[INFO] [stderr]    Compiling profiling-procmacros v1.0.16
[INFO] [stderr]    Compiling num-derive v0.4.2
[INFO] [stderr]    Compiling arg_enum_proc_macro v0.3.4
[INFO] [stderr]    Compiling profiling v1.0.16
[INFO] [stderr]    Compiling windows-core v0.60.1
[INFO] [stderr]    Compiling windows-collections v0.1.1
[INFO] [stderr]    Compiling windows-numerics v0.1.1
[INFO] [stderr]    Compiling windows-future v0.1.1
[INFO] [stderr]    Compiling windows v0.60.0
[INFO] [stderr]    Compiling ravif v0.11.11
[INFO] [stderr]    Compiling image v0.25.5
[INFO] [stderr]    Compiling jm-downloader v0.1.0 (/opt/rustwide/workdir)
[INFO] [stdout] error[E0433]: cannot find `Win32` in `windows`
[INFO] [stdout]  --> src/request.rs:2:14
[INFO] [stdout]   |
[INFO] [stdout] 2 | use windows::Win32::Networking::WinInet::*;
[INFO] [stdout]   |              ^^^^^ could not find `Win32` in `windows`
[INFO] [stdout] 
[INFO] [stdout] 
[INFO] [stdout] error[E0432]: unresolved import `windows::core`
[INFO] [stdout]  --> src/request.rs:1:14
[INFO] [stdout]   |
[INFO] [stdout] 1 | use windows::core::PCSTR;
[INFO] [stdout]   |              ^^^^ could not find `core` in `windows`
[INFO] [stdout] 
[INFO] [stdout] 
[INFO] [stdout] error[E0425]: cannot find value `INTERNET_OPEN_TYPE_PRECONFIG` in this scope
[INFO] [stdout]   --> src/request.rs:24:13
[INFO] [stdout]    |
[INFO] [stdout] 24 |             INTERNET_OPEN_TYPE_PRECONFIG.0,
[INFO] [stdout]    |             ^^^^^^^^^^^^^^^^^^^^^^^^^^^^ not found in this scope
[INFO] [stdout] 
[INFO] [stdout] 
[INFO] [stdout] error[E0425]: cannot find value `INTERNET_FLAG_RELOAD` in this scope
[INFO] [stdout]   --> src/request.rs:50:13
[INFO] [stdout]    |
[INFO] [stdout] 50 |             INTERNET_FLAG_RELOAD,
[INFO] [stdout]    |             ^^^^^^^^^^^^^^^^^^^^ not found in this scope
[INFO] [stdout] 
[INFO] [stdout] 
[INFO] [stdout] error[E0425]: cannot find value `HTTP_QUERY_STATUS_CODE` in this scope
[INFO] [stdout]   --> src/request.rs:64:13
[INFO] [stdout]    |
[INFO] [stdout] 64 |             HTTP_QUERY_STATUS_CODE | HTTP_QUERY_FLAG_NUMBER,
[INFO] [stdout]    |             ^^^^^^^^^^^^^^^^^^^^^^ not found in this scope
[INFO] [stdout] 
[INFO] [stdout] 
[INFO] [stdout] error[E0425]: cannot find value `HTTP_QUERY_FLAG_NUMBER` in this scope
[INFO] [stdout]   --> src/request.rs:64:38
[INFO] [stdout]    |
[INFO] [stdout] 64 |             HTTP_QUERY_STATUS_CODE | HTTP_QUERY_FLAG_NUMBER,
[INFO] [stdout]    |                                      ^^^^^^^^^^^^^^^^^^^^^^ not found in this scope
[INFO] [stdout] 
[INFO] [stdout] 
[INFO] [stdout] error[E0425]: cannot find function, tuple struct or tuple variant `InternetCloseHandle` in this scope
[INFO] [stdout]   --> src/request.rs:10:25
[INFO] [stdout]    |
[INFO] [stdout] 10 |                 let _ = InternetCloseHandle(self.0);
[INFO] [stdout]    |                         ^^^^^^^^^^^^^^^^^^^ not found in this scope
[INFO] [stdout] 
[INFO] [stdout] 
[INFO] [stdout] error[E0425]: cannot find function, tuple struct or tuple variant `InternetOpenA` in this scope
[INFO] [stdout]   --> src/request.rs:22:53
[INFO] [stdout]    |
[INFO] [stdout] 22 |         let internet_handle = InternetHandleWrapper(InternetOpenA(
[INFO] [stdout]    |                                                     ^^^^^^^^^^^^^ not found in this scope
[INFO] [stdout] 
[INFO] [stdout] 
[INFO] [stdout] error[E0425]: cannot find function, tuple struct or tuple variant `InternetOpenUrlA` in this scope
[INFO] [stdout]   --> src/request.rs:46:52
[INFO] [stdout]    |
[INFO] [stdout] 46 |         let connect_handle = InternetHandleWrapper(InternetOpenUrlA(
[INFO] [stdout]    |                                                    ^^^^^^^^^^^^^^^^ not found in this scope
[INFO] [stdout] 
[INFO] [stdout] 
[INFO] [stdout] error[E0425]: cannot find function, tuple struct or tuple variant `HttpQueryInfoA` in this scope
[INFO] [stdout]   --> src/request.rs:62:12
[INFO] [stdout]    |
[INFO] [stdout] 62 |         if HttpQueryInfoA(
[INFO] [stdout]    |            ^^^^^^^^^^^^^^ not found in this scope
[INFO] [stdout] 
[INFO] [stdout] 
[INFO] [stdout] error[E0425]: cannot find function, tuple struct or tuple variant `InternetReadFile` in this scope
[INFO] [stdout]   --> src/request.rs:84:16
[INFO] [stdout]    |
[INFO] [stdout] 84 |             if InternetReadFile(
[INFO] [stdout]    |                ^^^^^^^^^^^^^^^^ not found in this scope
[INFO] [stdout] 
[INFO] [stdout] 
[INFO] [stdout] Some errors have detailed explanations: E0425, E0432, E0433.
[INFO] [stdout] 
[INFO] [stdout] For more information about an error, try `rustc --explain E0425`.
[INFO] [stdout] 
[INFO] [stderr] error: could not compile `jm-downloader` (bin "jm-downloader") due to 11 previous errors
[INFO] running `Command { std: "docker" "inspect" "99443f195c5ea233cb92b00ecbf6b66c7e25f455b2a0c367784109bd123ea9a9", kill_on_drop: false }`
[INFO] running `Command { std: "docker" "rm" "-f" "99443f195c5ea233cb92b00ecbf6b66c7e25f455b2a0c367784109bd123ea9a9", kill_on_drop: false }`
[INFO] [stdout] 99443f195c5ea233cb92b00ecbf6b66c7e25f455b2a0c367784109bd123ea9a9
