[INFO] cloning repository https://github.com/k-chinen/fwtype
[INFO] running `Command { std: "git" "-c" "credential.helper=" "-c" "credential.helper=/workspace/cargo-home/bin/git-credential-null" "clone" "--bare" "https://github.com/k-chinen/fwtype" "/workspace/cache/git-repos/https%3A%2F%2Fgithub.com%2Fk-chinen%2Ffwtype", kill_on_drop: false }`
[INFO] [stderr] Cloning into bare repository '/workspace/cache/git-repos/https%3A%2F%2Fgithub.com%2Fk-chinen%2Ffwtype'...
[INFO] running `Command { std: "git" "rev-parse" "HEAD", kill_on_drop: false }`
[INFO] [stdout] 37a7b69f0de6b0075733e26398a1be7b49c6531e
[INFO] testing k-chinen/fwtype against 1.98.0-beta.8+cargoflags=--release for beta-release-1.99-2
[INFO] running `Command { std: "git" "clone" "/workspace/cache/git-repos/https%3A%2F%2Fgithub.com%2Fk-chinen%2Ffwtype" "/workspace/builds/worker-7-tc1/source", kill_on_drop: false }`
[INFO] [stderr] Cloning into '/workspace/builds/worker-7-tc1/source'...
[INFO] [stderr] done.
[INFO] started tweaking git repo https://github.com/k-chinen/fwtype
[INFO] finished tweaking git repo https://github.com/k-chinen/fwtype
[INFO] tweaked toml for git repo https://github.com/k-chinen/fwtype written to /workspace/builds/worker-7-tc1/source/Cargo.toml
[INFO] validating manifest of git repo https://github.com/k-chinen/fwtype on toolchain 1.98.0-beta.8
[INFO] running `Command { std: CARGO_HOME="/workspace/cargo-home" RUSTUP_HOME="/workspace/rustup-home" "/workspace/cargo-home/bin/cargo" "+1.98.0-beta.8" "metadata" "--manifest-path" "Cargo.toml" "--no-deps", kill_on_drop: false }`
[INFO] crate git repo https://github.com/k-chinen/fwtype already has a lockfile, it will not be regenerated
[INFO] running `Command { std: CARGO_HOME="/workspace/cargo-home" RUSTUP_HOME="/workspace/rustup-home" "/workspace/cargo-home/bin/cargo" "+1.98.0-beta.8" "fetch" "--manifest-path" "Cargo.toml", kill_on_drop: false }`
[INFO] [stderr]  Downloading crates ...
[INFO] [stderr]   Downloaded time v0.3.44
[INFO] [stderr]   Downloaded time-core v0.1.6
[INFO] [stderr]   Downloaded num-conv v0.1.0
[INFO] [stderr]   Downloaded itoa v1.0.15
[INFO] [stderr]   Downloaded quote v1.0.41
[INFO] [stderr]   Downloaded time-macros v0.2.24
[INFO] [stderr]   Downloaded unicode-ident v1.0.22
[INFO] [stderr]   Downloaded proc-macro2 v1.0.103
[INFO] [stderr]   Downloaded clap v2.34.0
[INFO] [stderr]   Downloaded syn v2.0.108
[INFO] [stderr]   Downloaded libc v0.2.173
[INFO] running `Command { std: "docker" "create" "-v" "/var/lib/crater-agent-workspace/builds/worker-7-tc1/source:/opt/rustwide/workdir:ro,Z" "-v" "/var/lib/crater-agent-workspace/builds/worker-7-tc1/target:/opt/rustwide/target:rw,Z" "-v" "/var/lib/crater-agent-workspace/cargo-home:/opt/rustwide/cargo-home:ro,Z" "-v" "/var/lib/crater-agent-workspace/rustup-home:/opt/rustwide/rustup-home:ro,Z" "-m" "1610612736" "--network" "none" "ghcr.io/rust-lang/crates-build-env/linux@sha256:8683fc1fc2eb5c9ac98e0d076ab094b2ffac7f99da555d2b6a2e27f346de2ec7" "sleep" "infinity", kill_on_drop: false }`
[INFO] [stdout] 96b9759bbcbcd5f7a0fc2962861a31af3e31008dbdfb43773222499b6f898ddf
[INFO] running `Command { std: "docker" "start" "96b9759bbcbcd5f7a0fc2962861a31af3e31008dbdfb43773222499b6f898ddf", kill_on_drop: false }`
[INFO] running `Command { std: "docker" "inspect" "96b9759bbcbcd5f7a0fc2962861a31af3e31008dbdfb43773222499b6f898ddf", kill_on_drop: false }`
[INFO] running `Command { std: "docker" "exec" "-e" "SOURCE_DIR=/opt/rustwide/workdir" "-e" "CARGO_HOME=/opt/rustwide/cargo-home" "-e" "RUSTUP_HOME=/opt/rustwide/rustup-home" "-e" "CARGO_TARGET_DIR=/opt/rustwide/target" "-w" "/opt/rustwide/workdir" "--user" "0:0" "96b9759bbcbcd5f7a0fc2962861a31af3e31008dbdfb43773222499b6f898ddf" "/opt/rustwide/cargo-home/bin/cargo" "+1.98.0-beta.8" "metadata" "--no-deps" "--format-version=1", kill_on_drop: false }`
[INFO] running `Command { std: "docker" "inspect" "96b9759bbcbcd5f7a0fc2962861a31af3e31008dbdfb43773222499b6f898ddf", kill_on_drop: false }`
[INFO] running `Command { std: "docker" "exec" "-e" "SOURCE_DIR=/opt/rustwide/workdir" "-e" "CARGO_HOME=/opt/rustwide/cargo-home" "-e" "RUSTUP_HOME=/opt/rustwide/rustup-home" "-e" "CARGO_TARGET_DIR=/opt/rustwide/target" "-e" "CARGO_INCREMENTAL=0" "-e" "RUST_BACKTRACE=full" "-e" "RUSTFLAGS=--cap-lints=warn" "-e" "RUSTDOCFLAGS=--cap-lints=warn" "-w" "/opt/rustwide/workdir" "--user" "0:0" "96b9759bbcbcd5f7a0fc2962861a31af3e31008dbdfb43773222499b6f898ddf" "/opt/rustwide/cargo-home/bin/cargo" "+1.98.0-beta.8" "build" "--frozen" "--message-format=json" "--release", kill_on_drop: false }`
[INFO] [stderr]    Compiling powerfmt v0.2.0
[INFO] [stderr]    Compiling libc v0.2.173
[INFO] [stderr]    Compiling num-conv v0.1.0
[INFO] [stderr]    Compiling time-core v0.1.6
[INFO] [stderr]    Compiling itoa v1.0.15
[INFO] [stderr]    Compiling unicode-width v0.1.14
[INFO] [stderr]    Compiling ansi_term v0.12.1
[INFO] [stderr]    Compiling bitflags v1.3.2
[INFO] [stderr]    Compiling strsim v0.8.0
[INFO] [stderr]    Compiling vec_map v0.8.2
[INFO] [stderr]    Compiling unicode-segmentation v1.12.0
[INFO] [stderr]    Compiling deranged v0.5.5
[INFO] [stderr]    Compiling textwrap v0.11.0
[INFO] [stderr]    Compiling time-macros v0.2.24
[INFO] [stderr]    Compiling atty v0.2.14
[INFO] [stderr]    Compiling clap v2.34.0
[INFO] [stderr]    Compiling time v0.3.44
[INFO] [stderr]    Compiling fwtype v0.5.8 (/opt/rustwide/workdir)
[INFO] [stderr]     Finished `release` profile [optimized] target(s) in 15.10s
[INFO] running `Command { std: "docker" "inspect" "96b9759bbcbcd5f7a0fc2962861a31af3e31008dbdfb43773222499b6f898ddf", kill_on_drop: false }`
[INFO] running `Command { std: "docker" "exec" "-e" "SOURCE_DIR=/opt/rustwide/workdir" "-e" "CARGO_HOME=/opt/rustwide/cargo-home" "-e" "RUSTUP_HOME=/opt/rustwide/rustup-home" "-e" "CARGO_TARGET_DIR=/opt/rustwide/target" "-e" "CARGO_INCREMENTAL=0" "-e" "RUST_BACKTRACE=full" "-e" "RUSTFLAGS=--cap-lints=warn" "-e" "RUSTDOCFLAGS=--cap-lints=warn" "-w" "/opt/rustwide/workdir" "--user" "0:0" "96b9759bbcbcd5f7a0fc2962861a31af3e31008dbdfb43773222499b6f898ddf" "/opt/rustwide/cargo-home/bin/cargo" "+1.98.0-beta.8" "test" "--frozen" "--no-run" "--message-format=json" "--release", kill_on_drop: false }`
[INFO] [stderr]    Compiling fwtype v0.5.8 (/opt/rustwide/workdir)
[INFO] [stdout] error[E0425]: cannot find function `parse_int` in this scope
[INFO] [stdout]     --> src/lib.rs:1305:15
[INFO] [stdout]      |
[INFO] [stdout] 1294 | fn parse_uint(val: &str) -> MyResult<usize> {
[INFO] [stdout]      | ------------------------------------------- similarly named function `parse_uint` defined here
[INFO] [stdout] ...
[INFO] [stdout] 1305 |     let res = parse_int("-3");
[INFO] [stdout]      |               ^^^^^^^^^
[INFO] [stdout]      |
[INFO] [stdout] help: a function with a similar name exists
[INFO] [stdout]      |
[INFO] [stdout] 1305 |     let res = parse_uint("-3");
[INFO] [stdout]      |                     +
[INFO] [stdout] 
[INFO] [stdout] 
[INFO] [stdout] error[E0425]: cannot find function `parse_int` in this scope
[INFO] [stdout]     --> src/lib.rs:1310:15
[INFO] [stdout]      |
[INFO] [stdout] 1294 | fn parse_uint(val: &str) -> MyResult<usize> {
[INFO] [stdout]      | ------------------------------------------- similarly named function `parse_uint` defined here
[INFO] [stdout] ...
[INFO] [stdout] 1310 |     let res = parse_int("3");
[INFO] [stdout]      |               ^^^^^^^^^
[INFO] [stdout]      |
[INFO] [stdout] help: a function with a similar name exists
[INFO] [stdout]      |
[INFO] [stdout] 1310 |     let res = parse_uint("3");
[INFO] [stdout]      |                     +
[INFO] [stdout] 
[INFO] [stdout] 
[INFO] [stdout] error[E0425]: cannot find function `parse_int` in this scope
[INFO] [stdout]     --> src/lib.rs:1315:15
[INFO] [stdout]      |
[INFO] [stdout] 1294 | fn parse_uint(val: &str) -> MyResult<usize> {
[INFO] [stdout]      | ------------------------------------------- similarly named function `parse_uint` defined here
[INFO] [stdout] ...
[INFO] [stdout] 1315 |     let res = parse_int("foo");
[INFO] [stdout]      |               ^^^^^^^^^
[INFO] [stdout]      |
[INFO] [stdout] help: a function with a similar name exists
[INFO] [stdout]      |
[INFO] [stdout] 1315 |     let res = parse_uint("foo");
[INFO] [stdout]      |                     +
[INFO] [stdout] 
[INFO] [stdout] 
[INFO] [stdout] For more information about this error, try `rustc --explain E0425`.
[INFO] [stdout] 
[INFO] [stderr] error: could not compile `fwtype` (lib test) due to 3 previous errors
[INFO] running `Command { std: "docker" "inspect" "96b9759bbcbcd5f7a0fc2962861a31af3e31008dbdfb43773222499b6f898ddf", kill_on_drop: false }`
[INFO] running `Command { std: "docker" "rm" "-f" "96b9759bbcbcd5f7a0fc2962861a31af3e31008dbdfb43773222499b6f898ddf", kill_on_drop: false }`
[INFO] [stdout] 96b9759bbcbcd5f7a0fc2962861a31af3e31008dbdfb43773222499b6f898ddf
