[INFO] cloning repository https://github.com/justjakka/hydrus-api-rs
[INFO] running `Command { std: "git" "-c" "credential.helper=" "-c" "credential.helper=/workspace/cargo-home/bin/git-credential-null" "clone" "--bare" "https://github.com/justjakka/hydrus-api-rs" "/workspace/cache/git-repos/https%3A%2F%2Fgithub.com%2Fjustjakka%2Fhydrus-api-rs", kill_on_drop: false }`
[INFO] [stderr] Cloning into bare repository '/workspace/cache/git-repos/https%3A%2F%2Fgithub.com%2Fjustjakka%2Fhydrus-api-rs'...
[INFO] running `Command { std: "git" "rev-parse" "HEAD", kill_on_drop: false }`
[INFO] [stdout] 505031fac988fb75c6aed5fbe8c705739dce69f3
[INFO] testing justjakka/hydrus-api-rs against 1.98.0-beta.8+cargoflags=--release for beta-release-1.99-2
[INFO] running `Command { std: "git" "clone" "/workspace/cache/git-repos/https%3A%2F%2Fgithub.com%2Fjustjakka%2Fhydrus-api-rs" "/workspace/builds/worker-4-tc1/source", kill_on_drop: false }`
[INFO] [stderr] Cloning into '/workspace/builds/worker-4-tc1/source'...
[INFO] [stderr] done.
[INFO] started tweaking git repo https://github.com/justjakka/hydrus-api-rs
[INFO] finished tweaking git repo https://github.com/justjakka/hydrus-api-rs
[INFO] tweaked toml for git repo https://github.com/justjakka/hydrus-api-rs written to /workspace/builds/worker-4-tc1/source/Cargo.toml
[INFO] validating manifest of git repo https://github.com/justjakka/hydrus-api-rs on toolchain 1.98.0-beta.8
[INFO] running `Command { std: CARGO_HOME="/workspace/cargo-home" RUSTUP_HOME="/workspace/rustup-home" "/workspace/cargo-home/bin/cargo" "+1.98.0-beta.8" "metadata" "--manifest-path" "Cargo.toml" "--no-deps", kill_on_drop: false }`
[INFO] crate git repo https://github.com/justjakka/hydrus-api-rs already has a lockfile, it will not be regenerated
[INFO] running `Command { std: CARGO_HOME="/workspace/cargo-home" RUSTUP_HOME="/workspace/rustup-home" "/workspace/cargo-home/bin/cargo" "+1.98.0-beta.8" "fetch" "--manifest-path" "Cargo.toml", kill_on_drop: false }`
[INFO] [stderr]     Updating crates.io index
[INFO] [stderr]  Downloading crates ...
[INFO] [stderr]   Downloaded simd-adler32 v0.3.7
[INFO] [stderr]   Downloaded potential_utf v0.1.3
[INFO] [stderr]   Downloaded futures-io v0.3.31
[INFO] [stderr]   Downloaded yoke-derive v0.8.0
[INFO] [stderr]   Downloaded wasm-bindgen-shared v0.2.105
[INFO] [stderr]   Downloaded zerovec-derive v0.11.1
[INFO] [stderr]   Downloaded cookie_store v0.22.0
[INFO] [stderr]   Downloaded windows-link v0.1.3
[INFO] [stderr]   Downloaded futures-core v0.3.31
[INFO] [stderr]   Downloaded windows-registry v0.5.3
[INFO] [stderr]   Downloaded futures-sink v0.3.31
[INFO] [stderr]   Downloaded windows-strings v0.4.2
[INFO] [stderr]   Downloaded system-configuration-sys v0.6.0
[INFO] [stderr]   Downloaded futures-macro v0.3.31
[INFO] [stderr]   Downloaded futures-task v0.3.31
[INFO] [stderr]   Downloaded http-body v1.0.1
[INFO] [stderr]   Downloaded serde_repr v0.1.20
[INFO] [stderr]   Downloaded itoa v1.0.15
[INFO] [stderr]   Downloaded time-core v0.1.6
[INFO] [stderr]   Downloaded windows-result v0.3.4
[INFO] [stderr]   Downloaded openssl-probe v0.1.6
[INFO] [stderr]   Downloaded num-conv v0.1.0
[INFO] [stderr]   Downloaded wasm-bindgen-macro v0.2.105
[INFO] [stderr]   Downloaded find-msvc-tools v0.1.4
[INFO] [stderr]   Downloaded yoke v0.8.0
[INFO] [stderr]   Downloaded http-body-util v0.1.3
[INFO] [stderr]   Downloaded hyper-tls v0.6.0
[INFO] [stderr]   Downloaded tokio-macros v2.6.0
[INFO] [stderr]   Downloaded thiserror v2.0.17
[INFO] [stderr]   Downloaded writeable v0.6.1
[INFO] [stderr]   Downloaded slab v0.4.11
[INFO] [stderr]   Downloaded tinystr v0.8.1
[INFO] [stderr]   Downloaded quote v1.0.41
[INFO] [stderr]   Downloaded security-framework-sys v2.15.0
[INFO] [stderr]   Downloaded native-tls v0.2.14
[INFO] [stderr]   Downloaded system-configuration v0.6.1
[INFO] [stderr]   Downloaded thiserror-impl v2.0.17
[INFO] [stderr]   Downloaded async-trait v0.1.89
[INFO] [stderr]   Downloaded ipnet v2.11.0
[INFO] [stderr]   Downloaded deranged v0.5.5
[INFO] [stderr]   Downloaded time-macros v0.2.24
[INFO] [stderr]   Downloaded schannel v0.1.28
[INFO] [stderr]   Downloaded rustls-pki-types v1.13.0
[INFO] [stderr]   Downloaded getrandom v0.2.16
[INFO] [stderr]   Downloaded icu_provider v2.0.0
[INFO] [stderr]   Downloaded litemap v0.8.0
[INFO] [stderr]   Downloaded wasm-bindgen-futures v0.4.55
[INFO] [stderr]   Downloaded bitflags v2.10.0
[INFO] [stderr]   Downloaded wasm-bindgen v0.2.105
[INFO] [stderr]   Downloaded rustls-pemfile v2.2.0
[INFO] [stderr]   Downloaded tempfile v3.23.0
[INFO] [stderr]   Downloaded ryu v1.0.20
[INFO] [stderr]   Downloaded unicode-ident v1.0.20
[INFO] [stderr]   Downloaded ureq-proto v0.5.2
[INFO] [stderr]   Downloaded icu_properties v2.0.1
[INFO] [stderr]   Downloaded flate2 v1.1.5
[INFO] [stderr]   Downloaded rustls-webpki v0.103.7
[INFO] [stderr]   Downloaded icu_normalizer v2.0.0
[INFO] [stderr]   Downloaded hyper-rustls v0.27.7
[INFO] [stderr]   Downloaded futures-channel v0.3.31
[INFO] [stderr]   Downloaded wit-bindgen v0.46.0
[INFO] [stderr]   Downloaded wasm-bindgen-macro-support v0.2.105
[INFO] [stderr]   Downloaded js-sys v0.3.82
[INFO] [stderr]   Downloaded zerotrie v0.2.2
[INFO] [stderr]   Downloaded openssl-sys v0.9.110
[INFO] [stderr]   Downloaded icu_normalizer_data v2.0.0
[INFO] [stderr]   Downloaded security-framework v2.11.1
[INFO] [stderr]   Downloaded icu_locale_core v2.0.0
[INFO] [stderr]   Downloaded cc v1.2.43
[INFO] [stderr]   Downloaded webpki-roots v1.0.3
[INFO] [stderr]   Downloaded icu_collections v2.0.0
[INFO] [stderr]   Downloaded indexmap v2.12.0
[INFO] [stderr]   Downloaded url v2.5.7
[INFO] [stderr]   Downloaded zerovec v0.11.4
[INFO] [stderr]   Downloaded bumpalo v3.19.0
[INFO] [stderr]   Downloaded bytes v1.10.1
[INFO] [stderr]   Downloaded hyper-util v0.1.17
[INFO] [stderr]   Downloaded http v1.3.1
[INFO] [stderr]   Downloaded ureq v3.1.2
[INFO] [stderr]   Downloaded tower v0.5.2
[INFO] [stderr]   Downloaded tokio-util v0.7.16
[INFO] [stderr]   Downloaded mio v1.1.0
[INFO] [stderr]   Downloaded tower-http v0.6.6
[INFO] [stderr]   Downloaded wasip2 v1.0.1+wasi-0.2.4
[INFO] [stderr]   Downloaded iri-string v0.7.8
[INFO] [stderr]   Downloaded reqwest v0.12.24
[INFO] [stderr]   Downloaded hashbrown v0.16.0
[INFO] [stderr]   Downloaded time v0.3.44
[INFO] [stderr]   Downloaded hyper v1.7.0
[INFO] [stderr]   Downloaded serde_json v1.0.145
[INFO] [stderr]   Downloaded icu_properties_data v2.0.1
[INFO] [stderr]   Downloaded futures-util v0.3.31
[INFO] [stderr]   Downloaded h2 v0.4.12
[INFO] [stderr]   Downloaded openssl v0.10.74
[INFO] [stderr]   Downloaded syn v2.0.108
[INFO] [stderr]   Downloaded rustls v0.23.34
[INFO] [stderr]   Downloaded rustix v1.1.2
[INFO] [stderr]   Downloaded web-sys v0.3.82
[INFO] [stderr]   Downloaded tokio v1.48.0
[INFO] running `Command { std: "docker" "create" "-v" "/var/lib/crater-agent-workspace/builds/worker-4-tc1/source:/opt/rustwide/workdir:ro,Z" "-v" "/var/lib/crater-agent-workspace/builds/worker-4-tc1/target:/opt/rustwide/target:rw,Z" "-v" "/var/lib/crater-agent-workspace/cargo-home:/opt/rustwide/cargo-home:ro,Z" "-v" "/var/lib/crater-agent-workspace/rustup-home:/opt/rustwide/rustup-home:ro,Z" "-m" "1610612736" "--network" "none" "ghcr.io/rust-lang/crates-build-env/linux@sha256:8683fc1fc2eb5c9ac98e0d076ab094b2ffac7f99da555d2b6a2e27f346de2ec7" "sleep" "infinity", kill_on_drop: false }`
[INFO] [stdout] 630572ce8102dc80b5a0ef18a119849abc3309f732019ecf94a77145a6b1703e
[INFO] running `Command { std: "docker" "start" "630572ce8102dc80b5a0ef18a119849abc3309f732019ecf94a77145a6b1703e", kill_on_drop: false }`
[INFO] running `Command { std: "docker" "inspect" "630572ce8102dc80b5a0ef18a119849abc3309f732019ecf94a77145a6b1703e", kill_on_drop: false }`
[INFO] running `Command { std: "docker" "exec" "-e" "SOURCE_DIR=/opt/rustwide/workdir" "-e" "CARGO_HOME=/opt/rustwide/cargo-home" "-e" "RUSTUP_HOME=/opt/rustwide/rustup-home" "-e" "CARGO_TARGET_DIR=/opt/rustwide/target" "-w" "/opt/rustwide/workdir" "--user" "0:0" "630572ce8102dc80b5a0ef18a119849abc3309f732019ecf94a77145a6b1703e" "/opt/rustwide/cargo-home/bin/cargo" "+1.98.0-beta.8" "metadata" "--no-deps" "--format-version=1", kill_on_drop: false }`
[INFO] running `Command { std: "docker" "inspect" "630572ce8102dc80b5a0ef18a119849abc3309f732019ecf94a77145a6b1703e", kill_on_drop: false }`
[INFO] running `Command { std: "docker" "exec" "-e" "SOURCE_DIR=/opt/rustwide/workdir" "-e" "CARGO_HOME=/opt/rustwide/cargo-home" "-e" "RUSTUP_HOME=/opt/rustwide/rustup-home" "-e" "CARGO_TARGET_DIR=/opt/rustwide/target" "-e" "CARGO_INCREMENTAL=0" "-e" "RUST_BACKTRACE=full" "-e" "RUSTFLAGS=--cap-lints=warn" "-e" "RUSTDOCFLAGS=--cap-lints=warn" "-w" "/opt/rustwide/workdir" "--user" "0:0" "630572ce8102dc80b5a0ef18a119849abc3309f732019ecf94a77145a6b1703e" "/opt/rustwide/cargo-home/bin/cargo" "+1.98.0-beta.8" "build" "--frozen" "--message-format=json" "--release", kill_on_drop: false }`
[INFO] [stderr]    Compiling quote v1.0.41
[INFO] [stderr]    Compiling unicode-ident v1.0.20
[INFO] [stderr]    Compiling serde_core v1.0.228
[INFO] [stderr]    Compiling serde_json v1.0.145
[INFO] [stderr]    Compiling serde v1.0.228
[INFO] [stderr]    Compiling thiserror v2.0.17
[INFO] [stderr]    Compiling ryu v1.0.20
[INFO] [stderr]    Compiling memchr v2.7.6
[INFO] [stderr]    Compiling itoa v1.0.15
[INFO] [stderr]    Compiling proc-macro2 v1.0.103
[INFO] [stderr]    Compiling urlencoding v2.1.3
[INFO] [stderr]    Compiling syn v2.0.108
[INFO] [stderr]    Compiling serde_derive v1.0.228
[INFO] [stderr]    Compiling thiserror-impl v2.0.17
[INFO] [stderr]    Compiling serde_repr v0.1.20
[INFO] [stderr]    Compiling hydrus_api v0.1.0 (/opt/rustwide/workdir)
[INFO] [stdout] warning: struct `AddFileRequest` is never constructed
[INFO] [stdout]   --> src/types.rs:88:19
[INFO] [stdout]    |
[INFO] [stdout] 88 | pub(crate) struct AddFileRequest {
[INFO] [stdout]    |                   ^^^^^^^^^^^^^^
[INFO] [stdout]    |
[INFO] [stdout]    = note: `#[warn(dead_code)]` (part of `#[warn(unused)]`) on by default
[INFO] [stdout] 
[INFO] [stdout] 
[INFO] [stdout] warning: struct `FileRequest` is never constructed
[INFO] [stdout]    --> src/types.rs:140:19
[INFO] [stdout]     |
[INFO] [stdout] 140 | pub(crate) struct FileRequest {
[INFO] [stdout]     |                   ^^^^^^^^^^^
[INFO] [stdout] 
[INFO] [stdout] 
[INFO] [stderr]     Finished `release` profile [optimized] target(s) in 17.80s
[INFO] running `Command { std: "docker" "inspect" "630572ce8102dc80b5a0ef18a119849abc3309f732019ecf94a77145a6b1703e", kill_on_drop: false }`
[INFO] running `Command { std: "docker" "exec" "-e" "SOURCE_DIR=/opt/rustwide/workdir" "-e" "CARGO_HOME=/opt/rustwide/cargo-home" "-e" "RUSTUP_HOME=/opt/rustwide/rustup-home" "-e" "CARGO_TARGET_DIR=/opt/rustwide/target" "-e" "CARGO_INCREMENTAL=0" "-e" "RUST_BACKTRACE=full" "-e" "RUSTFLAGS=--cap-lints=warn" "-e" "RUSTDOCFLAGS=--cap-lints=warn" "-w" "/opt/rustwide/workdir" "--user" "0:0" "630572ce8102dc80b5a0ef18a119849abc3309f732019ecf94a77145a6b1703e" "/opt/rustwide/cargo-home/bin/cargo" "+1.98.0-beta.8" "test" "--frozen" "--no-run" "--message-format=json" "--release", kill_on_drop: false }`
[INFO] [stderr]    Compiling hydrus_api v0.1.0 (/opt/rustwide/workdir)
[INFO] [stdout] warning: struct `AddFileRequest` is never constructed
[INFO] [stdout]   --> src/types.rs:88:19
[INFO] [stdout]    |
[INFO] [stdout] 88 | pub(crate) struct AddFileRequest {
[INFO] [stdout]    |                   ^^^^^^^^^^^^^^
[INFO] [stdout]    |
[INFO] [stdout]    = note: `#[warn(dead_code)]` (part of `#[warn(unused)]`) on by default
[INFO] [stdout] 
[INFO] [stdout] 
[INFO] [stdout] warning: struct `FileRequest` is never constructed
[INFO] [stdout]    --> src/types.rs:140:19
[INFO] [stdout]     |
[INFO] [stdout] 140 | pub(crate) struct FileRequest {
[INFO] [stdout]     |                   ^^^^^^^^^^^
[INFO] [stdout] 
[INFO] [stdout] 
[INFO] [stdout] error[E0433]: cannot find `async_lib` in `hydrus_api`
[INFO] [stdout]  --> tests/async.rs:1:17
[INFO] [stdout]   |
[INFO] [stdout] 1 | use hydrus_api::async_lib::{client::*, traits::*};
[INFO] [stdout]   |                 ^^^^^^^^^ could not find `async_lib` in `hydrus_api`
[INFO] [stdout]   |
[INFO] [stdout] note: found an item that was configured out
[INFO] [stdout]  --> src/lib.rs:5:9
[INFO] [stdout]   |
[INFO] [stdout] 4 | #[cfg(feature = "async")]
[INFO] [stdout]   |       ----------------- the item is gated behind the `r#async` feature
[INFO] [stdout] 5 | pub mod async_lib;
[INFO] [stdout]   |         ^^^^^^^^^
[INFO] [stdout] 
[INFO] [stdout] 
[INFO] [stdout] error[E0433]: cannot find module or crate `tokio` in this scope
[INFO] [stdout]   --> tests/async.rs:35:3
[INFO] [stdout]    |
[INFO] [stdout] 35 | #[tokio::test]
[INFO] [stdout]    |   ^^^^^ use of unresolved module or unlinked crate `tokio`
[INFO] [stdout] 
[INFO] [stdout] 
[INFO] [stdout] error[E0433]: cannot find module or crate `tokio` in this scope
[INFO] [stdout]   --> tests/async.rs:28:3
[INFO] [stdout]    |
[INFO] [stdout] 28 | #[tokio::test]
[INFO] [stdout]    |   ^^^^^ use of unresolved module or unlinked crate `tokio`
[INFO] [stdout] 
[INFO] [stdout] 
[INFO] [stdout] error[E0433]: cannot find module or crate `tokio` in this scope
[INFO] [stdout]   --> tests/async.rs:19:3
[INFO] [stdout]    |
[INFO] [stdout] 19 | #[tokio::test]
[INFO] [stdout]    |   ^^^^^ use of unresolved module or unlinked crate `tokio`
[INFO] [stdout] 
[INFO] [stdout] 
[INFO] [stdout] error[E0433]: cannot find module or crate `tokio` in this scope
[INFO] [stdout]   --> tests/async.rs:13:3
[INFO] [stdout]    |
[INFO] [stdout] 13 | #[tokio::test]
[INFO] [stdout]    |   ^^^^^ use of unresolved module or unlinked crate `tokio`
[INFO] [stdout] 
[INFO] [stdout] 
[INFO] [stdout] error[E0433]: cannot find `sync_lib` in `hydrus_api`
[INFO] [stdout]  --> tests/sync.rs:1:17
[INFO] [stdout]   |
[INFO] [stdout] 1 | use hydrus_api::sync_lib::client::HydrusClient;
[INFO] [stdout]   |                 ^^^^^^^^ could not find `sync_lib` in `hydrus_api`
[INFO] [stdout]   |
[INFO] [stdout] note: found an item that was configured out
[INFO] [stdout]  --> src/lib.rs:8:9
[INFO] [stdout]   |
[INFO] [stdout] 7 | #[cfg(feature = "sync")]
[INFO] [stdout]   |       ---------------- the item is gated behind the `sync` feature
[INFO] [stdout] 8 | pub mod sync_lib;
[INFO] [stdout]   |         ^^^^^^^^
[INFO] [stdout] 
[INFO] [stdout] 
[INFO] [stdout] error[E0433]: cannot find `sync_lib` in `hydrus_api`
[INFO] [stdout]  --> tests/sync.rs:2:17
[INFO] [stdout]   |
[INFO] [stdout] 2 | use hydrus_api::sync_lib::traits::*;
[INFO] [stdout]   |                 ^^^^^^^^ could not find `sync_lib` in `hydrus_api`
[INFO] [stdout]   |
[INFO] [stdout] note: found an item that was configured out
[INFO] [stdout]  --> src/lib.rs:8:9
[INFO] [stdout]   |
[INFO] [stdout] 7 | #[cfg(feature = "sync")]
[INFO] [stdout]   |       ---------------- the item is gated behind the `sync` feature
[INFO] [stdout] 8 | pub mod sync_lib;
[INFO] [stdout]   |         ^^^^^^^^
[INFO] [stdout] 
[INFO] [stdout] 
[INFO] [stdout] For more information about this error, try `rustc --explain E0433`.
[INFO] [stdout] 
[INFO] [stderr] error: could not compile `hydrus_api` (test "sync") due to 2 previous errors
[INFO] [stderr] warning: build failed, waiting for other jobs to finish...
[INFO] [stdout] error[E0425]: cannot find type `HydrusClient` in this scope
[INFO] [stdout]    --> tests/async.rs:5:21
[INFO] [stdout]     |
[INFO] [stdout]   5 | fn init_client() -> HydrusClient {
[INFO] [stdout]     |                     ^^^^^^^^^^^^
[INFO] [stdout]     |
[INFO] [stdout]    ::: src/types.rs:121:1
[INFO] [stdout]     |
[INFO] [stdout] 121 | pub enum HydrusFile {
[INFO] [stdout]     | ------------------- similarly named enum `HydrusFile` defined here
[INFO] [stdout]     |
[INFO] [stdout] help: an enum with a similar name exists
[INFO] [stdout]     |
[INFO] [stdout]   5 - fn init_client() -> HydrusClient {
[INFO] [stdout]   5 + fn init_client() -> HydrusFile {
[INFO] [stdout]     |
[INFO] [stdout] 
[INFO] [stdout] 
[INFO] [stdout] error[E0425]: cannot find type `HydrusClient` in this scope
[INFO] [stdout]    --> tests/async.rs:8:21
[INFO] [stdout]     |
[INFO] [stdout]   8 |     let mut client: HydrusClient = HydrusClient::new("http://127.0.0.1:45869/");
[INFO] [stdout]     |                     ^^^^^^^^^^^^
[INFO] [stdout]     |
[INFO] [stdout]    ::: src/types.rs:121:1
[INFO] [stdout]     |
[INFO] [stdout] 121 | pub enum HydrusFile {
[INFO] [stdout]     | ------------------- similarly named enum `HydrusFile` defined here
[INFO] [stdout]     |
[INFO] [stdout] help: an enum with a similar name exists
[INFO] [stdout]     |
[INFO] [stdout]   8 -     let mut client: HydrusClient = HydrusClient::new("http://127.0.0.1:45869/");
[INFO] [stdout]   8 +     let mut client: HydrusFile = HydrusClient::new("http://127.0.0.1:45869/");
[INFO] [stdout]     |
[INFO] [stdout] 
[INFO] [stdout] 
[INFO] [stdout] error[E0433]: cannot find type `HydrusClient` in this scope
[INFO] [stdout]  --> tests/async.rs:8:36
[INFO] [stdout]   |
[INFO] [stdout] 8 |     let mut client: HydrusClient = HydrusClient::new("http://127.0.0.1:45869/");
[INFO] [stdout]   |                                    ^^^^^^^^^^^^ use of undeclared type `HydrusClient`
[INFO] [stdout]   |
[INFO] [stdout] help: an enum with a similar name exists
[INFO] [stdout]   |
[INFO] [stdout] 8 -     let mut client: HydrusClient = HydrusClient::new("http://127.0.0.1:45869/");
[INFO] [stdout] 8 +     let mut client: HydrusClient = HydrusFile::new("http://127.0.0.1:45869/");
[INFO] [stdout]   |
[INFO] [stdout] 
[INFO] [stdout] 
[INFO] [stdout] Some errors have detailed explanations: E0425, E0433.
[INFO] [stdout] 
[INFO] [stdout] For more information about an error, try `rustc --explain E0425`.
[INFO] [stdout] 
[INFO] [stderr] error: could not compile `hydrus_api` (test "async") due to 8 previous errors
[INFO] [stdout] warning: struct `AddFileRequest` is never constructed
[INFO] [stdout]   --> src/types.rs:88:19
[INFO] [stdout]    |
[INFO] [stdout] 88 | pub(crate) struct AddFileRequest {
[INFO] [stdout]    |                   ^^^^^^^^^^^^^^
[INFO] [stdout]    |
[INFO] [stdout]    = note: `#[warn(dead_code)]` (part of `#[warn(unused)]`) on by default
[INFO] [stdout] 
[INFO] [stdout] 
[INFO] [stdout] warning: struct `FileRequest` is never constructed
[INFO] [stdout]    --> src/types.rs:140:19
[INFO] [stdout]     |
[INFO] [stdout] 140 | pub(crate) struct FileRequest {
[INFO] [stdout]     |                   ^^^^^^^^^^^
[INFO] [stdout] 
[INFO] [stdout] 
[INFO] running `Command { std: "docker" "inspect" "630572ce8102dc80b5a0ef18a119849abc3309f732019ecf94a77145a6b1703e", kill_on_drop: false }`
[INFO] running `Command { std: "docker" "rm" "-f" "630572ce8102dc80b5a0ef18a119849abc3309f732019ecf94a77145a6b1703e", kill_on_drop: false }`
[INFO] [stdout] 630572ce8102dc80b5a0ef18a119849abc3309f732019ecf94a77145a6b1703e
