[INFO] cloning repository https://github.com/json-rpc-specification/meta-schema
[INFO] running `Command { std: "git" "-c" "credential.helper=" "-c" "credential.helper=/workspace/cargo-home/bin/git-credential-null" "clone" "--bare" "https://github.com/json-rpc-specification/meta-schema" "/workspace/cache/git-repos/https%3A%2F%2Fgithub.com%2Fjson-rpc-specification%2Fmeta-schema", kill_on_drop: false }`
[INFO] [stderr] Cloning into bare repository '/workspace/cache/git-repos/https%3A%2F%2Fgithub.com%2Fjson-rpc-specification%2Fmeta-schema'...
[INFO] running `Command { std: "git" "rev-parse" "HEAD", kill_on_drop: false }`
[INFO] [stdout] 9e462006c12bdb27babc990996fe0c84a41c0216
[INFO] testing json-rpc-specification/meta-schema against 1.98.0-beta.8+cargoflags=--release for beta-release-1.99-2
[INFO] running `Command { std: "git" "clone" "/workspace/cache/git-repos/https%3A%2F%2Fgithub.com%2Fjson-rpc-specification%2Fmeta-schema" "/workspace/builds/worker-2-tc1/source", kill_on_drop: false }`
[INFO] [stderr] Cloning into '/workspace/builds/worker-2-tc1/source'...
[INFO] [stderr] done.
[INFO] started tweaking git repo https://github.com/json-rpc-specification/meta-schema
[INFO] finished tweaking git repo https://github.com/json-rpc-specification/meta-schema
[INFO] tweaked toml for git repo https://github.com/json-rpc-specification/meta-schema written to /workspace/builds/worker-2-tc1/source/Cargo.toml
[INFO] validating manifest of git repo https://github.com/json-rpc-specification/meta-schema on toolchain 1.98.0-beta.8
[INFO] running `Command { std: CARGO_HOME="/workspace/cargo-home" RUSTUP_HOME="/workspace/rustup-home" "/workspace/cargo-home/bin/cargo" "+1.98.0-beta.8" "metadata" "--manifest-path" "Cargo.toml" "--no-deps", kill_on_drop: false }`
[INFO] crate git repo https://github.com/json-rpc-specification/meta-schema already has a lockfile, it will not be regenerated
[INFO] running `Command { std: CARGO_HOME="/workspace/cargo-home" RUSTUP_HOME="/workspace/rustup-home" "/workspace/cargo-home/bin/cargo" "+1.98.0-beta.8" "fetch" "--manifest-path" "Cargo.toml", kill_on_drop: false }`
[INFO] [stderr] warning: Cargo.toml: `package.edition` is unspecified, defaulting to `2015` while the latest is `2024`
[INFO] [stderr] warning: `jsonrpc_types` (manifest) generated 1 warning
[INFO] [stderr]  Downloading crates ...
[INFO] [stderr]   Downloaded derive_builder_macro v0.10.2
[INFO] [stderr]   Downloaded derive_builder v0.10.2
[INFO] [stderr]   Downloaded derive_builder_core v0.10.2
[INFO] [stderr]   Downloaded darling_macro v0.12.4
[INFO] [stderr]   Downloaded darling v0.12.4
[INFO] [stderr]   Downloaded darling_core v0.12.4
[INFO] running `Command { std: "docker" "create" "-v" "/var/lib/crater-agent-workspace/builds/worker-2-tc1/source:/opt/rustwide/workdir:ro,Z" "-v" "/var/lib/crater-agent-workspace/builds/worker-2-tc1/target:/opt/rustwide/target:rw,Z" "-v" "/var/lib/crater-agent-workspace/cargo-home:/opt/rustwide/cargo-home:ro,Z" "-v" "/var/lib/crater-agent-workspace/rustup-home:/opt/rustwide/rustup-home:ro,Z" "-m" "1610612736" "--network" "none" "ghcr.io/rust-lang/crates-build-env/linux@sha256:8683fc1fc2eb5c9ac98e0d076ab094b2ffac7f99da555d2b6a2e27f346de2ec7" "sleep" "infinity", kill_on_drop: false }`
[INFO] [stdout] 74c0048e9c5f929a9d72d74fb96ff0893a7b149e01ee5b4dac23b5c6de865f0a
[INFO] running `Command { std: "docker" "start" "74c0048e9c5f929a9d72d74fb96ff0893a7b149e01ee5b4dac23b5c6de865f0a", kill_on_drop: false }`
[INFO] running `Command { std: "docker" "inspect" "74c0048e9c5f929a9d72d74fb96ff0893a7b149e01ee5b4dac23b5c6de865f0a", kill_on_drop: false }`
[INFO] running `Command { std: "docker" "exec" "-e" "SOURCE_DIR=/opt/rustwide/workdir" "-e" "CARGO_HOME=/opt/rustwide/cargo-home" "-e" "RUSTUP_HOME=/opt/rustwide/rustup-home" "-e" "CARGO_TARGET_DIR=/opt/rustwide/target" "-w" "/opt/rustwide/workdir" "--user" "0:0" "74c0048e9c5f929a9d72d74fb96ff0893a7b149e01ee5b4dac23b5c6de865f0a" "/opt/rustwide/cargo-home/bin/cargo" "+1.98.0-beta.8" "metadata" "--no-deps" "--format-version=1", kill_on_drop: false }`
[INFO] running `Command { std: "docker" "inspect" "74c0048e9c5f929a9d72d74fb96ff0893a7b149e01ee5b4dac23b5c6de865f0a", kill_on_drop: false }`
[INFO] running `Command { std: "docker" "exec" "-e" "SOURCE_DIR=/opt/rustwide/workdir" "-e" "CARGO_HOME=/opt/rustwide/cargo-home" "-e" "RUSTUP_HOME=/opt/rustwide/rustup-home" "-e" "CARGO_TARGET_DIR=/opt/rustwide/target" "-e" "CARGO_INCREMENTAL=0" "-e" "RUST_BACKTRACE=full" "-e" "RUSTFLAGS=--cap-lints=warn" "-e" "RUSTDOCFLAGS=--cap-lints=warn" "-w" "/opt/rustwide/workdir" "--user" "0:0" "74c0048e9c5f929a9d72d74fb96ff0893a7b149e01ee5b4dac23b5c6de865f0a" "/opt/rustwide/cargo-home/bin/cargo" "+1.98.0-beta.8" "build" "--frozen" "--message-format=json" "--release", kill_on_drop: false }`
[INFO] [stderr] warning: Cargo.toml: `package.edition` is unspecified, defaulting to `2015` while the latest is `2024`
[INFO] [stderr] warning: `jsonrpc_types` (manifest) generated 1 warning
[INFO] [stderr]    Compiling proc-macro2 v1.0.47
[INFO] [stderr]    Compiling unicode-ident v1.0.5
[INFO] [stderr]    Compiling syn v1.0.103
[INFO] [stderr]    Compiling ident_case v1.0.1
[INFO] [stderr]    Compiling strsim v0.10.0
[INFO] [stderr]    Compiling serde_derive v1.0.147
[INFO] [stderr]    Compiling serde v1.0.147
[INFO] [stderr]    Compiling serde_json v1.0.87
[INFO] [stderr]    Compiling quote v1.0.21
[INFO] [stderr]    Compiling darling_core v0.12.4
[INFO] [stderr]    Compiling darling_macro v0.12.4
[INFO] [stderr]    Compiling darling v0.12.4
[INFO] [stderr]    Compiling derive_builder_core v0.10.2
[INFO] [stderr]    Compiling derive_builder_macro v0.10.2
[INFO] [stderr]    Compiling derive_builder v0.10.2
[INFO] [stderr]    Compiling jsonrpc_types v1.0.7 (/opt/rustwide/workdir)
[INFO] [stdout] error[E0277]: the trait bound `JSONRPCVersion: Default` is not satisfied
[INFO] [stdout]   --> src/lib.rs:75:5
[INFO] [stdout]    |
[INFO] [stdout] 69 | #[derive(Serialize, Deserialize, Clone, Debug, PartialEq, Builder, Default)]
[INFO] [stdout]    |                                                                    ------- in this derive macro expansion
[INFO] [stdout] ...
[INFO] [stdout] 75 |     pub jsonrpc: JSONRPCVersion,
[INFO] [stdout]    |     ^^^^^^^^^^^^^^^^^^^^^^^^^^^ the trait `Default` is not implemented for `JSONRPCVersion`
[INFO] [stdout]    |
[INFO] [stdout] help: consider annotating `JSONRPCVersion` with `#[derive(Default)]`
[INFO] [stdout]    |
[INFO] [stdout] 35 + #[derive(Default)]
[INFO] [stdout] 36 | pub enum JSONRPCVersion {
[INFO] [stdout]    |
[INFO] [stdout] 
[INFO] [stdout] 
[INFO] [stdout] error[E0277]: the trait bound `JSONRPCRequestId: Default` is not satisfied
[INFO] [stdout]    --> src/lib.rs:123:5
[INFO] [stdout]     |
[INFO] [stdout] 119 | #[derive(Serialize, Deserialize, Clone, Debug, PartialEq, Builder, Default)]
[INFO] [stdout]     |                                                                    ------- in this derive macro expansion
[INFO] [stdout] ...
[INFO] [stdout] 123 |     pub id: JSONRPCRequestId,
[INFO] [stdout]     |     ^^^^^^^^^^^^^^^^^^^^^^^^ the trait `Default` is not implemented for `JSONRPCRequestId`
[INFO] [stdout]     |
[INFO] [stdout] help: consider annotating `JSONRPCRequestId` with `#[derive(Default)]`
[INFO] [stdout]     |
[INFO] [stdout]  25 + #[derive(Default)]
[INFO] [stdout]  26 | pub enum JSONRPCRequestId {
[INFO] [stdout]     |
[INFO] [stdout] 
[INFO] [stdout] 
[INFO] [stdout] error[E0277]: the trait bound `JSONRPCVersion: Default` is not satisfied
[INFO] [stdout]    --> src/lib.rs:124:5
[INFO] [stdout]     |
[INFO] [stdout] 119 | #[derive(Serialize, Deserialize, Clone, Debug, PartialEq, Builder, Default)]
[INFO] [stdout]     |                                                                    ------- in this derive macro expansion
[INFO] [stdout] ...
[INFO] [stdout] 124 |     pub jsonrpc: JSONRPCVersion,
[INFO] [stdout]     |     ^^^^^^^^^^^^^^^^^^^^^^^^^^^ the trait `Default` is not implemented for `JSONRPCVersion`
[INFO] [stdout]     |
[INFO] [stdout] help: consider annotating `JSONRPCVersion` with `#[derive(Default)]`
[INFO] [stdout]     |
[INFO] [stdout]  35 + #[derive(Default)]
[INFO] [stdout]  36 | pub enum JSONRPCVersion {
[INFO] [stdout]     |
[INFO] [stdout] 
[INFO] [stdout] 
[INFO] [stdout] For more information about this error, try `rustc --explain E0277`.
[INFO] [stdout] 
[INFO] [stderr] error: could not compile `jsonrpc_types` (lib) due to 3 previous errors
[INFO] [stderr] warning: build failed, waiting for other jobs to finish...
[INFO] running `Command { std: "docker" "inspect" "74c0048e9c5f929a9d72d74fb96ff0893a7b149e01ee5b4dac23b5c6de865f0a", kill_on_drop: false }`
[INFO] running `Command { std: "docker" "rm" "-f" "74c0048e9c5f929a9d72d74fb96ff0893a7b149e01ee5b4dac23b5c6de865f0a", kill_on_drop: false }`
[INFO] [stdout] 74c0048e9c5f929a9d72d74fb96ff0893a7b149e01ee5b4dac23b5c6de865f0a
