[INFO] cloning repository https://github.com/jonasgrosch/niriidle
[INFO] running `Command { std: "git" "-c" "credential.helper=" "-c" "credential.helper=/workspace/cargo-home/bin/git-credential-null" "clone" "--bare" "https://github.com/jonasgrosch/niriidle" "/workspace/cache/git-repos/https%3A%2F%2Fgithub.com%2Fjonasgrosch%2Fniriidle", kill_on_drop: false }`
[INFO] [stderr] Cloning into bare repository '/workspace/cache/git-repos/https%3A%2F%2Fgithub.com%2Fjonasgrosch%2Fniriidle'...
[INFO] running `Command { std: "git" "rev-parse" "HEAD", kill_on_drop: false }`
[INFO] [stdout] 541053e7562c736e56124a7e3889fa9a09e9f38e
[INFO] testing jonasgrosch/niriidle against 1.98.0-beta.8+cargoflags=--release for beta-release-1.99-2
[INFO] running `Command { std: "git" "clone" "/workspace/cache/git-repos/https%3A%2F%2Fgithub.com%2Fjonasgrosch%2Fniriidle" "/workspace/builds/worker-6-tc1/source", kill_on_drop: false }`
[INFO] [stderr] Cloning into '/workspace/builds/worker-6-tc1/source'...
[INFO] [stderr] done.
[INFO] started tweaking git repo https://github.com/jonasgrosch/niriidle
[INFO] finished tweaking git repo https://github.com/jonasgrosch/niriidle
[INFO] tweaked toml for git repo https://github.com/jonasgrosch/niriidle written to /workspace/builds/worker-6-tc1/source/Cargo.toml
[INFO] validating manifest of git repo https://github.com/jonasgrosch/niriidle on toolchain 1.98.0-beta.8
[INFO] running `Command { std: CARGO_HOME="/workspace/cargo-home" RUSTUP_HOME="/workspace/rustup-home" "/workspace/cargo-home/bin/cargo" "+1.98.0-beta.8" "metadata" "--manifest-path" "Cargo.toml" "--no-deps", kill_on_drop: false }`
[INFO] crate git repo https://github.com/jonasgrosch/niriidle already has a lockfile, it will not be regenerated
[INFO] running `Command { std: CARGO_HOME="/workspace/cargo-home" RUSTUP_HOME="/workspace/rustup-home" "/workspace/cargo-home/bin/cargo" "+1.98.0-beta.8" "fetch" "--manifest-path" "Cargo.toml", kill_on_drop: false }`
[INFO] [stderr]     Updating crates.io index
[INFO] [stderr]  Downloading crates ...
[INFO] [stderr]   Downloaded zvariant_derive v4.2.0
[INFO] [stderr]   Downloaded zvariant_utils v2.1.0
[INFO] [stderr]   Downloaded zbus_names v3.0.0
[INFO] [stderr]   Downloaded anstyle-parse v0.2.7
[INFO] [stderr]   Downloaded anstyle-query v1.1.4
[INFO] [stderr]   Downloaded once_cell_polyfill v1.70.1
[INFO] [stderr]   Downloaded knuffel-derive v3.2.0
[INFO] [stderr]   Downloaded calloop-wayland-source v0.2.0
[INFO] [stderr]   Downloaded anstyle v1.0.13
[INFO] [stderr]   Downloaded anstream v0.6.21
[INFO] [stderr]   Downloaded colorchoice v1.0.4
[INFO] [stderr]   Downloaded proc-macro-crate v1.3.1
[INFO] [stderr]   Downloaded anstyle-wincon v3.0.10
[INFO] [stderr]   Downloaded zvariant v4.2.0
[INFO] [stderr]   Downloaded clap_lex v0.7.6
[INFO] [stderr]   Downloaded waker-fn v1.2.0
[INFO] [stderr]   Downloaded instant v0.1.13
[INFO] [stderr]   Downloaded miette-derive v5.10.0
[INFO] [stderr]   Downloaded calloop v0.12.4
[INFO] [stderr]   Downloaded xdg-home v1.3.0
[INFO] [stderr]   Downloaded wayland-sys v0.31.7
[INFO] [stderr]   Downloaded clap_derive v4.5.49
[INFO] [stderr]   Downloaded serde_repr v0.1.20
[INFO] [stderr]   Downloaded clap v4.5.49
[INFO] [stderr]   Downloaded anyhow v1.0.100
[INFO] [stderr]   Downloaded async-recursion v1.1.1
[INFO] [stderr]   Downloaded chumsky v0.9.3
[INFO] [stderr]   Downloaded zvariant_utils v1.0.1
[INFO] [stderr]   Downloaded unicode-segmentation v1.12.0
[INFO] [stderr]   Downloaded enumflags2_derive v0.7.12
[INFO] [stderr]   Downloaded memoffset v0.7.1
[INFO] [stderr]   Downloaded downcast-rs v1.2.1
[INFO] [stderr]   Downloaded proc-macro-error-attr v1.0.4
[INFO] [stderr]   Downloaded endi v1.1.0
[INFO] [stderr]   Downloaded enumflags2 v0.7.12
[INFO] [stderr]   Downloaded toml_datetime v0.7.3
[INFO] [stderr]   Downloaded fastrand v1.9.0
[INFO] [stderr]   Downloaded piper v0.2.4
[INFO] [stderr]   Downloaded event-listener-strategy v0.5.4
[INFO] [stderr]   Downloaded zbus_names v2.6.1
[INFO] [stderr]   Downloaded proc-macro-crate v3.4.0
[INFO] [stderr]   Downloaded async-broadcast v0.5.1
[INFO] [stderr]   Downloaded find-msvc-tools v0.1.4
[INFO] [stderr]   Downloaded zvariant_derive v3.15.2
[INFO] [stderr]   Downloaded blocking v1.6.2
[INFO] [stderr]   Downloaded async-channel v2.5.0
[INFO] [stderr]   Downloaded async-process v1.8.1
[INFO] [stderr]   Downloaded slab v0.4.11
[INFO] [stderr]   Downloaded hermit-abi v0.5.2
[INFO] [stderr]   Downloaded async-fs v1.6.0
[INFO] [stderr]   Downloaded quote v1.0.41
[INFO] [stderr]   Downloaded proc-macro-error v1.0.4
[INFO] [stderr]   Downloaded zbus_macros v3.15.2
[INFO] [stderr]   Downloaded thread_local v1.1.9
[INFO] [stderr]   Downloaded generic-array v0.14.9
[INFO] [stderr]   Downloaded event-listener v2.5.3
[INFO] [stderr]   Downloaded async-signal v0.2.13
[INFO] [stderr]   Downloaded async-executor v1.13.2
[INFO] [stderr]   Downloaded ordered-stream v0.2.0
[INFO] [stderr]   Downloaded signal-hook-registry v1.4.6
[INFO] [stderr]   Downloaded async-lock v2.8.0
[INFO] [stderr]   Downloaded uds_windows v1.1.0
[INFO] [stderr]   Downloaded getrandom v0.2.16
[INFO] [stderr]   Downloaded event-listener v5.4.1
[INFO] [stderr]   Downloaded async-lock v3.4.1
[INFO] [stderr]   Downloaded socket2 v0.4.10
[INFO] [stderr]   Downloaded io-lifetimes v1.0.11
[INFO] [stderr]   Downloaded wayland-scanner v0.31.7
[INFO] [stderr]   Downloaded unicode-ident v1.0.19
[INFO] [stderr]   Downloaded toml_parser v1.0.4
[INFO] [stderr]   Downloaded zvariant v3.15.2
[INFO] [stderr]   Downloaded bitflags v2.9.4
[INFO] [stderr]   Downloaded tracing-core v0.1.34
[INFO] [stderr]   Downloaded tracing-attributes v0.1.30
[INFO] [stderr]   Downloaded derivative v2.2.0
[INFO] [stderr]   Downloaded futures-lite v2.6.1
[INFO] [stderr]   Downloaded futures-lite v1.13.0
[INFO] [stderr]   Downloaded event-listener v3.1.0
[INFO] [stderr]   Downloaded polling v2.8.0
[INFO] [stderr]   Downloaded proc-macro2 v1.0.101
[INFO] [stderr]   Downloaded async-io v1.13.0
[INFO] [stderr]   Downloaded log v0.4.28
[INFO] [stderr]   Downloaded wit-bindgen v0.46.0
[INFO] [stderr]   Downloaded async-task v4.7.1
[INFO] [stderr]   Downloaded wayland-backend v0.3.11
[INFO] [stderr]   Downloaded knuffel v3.2.0
[INFO] [stderr]   Downloaded toml_edit v0.23.7
[INFO] [stderr]   Downloaded memchr v2.7.6
[INFO] [stderr]   Downloaded tempfile v3.23.0
[INFO] [stderr]   Downloaded async-io v2.6.0
[INFO] [stderr]   Downloaded polling v3.11.0
[INFO] [stderr]   Downloaded wayland-client v0.31.11
[INFO] [stderr]   Downloaded miette v5.10.0
[INFO] [stderr]   Downloaded tracing v0.1.41
[INFO] [stderr]   Downloaded zerocopy-derive v0.8.27
[INFO] [stderr]   Downloaded cc v1.2.41
[INFO] [stderr]   Downloaded toml_edit v0.19.15
[INFO] [stderr]   Downloaded indexmap v2.11.4
[INFO] [stderr]   Downloaded winnow v0.5.40
[INFO] [stderr]   Downloaded wasip2 v1.0.1+wasi-0.2.4
[INFO] [stderr]   Downloaded hashbrown v0.16.0
[INFO] [stderr]   Downloaded regex v1.12.2
[INFO] [stderr]   Downloaded zbus v3.15.2
[INFO] [stderr]   Downloaded winnow v0.7.13
[INFO] [stderr]   Downloaded clap_builder v4.5.49
[INFO] [stderr]   Downloaded quick-xml v0.37.5
[INFO] [stderr]   Downloaded tracing-subscriber v0.3.20
[INFO] [stderr]   Downloaded syn v2.0.106
[INFO] [stderr]   Downloaded zerocopy v0.8.27
[INFO] [stderr]   Downloaded nix v0.26.4
[INFO] [stderr]   Downloaded unicode-width v0.1.14
[INFO] [stderr]   Downloaded rustix v0.37.28
[INFO] [stderr]   Downloaded regex-syntax v0.8.8
[INFO] [stderr]   Downloaded rustix v0.38.44
[INFO] [stderr]   Downloaded rustix v1.1.2
[INFO] [stderr]   Downloaded regex-automata v0.4.13
[INFO] [stderr]   Downloaded libc v0.2.177
[INFO] [stderr]   Downloaded linux-raw-sys v0.3.8
[INFO] [stderr]   Downloaded linux-raw-sys v0.4.15
[INFO] running `Command { std: "docker" "create" "-v" "/var/lib/crater-agent-workspace/builds/worker-6-tc1/source:/opt/rustwide/workdir:ro,Z" "-v" "/var/lib/crater-agent-workspace/builds/worker-6-tc1/target:/opt/rustwide/target:rw,Z" "-v" "/var/lib/crater-agent-workspace/cargo-home:/opt/rustwide/cargo-home:ro,Z" "-v" "/var/lib/crater-agent-workspace/rustup-home:/opt/rustwide/rustup-home:ro,Z" "-m" "1610612736" "--network" "none" "ghcr.io/rust-lang/crates-build-env/linux@sha256:8683fc1fc2eb5c9ac98e0d076ab094b2ffac7f99da555d2b6a2e27f346de2ec7" "sleep" "infinity", kill_on_drop: false }`
[INFO] [stdout] 7f3d4492f70fba676899a41112fda2460838f41a24f8d1c858c60ab113921d8b
[INFO] running `Command { std: "docker" "start" "7f3d4492f70fba676899a41112fda2460838f41a24f8d1c858c60ab113921d8b", kill_on_drop: false }`
[INFO] running `Command { std: "docker" "inspect" "7f3d4492f70fba676899a41112fda2460838f41a24f8d1c858c60ab113921d8b", kill_on_drop: false }`
[INFO] running `Command { std: "docker" "exec" "-e" "SOURCE_DIR=/opt/rustwide/workdir" "-e" "CARGO_HOME=/opt/rustwide/cargo-home" "-e" "RUSTUP_HOME=/opt/rustwide/rustup-home" "-e" "CARGO_TARGET_DIR=/opt/rustwide/target" "-w" "/opt/rustwide/workdir" "--user" "0:0" "7f3d4492f70fba676899a41112fda2460838f41a24f8d1c858c60ab113921d8b" "/opt/rustwide/cargo-home/bin/cargo" "+1.98.0-beta.8" "metadata" "--no-deps" "--format-version=1", kill_on_drop: false }`
[INFO] running `Command { std: "docker" "inspect" "7f3d4492f70fba676899a41112fda2460838f41a24f8d1c858c60ab113921d8b", kill_on_drop: false }`
[INFO] running `Command { std: "docker" "exec" "-e" "SOURCE_DIR=/opt/rustwide/workdir" "-e" "CARGO_HOME=/opt/rustwide/cargo-home" "-e" "RUSTUP_HOME=/opt/rustwide/rustup-home" "-e" "CARGO_TARGET_DIR=/opt/rustwide/target" "-e" "CARGO_INCREMENTAL=0" "-e" "RUST_BACKTRACE=full" "-e" "RUSTFLAGS=--cap-lints=warn" "-e" "RUSTDOCFLAGS=--cap-lints=warn" "-w" "/opt/rustwide/workdir" "--user" "0:0" "7f3d4492f70fba676899a41112fda2460838f41a24f8d1c858c60ab113921d8b" "/opt/rustwide/cargo-home/bin/cargo" "+1.98.0-beta.8" "build" "--frozen" "--message-format=json" "--release", kill_on_drop: false }`
[INFO] [stderr]    Compiling proc-macro2 v1.0.101
[INFO] [stderr]    Compiling unicode-ident v1.0.19
[INFO] [stderr]    Compiling quote v1.0.41
[INFO] [stderr]    Compiling version_check v0.9.5
[INFO] [stderr]    Compiling cfg-if v1.0.4
[INFO] [stderr]    Compiling libc v0.2.177
[INFO] [stderr]    Compiling pin-project-lite v0.2.16
[INFO] [stderr]    Compiling autocfg v1.5.0
[INFO] [stderr]    Compiling equivalent v1.0.2
[INFO] [stderr]    Compiling hashbrown v0.16.0
[INFO] [stderr]    Compiling syn v1.0.109
[INFO] [stderr]    Compiling crossbeam-utils v0.8.21
[INFO] [stderr]    Compiling memchr v2.7.6
[INFO] [stderr]    Compiling futures-core v0.3.31
[INFO] [stderr]    Compiling once_cell v1.21.3
[INFO] [stderr]    Compiling zerocopy v0.8.27
[INFO] [stderr]    Compiling serde_core v1.0.228
[INFO] [stderr]    Compiling serde v1.0.228
[INFO] [stderr]    Compiling typenum v1.19.0
[INFO] [stderr]    Compiling indexmap v2.11.4
[INFO] [stderr]    Compiling parking v2.2.1
[INFO] [stderr]    Compiling concurrent-queue v2.5.0
[INFO] [stderr]    Compiling generic-array v0.14.9
[INFO] [stderr]    Compiling futures-io v0.3.31
[INFO] [stderr]    Compiling syn v2.0.106
[INFO] [stderr]    Compiling toml_datetime v0.6.11
[INFO] [stderr]    Compiling rustix v1.1.2
[INFO] [stderr]    Compiling bitflags v2.9.4
[INFO] [stderr]    Compiling winnow v0.5.40
[INFO] [stderr]    Compiling log v0.4.28
[INFO] [stderr]    Compiling winnow v0.7.13
[INFO] [stderr]    Compiling pkg-config v0.3.32
[INFO] [stderr]    Compiling thiserror v1.0.69
[INFO] [stderr]    Compiling find-msvc-tools v0.1.4
[INFO] [stderr]    Compiling slab v0.4.11
[INFO] [stderr]    Compiling linux-raw-sys v0.11.0
[INFO] [stderr]    Compiling shlex v1.3.0
[INFO] [stderr]    Compiling cc v1.2.41
[INFO] [stderr]    Compiling wayland-sys v0.31.7
[INFO] [stderr]    Compiling toml_edit v0.19.15
[INFO] [stderr]    Compiling toml_parser v1.0.4
[INFO] [stderr]    Compiling quick-xml v0.37.5
[INFO] [stderr]    Compiling event-listener v5.4.1
[INFO] [stderr]    Compiling ahash v0.8.12
[INFO] [stderr]    Compiling proc-macro-error-attr v1.0.4
[INFO] [stderr]    Compiling fastrand v2.3.0
[INFO] [stderr]    Compiling event-listener v2.5.3
[INFO] [stderr]    Compiling toml_datetime v0.7.3
[INFO] [stderr]    Compiling io-lifetimes v1.0.11
[INFO] [stderr]    Compiling static_assertions v1.1.0
[INFO] [stderr]    Compiling wayland-scanner v0.31.7
[INFO] [stderr]    Compiling toml_edit v0.23.7
[INFO] [stderr]    Compiling wayland-backend v0.3.11
[INFO] [stderr]    Compiling event-listener-strategy v0.5.4
[INFO] [stderr]    Compiling getrandom v0.2.16
[INFO] [stderr]    Compiling aho-corasick v1.1.3
[INFO] [stderr]    Compiling tracing-core v0.1.34
[INFO] [stderr]    Compiling zvariant_utils v1.0.1
[INFO] [stderr]    Compiling proc-macro-crate v1.3.1
[INFO] [stderr]    Compiling memoffset v0.7.1
[INFO] [stderr]    Compiling polling v2.8.0
[INFO] [stderr]    Compiling futures-lite v2.6.1
[INFO] [stderr]    Compiling proc-macro-error v1.0.4
[INFO] [stderr]    Compiling rustix v0.38.44
[INFO] [stderr]    Compiling smallvec v1.15.1
[INFO] [stderr]    Compiling atomic-waker v1.1.2
[INFO] [stderr]    Compiling utf8parse v0.2.2
[INFO] [stderr]    Compiling rustix v0.37.28
[INFO] [stderr]    Compiling regex-syntax v0.8.8
[INFO] [stderr]    Compiling async-task v4.7.1
[INFO] [stderr]    Compiling serde_derive v1.0.228
[INFO] [stderr]    Compiling enumflags2_derive v0.7.12
[INFO] [stderr]    Compiling thiserror-impl v1.0.69
[INFO] [stderr]    Compiling bitflags v1.3.2
[INFO] [stderr]    Compiling waker-fn v1.2.0
[INFO] [stderr]    Compiling fastrand v1.9.0
[INFO] [stderr]    Compiling zvariant_derive v3.15.2
[INFO] [stderr]    Compiling futures-lite v1.13.0
[INFO] [stderr]    Compiling tracing-attributes v0.1.30
[INFO] [stderr]    Compiling anstyle-parse v0.2.7
[INFO] [stderr]    Compiling piper v0.2.4
[INFO] [stderr]    Compiling proc-macro-crate v3.4.0
[INFO] [stderr]    Compiling rand_core v0.6.4
[INFO] [stderr]    Compiling async-channel v2.5.0
[INFO] [stderr]    Compiling zvariant_utils v2.1.0
[INFO] [stderr]    Compiling async-lock v2.8.0
[INFO] [stderr]    Compiling block-buffer v0.10.4
[INFO] [stderr]    Compiling crypto-common v0.1.6
[INFO] [stderr]    Compiling ppv-lite86 v0.2.21
[INFO] [stderr]    Compiling async-fs v1.6.0
[INFO] [stderr]    Compiling async-io v1.13.0
[INFO] [stderr]    Compiling downcast-rs v1.2.1
[INFO] [stderr]    Compiling linux-raw-sys v0.3.8
[INFO] [stderr]    Compiling unicode-segmentation v1.12.0
[INFO] [stderr]    Compiling colorchoice v1.0.4
[INFO] [stderr]    Compiling regex-automata v0.4.13
[INFO] [stderr]    Compiling linux-raw-sys v0.4.15
[INFO] [stderr]    Compiling anstyle v1.0.13
[INFO] [stderr]    Compiling is_terminal_polyfill v1.70.1
[INFO] [stderr]    Compiling byteorder v1.5.0
[INFO] [stderr]    Compiling wayland-client v0.31.11
[INFO] [stderr]    Compiling anstyle-query v1.1.4
[INFO] [stderr]    Compiling allocator-api2 v0.2.21
[INFO] [stderr]    Compiling anstream v0.6.21
[INFO] [stderr]    Compiling heck v0.4.1
[INFO] [stderr]    Compiling hashbrown v0.14.5
[INFO] [stderr]    Compiling rand_chacha v0.3.1
[INFO] [stderr]    Compiling polling v3.11.0
[INFO] [stderr]    Compiling tracing v0.1.41
[INFO] [stderr]    Compiling enumflags2 v0.7.12
[INFO] [stderr]    Compiling zvariant_derive v4.2.0
[INFO] [stderr]    Compiling zvariant v3.15.2
[INFO] [stderr]    Compiling regex v1.12.2
[INFO] [stderr]    Compiling digest v0.10.7
[INFO] [stderr]    Compiling blocking v1.6.2
[INFO] [stderr]    Compiling miette-derive v5.10.0
[INFO] [stderr]    Compiling socket2 v0.4.10
[INFO] [stderr]    Compiling unicode-width v0.1.14
[INFO] [stderr]    Compiling heck v0.5.0
[INFO] [stderr]    Compiling strsim v0.11.1
[INFO] [stderr]    Compiling futures-sink v0.3.31
[INFO] [stderr]    Compiling clap_lex v0.7.6
[INFO] [stderr]    Compiling pin-utils v0.1.0
[INFO] [stderr]    Compiling cpufeatures v0.2.17
[INFO] [stderr]    Compiling anyhow v1.0.100
[INFO] [stderr]    Compiling lazy_static v1.5.0
[INFO] [stderr]    Compiling endi v1.1.0
[INFO] [stderr]    Compiling futures-task v0.3.31
[INFO] [stderr]    Compiling sharded-slab v0.1.7
[INFO] [stderr]    Compiling zvariant v4.2.0
[INFO] [stderr]    Compiling futures-util v0.3.31
[INFO] [stderr]    Compiling zbus_names v2.6.1
[INFO] [stderr]    Compiling sha1 v0.10.6
[INFO] [stderr]    Compiling clap_builder v4.5.49
[INFO] [stderr]    Compiling miette v5.10.0
[INFO] [stderr]    Compiling matchers v0.2.0
[INFO] [stderr]    Compiling clap_derive v4.5.49
[INFO] [stderr]    Compiling zbus_macros v3.15.2
[INFO] [stderr]    Compiling nix v0.26.4
[INFO] [stderr]    Compiling knuffel-derive v3.2.0
[INFO] [stderr]    Compiling calloop v0.12.4
[INFO] [stderr]    Compiling chumsky v0.9.3
[INFO] [stderr]    Compiling rand v0.8.5
[INFO] [stderr]    Compiling derivative v2.2.0
[INFO] [stderr]    Compiling async-executor v1.13.2
[INFO] [stderr]    Compiling async-trait v0.1.89
[INFO] [stderr]    Compiling async-recursion v1.1.1
[INFO] [stderr]    Compiling serde_repr v0.1.20
[INFO] [stderr]    Compiling niriidle v0.1.0 (/opt/rustwide/workdir)
[INFO] [stderr]    Compiling tracing-log v0.2.0
[INFO] [stderr]    Compiling async-broadcast v0.5.1
[INFO] [stderr]    Compiling xdg-home v1.3.0
[INFO] [stderr]    Compiling ordered-stream v0.2.0
[INFO] [stderr]    Compiling thread_local v1.1.9
[INFO] [stderr]    Compiling nu-ansi-term v0.50.3
[INFO] [stderr]    Compiling base64 v0.21.7
[INFO] [stderr]    Compiling hex v0.4.3
[INFO] [stderr]    Compiling tracing-subscriber v0.3.20
[INFO] [stderr]    Compiling zbus_names v3.0.0
[INFO] [stderr]    Compiling clap v4.5.49
[INFO] [stderr]    Compiling calloop-wayland-source v0.2.0
[INFO] [stderr]    Compiling crossbeam-channel v0.5.15
[INFO] [stderr]    Compiling knuffel v3.2.0
[INFO] [stderr]    Compiling zbus v3.15.2
[INFO] [stdout] error[E0432]: unresolved import `proto::ext_idle_notification_v1`
[INFO] [stdout]  --> src/wayland/ext_idle.rs:7:9
[INFO] [stdout]   |
[INFO] [stdout] 7 | pub use proto::ext_idle_notification_v1;
[INFO] [stdout]   |         ^^^^^^^------------------------
[INFO] [stdout]   |                |
[INFO] [stdout]   |                no `ext_idle_notification_v1` in `wayland::ext_idle::proto`
[INFO] [stdout] 
[INFO] [stdout] 
[INFO] [stdout] error[E0432]: unresolved import `proto::ext_idle_notifier_v1`
[INFO] [stdout]  --> src/wayland/ext_idle.rs:9:9
[INFO] [stdout]   |
[INFO] [stdout] 9 | pub use proto::ext_idle_notifier_v1;
[INFO] [stdout]   |         ^^^^^^^--------------------
[INFO] [stdout]   |                |
[INFO] [stdout]   |                no `ext_idle_notifier_v1` in `wayland::ext_idle::proto`
[INFO] [stdout] 
[INFO] [stdout] 
[INFO] [stdout] error[E0433]: cannot find `include_protocol` in `protocol`
[INFO] [stdout]  --> src/wayland/ext_idle.rs:4:31
[INFO] [stdout]   |
[INFO] [stdout] 4 |     wayland_client::protocol::include_protocol!("../../protocols/ext-idle-notify-v1.xml");
[INFO] [stdout]   |                               ^^^^^^^^^^^^^^^^ could not find `include_protocol` in `protocol`
[INFO] [stdout] 
[INFO] [stdout] 
[INFO] [stdout] error[E0425]: cannot find function `document` in module `decode`
[INFO] [stdout]   --> src/config/knuffel_cfg.rs:70:23
[INFO] [stdout]    |
[INFO] [stdout] 70 |     let doc = decode::document(text)?;
[INFO] [stdout]    |                       ^^^^^^^^ not found in `decode`
[INFO] [stdout] 
[INFO] [stdout] 
[INFO] [stdout] error[E0433]: cannot find `Entry` in `ast`
[INFO] [stdout]   --> src/config/knuffel_cfg.rs:78:42
[INFO] [stdout]    |
[INFO] [stdout] 78 |                     if let knuffel::ast::Entry::Property(p) = e {
[INFO] [stdout]    |                                          ^^^^^ could not find `Entry` in `ast`
[INFO] [stdout]    |
[INFO] [stdout] help: consider importing one of these enums
[INFO] [stdout]    |
[INFO] [stdout]  1 + use std::collections::btree_map::Entry;
[INFO] [stdout]    |
[INFO] [stdout]  1 + use std::collections::hash_map::Entry;
[INFO] [stdout]    |
[INFO] [stdout] help: if you import `Entry`, refer to it directly
[INFO] [stdout]    |
[INFO] [stdout] 78 -                     if let knuffel::ast::Entry::Property(p) = e {
[INFO] [stdout] 78 +                     if let Entry::Property(p) = e {
[INFO] [stdout]    |
[INFO] [stdout] 
[INFO] [stdout] 
[INFO] [stdout] error[E0433]: cannot find `Entry` in `ast`
[INFO] [stdout]    --> src/config/knuffel_cfg.rs:101:42
[INFO] [stdout]     |
[INFO] [stdout] 101 |                     if let knuffel::ast::Entry::Property(p) = e {
[INFO] [stdout]     |                                          ^^^^^ could not find `Entry` in `ast`
[INFO] [stdout]     |
[INFO] [stdout] help: consider importing one of these enums
[INFO] [stdout]     |
[INFO] [stdout]   1 + use std::collections::btree_map::Entry;
[INFO] [stdout]     |
[INFO] [stdout]   1 + use std::collections::hash_map::Entry;
[INFO] [stdout]     |
[INFO] [stdout] help: if you import `Entry`, refer to it directly
[INFO] [stdout]     |
[INFO] [stdout] 101 -                     if let knuffel::ast::Entry::Property(p) = e {
[INFO] [stdout] 101 +                     if let Entry::Property(p) = e {
[INFO] [stdout]     |
[INFO] [stdout] 
[INFO] [stdout] 
[INFO] [stdout] warning: unused import: `ast::SpannedNode`
[INFO] [stdout]  --> src/config/knuffel_cfg.rs:1:45
[INFO] [stdout]   |
[INFO] [stdout] 1 | use knuffel::{decode, traits::DecodeScalar, ast::SpannedNode};
[INFO] [stdout]   |                                             ^^^^^^^^^^^^^^^^
[INFO] [stdout]   |
[INFO] [stdout]   = note: `#[warn(unused_imports)]` (part of `#[warn(unused)]`) on by default
[INFO] [stdout] 
[INFO] [stdout] 
[INFO] [stdout] warning: unused imports: `General` and `Listener`
[INFO] [stdout]  --> src/config/mod.rs:3:23
[INFO] [stdout]   |
[INFO] [stdout] 3 | pub use knuffel_cfg::{General, Listener, RootConfig, InhibitMode};
[INFO] [stdout]   |                       ^^^^^^^  ^^^^^^^^
[INFO] [stdout] 
[INFO] [stdout] 
[INFO] [stdout] warning: unused import: `wayland_client::protocol::wl_seat::WlSeat`
[INFO] [stdout]   --> src/wayland/ext_idle.rs:14:5
[INFO] [stdout]    |
[INFO] [stdout] 14 | use wayland_client::protocol::wl_seat::WlSeat;
[INFO] [stdout]    |     ^^^^^^^^^^^^^^^^^^^^^^^^^^^^^^^^^^^^^^^^^
[INFO] [stdout] 
[INFO] [stdout] 
[INFO] [stdout] warning: unused import: `calloop::generic::Generic`
[INFO] [stdout]   --> src/main.rs:22:5
[INFO] [stdout]    |
[INFO] [stdout] 22 | use calloop::generic::Generic;
[INFO] [stdout]    |     ^^^^^^^^^^^^^^^^^^^^^^^^^
[INFO] [stdout] 
[INFO] [stdout] 
[INFO] [stdout] warning: unused imports: `Interest` and `Mode`
[INFO] [stdout]   --> src/main.rs:24:15
[INFO] [stdout]    |
[INFO] [stdout] 24 | use calloop::{Interest, Mode};
[INFO] [stdout]    |               ^^^^^^^^  ^^^^
[INFO] [stdout] 
[INFO] [stdout] 
[INFO] [stdout] warning: unused import: `std::os::fd::AsRawFd`
[INFO] [stdout]   --> src/main.rs:26:5
[INFO] [stdout]    |
[INFO] [stdout] 26 | use std::os::fd::AsRawFd;
[INFO] [stdout]    |     ^^^^^^^^^^^^^^^^^^^^
[INFO] [stdout] 
[INFO] [stdout] 
[INFO] [stdout] warning: unused imports: `Dispatch` and `QueueHandle`
[INFO] [stdout]   --> src/main.rs:38:22
[INFO] [stdout]    |
[INFO] [stdout] 38 | use wayland_client::{Dispatch, QueueHandle};
[INFO] [stdout]    |                      ^^^^^^^^  ^^^^^^^^^^^
[INFO] [stdout] 
[INFO] [stdout] 
[INFO] [stdout] error[E0107]: trait takes 0 lifetime arguments but 1 lifetime argument was supplied
[INFO] [stdout]   --> src/config/knuffel_cfg.rs:52:10
[INFO] [stdout]    |
[INFO] [stdout] 52 | impl<'a> DecodeScalar<'a> for InhibitMode {
[INFO] [stdout]    |          ^^^^^^^^^^^^---- help: remove the unnecessary generics
[INFO] [stdout]    |          |
[INFO] [stdout]    |          expected 0 lifetime arguments
[INFO] [stdout]    |
[INFO] [stdout] note: trait defined here, with 0 lifetime parameters
[INFO] [stdout]   --> /opt/rustwide/cargo-home/registry/src/index.crates.io-1949cf8c6b5b557f/knuffel-3.2.0/src/traits.rs:56:11
[INFO] [stdout]    |
[INFO] [stdout] 56 | pub trait DecodeScalar<S: ErrorSpan>: Sized {
[INFO] [stdout]    |           ^^^^^^^^^^^^
[INFO] [stdout] 
[INFO] [stdout] 
[INFO] [stdout] error[E0107]: trait takes 1 generic argument but 0 generic arguments were supplied
[INFO] [stdout]   --> src/config/knuffel_cfg.rs:52:10
[INFO] [stdout]    |
[INFO] [stdout] 52 | impl<'a> DecodeScalar<'a> for InhibitMode {
[INFO] [stdout]    |          ^^^^^^^^^^^^ expected 1 generic argument
[INFO] [stdout]    |
[INFO] [stdout] note: trait defined here, with 1 generic parameter: `S`
[INFO] [stdout]   --> /opt/rustwide/cargo-home/registry/src/index.crates.io-1949cf8c6b5b557f/knuffel-3.2.0/src/traits.rs:56:11
[INFO] [stdout]    |
[INFO] [stdout] 56 | pub trait DecodeScalar<S: ErrorSpan>: Sized {
[INFO] [stdout]    |           ^^^^^^^^^^^^ -
[INFO] [stdout] help: add missing generic argument
[INFO] [stdout]    |
[INFO] [stdout] 52 | impl<'a> DecodeScalar<'a, S> for InhibitMode {
[INFO] [stdout]    |                         +++
[INFO] [stdout] 
[INFO] [stdout] 
[INFO] [stdout] error[E0107]: trait takes 0 lifetime arguments but 1 lifetime argument was supplied
[INFO] [stdout]    --> src/config/knuffel_cfg.rs:123:17
[INFO] [stdout]     |
[INFO] [stdout] 123 | fn as_scalar<T: DecodeScalar<'static>>(v: &knuffel::ast::Value) -> anyhow::Result<T> {
[INFO] [stdout]     |                 ^^^^^^^^^^^^--------- help: remove the unnecessary generics
[INFO] [stdout]     |                 |
[INFO] [stdout]     |                 expected 0 lifetime arguments
[INFO] [stdout]     |
[INFO] [stdout] note: trait defined here, with 0 lifetime parameters
[INFO] [stdout]    --> /opt/rustwide/cargo-home/registry/src/index.crates.io-1949cf8c6b5b557f/knuffel-3.2.0/src/traits.rs:56:11
[INFO] [stdout]     |
[INFO] [stdout]  56 | pub trait DecodeScalar<S: ErrorSpan>: Sized {
[INFO] [stdout]     |           ^^^^^^^^^^^^
[INFO] [stdout] 
[INFO] [stdout] 
[INFO] [stdout] error[E0107]: trait takes 1 generic argument but 0 generic arguments were supplied
[INFO] [stdout]    --> src/config/knuffel_cfg.rs:123:17
[INFO] [stdout]     |
[INFO] [stdout] 123 | fn as_scalar<T: DecodeScalar<'static>>(v: &knuffel::ast::Value) -> anyhow::Result<T> {
[INFO] [stdout]     |                 ^^^^^^^^^^^^ expected 1 generic argument
[INFO] [stdout]     |
[INFO] [stdout] note: trait defined here, with 1 generic parameter: `S`
[INFO] [stdout]    --> /opt/rustwide/cargo-home/registry/src/index.crates.io-1949cf8c6b5b557f/knuffel-3.2.0/src/traits.rs:56:11
[INFO] [stdout]     |
[INFO] [stdout]  56 | pub trait DecodeScalar<S: ErrorSpan>: Sized {
[INFO] [stdout]     |           ^^^^^^^^^^^^ -
[INFO] [stdout] help: add missing generic argument
[INFO] [stdout]     |
[INFO] [stdout] 123 | fn as_scalar<T: DecodeScalar<'static, S>>(v: &knuffel::ast::Value) -> anyhow::Result<T> {
[INFO] [stdout]     |                                     +++
[INFO] [stdout] 
[INFO] [stdout] 
[INFO] [stdout] error[E0107]: missing generics for struct `knuffel::ast::Value`
[INFO] [stdout]    --> src/config/knuffel_cfg.rs:123:58
[INFO] [stdout]     |
[INFO] [stdout] 123 | fn as_scalar<T: DecodeScalar<'static>>(v: &knuffel::ast::Value) -> anyhow::Result<T> {
[INFO] [stdout]     |                                                          ^^^^^ expected 1 generic argument
[INFO] [stdout]     |
[INFO] [stdout] note: struct defined here, with 1 generic parameter: `S`
[INFO] [stdout]    --> /opt/rustwide/cargo-home/registry/src/index.crates.io-1949cf8c6b5b557f/knuffel-3.2.0/src/ast.rs:95:12
[INFO] [stdout]     |
[INFO] [stdout]  95 | pub struct Value<S> {
[INFO] [stdout]     |            ^^^^^ -
[INFO] [stdout] help: add missing generic argument
[INFO] [stdout]     |
[INFO] [stdout] 123 | fn as_scalar<T: DecodeScalar<'static>>(v: &knuffel::ast::Value<S>) -> anyhow::Result<T> {
[INFO] [stdout]     |                                                               +++
[INFO] [stdout] 
[INFO] [stdout] 
[INFO] [stdout] error[E0107]: missing generics for struct `knuffel::ast::Value`
[INFO] [stdout]    --> src/config/knuffel_cfg.rs:167:30
[INFO] [stdout]     |
[INFO] [stdout] 167 | fn as_bool(v: &knuffel::ast::Value) -> anyhow::Result<bool> {
[INFO] [stdout]     |                              ^^^^^ expected 1 generic argument
[INFO] [stdout]     |
[INFO] [stdout] note: struct defined here, with 1 generic parameter: `S`
[INFO] [stdout]    --> /opt/rustwide/cargo-home/registry/src/index.crates.io-1949cf8c6b5b557f/knuffel-3.2.0/src/ast.rs:95:12
[INFO] [stdout]     |
[INFO] [stdout]  95 | pub struct Value<S> {
[INFO] [stdout]     |            ^^^^^ -
[INFO] [stdout] help: add missing generic argument
[INFO] [stdout]     |
[INFO] [stdout] 167 | fn as_bool(v: &knuffel::ast::Value<S>) -> anyhow::Result<bool> {
[INFO] [stdout]     |                                   +++
[INFO] [stdout] 
[INFO] [stdout] 
[INFO] [stdout] error[E0107]: missing generics for enum `DecodeError`
[INFO] [stdout]   --> src/config/knuffel_cfg.rs:53:61
[INFO] [stdout]    |
[INFO] [stdout] 53 |     fn raw_decode(s: &str) -> Result<Self, knuffel::errors::DecodeError> {
[INFO] [stdout]    |                                                             ^^^^^^^^^^^ expected 1 generic argument
[INFO] [stdout]    |
[INFO] [stdout] note: enum defined here, with 1 generic parameter: `S`
[INFO] [stdout]   --> /opt/rustwide/cargo-home/registry/src/index.crates.io-1949cf8c6b5b557f/knuffel-3.2.0/src/errors.rs:39:10
[INFO] [stdout]    |
[INFO] [stdout] 39 | pub enum DecodeError<S: ErrorSpan> {
[INFO] [stdout]    |          ^^^^^^^^^^^ -
[INFO] [stdout] help: add missing generic argument
[INFO] [stdout]    |
[INFO] [stdout] 53 |     fn raw_decode(s: &str) -> Result<Self, knuffel::errors::DecodeError<S>> {
[INFO] [stdout]    |                                                                        +++
[INFO] [stdout] 
[INFO] [stdout] 
[INFO] [stdout] error[E0599]: no variant, associated function, or constant named `with_message` found for enum `DecodeError<S>` in the current scope
[INFO] [stdout]    --> src/config/knuffel_cfg.rs:59:59
[INFO] [stdout]     |
[INFO] [stdout]  59 |             _ => return Err(knuffel::errors::DecodeError::with_message("invalid inhibit-sleep value")),
[INFO] [stdout]     |                                                           ^^^^^^^^^^^^ variant, associated function, or constant not found in `DecodeError<_>`
[INFO] [stdout]     |
[INFO] [stdout] note: if you're trying to build a new `DecodeError<_>` consider using one of the following associated functions:
[INFO] [stdout]       DecodeError::<S>::conversion
[INFO] [stdout]       DecodeError::<S>::scalar_kind
[INFO] [stdout]       DecodeError::<S>::missing
[INFO] [stdout]       DecodeError::<S>::unexpected
[INFO] [stdout]       DecodeError::<S>::unsupported
[INFO] [stdout]    --> /opt/rustwide/cargo-home/registry/src/index.crates.io-1949cf8c6b5b557f/knuffel-3.2.0/src/errors.rs:393:5
[INFO] [stdout]     |
[INFO] [stdout] 393 | /     pub fn conversion<T, E>(span: &Spanned<T, S>, err: E) -> Self
[INFO] [stdout] 394 | |         where E: Into<Box<dyn std::error::Error + Send + Sync + 'static>>,
[INFO] [stdout]     | |__________________________________________________________________________^
[INFO] [stdout] ...
[INFO] [stdout] 402 |       pub fn scalar_kind(expected: Kind, found: &Spanned<Literal, S>) -> Self {
[INFO] [stdout]     |       ^^^^^^^^^^^^^^^^^^^^^^^^^^^^^^^^^^^^^^^^^^^^^^^^^^^^^^^^^^^^^^^^^^^^^^^
[INFO] [stdout] ...
[INFO] [stdout] 410 |       pub fn missing(node: &SpannedNode<S>, message: impl Into<String>) -> Self {
[INFO] [stdout]     |       ^^^^^^^^^^^^^^^^^^^^^^^^^^^^^^^^^^^^^^^^^^^^^^^^^^^^^^^^^^^^^^^^^^^^^^^^^
[INFO] [stdout] ...
[INFO] [stdout] 417 | /     pub fn unexpected<T>(elem: &Spanned<T, S>, kind: &'static str,
[INFO] [stdout] 418 | |                          message: impl Into<String>)
[INFO] [stdout] 419 | |         -> Self
[INFO] [stdout]     | |_______________^
[INFO] [stdout] ...
[INFO] [stdout] 428 | /     pub fn unsupported<T, M>(span: &Spanned<T, S>, message: M)-> Self
[INFO] [stdout] 429 | |         where M: Into<Cow<'static, str>>,
[INFO] [stdout]     | |_________________________________________^
[INFO] [stdout] 
[INFO] [stdout] 
[INFO] [stdout] error[E0061]: this function takes 2 arguments but 1 argument was supplied
[INFO] [stdout]    --> src/config/knuffel_cfg.rs:125:8
[INFO] [stdout]     |
[INFO] [stdout] 125 |     Ok(T::raw_decode(s)? )
[INFO] [stdout]     |        ^^^^^^^^^^^^^--- argument #2 is missing
[INFO] [stdout]     |
[INFO] [stdout] note: associated function defined here
[INFO] [stdout]    --> /opt/rustwide/cargo-home/registry/src/index.crates.io-1949cf8c6b5b557f/knuffel-3.2.0/src/traits.rs:69:8
[INFO] [stdout]     |
[INFO] [stdout]  69 |     fn raw_decode(value: &Spanned<Literal, S>, ctx: &mut Context<S>)
[INFO] [stdout]     |        ^^^^^^^^^^
[INFO] [stdout] help: provide the argument
[INFO] [stdout]     |
[INFO] [stdout] 125 |     Ok(T::raw_decode(s, /* ctx */)? )
[INFO] [stdout]     |                       +++++++++++
[INFO] [stdout] 
[INFO] [stdout] 
[INFO] [stdout] error[E0277]: the trait bound `InhibitMode: std::default::Default` is not satisfied
[INFO] [stdout]   --> src/inhibit.rs:5:5
[INFO] [stdout]    |
[INFO] [stdout]  3 | #[derive(Debug, Default)]
[INFO] [stdout]    |                 ------- in this derive macro expansion
[INFO] [stdout]  4 | pub struct InhibitState {
[INFO] [stdout]  5 |     pub mode: InhibitMode,
[INFO] [stdout]    |     ^^^^^^^^^^^^^^^^^^^^^ the trait `std::default::Default` is not implemented for `InhibitMode`
[INFO] [stdout]    |
[INFO] [stdout] help: consider annotating `InhibitMode` with `#[derive(Default)]`
[INFO] [stdout]   --> src/config/knuffel_cfg.rs:19:1
[INFO] [stdout]    |
[INFO] [stdout] 19 + #[derive(Default)]
[INFO] [stdout] 20 | pub enum InhibitMode { None, Normal, Auto, WaitUntilLocked }
[INFO] [stdout]    |
[INFO] [stdout] 
[INFO] [stdout] 
[INFO] [stdout] error[E0308]: mismatched types
[INFO] [stdout]    --> src/dbus/login1.rs:38:45
[INFO] [stdout]     |
[INFO] [stdout]  38 | ...us.add_match_rule("type='signal',path='/org/freedesktop/login1',interface='org.freedesktop.login1.Manager',member='PrepareForSleep'");
[INFO] [stdout]     |       -------------- ^^^^^^^^^^^^^^^^^^^^^^^^^^^^^^^^^^^^^^^^^^^^^^^^^^^^^^^^^^^^^^^^^^^^^^^^^^^^^^^^^^^^^^^^^^^^^^^^^^^^^^^^^^^^^^^^^^ expected `MatchRule<'_>`, found `&str`
[INFO] [stdout]     |       |
[INFO] [stdout]     |       arguments to this method are incorrect
[INFO] [stdout]     |
[INFO] [stdout] note: method defined here
[INFO] [stdout]    --> /opt/rustwide/cargo-home/registry/src/index.crates.io-1949cf8c6b5b557f/zbus-3.15.2/src/fdo.rs:673:9
[INFO] [stdout]     |
[INFO] [stdout] 673 | /         #[dbus_proxy(
[INFO] [stdout] 674 | |             assume_defaults = true,
[INFO] [stdout] 675 | |             interface = "org.freedesktop.DBus",
[INFO] [stdout] 676 | |             gen_async = $gen_async,
[INFO] [stdout] 677 | |             gen_blocking = $gen_blocking,
[INFO] [stdout] 678 | |         )]
[INFO] [stdout]     | |__________^
[INFO] [stdout]     |
[INFO] [stdout]    ::: /opt/rustwide/cargo-home/registry/src/index.crates.io-1949cf8c6b5b557f/zbus-3.15.2/src/blocking/fdo.rs:41:1
[INFO] [stdout]     |
[INFO] [stdout]  41 |   gen_dbus_proxy!(false, true);
[INFO] [stdout]     |   ---------------------------- in this macro invocation
[INFO] [stdout]     = note: this error originates in the attribute macro `dbus_proxy` which comes from the expansion of the macro `gen_dbus_proxy` (in Nightly builds, run with -Z macro-backtrace for more info)
[INFO] [stdout] 
[INFO] [stdout] 
[INFO] [stdout] error[E0308]: mismatched types
[INFO] [stdout]    --> src/dbus/login1.rs:42:49
[INFO] [stdout]     |
[INFO] [stdout]  42 |                     let _ = dbus.add_match_rule(&rule_lock);
[INFO] [stdout]     |                                  -------------- ^^^^^^^^^^ expected `MatchRule<'_>`, found `&String`
[INFO] [stdout]     |                                  |
[INFO] [stdout]     |                                  arguments to this method are incorrect
[INFO] [stdout]     |
[INFO] [stdout] note: method defined here
[INFO] [stdout]    --> /opt/rustwide/cargo-home/registry/src/index.crates.io-1949cf8c6b5b557f/zbus-3.15.2/src/fdo.rs:673:9
[INFO] [stdout]     |
[INFO] [stdout] 673 | /         #[dbus_proxy(
[INFO] [stdout] 674 | |             assume_defaults = true,
[INFO] [stdout] 675 | |             interface = "org.freedesktop.DBus",
[INFO] [stdout] 676 | |             gen_async = $gen_async,
[INFO] [stdout] 677 | |             gen_blocking = $gen_blocking,
[INFO] [stdout] 678 | |         )]
[INFO] [stdout]     | |__________^
[INFO] [stdout]     |
[INFO] [stdout]    ::: /opt/rustwide/cargo-home/registry/src/index.crates.io-1949cf8c6b5b557f/zbus-3.15.2/src/blocking/fdo.rs:41:1
[INFO] [stdout]     |
[INFO] [stdout]  41 |   gen_dbus_proxy!(false, true);
[INFO] [stdout]     |   ---------------------------- in this macro invocation
[INFO] [stdout]     = note: this error originates in the attribute macro `dbus_proxy` which comes from the expansion of the macro `gen_dbus_proxy` (in Nightly builds, run with -Z macro-backtrace for more info)
[INFO] [stdout] 
[INFO] [stdout] 
[INFO] [stdout] error[E0308]: mismatched types
[INFO] [stdout]    --> src/dbus/login1.rs:43:49
[INFO] [stdout]     |
[INFO] [stdout]  43 |                     let _ = dbus.add_match_rule(&rule_unlock);
[INFO] [stdout]     |                                  -------------- ^^^^^^^^^^^^ expected `MatchRule<'_>`, found `&String`
[INFO] [stdout]     |                                  |
[INFO] [stdout]     |                                  arguments to this method are incorrect
[INFO] [stdout]     |
[INFO] [stdout] note: method defined here
[INFO] [stdout]    --> /opt/rustwide/cargo-home/registry/src/index.crates.io-1949cf8c6b5b557f/zbus-3.15.2/src/fdo.rs:673:9
[INFO] [stdout]     |
[INFO] [stdout] 673 | /         #[dbus_proxy(
[INFO] [stdout] 674 | |             assume_defaults = true,
[INFO] [stdout] 675 | |             interface = "org.freedesktop.DBus",
[INFO] [stdout] 676 | |             gen_async = $gen_async,
[INFO] [stdout] 677 | |             gen_blocking = $gen_blocking,
[INFO] [stdout] 678 | |         )]
[INFO] [stdout]     | |__________^
[INFO] [stdout]     |
[INFO] [stdout]    ::: /opt/rustwide/cargo-home/registry/src/index.crates.io-1949cf8c6b5b557f/zbus-3.15.2/src/blocking/fdo.rs:41:1
[INFO] [stdout]     |
[INFO] [stdout]  41 |   gen_dbus_proxy!(false, true);
[INFO] [stdout]     |   ---------------------------- in this macro invocation
[INFO] [stdout]     = note: this error originates in the attribute macro `dbus_proxy` which comes from the expansion of the macro `gen_dbus_proxy` (in Nightly builds, run with -Z macro-backtrace for more info)
[INFO] [stdout] 
[INFO] [stdout] 
[INFO] [stdout] error[E0599]: no method named `receive_message` found for struct `zbus::blocking::Connection` in the current scope
[INFO] [stdout]   --> src/dbus/login1.rs:49:28
[INFO] [stdout]    |
[INFO] [stdout] 49 |                 match conn.receive_message() {
[INFO] [stdout]    |                            ^^^^^^^^^^^^^^^
[INFO] [stdout]    |
[INFO] [stdout] help: there is a method `send_message` with a similar name, but with different arguments
[INFO] [stdout]   --> /opt/rustwide/cargo-home/registry/src/index.crates.io-1949cf8c6b5b557f/zbus-3.15.2/src/blocking/connection.rs:66:5
[INFO] [stdout]    |
[INFO] [stdout] 66 |     pub fn send_message(&self, msg: Message) -> Result<u32> {
[INFO] [stdout]    |     ^^^^^^^^^^^^^^^^^^^^^^^^^^^^^^^^^^^^^^^^^^^^^^^^^^^^^^^
[INFO] [stdout] 
[INFO] [stdout] 
[INFO] [stdout] error[E0308]: mismatched types
[INFO] [stdout]    --> src/main.rs:165:45
[INFO] [stdout]     |
[INFO] [stdout] 165 | ...us.add_match_rule("type='signal',path='/org/freedesktop/login1',interface='org.freedesktop.login1.Manager',member='PrepareForSleep'");
[INFO] [stdout]     |       -------------- ^^^^^^^^^^^^^^^^^^^^^^^^^^^^^^^^^^^^^^^^^^^^^^^^^^^^^^^^^^^^^^^^^^^^^^^^^^^^^^^^^^^^^^^^^^^^^^^^^^^^^^^^^^^^^^^^^^ expected `MatchRule<'_>`, found `&str`
[INFO] [stdout]     |       |
[INFO] [stdout]     |       arguments to this method are incorrect
[INFO] [stdout]     |
[INFO] [stdout] note: method defined here
[INFO] [stdout]    --> /opt/rustwide/cargo-home/registry/src/index.crates.io-1949cf8c6b5b557f/zbus-3.15.2/src/fdo.rs:673:9
[INFO] [stdout]     |
[INFO] [stdout] 673 | /         #[dbus_proxy(
[INFO] [stdout] 674 | |             assume_defaults = true,
[INFO] [stdout] 675 | |             interface = "org.freedesktop.DBus",
[INFO] [stdout] 676 | |             gen_async = $gen_async,
[INFO] [stdout] 677 | |             gen_blocking = $gen_blocking,
[INFO] [stdout] 678 | |         )]
[INFO] [stdout]     | |__________^
[INFO] [stdout]     |
[INFO] [stdout]    ::: /opt/rustwide/cargo-home/registry/src/index.crates.io-1949cf8c6b5b557f/zbus-3.15.2/src/blocking/fdo.rs:41:1
[INFO] [stdout]     |
[INFO] [stdout]  41 |   gen_dbus_proxy!(false, true);
[INFO] [stdout]     |   ---------------------------- in this macro invocation
[INFO] [stdout]     = note: this error originates in the attribute macro `dbus_proxy` which comes from the expansion of the macro `gen_dbus_proxy` (in Nightly builds, run with -Z macro-backtrace for more info)
[INFO] [stdout] 
[INFO] [stdout] 
[INFO] [stdout] error[E0308]: mismatched types
[INFO] [stdout]    --> src/main.rs:169:49
[INFO] [stdout]     |
[INFO] [stdout] 169 |                     let _ = dbus.add_match_rule(&rule_lock);
[INFO] [stdout]     |                                  -------------- ^^^^^^^^^^ expected `MatchRule<'_>`, found `&String`
[INFO] [stdout]     |                                  |
[INFO] [stdout]     |                                  arguments to this method are incorrect
[INFO] [stdout]     |
[INFO] [stdout] note: method defined here
[INFO] [stdout]    --> /opt/rustwide/cargo-home/registry/src/index.crates.io-1949cf8c6b5b557f/zbus-3.15.2/src/fdo.rs:673:9
[INFO] [stdout]     |
[INFO] [stdout] 673 | /         #[dbus_proxy(
[INFO] [stdout] 674 | |             assume_defaults = true,
[INFO] [stdout] 675 | |             interface = "org.freedesktop.DBus",
[INFO] [stdout] 676 | |             gen_async = $gen_async,
[INFO] [stdout] 677 | |             gen_blocking = $gen_blocking,
[INFO] [stdout] 678 | |         )]
[INFO] [stdout]     | |__________^
[INFO] [stdout]     |
[INFO] [stdout]    ::: /opt/rustwide/cargo-home/registry/src/index.crates.io-1949cf8c6b5b557f/zbus-3.15.2/src/blocking/fdo.rs:41:1
[INFO] [stdout]     |
[INFO] [stdout]  41 |   gen_dbus_proxy!(false, true);
[INFO] [stdout]     |   ---------------------------- in this macro invocation
[INFO] [stdout]     = note: this error originates in the attribute macro `dbus_proxy` which comes from the expansion of the macro `gen_dbus_proxy` (in Nightly builds, run with -Z macro-backtrace for more info)
[INFO] [stdout] 
[INFO] [stdout] 
[INFO] [stdout] error[E0308]: mismatched types
[INFO] [stdout]    --> src/main.rs:170:49
[INFO] [stdout]     |
[INFO] [stdout] 170 |                     let _ = dbus.add_match_rule(&rule_unlock);
[INFO] [stdout]     |                                  -------------- ^^^^^^^^^^^^ expected `MatchRule<'_>`, found `&String`
[INFO] [stdout]     |                                  |
[INFO] [stdout]     |                                  arguments to this method are incorrect
[INFO] [stdout]     |
[INFO] [stdout] note: method defined here
[INFO] [stdout]    --> /opt/rustwide/cargo-home/registry/src/index.crates.io-1949cf8c6b5b557f/zbus-3.15.2/src/fdo.rs:673:9
[INFO] [stdout]     |
[INFO] [stdout] 673 | /         #[dbus_proxy(
[INFO] [stdout] 674 | |             assume_defaults = true,
[INFO] [stdout] 675 | |             interface = "org.freedesktop.DBus",
[INFO] [stdout] 676 | |             gen_async = $gen_async,
[INFO] [stdout] 677 | |             gen_blocking = $gen_blocking,
[INFO] [stdout] 678 | |         )]
[INFO] [stdout]     | |__________^
[INFO] [stdout]     |
[INFO] [stdout]    ::: /opt/rustwide/cargo-home/registry/src/index.crates.io-1949cf8c6b5b557f/zbus-3.15.2/src/blocking/fdo.rs:41:1
[INFO] [stdout]     |
[INFO] [stdout]  41 |   gen_dbus_proxy!(false, true);
[INFO] [stdout]     |   ---------------------------- in this macro invocation
[INFO] [stdout]     = note: this error originates in the attribute macro `dbus_proxy` which comes from the expansion of the macro `gen_dbus_proxy` (in Nightly builds, run with -Z macro-backtrace for more info)
[INFO] [stdout] 
[INFO] [stdout] 
[INFO] [stdout] Some errors have detailed explanations: E0061, E0107, E0277, E0308, E0425, E0432, E0433, E0599.
[INFO] [stdout] 
[INFO] [stdout] For more information about an error, try `rustc --explain E0061`.
[INFO] [stdout] 
[INFO] [stderr] error: could not compile `niriidle` (bin "niriidle") due to 23 previous errors; 7 warnings emitted
[INFO] running `Command { std: "docker" "inspect" "7f3d4492f70fba676899a41112fda2460838f41a24f8d1c858c60ab113921d8b", kill_on_drop: false }`
[INFO] running `Command { std: "docker" "rm" "-f" "7f3d4492f70fba676899a41112fda2460838f41a24f8d1c858c60ab113921d8b", kill_on_drop: false }`
[INFO] [stdout] 7f3d4492f70fba676899a41112fda2460838f41a24f8d1c858c60ab113921d8b
