[INFO] cloning repository https://github.com/jlgerber/rust-qt-threads-eq
[INFO] running `Command { std: "git" "-c" "credential.helper=" "-c" "credential.helper=/workspace/cargo-home/bin/git-credential-null" "clone" "--bare" "https://github.com/jlgerber/rust-qt-threads-eq" "/workspace/cache/git-repos/https%3A%2F%2Fgithub.com%2Fjlgerber%2Frust-qt-threads-eq", kill_on_drop: false }`
[INFO] [stderr] Cloning into bare repository '/workspace/cache/git-repos/https%3A%2F%2Fgithub.com%2Fjlgerber%2Frust-qt-threads-eq'...
[INFO] running `Command { std: "git" "rev-parse" "HEAD", kill_on_drop: false }`
[INFO] [stdout] 59c5cd820a11787155ecf222c488dc56c9d3924d
[INFO] testing jlgerber/rust-qt-threads-eq against 1.98.0-beta.8+cargoflags=--release for beta-release-1.99-2
[INFO] running `Command { std: "git" "clone" "/workspace/cache/git-repos/https%3A%2F%2Fgithub.com%2Fjlgerber%2Frust-qt-threads-eq" "/workspace/builds/worker-6-tc1/source", kill_on_drop: false }`
[INFO] [stderr] Cloning into '/workspace/builds/worker-6-tc1/source'...
[INFO] [stderr] done.
[INFO] started tweaking git repo https://github.com/jlgerber/rust-qt-threads-eq
[INFO] finished tweaking git repo https://github.com/jlgerber/rust-qt-threads-eq
[INFO] tweaked toml for git repo https://github.com/jlgerber/rust-qt-threads-eq written to /workspace/builds/worker-6-tc1/source/Cargo.toml
[INFO] validating manifest of git repo https://github.com/jlgerber/rust-qt-threads-eq on toolchain 1.98.0-beta.8
[INFO] running `Command { std: CARGO_HOME="/workspace/cargo-home" RUSTUP_HOME="/workspace/rustup-home" "/workspace/cargo-home/bin/cargo" "+1.98.0-beta.8" "metadata" "--manifest-path" "Cargo.toml" "--no-deps", kill_on_drop: false }`
[INFO] crate git repo https://github.com/jlgerber/rust-qt-threads-eq already has a lockfile, it will not be regenerated
[INFO] running `Command { std: CARGO_HOME="/workspace/cargo-home" RUSTUP_HOME="/workspace/rustup-home" "/workspace/cargo-home/bin/cargo" "+1.98.0-beta.8" "fetch" "--manifest-path" "Cargo.toml", kill_on_drop: false }`
[INFO] [stderr]     Updating crates.io index
[INFO] [stderr]  Downloading crates ...
[INFO] [stderr]   Downloaded structopt-derive v0.4.1
[INFO] [stderr]   Downloaded structopt v0.3.8
[INFO] [stderr]   Downloaded proc-macro-error v0.4.4
[INFO] [stderr]   Downloaded rustversion v1.0.1
[INFO] [stderr]   Downloaded cpp_core v0.5.0
[INFO] [stderr]   Downloaded hermit-abi v0.1.5
[INFO] [stderr]   Downloaded qt_ritual_common v0.3.0
[INFO] [stderr]   Downloaded ritual_build v0.3.0
[INFO] [stderr]   Downloaded proc-macro-error-attr v0.4.3
[INFO] [stderr]   Downloaded pathdiff v0.1.0
[INFO] [stderr]   Downloaded num_cpus v1.11.1
[INFO] [stderr]   Downloaded syn-mid v0.4.0
[INFO] [stderr]   Downloaded shell-words v0.1.0
[INFO] [stderr]   Downloaded qt_ritual_build v0.3.0
[INFO] [stderr]   Downloaded dunce v1.0.0
[INFO] [stderr]   Downloaded qt_ui_tools v0.4.1
[INFO] [stderr]   Downloaded ritual_common v0.3.0
[INFO] [stderr]   Downloaded term-painter v0.2.4
[INFO] [stderr]   Downloaded syn v1.0.11
[INFO] [stderr]   Downloaded cc v1.0.48
[INFO] [stderr]   Downloaded serde_json v1.0.44
[INFO] [stderr]   Downloaded qt_gui v0.4.1
[INFO] [stderr]   Downloaded qt_widgets v0.4.1
[INFO] [stderr]   Downloaded qt_core v0.4.1
[INFO] running `Command { std: "docker" "create" "-v" "/var/lib/crater-agent-workspace/builds/worker-6-tc1/source:/opt/rustwide/workdir:ro,Z" "-v" "/var/lib/crater-agent-workspace/builds/worker-6-tc1/target:/opt/rustwide/target:rw,Z" "-v" "/var/lib/crater-agent-workspace/cargo-home:/opt/rustwide/cargo-home:ro,Z" "-v" "/var/lib/crater-agent-workspace/rustup-home:/opt/rustwide/rustup-home:ro,Z" "-m" "1610612736" "--network" "none" "ghcr.io/rust-lang/crates-build-env/linux@sha256:8683fc1fc2eb5c9ac98e0d076ab094b2ffac7f99da555d2b6a2e27f346de2ec7" "sleep" "infinity", kill_on_drop: false }`
[INFO] [stdout] a9980f9c9775d42b66ffb0c6ae0e880b245ece4a219e9f0968e635787646b0aa
[INFO] running `Command { std: "docker" "start" "a9980f9c9775d42b66ffb0c6ae0e880b245ece4a219e9f0968e635787646b0aa", kill_on_drop: false }`
[INFO] running `Command { std: "docker" "inspect" "a9980f9c9775d42b66ffb0c6ae0e880b245ece4a219e9f0968e635787646b0aa", kill_on_drop: false }`
[INFO] running `Command { std: "docker" "exec" "-e" "SOURCE_DIR=/opt/rustwide/workdir" "-e" "CARGO_HOME=/opt/rustwide/cargo-home" "-e" "RUSTUP_HOME=/opt/rustwide/rustup-home" "-e" "CARGO_TARGET_DIR=/opt/rustwide/target" "-w" "/opt/rustwide/workdir" "--user" "0:0" "a9980f9c9775d42b66ffb0c6ae0e880b245ece4a219e9f0968e635787646b0aa" "/opt/rustwide/cargo-home/bin/cargo" "+1.98.0-beta.8" "metadata" "--no-deps" "--format-version=1", kill_on_drop: false }`
[INFO] running `Command { std: "docker" "inspect" "a9980f9c9775d42b66ffb0c6ae0e880b245ece4a219e9f0968e635787646b0aa", kill_on_drop: false }`
[INFO] running `Command { std: "docker" "exec" "-e" "SOURCE_DIR=/opt/rustwide/workdir" "-e" "CARGO_HOME=/opt/rustwide/cargo-home" "-e" "RUSTUP_HOME=/opt/rustwide/rustup-home" "-e" "CARGO_TARGET_DIR=/opt/rustwide/target" "-e" "CARGO_INCREMENTAL=0" "-e" "RUST_BACKTRACE=full" "-e" "RUSTFLAGS=--cap-lints=warn" "-e" "RUSTDOCFLAGS=--cap-lints=warn" "-w" "/opt/rustwide/workdir" "--user" "0:0" "a9980f9c9775d42b66ffb0c6ae0e880b245ece4a219e9f0968e635787646b0aa" "/opt/rustwide/cargo-home/bin/cargo" "+1.98.0-beta.8" "build" "--frozen" "--message-format=json" "--release", kill_on_drop: false }`
[INFO] [stderr]    Compiling proc-macro2 v1.0.6
[INFO] [stderr]    Compiling unicode-xid v0.2.0
[INFO] [stderr]    Compiling syn v1.0.11
[INFO] [stderr]    Compiling libc v0.2.66
[INFO] [stderr]    Compiling cc v1.0.48
[INFO] [stderr]    Compiling memchr v2.2.1
[INFO] [stderr]    Compiling serde v1.0.104
[INFO] [stderr]    Compiling cfg-if v0.1.10
[INFO] [stderr]    Compiling ryu v1.0.2
[INFO] [stderr]    Compiling failure_derive v0.1.6
[INFO] [stderr]    Compiling log v0.4.8
[INFO] [stderr]    Compiling lazy_static v1.4.0
[INFO] [stderr]    Compiling byteorder v1.3.2
[INFO] [stderr]    Compiling regex-syntax v0.6.12
[INFO] [stderr]    Compiling rustc-demangle v0.1.16
[INFO] [stderr]    Compiling semver-parser v0.7.0
[INFO] [stderr]    Compiling term v0.4.6
[INFO] [stderr]    Compiling itoa v0.4.4
[INFO] [stderr]    Compiling thread_local v0.3.6
[INFO] [stderr]    Compiling either v1.5.3
[INFO] [stderr]    Compiling pathdiff v0.1.0
[INFO] [stderr]    Compiling shell-words v0.1.0
[INFO] [stderr]    Compiling dunce v1.0.0
[INFO] [stderr]    Compiling itertools v0.8.2
[INFO] [stderr]    Compiling quick-error v1.2.2
[INFO] [stderr]    Compiling termcolor v1.0.5
[INFO] [stderr]    Compiling bitflags v1.2.1
[INFO] [stderr]    Compiling term-painter v0.2.4
[INFO] [stderr]    Compiling humantime v1.3.0
[INFO] [stderr]    Compiling aho-corasick v0.7.6
[INFO] [stderr]    Compiling semver v0.9.0
[INFO] [stderr]    Compiling unicode-segmentation v1.6.0
[INFO] [stderr]    Compiling unicode-width v0.1.7
[INFO] [stderr]    Compiling quote v1.0.2
[INFO] [stderr]    Compiling textwrap v0.11.0
[INFO] [stderr]    Compiling vec_map v0.8.1
[INFO] [stderr]    Compiling ansi_term v0.11.0
[INFO] [stderr]    Compiling strsim v0.8.0
[INFO] [stderr]    Compiling num_cpus v1.11.1
[INFO] [stderr]    Compiling atty v0.2.13
[INFO] [stderr]    Compiling cpp_core v0.5.0
[INFO] [stderr]    Compiling heck v0.3.1
[INFO] [stderr]    Compiling clap v2.33.0
[INFO] [stderr]    Compiling backtrace-sys v0.1.32
[INFO] [stderr]    Compiling backtrace v0.3.40
[INFO] [stderr]    Compiling regex v1.3.1
[INFO] [stderr]    Compiling env_logger v0.7.1
[INFO] [stderr]    Compiling toml v0.4.10
[INFO] [stderr]    Compiling serde_json v1.0.44
[INFO] [stderr]    Compiling bincode v1.2.1
[INFO] [stderr]    Compiling synstructure v0.12.3
[INFO] [stderr]    Compiling syn-mid v0.4.0
[INFO] [stderr]    Compiling serde_derive v1.0.104
[INFO] [stderr]    Compiling rustversion v1.0.1
[INFO] [stderr]    Compiling proc-macro-error v0.4.4
[INFO] [stderr]    Compiling proc-macro-error-attr v0.4.3
[INFO] [stderr]    Compiling failure v0.1.6
[INFO] [stderr]    Compiling structopt-derive v0.4.1
[INFO] [stderr]    Compiling structopt v0.3.8
[INFO] [stderr]    Compiling ritual_common v0.3.0
[INFO] [stderr]    Compiling ritual_build v0.3.0
[INFO] [stderr]    Compiling qt_ritual_common v0.3.0
[INFO] [stderr]    Compiling qt_ritual_build v0.3.0
[INFO] [stderr]    Compiling qt_core v0.4.1
[INFO] [stderr]    Compiling qt_gui v0.4.1
[INFO] [stderr]    Compiling qt_widgets v0.4.1
[INFO] [stderr]    Compiling qt_ui_tools v0.4.1
[INFO] [stderr] error: failed to run custom build command for `qt_ui_tools v0.4.1`
[INFO] [stderr] note: To improve backtraces for build dependencies, set the CARGO_PROFILE_RELEASE_BUILD_OVERRIDE_DEBUG=true environment variable to enable debug information generation.
[INFO] [stderr] 
[INFO] [stderr] Caused by:
[INFO] [stderr]   process didn't exit successfully: `/opt/rustwide/target/release/build/qt_ui_tools-64bae6450714bba0/build-script-build` (exit status: 1)
[INFO] [stderr]   --- stdout
[INFO] [stderr]   Current Qt version (5.15.18) is unknown to qt_ui_tools crate. Using closest known version (5.13.0)
[INFO] [stderr]   -- Configuring incomplete, errors occurred!
[INFO] [stderr] 
[INFO] [stderr]   --- stderr
[INFO] [stderr]   CMake Error at CMakeLists.txt:4 (cmake_minimum_required):
[INFO] [stderr]     Compatibility with CMake < 3.5 has been removed from CMake.
[INFO] [stderr] 
[INFO] [stderr]     Update the VERSION argument <min> value.  Or, use the <min>...<max> syntax
[INFO] [stderr]     to tell CMake that the project requires at least <min> but has been updated
[INFO] [stderr]     to work with policies introduced by <max> or earlier.
[INFO] [stderr] 
[INFO] [stderr]     Or, add -DCMAKE_POLICY_VERSION_MINIMUM=3.5 to try configuring anyway.
[INFO] [stderr] 
[INFO] [stderr] 
[INFO] [stderr]   [2026-09-03T08:46:56Z ERROR ritual_common::errors] Error:
[INFO] [stderr]   [2026-09-03T08:46:56Z ERROR ritual_common::errors]    command failed with exit status: 1: cd "/opt/rustwide/target/release/build/qt_ui_tools-9a14ec4ff150c4cf/out/c_lib_build" && "cmake" "-Wno-dev" "/opt/rustwide/cargo-home/registry/src/index.crates.io-1949cf8c6b5b557f/qt_ui_tools-0.4.1/c_lib" "-DRITUAL_LIBRARY_TYPE=STATIC" "-DRITUAL_CPP_LIB_VERSION=51300" "-DRITUAL_INCLUDE_PATH=/usr/include/x86_64-linux-gnu/qt5;/usr/include/x86_64-linux-gnu/qt5/QtUiTools;/usr/include/x86_64-linux-gnu/qt5/QtCore;/usr/include/x86_64-linux-gnu/qt5/QtGui;/usr/include/x86_64-linux-gnu/qt5/QtWidgets" "-DRITUAL_LIBRARY_PATH=/usr/lib/x86_64-linux-gnu" "-DRITUAL_FRAMEWORK_PATH=" "-DRITUAL_LINKED_LIBS=Qt5UiTools;Qt5Core;Qt5Gui;Qt5Widgets" "-DRITUAL_LINKED_FRAMEWORKS=" "-DRITUAL_COMPILER_FLAGS=-std=gnu++11 -fPIC" "-DRITUAL_QT=1" "-DRITUAL_QT=1" "-DRITUAL_QT=1" "-DRITUAL_QT=1" "-DCMAKE_BUILD_TYPE=Release" "-DCMAKE_INSTALL_PREFIX=/opt/rustwide/target/release/build/qt_ui_tools-9a14ec4ff150c4cf/out/c_lib_install"
[INFO] [stderr]   [2026-09-03T08:46:56Z ERROR ritual_common::errors] stack backtrace:
[INFO] [stderr]          0: <failure::backtrace::internal::InternalBacktrace>::new
[INFO] [stderr]          1: <failure::backtrace::Backtrace>::new
[INFO] [stderr]          2: <failure::error::error_impl::ErrorImpl as core::convert::From<failure::error_message::ErrorMessage<alloc::string::String>>>::from
[INFO] [stderr]          3: <failure::error::Error as core::convert::From<failure::error_message::ErrorMessage<alloc::string::String>>>::from
[INFO] [stderr]          4: failure::error_message::err_msg::<alloc::string::String>
[INFO] [stderr]          5: ritual_common::utils::run_command
[INFO] [stderr]          6: <ritual_common::cpp_lib_builder::CppLibBuilder>::run
[INFO] [stderr]          7: <ritual_build::Config>::try_run
[INFO] [stderr]          8: qt_ritual_build::try_run
[INFO] [stderr]          9: qt_ritual_build::run
[INFO] [stderr]         10: build_script_build::main
[INFO] [stderr]         11: <fn() as core::ops::function::FnOnce<()>>::call_once
[INFO] [stderr]         12: std::sys::backtrace::__rust_begin_short_backtrace::<fn(), ()>
[INFO] [stderr]         13: std::rt::lang_start::<()>::{closure#0}
[INFO] [stderr]         14: std::rt::lang_start_internal
[INFO] [stderr]         15: std::rt::lang_start::<()>
[INFO] [stderr]         16: main
[INFO] [stderr]         17: <unknown>
[INFO] [stderr]         18: __libc_start_main
[INFO] [stderr]         19: _start
[INFO] [stderr]       
[INFO] [stderr] warning: build failed, waiting for other jobs to finish...
[INFO] [stderr] error: failed to run custom build command for `qt_gui v0.4.1`
[INFO] [stderr] note: To improve backtraces for build dependencies, set the CARGO_PROFILE_RELEASE_BUILD_OVERRIDE_DEBUG=true environment variable to enable debug information generation.
[INFO] [stderr] 
[INFO] [stderr] Caused by:
[INFO] [stderr]   process didn't exit successfully: `/opt/rustwide/target/release/build/qt_gui-7e70d8c3c77f6916/build-script-build` (exit status: 1)
[INFO] [stderr]   --- stdout
[INFO] [stderr]   Current Qt version (5.15.18) is unknown to qt_gui crate. Using closest known version (5.13.0)
[INFO] [stderr]   -- Configuring incomplete, errors occurred!
[INFO] [stderr] 
[INFO] [stderr]   --- stderr
[INFO] [stderr]   CMake Error at CMakeLists.txt:4 (cmake_minimum_required):
[INFO] [stderr]     Compatibility with CMake < 3.5 has been removed from CMake.
[INFO] [stderr] 
[INFO] [stderr]     Update the VERSION argument <min> value.  Or, use the <min>...<max> syntax
[INFO] [stderr]     to tell CMake that the project requires at least <min> but has been updated
[INFO] [stderr]     to work with policies introduced by <max> or earlier.
[INFO] [stderr] 
[INFO] [stderr]     Or, add -DCMAKE_POLICY_VERSION_MINIMUM=3.5 to try configuring anyway.
[INFO] [stderr] 
[INFO] [stderr] 
[INFO] [stderr]   [2026-09-03T08:46:56Z ERROR ritual_common::errors] Error:
[INFO] [stderr]   [2026-09-03T08:46:56Z ERROR ritual_common::errors]    command failed with exit status: 1: cd "/opt/rustwide/target/release/build/qt_gui-72bc22e9ffe7f0dd/out/c_lib_build" && "cmake" "-Wno-dev" "/opt/rustwide/cargo-home/registry/src/index.crates.io-1949cf8c6b5b557f/qt_gui-0.4.1/c_lib" "-DRITUAL_LIBRARY_TYPE=STATIC" "-DRITUAL_CPP_LIB_VERSION=51300" "-DRITUAL_INCLUDE_PATH=/usr/include/x86_64-linux-gnu/qt5;/usr/include/x86_64-linux-gnu/qt5/QtGui;/usr/include/x86_64-linux-gnu/qt5/QtCore" "-DRITUAL_LIBRARY_PATH=/usr/lib/x86_64-linux-gnu" "-DRITUAL_FRAMEWORK_PATH=" "-DRITUAL_LINKED_LIBS=Qt5Gui;Qt5Core" "-DRITUAL_LINKED_FRAMEWORKS=" "-DRITUAL_COMPILER_FLAGS=-std=gnu++11 -fPIC" "-DRITUAL_QT=1" "-DRITUAL_QT=1" "-DCMAKE_BUILD_TYPE=Release" "-DCMAKE_INSTALL_PREFIX=/opt/rustwide/target/release/build/qt_gui-72bc22e9ffe7f0dd/out/c_lib_install"
[INFO] [stderr]   [2026-09-03T08:46:56Z ERROR ritual_common::errors] stack backtrace:
[INFO] [stderr]          0: <failure::backtrace::internal::InternalBacktrace>::new
[INFO] [stderr]          1: <failure::backtrace::Backtrace>::new
[INFO] [stderr]          2: <failure::error::error_impl::ErrorImpl as core::convert::From<failure::error_message::ErrorMessage<alloc::string::String>>>::from
[INFO] [stderr]          3: <failure::error::Error as core::convert::From<failure::error_message::ErrorMessage<alloc::string::String>>>::from
[INFO] [stderr]          4: failure::error_message::err_msg::<alloc::string::String>
[INFO] [stderr]          5: ritual_common::utils::run_command
[INFO] [stderr]          6: <ritual_common::cpp_lib_builder::CppLibBuilder>::run
[INFO] [stderr]          7: <ritual_build::Config>::try_run
[INFO] [stderr]          8: qt_ritual_build::try_run
[INFO] [stderr]          9: qt_ritual_build::run
[INFO] [stderr]         10: build_script_build::main
[INFO] [stderr]         11: <fn() as core::ops::function::FnOnce<()>>::call_once
[INFO] [stderr]         12: std::sys::backtrace::__rust_begin_short_backtrace::<fn(), ()>
[INFO] [stderr]         13: std::rt::lang_start::<()>::{closure#0}
[INFO] [stderr]         14: std::rt::lang_start_internal
[INFO] [stderr]         15: std::rt::lang_start::<()>
[INFO] [stderr]         16: main
[INFO] [stderr]         17: <unknown>
[INFO] [stderr]         18: __libc_start_main
[INFO] [stderr]         19: _start
[INFO] [stderr]       
[INFO] [stderr] error: failed to run custom build command for `qt_core v0.4.1`
[INFO] [stderr] note: To improve backtraces for build dependencies, set the CARGO_PROFILE_RELEASE_BUILD_OVERRIDE_DEBUG=true environment variable to enable debug information generation.
[INFO] [stderr] 
[INFO] [stderr] Caused by:
[INFO] [stderr]   process didn't exit successfully: `/opt/rustwide/target/release/build/qt_core-071b188e39d802c2/build-script-build` (exit status: 1)
[INFO] [stderr]   --- stdout
[INFO] [stderr]   Current Qt version (5.15.18) is unknown to qt_core crate. Using closest known version (5.13.0)
[INFO] [stderr]   -- Configuring incomplete, errors occurred!
[INFO] [stderr] 
[INFO] [stderr]   --- stderr
[INFO] [stderr]   CMake Error at CMakeLists.txt:4 (cmake_minimum_required):
[INFO] [stderr]     Compatibility with CMake < 3.5 has been removed from CMake.
[INFO] [stderr] 
[INFO] [stderr]     Update the VERSION argument <min> value.  Or, use the <min>...<max> syntax
[INFO] [stderr]     to tell CMake that the project requires at least <min> but has been updated
[INFO] [stderr]     to work with policies introduced by <max> or earlier.
[INFO] [stderr] 
[INFO] [stderr]     Or, add -DCMAKE_POLICY_VERSION_MINIMUM=3.5 to try configuring anyway.
[INFO] [stderr] 
[INFO] [stderr] 
[INFO] [stderr]   [2026-09-03T08:46:56Z ERROR ritual_common::errors] Error:
[INFO] [stderr]   [2026-09-03T08:46:56Z ERROR ritual_common::errors]    command failed with exit status: 1: cd "/opt/rustwide/target/release/build/qt_core-a4b0b67847a8136a/out/c_lib_build" && "cmake" "-Wno-dev" "/opt/rustwide/cargo-home/registry/src/index.crates.io-1949cf8c6b5b557f/qt_core-0.4.1/c_lib" "-DRITUAL_LIBRARY_TYPE=STATIC" "-DRITUAL_CPP_LIB_VERSION=51300" "-DRITUAL_INCLUDE_PATH=/usr/include/x86_64-linux-gnu/qt5;/usr/include/x86_64-linux-gnu/qt5/QtCore" "-DRITUAL_LIBRARY_PATH=/usr/lib/x86_64-linux-gnu" "-DRITUAL_FRAMEWORK_PATH=" "-DRITUAL_LINKED_LIBS=Qt5Core" "-DRITUAL_LINKED_FRAMEWORKS=" "-DRITUAL_COMPILER_FLAGS=-std=gnu++11 -fPIC" "-DRITUAL_QT=1" "-DCMAKE_BUILD_TYPE=Release" "-DCMAKE_INSTALL_PREFIX=/opt/rustwide/target/release/build/qt_core-a4b0b67847a8136a/out/c_lib_install"
[INFO] [stderr]   [2026-09-03T08:46:56Z ERROR ritual_common::errors] stack backtrace:
[INFO] [stderr]          0: <failure::backtrace::internal::InternalBacktrace>::new
[INFO] [stderr]          1: <failure::backtrace::Backtrace>::new
[INFO] [stderr]          2: <failure::error::error_impl::ErrorImpl as core::convert::From<failure::error_message::ErrorMessage<alloc::string::String>>>::from
[INFO] [stderr]          3: <failure::error::Error as core::convert::From<failure::error_message::ErrorMessage<alloc::string::String>>>::from
[INFO] [stderr]          4: failure::error_message::err_msg::<alloc::string::String>
[INFO] [stderr]          5: ritual_common::utils::run_command
[INFO] [stderr]          6: <ritual_common::cpp_lib_builder::CppLibBuilder>::run
[INFO] [stderr]          7: <ritual_build::Config>::try_run
[INFO] [stderr]          8: qt_ritual_build::try_run
[INFO] [stderr]          9: qt_ritual_build::run
[INFO] [stderr]         10: build_script_build::main
[INFO] [stderr]         11: <fn() as core::ops::function::FnOnce<()>>::call_once
[INFO] [stderr]         12: std::sys::backtrace::__rust_begin_short_backtrace::<fn(), ()>
[INFO] [stderr]         13: std::rt::lang_start::<()>::{closure#0}
[INFO] [stderr]         14: std::rt::lang_start_internal
[INFO] [stderr]         15: std::rt::lang_start::<()>
[INFO] [stderr]         16: main
[INFO] [stderr]         17: <unknown>
[INFO] [stderr]         18: __libc_start_main
[INFO] [stderr]         19: _start
[INFO] [stderr]       
[INFO] [stderr] error: failed to run custom build command for `qt_widgets v0.4.1`
[INFO] [stderr] note: To improve backtraces for build dependencies, set the CARGO_PROFILE_RELEASE_BUILD_OVERRIDE_DEBUG=true environment variable to enable debug information generation.
[INFO] [stderr] 
[INFO] [stderr] Caused by:
[INFO] [stderr]   process didn't exit successfully: `/opt/rustwide/target/release/build/qt_widgets-23d57a09836c687e/build-script-build` (exit status: 1)
[INFO] [stderr]   --- stdout
[INFO] [stderr]   Current Qt version (5.15.18) is unknown to qt_widgets crate. Using closest known version (5.13.0)
[INFO] [stderr]   -- Configuring incomplete, errors occurred!
[INFO] [stderr] 
[INFO] [stderr]   --- stderr
[INFO] [stderr]   CMake Error at CMakeLists.txt:4 (cmake_minimum_required):
[INFO] [stderr]     Compatibility with CMake < 3.5 has been removed from CMake.
[INFO] [stderr] 
[INFO] [stderr]     Update the VERSION argument <min> value.  Or, use the <min>...<max> syntax
[INFO] [stderr]     to tell CMake that the project requires at least <min> but has been updated
[INFO] [stderr]     to work with policies introduced by <max> or earlier.
[INFO] [stderr] 
[INFO] [stderr]     Or, add -DCMAKE_POLICY_VERSION_MINIMUM=3.5 to try configuring anyway.
[INFO] [stderr] 
[INFO] [stderr] 
[INFO] [stderr]   [2026-09-03T08:46:56Z ERROR ritual_common::errors] Error:
[INFO] [stderr]   [2026-09-03T08:46:56Z ERROR ritual_common::errors]    command failed with exit status: 1: cd "/opt/rustwide/target/release/build/qt_widgets-e7b246205bc8d525/out/c_lib_build" && "cmake" "-Wno-dev" "/opt/rustwide/cargo-home/registry/src/index.crates.io-1949cf8c6b5b557f/qt_widgets-0.4.1/c_lib" "-DRITUAL_LIBRARY_TYPE=STATIC" "-DRITUAL_CPP_LIB_VERSION=51300" "-DRITUAL_INCLUDE_PATH=/usr/include/x86_64-linux-gnu/qt5;/usr/include/x86_64-linux-gnu/qt5/QtWidgets;/usr/include/x86_64-linux-gnu/qt5/QtCore;/usr/include/x86_64-linux-gnu/qt5/QtGui" "-DRITUAL_LIBRARY_PATH=/usr/lib/x86_64-linux-gnu" "-DRITUAL_FRAMEWORK_PATH=" "-DRITUAL_LINKED_LIBS=Qt5Widgets;Qt5Core;Qt5Gui" "-DRITUAL_LINKED_FRAMEWORKS=" "-DRITUAL_COMPILER_FLAGS=-std=gnu++11 -fPIC" "-DRITUAL_QT=1" "-DRITUAL_QT=1" "-DRITUAL_QT=1" "-DCMAKE_BUILD_TYPE=Release" "-DCMAKE_INSTALL_PREFIX=/opt/rustwide/target/release/build/qt_widgets-e7b246205bc8d525/out/c_lib_install"
[INFO] [stderr]   [2026-09-03T08:46:56Z ERROR ritual_common::errors] stack backtrace:
[INFO] [stderr]          0: <failure::backtrace::internal::InternalBacktrace>::new
[INFO] [stderr]          1: <failure::backtrace::Backtrace>::new
[INFO] [stderr]          2: <failure::error::error_impl::ErrorImpl as core::convert::From<failure::error_message::ErrorMessage<alloc::string::String>>>::from
[INFO] [stderr]          3: <failure::error::Error as core::convert::From<failure::error_message::ErrorMessage<alloc::string::String>>>::from
[INFO] [stderr]          4: failure::error_message::err_msg::<alloc::string::String>
[INFO] [stderr]          5: ritual_common::utils::run_command
[INFO] [stderr]          6: <ritual_common::cpp_lib_builder::CppLibBuilder>::run
[INFO] [stderr]          7: <ritual_build::Config>::try_run
[INFO] [stderr]          8: qt_ritual_build::try_run
[INFO] [stderr]          9: qt_ritual_build::run
[INFO] [stderr]         10: build_script_build::main
[INFO] [stderr]         11: <fn() as core::ops::function::FnOnce<()>>::call_once
[INFO] [stderr]         12: std::sys::backtrace::__rust_begin_short_backtrace::<fn(), ()>
[INFO] [stderr]         13: std::rt::lang_start::<()>::{closure#0}
[INFO] [stderr]         14: std::rt::lang_start_internal
[INFO] [stderr]         15: std::rt::lang_start::<()>
[INFO] [stderr]         16: main
[INFO] [stderr]         17: <unknown>
[INFO] [stderr]         18: __libc_start_main
[INFO] [stderr]         19: _start
[INFO] [stderr]       
[INFO] running `Command { std: "docker" "inspect" "a9980f9c9775d42b66ffb0c6ae0e880b245ece4a219e9f0968e635787646b0aa", kill_on_drop: false }`
[INFO] running `Command { std: "docker" "rm" "-f" "a9980f9c9775d42b66ffb0c6ae0e880b245ece4a219e9f0968e635787646b0aa", kill_on_drop: false }`
[INFO] [stdout] a9980f9c9775d42b66ffb0c6ae0e880b245ece4a219e9f0968e635787646b0aa
