[INFO] cloning repository https://github.com/jeffrade/slackrypt
[INFO] running `Command { std: "git" "-c" "credential.helper=" "-c" "credential.helper=/workspace/cargo-home/bin/git-credential-null" "clone" "--bare" "https://github.com/jeffrade/slackrypt" "/workspace/cache/git-repos/https%3A%2F%2Fgithub.com%2Fjeffrade%2Fslackrypt", kill_on_drop: false }`
[INFO] [stderr] Cloning into bare repository '/workspace/cache/git-repos/https%3A%2F%2Fgithub.com%2Fjeffrade%2Fslackrypt'...
[INFO] running `Command { std: "git" "rev-parse" "HEAD", kill_on_drop: false }`
[INFO] [stdout] 75c860ad3b8385a5bc8636c699e6af7614fd492e
[INFO] testing jeffrade/slackrypt against 1.98.0-beta.8+cargoflags=--release for beta-release-1.99-2
[INFO] running `Command { std: "git" "clone" "/workspace/cache/git-repos/https%3A%2F%2Fgithub.com%2Fjeffrade%2Fslackrypt" "/workspace/builds/worker-7-tc1/source", kill_on_drop: false }`
[INFO] [stderr] Cloning into '/workspace/builds/worker-7-tc1/source'...
[INFO] [stderr] done.
[INFO] started tweaking git repo https://github.com/jeffrade/slackrypt
[INFO] finished tweaking git repo https://github.com/jeffrade/slackrypt
[INFO] tweaked toml for git repo https://github.com/jeffrade/slackrypt written to /workspace/builds/worker-7-tc1/source/Cargo.toml
[INFO] validating manifest of git repo https://github.com/jeffrade/slackrypt on toolchain 1.98.0-beta.8
[INFO] running `Command { std: CARGO_HOME="/workspace/cargo-home" RUSTUP_HOME="/workspace/rustup-home" "/workspace/cargo-home/bin/cargo" "+1.98.0-beta.8" "metadata" "--manifest-path" "Cargo.toml" "--no-deps", kill_on_drop: false }`
[INFO] crate git repo https://github.com/jeffrade/slackrypt already has a lockfile, it will not be regenerated
[INFO] running `Command { std: CARGO_HOME="/workspace/cargo-home" RUSTUP_HOME="/workspace/rustup-home" "/workspace/cargo-home/bin/cargo" "+1.98.0-beta.8" "fetch" "--manifest-path" "Cargo.toml", kill_on_drop: false }`
[INFO] [stderr]     Updating crates.io index
[INFO] [stderr]     Updating git repository `https://github.com/RustCrypto/RSA`
[INFO] [stderr]      Locking 51 packages to latest compatible versions
[INFO] [stderr]     Updating ahash v0.4.7 -> v0.8.12
[INFO] [stderr]       Adding allocator-api2 v0.2.21
[INFO] [stderr]       Adding bitflags v2.13.1
[INFO] [stderr]     Updating bytes v1.0.1 -> v1.12.1
[INFO] [stderr]       Adding colored v2.2.0
[INFO] [stderr]       Adding deranged v0.5.8
[INFO] [stderr]       Adding hashbrown v0.14.5
[INFO] [stderr]     Updating hashlink v0.6.0 -> v0.8.4
[INFO] [stderr]     Updating libc v0.2.94 -> v0.2.189
[INFO] [stderr]     Updating libsqlite3-sys v0.22.1 -> v0.26.0
[INFO] [stderr]     Updating log v0.4.11 -> v0.4.34
[INFO] [stderr]       Adding num-conv v0.2.2
[INFO] [stderr]       Adding num_threads v0.1.7
[INFO] [stderr]     Updating once_cell v1.7.2 -> v1.21.4
[INFO] [stderr]     Updating pkg-config v0.3.18 -> v0.3.34
[INFO] [stderr]       Adding powerfmt v0.2.0
[INFO] [stderr]     Updating proc-macro2 v1.0.26 -> v1.0.107
[INFO] [stderr]     Updating quote v1.0.7 -> v1.0.47
[INFO] [stderr]     Updating rusqlite v0.25.1 -> v0.29.0 (available: v0.40.2)
[INFO] [stderr]     Updating serde v1.0.116 -> v1.0.229
[INFO] [stderr]       Adding serde_core v1.0.229
[INFO] [stderr]     Updating serde_derive v1.0.116 -> v1.0.229
[INFO] [stderr]       Adding simple_logger v4.3.3 (available: v5.2.0)
[INFO] [stderr]       Adding syn v2.0.119
[INFO] [stderr]       Adding syn v3.0.4
[INFO] [stderr]       Adding time v0.3.55
[INFO] [stderr]       Adding time-core v0.1.9
[INFO] [stderr]       Adding time-macros v0.2.32
[INFO] [stderr]       Adding unicode-ident v1.0.24
[INFO] [stderr]     Updating version_check v0.9.2 -> v0.9.5
[INFO] [stderr]       Adding windows-sys v0.48.0
[INFO] [stderr]       Adding windows-sys v0.59.0
[INFO] [stderr]       Adding windows-targets v0.48.5
[INFO] [stderr]       Adding windows-targets v0.52.6
[INFO] [stderr]       Adding windows_aarch64_gnullvm v0.48.5
[INFO] [stderr]       Adding windows_aarch64_gnullvm v0.52.6
[INFO] [stderr]       Adding windows_aarch64_msvc v0.48.5
[INFO] [stderr]       Adding windows_aarch64_msvc v0.52.6
[INFO] [stderr]       Adding windows_i686_gnu v0.48.5
[INFO] [stderr]       Adding windows_i686_gnu v0.52.6
[INFO] [stderr]       Adding windows_i686_gnullvm v0.52.6
[INFO] [stderr]       Adding windows_i686_msvc v0.48.5
[INFO] [stderr]       Adding windows_i686_msvc v0.52.6
[INFO] [stderr]       Adding windows_x86_64_gnu v0.48.5
[INFO] [stderr]       Adding windows_x86_64_gnu v0.52.6
[INFO] [stderr]       Adding windows_x86_64_gnullvm v0.48.5
[INFO] [stderr]       Adding windows_x86_64_gnullvm v0.52.6
[INFO] [stderr]       Adding windows_x86_64_msvc v0.48.5
[INFO] [stderr]       Adding windows_x86_64_msvc v0.52.6
[INFO] [stderr]       Adding zerocopy v0.8.56
[INFO] [stderr]       Adding zerocopy-derive v0.8.56
[INFO] [stderr]  Downloading crates ...
[INFO] [stderr]   Downloaded matches v0.1.8
[INFO] [stderr]   Downloaded vcpkg v0.2.10
[INFO] [stderr]   Downloaded num_cpus v1.13.0
[INFO] [stderr]   Downloaded hermit-abi v0.1.15
[INFO] [stderr]   Downloaded openssl-probe v0.1.2
[INFO] [stderr]   Downloaded unicode-xid v0.2.1
[INFO] [stderr]   Downloaded input_buffer v0.2.0
[INFO] [stderr]   Downloaded wasm-bindgen-shared v0.2.68
[INFO] [stderr]   Downloaded dtoa v0.4.6
[INFO] [stderr]   Downloaded zerocopy-derive v0.8.56
[INFO] [stderr]   Downloaded ghash v0.2.3
[INFO] [stderr]   Downloaded http-body v0.3.1
[INFO] [stderr]   Downloaded proc-macro-hack v0.5.18
[INFO] [stderr]   Downloaded polyval v0.3.3
[INFO] [stderr]   Downloaded universal-hash v0.3.0
[INFO] [stderr]   Downloaded block-cipher-trait v0.6.2
[INFO] [stderr]   Downloaded zeroize_derive v1.0.0
[INFO] [stderr]   Downloaded subtle v2.3.0
[INFO] [stderr]   Downloaded utf-8 v0.7.5
[INFO] [stderr]   Downloaded futures-core v0.3.5
[INFO] [stderr]   Downloaded futures-io v0.3.5
[INFO] [stderr]   Downloaded hashlink v0.8.4
[INFO] [stderr]   Downloaded fallible-iterator v0.2.0
[INFO] [stderr]   Downloaded httpdate v0.3.2
[INFO] [stderr]   Downloaded tower-service v0.3.0
[INFO] [stderr]   Downloaded futures-macro v0.3.5
[INFO] [stderr]   Downloaded simple_logger v4.3.3
[INFO] [stderr]   Downloaded num_threads v0.1.7
[INFO] [stderr]   Downloaded adler v0.2.3
[INFO] [stderr]   Downloaded sha2 v0.8.2
[INFO] [stderr]   Downloaded synstructure v0.12.4
[INFO] [stderr]   Downloaded inotify v0.7.1
[INFO] [stderr]   Downloaded thiserror-impl v1.0.20
[INFO] [stderr]   Downloaded serde_urlencoded v0.7.0
[INFO] [stderr]   Downloaded rocket_contrib v0.4.6
[INFO] [stderr]   Downloaded security-framework-sys v2.2.0
[INFO] [stderr]   Downloaded wasm-bindgen-futures v0.4.18
[INFO] [stderr]   Downloaded proc-macro-nested v0.1.6
[INFO] [stderr]   Downloaded slack v0.25.0
[INFO] [stderr]   Downloaded futures-task v0.3.5
[INFO] [stderr]   Downloaded itoa v0.4.6
[INFO] [stderr]   Downloaded iovec v0.1.4
[INFO] [stderr]   Downloaded wasm-bindgen-macro v0.2.68
[INFO] [stderr]   Downloaded slab v0.4.2
[INFO] [stderr]   Downloaded version_check v0.1.5
[INFO] [stderr]   Downloaded crypto-mac v0.7.0
[INFO] [stderr]   Downloaded pem v0.7.0
[INFO] [stderr]   Downloaded subtle v1.0.0
[INFO] [stderr]   Downloaded simple_logger v1.11.0
[INFO] [stderr]   Downloaded num-iter v0.1.41
[INFO] [stderr]   Downloaded hyper-tls v0.4.3
[INFO] [stderr]   Downloaded filetime v0.2.14
[INFO] [stderr]   Downloaded winreg v0.7.0
[INFO] [stderr]   Downloaded pin-project-lite v0.1.7
[INFO] [stderr]   Downloaded futures-sink v0.3.5
[INFO] [stderr]   Downloaded tinyvec v0.3.4
[INFO] [stderr]   Downloaded core-foundation v0.9.1
[INFO] [stderr]   Downloaded hmac v0.7.1
[INFO] [stderr]   Downloaded generic-array v0.12.3
[INFO] [stderr]   Downloaded wasm-bindgen-macro-support v0.2.68
[INFO] [stderr]   Downloaded pin-project-lite v0.2.6
[INFO] [stderr]   Downloaded mio-extras v2.0.6
[INFO] [stderr]   Downloaded fsevent-sys v2.0.1
[INFO] [stderr]   Downloaded fsevent v0.4.0
[INFO] [stderr]   Downloaded signal-hook-registry v1.2.1
[INFO] [stderr]   Downloaded instant v0.1.9
[INFO] [stderr]   Downloaded mime_guess v2.0.3
[INFO] [stderr]   Downloaded futures-channel v0.3.5
[INFO] [stderr]   Downloaded pear_codegen v0.1.4
[INFO] [stderr]   Downloaded hkdf v0.8.0
[INFO] [stderr]   Downloaded getrandom v0.1.15
[INFO] [stderr]   Downloaded ppv-lite86 v0.2.9
[INFO] [stderr]   Downloaded net2 v0.2.35
[INFO] [stderr]   Downloaded ipnet v2.3.0
[INFO] [stderr]   Downloaded tokio-util v0.3.1
[INFO] [stderr]   Downloaded byteorder v1.3.4
[INFO] [stderr]   Downloaded rand_chacha v0.3.0
[INFO] [stderr]   Downloaded httparse v1.3.4
[INFO] [stderr]   Downloaded wasm-bindgen-backend v0.2.68
[INFO] [stderr]   Downloaded tokio-tls v0.3.1
[INFO] [stderr]   Downloaded tempfile v3.1.0
[INFO] [stderr]   Downloaded bitflags v1.2.1
[INFO] [stderr]   Downloaded base64 v0.11.0
[INFO] [stderr]   Downloaded bytes v0.5.6
[INFO] [stderr]   Downloaded tracing-core v0.1.17
[INFO] [stderr]   Downloaded pin-project-internal v0.4.23
[INFO] [stderr]   Downloaded indexmap v1.6.0
[INFO] [stderr]   Downloaded async-compression v0.3.5
[INFO] [stderr]   Downloaded miniz_oxide v0.4.2
[INFO] [stderr]   Downloaded time-macros v0.2.32
[INFO] [stderr]   Downloaded smallvec v1.6.1
[INFO] [stderr]   Downloaded block-modes v0.4.0
[INFO] [stderr]   Downloaded url v2.2.1
[INFO] [stderr]   Downloaded unicode-normalization v0.1.13
[INFO] [stderr]   Downloaded typenum v1.12.0
[INFO] [stderr]   Downloaded native-tls v0.2.7
[INFO] [stderr]   Downloaded core-foundation-sys v0.8.2
[INFO] [stderr]   Downloaded memchr v2.3.3
[INFO] [stderr]   Downloaded zeroize v1.1.0
[INFO] [stderr]   Downloaded devise_codegen v0.2.0
[INFO] [stderr]   Downloaded inotify-sys v0.1.5
[INFO] [stderr]   Downloaded autocfg v0.1.7
[INFO] [stderr]   Downloaded block-cipher v0.7.1
[INFO] [stderr]   Downloaded bytes v0.4.12
[INFO] [stderr]   Downloaded openssl-sys v0.9.58
[INFO] [stderr]   Downloaded devise v0.2.0
[INFO] [stderr]   Downloaded rand_hc v0.3.0
[INFO] [stderr]   Downloaded security-framework v2.2.0
[INFO] [stderr]   Downloaded aead v0.2.0
[INFO] [stderr]   Downloaded socket2 v0.3.15
[INFO] [stderr]   Downloaded pin-project v0.4.23
[INFO] [stderr]   Downloaded crc32fast v1.2.0
[INFO] [stderr]   Downloaded colored v2.2.0
[INFO] [stderr]   Downloaded tungstenite v0.9.2
[INFO] [stderr]   Downloaded cc v1.0.59
[INFO] [stderr]   Downloaded ryu v1.0.5
[INFO] [stderr]   Downloaded js-sys v0.3.45
[INFO] [stderr]   Downloaded flate2 v1.0.17
[INFO] [stderr]   Downloaded tokio-macros v1.1.0
[INFO] [stderr]   Downloaded thiserror v1.0.20
[INFO] [stderr]   Downloaded http-body v0.4.1
[INFO] [stderr]   Downloaded cmake v0.1.44
[INFO] [stderr]   Downloaded crc24 v0.1.6
[INFO] [stderr]   Downloaded pear v0.1.4
[INFO] [stderr]   Downloaded thread_local v1.0.1
[INFO] [stderr]   Downloaded tracing v0.1.25
[INFO] [stderr]   Downloaded hashbrown v0.9.0
[INFO] [stderr]   Downloaded slack_api v0.23.1
[INFO] [stderr]   Downloaded mio v0.6.22
[INFO] [stderr]   Downloaded aes-soft v0.4.0
[INFO] [stderr]   Downloaded serde_derive v1.0.229
[INFO] [stderr]   Downloaded http v0.1.21
[INFO] [stderr]   Downloaded http v0.2.1
[INFO] [stderr]   Downloaded futures-util v0.3.5
[INFO] [stderr]   Downloaded simple_asn1 v0.4.1
[INFO] [stderr]   Downloaded fltk-derive v0.6.9
[INFO] [stderr]   Downloaded serde_json v1.0.57
[INFO] [stderr]   Downloaded getrandom v0.2.2
[INFO] [stderr]   Downloaded colored v1.9.3
[INFO] [stderr]   Downloaded num-integer v0.1.43
[INFO] [stderr]   Downloaded reqwest v0.10.8
[INFO] [stderr]   Downloaded bumpalo v3.4.0
[INFO] [stderr]   Downloaded hyper v0.13.7
[INFO] [stderr]   Downloaded rusqlite v0.29.0
[INFO] [stderr]   Downloaded wasm-bindgen v0.2.68
[INFO] [stderr]   Downloaded h2 v0.2.6
[INFO] [stderr]   Downloaded openssl v0.10.30
[INFO] [stderr]   Downloaded syn v1.0.71
[INFO] [stderr]   Downloaded idna v0.2.0
[INFO] [stderr]   Downloaded time v0.3.55
[INFO] [stderr]   Downloaded yansi v0.5.0
[INFO] [stderr]   Downloaded tokio v0.2.22
[INFO] [stderr]   Downloaded parking_lot_core v0.8.3
[INFO] [stderr]   Downloaded state v0.4.2
[INFO] [stderr]   Downloaded rand_core v0.6.2
[INFO] [stderr]   Downloaded devise_core v0.2.0
[INFO] [stderr]   Downloaded generic-array v0.14.4
[INFO] [stderr]   Downloaded walkdir v2.3.1
[INFO] [stderr]   Downloaded redox_syscall v0.2.4
[INFO] [stderr]   Downloaded lock_api v0.4.4
[INFO] [stderr]   Downloaded web-sys v0.3.45
[INFO] [stderr]   Downloaded cookie v0.11.3
[INFO] [stderr]   Downloaded num-traits v0.2.12
[INFO] [stderr]   Downloaded pin-project-internal v1.0.7
[INFO] [stderr]   Downloaded parking_lot v0.11.1
[INFO] [stderr]   Downloaded toml v0.4.10
[INFO] [stderr]   Downloaded encoding_rs v0.8.24
[INFO] [stderr]   Downloaded futures v0.3.5
[INFO] [stderr]   Downloaded futures-executor v0.3.5
[INFO] [stderr]   Downloaded arc-swap v0.4.7
[INFO] [stderr]   Downloaded socket2 v0.4.0
[INFO] [stderr]   Downloaded rocket_http v0.4.6
[INFO] [stderr]   Downloaded base64 v0.9.3
[INFO] [stderr]   Downloaded rocket_codegen v0.4.6
[INFO] [stderr]   Downloaded notify v4.0.15
[INFO] [stderr]   Downloaded pin-project v1.0.7
[INFO] [stderr]   Downloaded tokio-util v0.6.6
[INFO] [stderr]   Downloaded fltk v0.6.9
[INFO] [stderr]   Downloaded aes-soft v0.3.3
[INFO] [stderr]   Downloaded rand v0.8.3
[INFO] [stderr]   Downloaded hyper v0.10.16
[INFO] [stderr]   Downloaded aes v0.3.2
[INFO] [stderr]   Downloaded aesni v0.6.0
[INFO] [stderr]   Downloaded rocket v0.4.6
[INFO] [stderr]   Downloaded json v0.12.4
[INFO] [stderr]   Downloaded mio v0.7.11
[INFO] [stderr]   Downloaded aho-corasick v0.7.13
[INFO] [stderr]   Downloaded num-bigint-dig v0.6.0
[INFO] [stderr]   Downloaded libm v0.2.1
[INFO] [stderr]   Downloaded reqwest v0.11.3
[INFO] [stderr]   Downloaded ntapi v0.3.6
[INFO] [stderr]   Downloaded aes-gcm v0.5.0
[INFO] [stderr]   Downloaded chrono v0.4.15
[INFO] [stderr]   Downloaded h2 v0.3.3
[INFO] [stderr]   Downloaded libsqlite3-sys v0.26.0
[INFO] [stderr]   Downloaded hyper v0.14.5
[INFO] [stderr]   Downloaded zerocopy v0.8.56
[INFO] [stderr]   Downloaded regex v1.3.9
[INFO] [stderr]   Downloaded regex-syntax v0.6.18
[INFO] [stderr]   Downloaded tokio v1.5.0
[INFO] [stderr]   Downloaded fltk-sys v0.6.9
[INFO] running `Command { std: "docker" "create" "-v" "/var/lib/crater-agent-workspace/builds/worker-7-tc1/source:/opt/rustwide/workdir:ro,Z" "-v" "/var/lib/crater-agent-workspace/builds/worker-7-tc1/target:/opt/rustwide/target:rw,Z" "-v" "/var/lib/crater-agent-workspace/cargo-home:/opt/rustwide/cargo-home:ro,Z" "-v" "/var/lib/crater-agent-workspace/rustup-home:/opt/rustwide/rustup-home:ro,Z" "-m" "1610612736" "--network" "none" "ghcr.io/rust-lang/crates-build-env/linux@sha256:8683fc1fc2eb5c9ac98e0d076ab094b2ffac7f99da555d2b6a2e27f346de2ec7" "sleep" "infinity", kill_on_drop: false }`
[INFO] [stdout] 8ab22484113d0afcca22abccd3c7a4171e8915b61641f4031769a1eab06c2d85
[INFO] running `Command { std: "docker" "start" "8ab22484113d0afcca22abccd3c7a4171e8915b61641f4031769a1eab06c2d85", kill_on_drop: false }`
[INFO] running `Command { std: "docker" "inspect" "8ab22484113d0afcca22abccd3c7a4171e8915b61641f4031769a1eab06c2d85", kill_on_drop: false }`
[INFO] running `Command { std: "docker" "exec" "-e" "SOURCE_DIR=/opt/rustwide/workdir" "-e" "CARGO_HOME=/opt/rustwide/cargo-home" "-e" "RUSTUP_HOME=/opt/rustwide/rustup-home" "-e" "CARGO_TARGET_DIR=/opt/rustwide/target" "-w" "/opt/rustwide/workdir" "--user" "0:0" "8ab22484113d0afcca22abccd3c7a4171e8915b61641f4031769a1eab06c2d85" "/opt/rustwide/cargo-home/bin/cargo" "+1.98.0-beta.8" "metadata" "--no-deps" "--format-version=1", kill_on_drop: false }`
[INFO] running `Command { std: "docker" "inspect" "8ab22484113d0afcca22abccd3c7a4171e8915b61641f4031769a1eab06c2d85", kill_on_drop: false }`
[INFO] running `Command { std: "docker" "exec" "-e" "SOURCE_DIR=/opt/rustwide/workdir" "-e" "CARGO_HOME=/opt/rustwide/cargo-home" "-e" "RUSTUP_HOME=/opt/rustwide/rustup-home" "-e" "CARGO_TARGET_DIR=/opt/rustwide/target" "-e" "CARGO_INCREMENTAL=0" "-e" "RUST_BACKTRACE=full" "-e" "RUSTFLAGS=--cap-lints=warn" "-e" "RUSTDOCFLAGS=--cap-lints=warn" "-w" "/opt/rustwide/workdir" "--user" "0:0" "8ab22484113d0afcca22abccd3c7a4171e8915b61641f4031769a1eab06c2d85" "/opt/rustwide/cargo-home/bin/cargo" "+1.98.0-beta.8" "build" "--frozen" "--message-format=json" "--release", kill_on_drop: false }`
[INFO] [stderr]    Compiling libc v0.2.189
[INFO] [stderr]    Compiling autocfg v1.0.1
[INFO] [stderr]    Compiling proc-macro2 v1.0.107
[INFO] [stderr]    Compiling quote v1.0.47
[INFO] [stderr]    Compiling unicode-ident v1.0.24
[INFO] [stderr]    Compiling serde_core v1.0.229
[INFO] [stderr]    Compiling typenum v1.12.0
[INFO] [stderr]    Compiling syn v1.0.71
[INFO] [stderr]    Compiling unicode-xid v0.2.1
[INFO] [stderr]    Compiling version_check v0.9.5
[INFO] [stderr]    Compiling cfg-if v0.1.10
[INFO] [stderr]    Compiling byteorder v1.3.4
[INFO] [stderr]    Compiling memchr v2.3.3
[INFO] [stderr]    Compiling bitflags v1.2.1
[INFO] [stderr]    Compiling lazy_static v1.4.0
[INFO] [stderr]    Compiling once_cell v1.21.4
[INFO] [stderr]    Compiling cc v1.0.59
[INFO] [stderr]    Compiling getrandom v0.1.15
[INFO] [stderr]    Compiling pkg-config v0.3.34
[INFO] [stderr]    Compiling slab v0.4.2
[INFO] [stderr]    Compiling httparse v1.3.4
[INFO] [stderr]    Compiling itoa v0.4.6
[INFO] [stderr]    Compiling futures-core v0.3.5
[INFO] [stderr]    Compiling bytes v0.5.6
[INFO] [stderr]    Compiling matches v0.1.8
[INFO] [stderr]    Compiling futures-sink v0.3.5
[INFO] [stderr]    Compiling indexmap v1.6.0
[INFO] [stderr]    Compiling pin-project-internal v0.4.23
[INFO] [stderr]    Compiling proc-macro-nested v0.1.6
[INFO] [stderr]    Compiling pin-project-lite v0.2.6
[INFO] [stderr]    Compiling tinyvec v0.3.4
[INFO] [stderr]    Compiling smallvec v1.6.1
[INFO] [stderr]    Compiling unicode-bidi v0.3.4
[INFO] [stderr]    Compiling hashbrown v0.9.0
[INFO] [stderr]    Compiling proc-macro-hack v0.5.18
[INFO] [stderr]    Compiling proc-macro2 v0.4.30
[INFO] [stderr]    Compiling serde v1.0.229
[INFO] [stderr]    Compiling futures-task v0.3.5
[INFO] [stderr]    Compiling futures-channel v0.3.5
[INFO] [stderr]    Compiling yansi v0.5.0
[INFO] [stderr]    Compiling percent-encoding v2.1.0
[INFO] [stderr]    Compiling futures-io v0.3.5
[INFO] [stderr]    Compiling openssl-sys v0.9.58
[INFO] [stderr]    Compiling unicode-normalization v0.1.13
[INFO] [stderr]    Compiling unicode-xid v0.1.0
[INFO] [stderr]    Compiling http v0.2.1
[INFO] [stderr]    Compiling ppv-lite86 v0.2.9
[INFO] [stderr]    Compiling foreign-types-shared v0.1.1
[INFO] [stderr]    Compiling openssl v0.10.30
[INFO] [stderr]    Compiling opaque-debug v0.2.3
[INFO] [stderr]    Compiling syn v0.15.44
[INFO] [stderr]    Compiling syn v3.0.4
[INFO] [stderr]    Compiling foreign-types v0.3.2
[INFO] [stderr]    Compiling generic-array v0.12.3
[INFO] [stderr] warning: openssl-sys@0.9.58: build/expando.c:4:24: error: pasting "RUST_VERSION_OPENSSL_" and "(" does not give a valid preprocessing token
[INFO] [stderr] warning: openssl-sys@0.9.58:     4 | #define VERSION2(n, v) RUST_VERSION_##n##_##v
[INFO] [stderr] warning: openssl-sys@0.9.58:       |                        ^~~~~~~~~~~~~
[INFO] [stderr] warning: openssl-sys@0.9.58: build/expando.c:5:23: note: in expansion of macro 'VERSION2'
[INFO] [stderr] warning: openssl-sys@0.9.58:     5 | #define VERSION(n, v) VERSION2(n, v)
[INFO] [stderr] warning: openssl-sys@0.9.58:       |                       ^~~~~~~~
[INFO] [stderr] warning: openssl-sys@0.9.58: build/expando.c:10:1: note: in expansion of macro 'VERSION'
[INFO] [stderr] warning: openssl-sys@0.9.58:    10 | VERSION(OPENSSL, OPENSSL_VERSION_NUMBER)
[INFO] [stderr] warning: openssl-sys@0.9.58:       | ^~~~~~~
[INFO] [stderr] error: failed to run custom build command for `openssl-sys v0.9.58`
[INFO] [stderr] note: To improve backtraces for build dependencies, set the CARGO_PROFILE_RELEASE_BUILD_OVERRIDE_DEBUG=true environment variable to enable debug information generation.
[INFO] [stderr] 
[INFO] [stderr] Caused by:
[INFO] [stderr]   process didn't exit successfully: `/opt/rustwide/target/release/build/openssl-sys-e981570c316f1ee6/build-script-main` (exit status: 101)
[INFO] [stderr]   --- stdout
[INFO] [stderr]   cargo:rustc-cfg=const_fn
[INFO] [stderr]   cargo:rerun-if-env-changed=X86_64_UNKNOWN_LINUX_GNU_OPENSSL_LIB_DIR
[INFO] [stderr]   X86_64_UNKNOWN_LINUX_GNU_OPENSSL_LIB_DIR unset
[INFO] [stderr]   cargo:rerun-if-env-changed=OPENSSL_LIB_DIR
[INFO] [stderr]   OPENSSL_LIB_DIR unset
[INFO] [stderr]   cargo:rerun-if-env-changed=X86_64_UNKNOWN_LINUX_GNU_OPENSSL_INCLUDE_DIR
[INFO] [stderr]   X86_64_UNKNOWN_LINUX_GNU_OPENSSL_INCLUDE_DIR unset
[INFO] [stderr]   cargo:rerun-if-env-changed=OPENSSL_INCLUDE_DIR
[INFO] [stderr]   OPENSSL_INCLUDE_DIR unset
[INFO] [stderr]   cargo:rerun-if-env-changed=X86_64_UNKNOWN_LINUX_GNU_OPENSSL_DIR
[INFO] [stderr]   X86_64_UNKNOWN_LINUX_GNU_OPENSSL_DIR unset
[INFO] [stderr]   cargo:rerun-if-env-changed=OPENSSL_DIR
[INFO] [stderr]   OPENSSL_DIR unset
[INFO] [stderr]   cargo:rerun-if-env-changed=OPENSSL_NO_PKG_CONFIG
[INFO] [stderr]   cargo:rerun-if-env-changed=PKG_CONFIG_x86_64-unknown-linux-gnu
[INFO] [stderr]   cargo:rerun-if-env-changed=PKG_CONFIG_x86_64_unknown_linux_gnu
[INFO] [stderr]   cargo:rerun-if-env-changed=HOST_PKG_CONFIG
[INFO] [stderr]   cargo:rerun-if-env-changed=PKG_CONFIG
[INFO] [stderr]   cargo:rerun-if-env-changed=OPENSSL_STATIC
[INFO] [stderr]   cargo:rerun-if-env-changed=OPENSSL_DYNAMIC
[INFO] [stderr]   cargo:rerun-if-env-changed=PKG_CONFIG_ALL_STATIC
[INFO] [stderr]   cargo:rerun-if-env-changed=PKG_CONFIG_ALL_DYNAMIC
[INFO] [stderr]   cargo:rerun-if-env-changed=PKG_CONFIG_PATH_x86_64-unknown-linux-gnu
[INFO] [stderr]   cargo:rerun-if-env-changed=PKG_CONFIG_PATH_x86_64_unknown_linux_gnu
[INFO] [stderr]   cargo:rerun-if-env-changed=HOST_PKG_CONFIG_PATH
[INFO] [stderr]   cargo:rerun-if-env-changed=PKG_CONFIG_PATH
[INFO] [stderr]   cargo:rerun-if-env-changed=PKG_CONFIG_LIBDIR_x86_64-unknown-linux-gnu
[INFO] [stderr]   cargo:rerun-if-env-changed=PKG_CONFIG_LIBDIR_x86_64_unknown_linux_gnu
[INFO] [stderr]   cargo:rerun-if-env-changed=HOST_PKG_CONFIG_LIBDIR
[INFO] [stderr]   cargo:rerun-if-env-changed=PKG_CONFIG_LIBDIR
[INFO] [stderr]   cargo:rerun-if-env-changed=PKG_CONFIG_SYSROOT_DIR_x86_64-unknown-linux-gnu
[INFO] [stderr]   cargo:rerun-if-env-changed=PKG_CONFIG_SYSROOT_DIR_x86_64_unknown_linux_gnu
[INFO] [stderr]   cargo:rerun-if-env-changed=HOST_PKG_CONFIG_SYSROOT_DIR
[INFO] [stderr]   cargo:rerun-if-env-changed=PKG_CONFIG_SYSROOT_DIR
[INFO] [stderr]   cargo:rerun-if-env-changed=PKG_CONFIG_SYSROOT_DIR
[INFO] [stderr]   cargo:rerun-if-env-changed=SYSROOT
[INFO] [stderr]   cargo:rerun-if-env-changed=OPENSSL_STATIC
[INFO] [stderr]   cargo:rerun-if-env-changed=OPENSSL_DYNAMIC
[INFO] [stderr]   cargo:rerun-if-env-changed=PKG_CONFIG_ALL_STATIC
[INFO] [stderr]   cargo:rerun-if-env-changed=PKG_CONFIG_ALL_DYNAMIC
[INFO] [stderr]   cargo:rustc-link-lib=ssl
[INFO] [stderr]   cargo:rustc-link-lib=crypto
[INFO] [stderr]   cargo:rerun-if-env-changed=PKG_CONFIG_x86_64-unknown-linux-gnu
[INFO] [stderr]   cargo:rerun-if-env-changed=PKG_CONFIG_x86_64_unknown_linux_gnu
[INFO] [stderr]   cargo:rerun-if-env-changed=HOST_PKG_CONFIG
[INFO] [stderr]   cargo:rerun-if-env-changed=PKG_CONFIG
[INFO] [stderr]   cargo:rerun-if-env-changed=OPENSSL_STATIC
[INFO] [stderr]   cargo:rerun-if-env-changed=OPENSSL_DYNAMIC
[INFO] [stderr]   cargo:rerun-if-env-changed=PKG_CONFIG_ALL_STATIC
[INFO] [stderr]   cargo:rerun-if-env-changed=PKG_CONFIG_ALL_DYNAMIC
[INFO] [stderr]   cargo:rerun-if-env-changed=PKG_CONFIG_PATH_x86_64-unknown-linux-gnu
[INFO] [stderr]   cargo:rerun-if-env-changed=PKG_CONFIG_PATH_x86_64_unknown_linux_gnu
[INFO] [stderr]   cargo:rerun-if-env-changed=HOST_PKG_CONFIG_PATH
[INFO] [stderr]   cargo:rerun-if-env-changed=PKG_CONFIG_PATH
[INFO] [stderr]   cargo:rerun-if-env-changed=PKG_CONFIG_LIBDIR_x86_64-unknown-linux-gnu
[INFO] [stderr]   cargo:rerun-if-env-changed=PKG_CONFIG_LIBDIR_x86_64_unknown_linux_gnu
[INFO] [stderr]   cargo:rerun-if-env-changed=HOST_PKG_CONFIG_LIBDIR
[INFO] [stderr]   cargo:rerun-if-env-changed=PKG_CONFIG_LIBDIR
[INFO] [stderr]   cargo:rerun-if-env-changed=PKG_CONFIG_SYSROOT_DIR_x86_64-unknown-linux-gnu
[INFO] [stderr]   cargo:rerun-if-env-changed=PKG_CONFIG_SYSROOT_DIR_x86_64_unknown_linux_gnu
[INFO] [stderr]   cargo:rerun-if-env-changed=HOST_PKG_CONFIG_SYSROOT_DIR
[INFO] [stderr]   cargo:rerun-if-env-changed=PKG_CONFIG_SYSROOT_DIR
[INFO] [stderr]   OPT_LEVEL = Some("3")
[INFO] [stderr]   TARGET = Some("x86_64-unknown-linux-gnu")
[INFO] [stderr]   HOST = Some("x86_64-unknown-linux-gnu")
[INFO] [stderr]   CC_x86_64-unknown-linux-gnu = None
[INFO] [stderr]   CC_x86_64_unknown_linux_gnu = None
[INFO] [stderr]   HOST_CC = None
[INFO] [stderr]   CC = None
[INFO] [stderr]   CFLAGS_x86_64-unknown-linux-gnu = None
[INFO] [stderr]   CFLAGS_x86_64_unknown_linux_gnu = None
[INFO] [stderr]   HOST_CFLAGS = None
[INFO] [stderr]   CFLAGS = None
[INFO] [stderr]   CRATE_CC_NO_DEFAULTS = None
[INFO] [stderr]   DEBUG = Some("false")
[INFO] [stderr]   CARGO_CFG_TARGET_FEATURE = Some("fxsr,sse,sse2")
[INFO] [stderr]   running: "cc" "-O3" "-ffunction-sections" "-fdata-sections" "-fPIC" "-m64" "-I" "/usr/include" "-Wall" "-Wextra" "-E" "build/expando.c"
[INFO] [stderr]   cargo:warning=build/expando.c:4:24: error: pasting "RUST_VERSION_OPENSSL_" and "(" does not give a valid preprocessing token
[INFO] [stderr]   cargo:warning=    4 | #define VERSION2(n, v) RUST_VERSION_##n##_##v
[INFO] [stderr]   cargo:warning=      |                        ^~~~~~~~~~~~~
[INFO] [stderr]   cargo:warning=build/expando.c:5:23: note: in expansion of macro 'VERSION2'
[INFO] [stderr]   cargo:warning=    5 | #define VERSION(n, v) VERSION2(n, v)
[INFO] [stderr]   cargo:warning=      |                       ^~~~~~~~
[INFO] [stderr]   cargo:warning=build/expando.c:10:1: note: in expansion of macro 'VERSION'
[INFO] [stderr]   cargo:warning=   10 | VERSION(OPENSSL, OPENSSL_VERSION_NUMBER)
[INFO] [stderr]   cargo:warning=      | ^~~~~~~
[INFO] [stderr]   exit status: 1
[INFO] [stderr] 
[INFO] [stderr]   --- stderr
[INFO] [stderr] 
[INFO] [stderr]   thread 'main' (1079) panicked at /opt/rustwide/cargo-home/registry/src/index.crates.io-1949cf8c6b5b557f/openssl-sys-0.9.58/build/main.rs:140:13:
[INFO] [stderr] 
[INFO] [stderr]   Header expansion error:
[INFO] [stderr]   Error { kind: ToolExecError, message: "Command \"cc\" \"-O3\" \"-ffunction-sections\" \"-fdata-sections\" \"-fPIC\" \"-m64\" \"-I\" \"/usr/include\" \"-Wall\" \"-Wextra\" \"-E\" \"build/expando.c\" with args \"cc\" did not execute successfully (status code exit status: 1)." }
[INFO] [stderr] 
[INFO] [stderr]   Failed to find OpenSSL development headers.
[INFO] [stderr] 
[INFO] [stderr]   You can try fixing this setting the `OPENSSL_DIR` environment variable
[INFO] [stderr]   pointing to your OpenSSL installation or installing OpenSSL headers package
[INFO] [stderr]   specific to your distribution:
[INFO] [stderr] 
[INFO] [stderr]       # On Ubuntu
[INFO] [stderr]       sudo apt-get install libssl-dev
[INFO] [stderr]       # On Arch Linux
[INFO] [stderr]       sudo pacman -S openssl
[INFO] [stderr]       # On Fedora
[INFO] [stderr]       sudo dnf install openssl-devel
[INFO] [stderr] 
[INFO] [stderr]   See rust-openssl README for more information:
[INFO] [stderr] 
[INFO] [stderr]       https://github.com/sfackler/rust-openssl#linux
[INFO] [stderr] 
[INFO] [stderr]   stack backtrace:
[INFO] [stderr]      0:     0x592e7c178851 - <<std[97b98282bc616a66]::sys::backtrace::BacktraceLock>::print::DisplayBacktrace as core[832e9a552fc17241]::fmt::Display>::fmt
[INFO] [stderr]      1:     0x592e7c18cb4a - core[832e9a552fc17241]::fmt::write
[INFO] [stderr]      2:     0x592e7c17e6bc - <std[97b98282bc616a66]::sys::stdio::unix::Stderr as std[97b98282bc616a66]::io::Write>::write_fmt
[INFO] [stderr]      3:     0x592e7c159f26 - std[97b98282bc616a66]::panicking::default_hook::{closure#0}
[INFO] [stderr]      4:     0x592e7c1730f1 - std[97b98282bc616a66]::panicking::default_hook
[INFO] [stderr]      5:     0x592e7c1732ab - std[97b98282bc616a66]::panicking::panic_with_hook
[INFO] [stderr]      6:     0x592e7c159fd2 - std[97b98282bc616a66]::panicking::panic_handler::{closure#0}
[INFO] [stderr]      7:     0x592e7c151619 - std[97b98282bc616a66]::sys::backtrace::__rust_end_short_backtrace::<std[97b98282bc616a66]::panicking::panic_handler::{closure#0}, !>
[INFO] [stderr]      8:     0x592e7c15a86d - __rustc[e3d8617bb01b7f69]::rust_begin_unwind
[INFO] [stderr]      9:     0x592e7c18d2bc - core[832e9a552fc17241]::panicking::panic_fmt
[INFO] [stderr]     10:     0x592e7c0e02c1 - build_script_main[ca59420f221de817]::validate_headers
[INFO] [stderr]     11:     0x592e7c0db5a3 - build_script_main[ca59420f221de817]::find_normal::try_pkg_config
[INFO] [stderr]     12:     0x592e7c0db968 - build_script_main[ca59420f221de817]::find_normal::find_openssl_dir
[INFO] [stderr]     13:     0x592e7c0d93d7 - build_script_main[ca59420f221de817]::find_normal::get_openssl::{closure#0}
[INFO] [stderr]     14:     0x592e7c0dd320 - <core[832e9a552fc17241]::option::Option<std[97b98282bc616a66]::ffi::os_str::OsString>>::unwrap_or_else::<build_script_main[ca59420f221de817]::find_normal::get_openssl::{closure#0}>
[INFO] [stderr]     15:     0x592e7c0dae6c - build_script_main[ca59420f221de817]::find_normal::get_openssl
[INFO] [stderr]     16:     0x592e7c0de68d - build_script_main[ca59420f221de817]::find_openssl
[INFO] [stderr]     17:     0x592e7c0e08e1 - build_script_main[ca59420f221de817]::main
[INFO] [stderr]     18:     0x592e7c0e2c53 - <fn() as core[832e9a552fc17241]::ops::function::FnOnce<()>>::call_once
[INFO] [stderr]     19:     0x592e7c0dd8d6 - std[97b98282bc616a66]::sys::backtrace::__rust_begin_short_backtrace::<fn(), ()>
[INFO] [stderr]     20:     0x592e7c0d9189 - std[97b98282bc616a66]::rt::lang_start::<()>::{closure#0}
[INFO] [stderr]     21:     0x592e7c172417 - std[97b98282bc616a66]::rt::lang_start_internal
[INFO] [stderr]     22:     0x592e7c0d8be1 - std[97b98282bc616a66]::rt::lang_start::<()>
[INFO] [stderr]     23:     0x592e7c0e2e35 - main
[INFO] [stderr]     24:     0x7ff5732e2601 - <unknown>
[INFO] [stderr]     25:     0x7ff5732e2718 - __libc_start_main
[INFO] [stderr]     26:     0x592e7c0d76f5 - _start
[INFO] [stderr]     27:                0x0 - <unknown>
[INFO] [stderr] warning: build failed, waiting for other jobs to finish...
[INFO] running `Command { std: "docker" "inspect" "8ab22484113d0afcca22abccd3c7a4171e8915b61641f4031769a1eab06c2d85", kill_on_drop: false }`
[INFO] running `Command { std: "docker" "rm" "-f" "8ab22484113d0afcca22abccd3c7a4171e8915b61641f4031769a1eab06c2d85", kill_on_drop: false }`
[INFO] [stdout] 8ab22484113d0afcca22abccd3c7a4171e8915b61641f4031769a1eab06c2d85
