[INFO] cloning repository https://github.com/jcdyer/virs
[INFO] running `Command { std: "git" "-c" "credential.helper=" "-c" "credential.helper=/workspace/cargo-home/bin/git-credential-null" "clone" "--bare" "https://github.com/jcdyer/virs" "/workspace/cache/git-repos/https%3A%2F%2Fgithub.com%2Fjcdyer%2Fvirs", kill_on_drop: false }`
[INFO] [stderr] Cloning into bare repository '/workspace/cache/git-repos/https%3A%2F%2Fgithub.com%2Fjcdyer%2Fvirs'...
[INFO] running `Command { std: "git" "rev-parse" "HEAD", kill_on_drop: false }`
[INFO] [stdout] 76afdfd3f8dc970dc002a59f680032987bdab17c
[INFO] testing jcdyer/virs against 1.98.0-beta.8+cargoflags=--release for beta-release-1.99-2
[INFO] running `Command { std: "git" "clone" "/workspace/cache/git-repos/https%3A%2F%2Fgithub.com%2Fjcdyer%2Fvirs" "/workspace/builds/worker-3-tc1/source", kill_on_drop: false }`
[INFO] [stderr] Cloning into '/workspace/builds/worker-3-tc1/source'...
[INFO] [stderr] done.
[INFO] started tweaking git repo https://github.com/jcdyer/virs
[INFO] finished tweaking git repo https://github.com/jcdyer/virs
[INFO] tweaked toml for git repo https://github.com/jcdyer/virs written to /workspace/builds/worker-3-tc1/source/Cargo.toml
[INFO] validating manifest of git repo https://github.com/jcdyer/virs on toolchain 1.98.0-beta.8
[INFO] running `Command { std: CARGO_HOME="/workspace/cargo-home" RUSTUP_HOME="/workspace/rustup-home" "/workspace/cargo-home/bin/cargo" "+1.98.0-beta.8" "metadata" "--manifest-path" "Cargo.toml" "--no-deps", kill_on_drop: false }`
[INFO] crate git repo https://github.com/jcdyer/virs already has a lockfile, it will not be regenerated
[INFO] running `Command { std: CARGO_HOME="/workspace/cargo-home" RUSTUP_HOME="/workspace/rustup-home" "/workspace/cargo-home/bin/cargo" "+1.98.0-beta.8" "fetch" "--manifest-path" "Cargo.toml", kill_on_drop: false }`
[INFO] [stderr] warning: Cargo.toml: `package.edition` is unspecified, defaulting to `2015` while the latest is `2024`
[INFO] [stderr] warning: `virs` (manifest) generated 1 warning
[INFO] [stderr]     Updating crates.io index
[INFO] [stderr]  Downloading crates ...
[INFO] [stderr]   Downloaded termbox-sys v0.2.9
[INFO] [stderr]   Downloaded num-traits v0.1.36
[INFO] [stderr]   Downloaded rustbox v0.9.0
[INFO] [stderr]   Downloaded num-rational v0.1.35
[INFO] [stderr]   Downloaded num v0.1.36
[INFO] [stderr]   Downloaded nom v1.2.4
[INFO] [stderr]   Downloaded num-integer v0.1.32
[INFO] [stderr]   Downloaded tempfile v2.1.4
[INFO] [stderr]   Downloaded num-bigint v0.1.35
[INFO] [stderr]   Downloaded winapi-build v0.1.1
[INFO] [stderr]   Downloaded bitflags v0.2.1
[INFO] [stderr]   Downloaded num-complex v0.1.35
[INFO] [stderr]   Downloaded gag v0.1.9
[INFO] [stderr]   Downloaded rustc_version v0.1.7
[INFO] [stderr]   Downloaded semver v0.1.20
[INFO] [stderr]   Downloaded num-iter v0.1.32
[INFO] [stderr]   Downloaded kernel32-sys v0.2.2
[INFO] [stderr]   Downloaded rustc-serialize v0.3.19
[INFO] [stderr]   Downloaded rand v0.3.14
[INFO] [stderr]   Downloaded libc v0.2.17
[INFO] [stderr]   Downloaded winapi v0.2.8
[INFO] running `Command { std: "docker" "create" "-v" "/var/lib/crater-agent-workspace/builds/worker-3-tc1/source:/opt/rustwide/workdir:ro,Z" "-v" "/var/lib/crater-agent-workspace/builds/worker-3-tc1/target:/opt/rustwide/target:rw,Z" "-v" "/var/lib/crater-agent-workspace/cargo-home:/opt/rustwide/cargo-home:ro,Z" "-v" "/var/lib/crater-agent-workspace/rustup-home:/opt/rustwide/rustup-home:ro,Z" "-m" "1610612736" "--network" "none" "ghcr.io/rust-lang/crates-build-env/linux@sha256:8683fc1fc2eb5c9ac98e0d076ab094b2ffac7f99da555d2b6a2e27f346de2ec7" "sleep" "infinity", kill_on_drop: false }`
[INFO] [stdout] f6aef24314c2c38d9ac0ec45ecb01a7fe945b62943a3cabfb316582601620219
[INFO] running `Command { std: "docker" "start" "f6aef24314c2c38d9ac0ec45ecb01a7fe945b62943a3cabfb316582601620219", kill_on_drop: false }`
[INFO] running `Command { std: "docker" "inspect" "f6aef24314c2c38d9ac0ec45ecb01a7fe945b62943a3cabfb316582601620219", kill_on_drop: false }`
[INFO] running `Command { std: "docker" "exec" "-e" "SOURCE_DIR=/opt/rustwide/workdir" "-e" "CARGO_HOME=/opt/rustwide/cargo-home" "-e" "RUSTUP_HOME=/opt/rustwide/rustup-home" "-e" "CARGO_TARGET_DIR=/opt/rustwide/target" "-w" "/opt/rustwide/workdir" "--user" "0:0" "f6aef24314c2c38d9ac0ec45ecb01a7fe945b62943a3cabfb316582601620219" "/opt/rustwide/cargo-home/bin/cargo" "+1.98.0-beta.8" "metadata" "--no-deps" "--format-version=1", kill_on_drop: false }`
[INFO] running `Command { std: "docker" "inspect" "f6aef24314c2c38d9ac0ec45ecb01a7fe945b62943a3cabfb316582601620219", kill_on_drop: false }`
[INFO] running `Command { std: "docker" "exec" "-e" "SOURCE_DIR=/opt/rustwide/workdir" "-e" "CARGO_HOME=/opt/rustwide/cargo-home" "-e" "RUSTUP_HOME=/opt/rustwide/rustup-home" "-e" "CARGO_TARGET_DIR=/opt/rustwide/target" "-e" "CARGO_INCREMENTAL=0" "-e" "RUST_BACKTRACE=full" "-e" "RUSTFLAGS=--cap-lints=warn" "-e" "RUSTDOCFLAGS=--cap-lints=warn" "-w" "/opt/rustwide/workdir" "--user" "0:0" "f6aef24314c2c38d9ac0ec45ecb01a7fe945b62943a3cabfb316582601620219" "/opt/rustwide/cargo-home/bin/cargo" "+1.98.0-beta.8" "build" "--frozen" "--message-format=json" "--release", kill_on_drop: false }`
[INFO] [stderr] warning: Cargo.toml: `package.edition` is unspecified, defaulting to `2015` while the latest is `2024`
[INFO] [stderr] warning: `virs` (manifest) generated 1 warning
[INFO] [stderr]    Compiling num-traits v0.1.36
[INFO] [stderr]    Compiling libc v0.2.17
[INFO] [stderr]    Compiling winapi-build v0.1.1
[INFO] [stderr]    Compiling semver v0.1.20
[INFO] [stderr]    Compiling rustc-serialize v0.3.19
[INFO] [stderr]    Compiling winapi v0.2.8
[INFO] [stderr]    Compiling termbox-sys v0.2.9
[INFO] [stderr]    Compiling bitflags v0.2.1
[INFO] [stderr]    Compiling nom v1.2.4
[INFO] [stderr]    Compiling rand v0.3.14
[INFO] [stdout] error[E0642]: patterns aren't allowed in functions without bodies
[INFO] [stdout]    --> /opt/rustwide/cargo-home/registry/src/index.crates.io-1949cf8c6b5b557f/rustc-serialize-0.3.19/src/serialize.rs:147:45
[INFO] [stdout]     |
[INFO] [stdout] 147 | ...                   &f_name: &str,
[INFO] [stdout]     |                       ^^^^^^^ pattern not allowed in function without body
[INFO] [stdout] 
[INFO] [stdout] 
[INFO] [stderr]    Compiling kernel32-sys v0.2.2
[INFO] [stderr]    Compiling rustc_version v0.1.7
[INFO] [stdout] error[E0310]: the parameter type `T` may not live long enough
[INFO] [stdout]    --> /opt/rustwide/cargo-home/registry/src/index.crates.io-1949cf8c6b5b557f/rustc-serialize-0.3.19/src/serialize.rs:454:5
[INFO] [stdout]     |
[INFO] [stdout] 454 |     fn decode<D: Decoder>(d: &mut D) -> Result<Cow<'static, T>, D::Error> {
[INFO] [stdout]     |     ^^^^^^^^^^^^^^^^^^^^^^^^^^^^^^^^^^^^^^^^^^^^^^^^^^^^^^^^^^^^^^^^^^^^^
[INFO] [stdout]     |     |
[INFO] [stdout]     |     the parameter type `T` must be valid for the static lifetime...
[INFO] [stdout]     |     ...so that the type `T` will meet its required lifetime bounds...
[INFO] [stdout]     |
[INFO] [stdout] note: ...that is required by this bound
[INFO] [stdout]    --> /rustc/04eb0d7194012623e82369b466d5084522957446/library/alloc/src/borrow.rs:169:29
[INFO] [stdout] help: consider adding an explicit lifetime bound
[INFO] [stdout]     |
[INFO] [stdout] 450 | impl<'a, T: ?Sized + 'static> Decodable for Cow<'a, T>
[INFO] [stdout]     |                    +++++++++
[INFO] [stdout] 
[INFO] [stdout] 
[INFO] [stderr] error: failed to run custom build command for `termbox-sys v0.2.9`
[INFO] [stderr] note: To improve backtraces for build dependencies, set the CARGO_PROFILE_RELEASE_BUILD_OVERRIDE_DEBUG=true environment variable to enable debug information generation.
[INFO] [stderr] 
[INFO] [stderr] Caused by:
[INFO] [stderr]   process didn't exit successfully: `/opt/rustwide/target/release/build/termbox-sys-0855efacec2ac9fc/build-script-build` (exit status: 101)
[INFO] [stderr]   --- stdout
[INFO] [stderr]   running: cd "/opt/rustwide/cargo-home/registry/src/index.crates.io-1949cf8c6b5b557f/termbox-sys-0.2.9" && "git" "clone" "https://github.com/nsf/termbox" ".termbox"
[INFO] [stderr] 
[INFO] [stderr]   --- stderr
[INFO] [stderr]   fatal: could not create work tree dir '.termbox': Read-only file system
[INFO] [stderr] 
[INFO] [stderr]   thread 'main' (185) panicked at /opt/rustwide/cargo-home/registry/src/index.crates.io-1949cf8c6b5b557f/termbox-sys-0.2.9/build.rs:86:5:
[INFO] [stderr]   assertion failed: cmd.stdout(Stdio::inherit()).stderr(Stdio::inherit()).status().unwrap().success()
[INFO] [stderr]   stack backtrace:
[INFO] [stderr]      0:     0x56e55a68e8a1 - <<std[97b98282bc616a66]::sys::backtrace::BacktraceLock>::print::DisplayBacktrace as core[832e9a552fc17241]::fmt::Display>::fmt
[INFO] [stderr]      1:     0x56e55a6a10da - core[832e9a552fc17241]::fmt::write
[INFO] [stderr]      2:     0x56e55a693abc - <std[97b98282bc616a66]::sys::stdio::unix::Stderr as std[97b98282bc616a66]::io::Write>::write_fmt
[INFO] [stderr]      3:     0x56e55a6737e6 - std[97b98282bc616a66]::panicking::default_hook::{closure#0}
[INFO] [stderr]      4:     0x56e55a68a471 - std[97b98282bc616a66]::panicking::default_hook
[INFO] [stderr]      5:     0x56e55a68a62b - std[97b98282bc616a66]::panicking::panic_with_hook
[INFO] [stderr]      6:     0x56e55a6738c4 - std[97b98282bc616a66]::panicking::panic_handler::{closure#0}
[INFO] [stderr]      7:     0x56e55a66b2c9 - std[97b98282bc616a66]::sys::backtrace::__rust_end_short_backtrace::<std[97b98282bc616a66]::panicking::panic_handler::{closure#0}, !>
[INFO] [stderr]      8:     0x56e55a67428d - __rustc[e3d8617bb01b7f69]::rust_begin_unwind
[INFO] [stderr]      9:     0x56e55a6a180c - core[832e9a552fc17241]::panicking::panic_fmt
[INFO] [stderr]     10:     0x56e55a6a17d2 - core[832e9a552fc17241]::panicking::panic
[INFO] [stderr]     11:     0x56e55a658cd9 - build_script_build[2b461d70602d2324]::run
[INFO] [stderr]     12:     0x56e55a65964e - build_script_build[2b461d70602d2324]::setup
[INFO] [stderr]     13:     0x56e55a659004 - build_script_build[2b461d70602d2324]::main
[INFO] [stderr]     14:     0x56e55a65c923 - <fn() as core[832e9a552fc17241]::ops::function::FnOnce<()>>::call_once
[INFO] [stderr]     15:     0x56e55a658076 - std[97b98282bc616a66]::sys::backtrace::__rust_begin_short_backtrace::<fn(), ()>
[INFO] [stderr]     16:     0x56e55a658729 - std[97b98282bc616a66]::rt::lang_start::<()>::{closure#0}
[INFO] [stderr]     17:     0x56e55a689807 - std[97b98282bc616a66]::rt::lang_start_internal
[INFO] [stderr]     18:     0x56e55a657c41 - std[97b98282bc616a66]::rt::lang_start::<()>
[INFO] [stderr]     19:     0x56e55a65ca75 - main
[INFO] [stderr]     20:     0x7ee06cf3e601 - <unknown>
[INFO] [stderr]     21:     0x7ee06cf3e718 - __libc_start_main
[INFO] [stderr]     22:     0x56e55a656095 - _start
[INFO] [stderr]     23:                0x0 - <unknown>
[INFO] [stderr] warning: build failed, waiting for other jobs to finish...
[INFO] [stdout] Some errors have detailed explanations: E0310, E0642.
[INFO] [stdout] 
[INFO] [stdout] For more information about an error, try `rustc --explain E0310`.
[INFO] [stdout] 
[INFO] [stderr] error: could not compile `rustc-serialize` (lib) due to 2 previous errors
[INFO] running `Command { std: "docker" "inspect" "f6aef24314c2c38d9ac0ec45ecb01a7fe945b62943a3cabfb316582601620219", kill_on_drop: false }`
[INFO] running `Command { std: "docker" "rm" "-f" "f6aef24314c2c38d9ac0ec45ecb01a7fe945b62943a3cabfb316582601620219", kill_on_drop: false }`
[INFO] [stdout] f6aef24314c2c38d9ac0ec45ecb01a7fe945b62943a3cabfb316582601620219
