[INFO] cloning repository https://github.com/iot-ecology/rust-encounter
[INFO] running `Command { std: "git" "-c" "credential.helper=" "-c" "credential.helper=/workspace/cargo-home/bin/git-credential-null" "clone" "--bare" "https://github.com/iot-ecology/rust-encounter" "/workspace/cache/git-repos/https%3A%2F%2Fgithub.com%2Fiot-ecology%2Frust-encounter", kill_on_drop: false }`
[INFO] [stderr] Cloning into bare repository '/workspace/cache/git-repos/https%3A%2F%2Fgithub.com%2Fiot-ecology%2Frust-encounter'...
[INFO] running `Command { std: "git" "rev-parse" "HEAD", kill_on_drop: false }`
[INFO] [stdout] ea79e7c68b63df849c57c268691b0e130e75cea9
[INFO] testing iot-ecology/rust-encounter against 1.98.0-beta.8+cargoflags=--release for beta-release-1.99-2
[INFO] running `Command { std: "git" "clone" "/workspace/cache/git-repos/https%3A%2F%2Fgithub.com%2Fiot-ecology%2Frust-encounter" "/workspace/builds/worker-2-tc1/source", kill_on_drop: false }`
[INFO] [stderr] Cloning into '/workspace/builds/worker-2-tc1/source'...
[INFO] [stderr] done.
[INFO] started tweaking git repo https://github.com/iot-ecology/rust-encounter
[INFO] finished tweaking git repo https://github.com/iot-ecology/rust-encounter
[INFO] tweaked toml for git repo https://github.com/iot-ecology/rust-encounter written to /workspace/builds/worker-2-tc1/source/Cargo.toml
[INFO] validating manifest of git repo https://github.com/iot-ecology/rust-encounter on toolchain 1.98.0-beta.8
[INFO] running `Command { std: CARGO_HOME="/workspace/cargo-home" RUSTUP_HOME="/workspace/rustup-home" "/workspace/cargo-home/bin/cargo" "+1.98.0-beta.8" "metadata" "--manifest-path" "Cargo.toml" "--no-deps", kill_on_drop: false }`
[INFO] crate git repo https://github.com/iot-ecology/rust-encounter already has a lockfile, it will not be regenerated
[INFO] running `Command { std: CARGO_HOME="/workspace/cargo-home" RUSTUP_HOME="/workspace/rustup-home" "/workspace/cargo-home/bin/cargo" "+1.98.0-beta.8" "fetch" "--manifest-path" "Cargo.toml", kill_on_drop: false }`
[INFO] [stderr]     Blocking waiting for file lock on package cache
[INFO] [stderr]     Updating crates.io index
[INFO] [stderr]     Blocking waiting for file lock on package cache
[INFO] [stderr]  Downloading crates ...
[INFO] [stderr]   Downloaded untrusted v0.6.2
[INFO] [stderr]   Downloaded webpki v0.19.1
[INFO] [stderr]   Downloaded spin v0.5.2
[INFO] [stderr]   Downloaded autocfg v1.2.0
[INFO] [stderr]   Downloaded fuchsia-cprng v0.1.1
[INFO] [stderr]   Downloaded maybe-uninit v2.0.0
[INFO] [stderr]   Downloaded memoffset v0.5.6
[INFO] [stderr]   Downloaded tokio-tcp v0.1.4
[INFO] [stderr]   Downloaded rand_pcg v0.1.2
[INFO] [stderr]   Downloaded rdrand v0.4.0
[INFO] [stderr]   Downloaded iovec v0.1.4
[INFO] [stderr]   Downloaded rand_chacha v0.1.1
[INFO] [stderr]   Downloaded mqtt311 v0.2.0
[INFO] [stderr]   Downloaded ws2_32-sys v0.2.1
[INFO] [stderr]   Downloaded winapi-build v0.1.1
[INFO] [stderr]   Downloaded unicode-xid v0.1.0
[INFO] [stderr]   Downloaded itoa v1.0.11
[INFO] [stderr]   Downloaded deno_unsync v0.1.1
[INFO] [stderr]   Downloaded tokio-executor v0.1.10
[INFO] [stderr]   Downloaded equivalent v1.0.1
[INFO] [stderr]   Downloaded pin-project-lite v0.2.14
[INFO] [stderr]   Downloaded futures-executor v0.3.30
[INFO] [stderr]   Downloaded strum_macros v0.25.3
[INFO] [stderr]   Downloaded heck v0.4.1
[INFO] [stderr]   Downloaded semver-parser v0.7.0
[INFO] [stderr]   Downloaded fuchsia-zircon-sys v0.3.3
[INFO] [stderr]   Downloaded tokio-codec v0.1.2
[INFO] [stderr]   Downloaded rand_core v0.3.1
[INFO] [stderr]   Downloaded autocfg v0.1.8
[INFO] [stderr]   Downloaded rand_isaac v0.1.1
[INFO] [stderr]   Downloaded memchr v1.0.2
[INFO] [stderr]   Downloaded js-sandbox v0.2.0-rc.2
[INFO] [stderr]   Downloaded js-sandbox-macros v0.2.0-rc.2
[INFO] [stderr]   Downloaded which v4.4.2
[INFO] [stderr]   Downloaded strum v0.25.0
[INFO] [stderr]   Downloaded deno-proc-macro-rules v0.3.2
[INFO] [stderr]   Downloaded rand_hc v0.1.0
[INFO] [stderr]   Downloaded num_cpus v1.16.0
[INFO] [stderr]   Downloaded hermit-abi v0.3.9
[INFO] [stderr]   Downloaded crossbeam-queue v0.2.3
[INFO] [stderr]   Downloaded failure_derive v0.1.8
[INFO] [stderr]   Downloaded adler v1.0.2
[INFO] [stderr]   Downloaded wasm-bindgen-macro v0.2.92
[INFO] [stderr]   Downloaded wasm-bindgen-shared v0.2.92
[INFO] [stderr]   Downloaded slab v0.3.0
[INFO] [stderr]   Downloaded android-tzdata v0.1.1
[INFO] [stderr]   Downloaded quick-error v0.2.2
[INFO] [stderr]   Downloaded slab v0.1.3
[INFO] [stderr]   Downloaded tokio-macros v2.2.0
[INFO] [stderr]   Downloaded futures-task v0.3.30
[INFO] [stderr]   Downloaded pmutil v0.6.1
[INFO] [stderr]   Downloaded rand_xorshift v0.1.1
[INFO] [stderr]   Downloaded cloudabi v0.0.3
[INFO] [stderr]   Downloaded rand_jitter v0.1.4
[INFO] [stderr]   Downloaded tokio-rustls v0.9.4
[INFO] [stderr]   Downloaded byteorder v1.5.0
[INFO] [stderr]   Downloaded smallvec v0.6.14
[INFO] [stderr]   Downloaded synstructure v0.12.6
[INFO] [stderr]   Downloaded windows-targets v0.52.5
[INFO] [stderr]   Downloaded quote v1.0.36
[INFO] [stderr]   Downloaded rand_core v0.4.2
[INFO] [stderr]   Downloaded sct v0.5.0
[INFO] [stderr]   Downloaded slab v0.4.9
[INFO] [stderr]   Downloaded rustc_version v0.2.3
[INFO] [stderr]   Downloaded parking_lot_core v0.6.3
[INFO] [stderr]   Downloaded redox_syscall v0.1.57
[INFO] [stderr]   Downloaded lock_api v0.3.4
[INFO] [stderr]   Downloaded fuchsia-zircon v0.3.3
[INFO] [stderr]   Downloaded derive_more v0.13.0
[INFO] [stderr]   Downloaded percent-encoding v2.3.1
[INFO] [stderr]   Downloaded form_urlencoded v1.2.1
[INFO] [stderr]   Downloaded windows-targets v0.48.5
[INFO] [stderr]   Downloaded lazy-regex-proc_macros v2.4.1
[INFO] [stderr]   Downloaded void v1.0.2
[INFO] [stderr]   Downloaded home v0.5.9
[INFO] [stderr]   Downloaded toml_datetime v0.6.5
[INFO] [stderr]   Downloaded lazy-regex v2.5.0
[INFO] [stderr]   Downloaded deno-proc-macro-rules-macros v0.3.2
[INFO] [stderr]   Downloaded rand_os v0.1.3
[INFO] [stderr]   Downloaded tokio-reactor v0.1.12
[INFO] [stderr]   Downloaded miow v0.2.2
[INFO] [stderr]   Downloaded tokio-current-thread v0.1.7
[INFO] [stderr]   Downloaded quote v0.6.13
[INFO] [stderr]   Downloaded errno v0.3.8
[INFO] [stderr]   Downloaded fslock v0.1.8
[INFO] [stderr]   Downloaded net2 v0.2.39
[INFO] [stderr]   Downloaded kernel32-sys v0.2.2
[INFO] [stderr]   Downloaded rustc-demangle v0.1.23
[INFO] [stderr]   Downloaded jsonwebtoken v6.0.1
[INFO] [stderr]   Downloaded thiserror-impl v1.0.59
[INFO] [stderr]   Downloaded proc-macro-crate v1.3.1
[INFO] [stderr]   Downloaded wasm-bindgen-macro-support v0.2.92
[INFO] [stderr]   Downloaded iana-time-zone v0.1.60
[INFO] [stderr]   Downloaded rotor v0.6.3
[INFO] [stderr]   Downloaded log v0.3.9
[INFO] [stderr]   Downloaded futures-channel v0.3.30
[INFO] [stderr]   Downloaded tokio-io v0.1.13
[INFO] [stderr]   Downloaded log v0.4.21
[INFO] [stderr]   Downloaded base64 v0.10.1
[INFO] [stderr]   Downloaded tokio-timer v0.2.13
[INFO] [stderr]   Downloaded crossbeam-utils v0.7.2
[INFO] [stderr]   Downloaded cfg-if v0.1.10
[INFO] [stderr]   Downloaded crossbeam-deque v0.7.4
[INFO] [stderr]   Downloaded tokio-sync v0.1.8
[INFO] [stderr]   Downloaded ppv-lite86 v0.2.17
[INFO] [stderr]   Downloaded signal-hook-registry v1.4.2
[INFO] [stderr]   Downloaded unicode-id v0.3.4
[INFO] [stderr]   Downloaded if_chain v1.0.2
[INFO] [stderr]   Downloaded debugid v0.8.0
[INFO] [stderr]   Downloaded convert_case v0.4.0
[INFO] [stderr]   Downloaded futures-io v0.3.30
[INFO] [stderr]   Downloaded uuid v0.7.4
[INFO] [stderr]   Downloaded chrono v0.4.38
[INFO] [stderr]   Downloaded mqtt v0.1.4
[INFO] [stderr]   Downloaded time v0.1.45
[INFO] [stderr]   Downloaded wasi v0.10.0+wasi-snapshot-preview1
[INFO] [stderr]   Downloaded bitflags v0.4.0
[INFO] [stderr]   Downloaded error-chain v0.11.0
[INFO] [stderr]   Downloaded either v1.11.0
[INFO] [stderr]   Downloaded rustversion v1.0.15
[INFO] [stderr]   Downloaded anyhow v1.0.82
[INFO] [stderr]   Downloaded unicode-ident v1.0.12
[INFO] [stderr]   Downloaded crossbeam-epoch v0.8.2
[INFO] [stderr]   Downloaded parking_lot v0.9.0
[INFO] [stderr]   Downloaded semver v0.9.0
[INFO] [stderr]   Downloaded failure v0.1.8
[INFO] [stderr]   Downloaded unicode-xid v0.2.4
[INFO] [stderr]   Downloaded addr2line v0.21.0
[INFO] [stderr]   Downloaded proc-macro2 v0.4.30
[INFO] [stderr]   Downloaded ryu v1.0.17
[INFO] [stderr]   Downloaded wasm-bindgen-backend v0.2.92
[INFO] [stderr]   Downloaded once_cell v1.19.0
[INFO] [stderr]   Downloaded crossbeam-utils v0.6.6
[INFO] [stderr]   Downloaded bytes v0.3.0
[INFO] [stderr]   Downloaded rand v0.3.23
[INFO] [stderr]   Downloaded windows-core v0.52.0
[INFO] [stderr]   Downloaded bitflags v2.5.0
[INFO] [stderr]   Downloaded parking_lot_core v0.9.10
[INFO] [stderr]   Downloaded smallvec v1.13.2
[INFO] [stderr]   Downloaded redox_syscall v0.5.1
[INFO] [stderr]   Downloaded uuid v1.8.0
[INFO] [stderr]   Downloaded data-encoding v2.5.0
[INFO] [stderr]   Downloaded serde_bytes v0.11.14
[INFO] [stderr]   Downloaded pin-utils v0.1.0
[INFO] [stderr]   Downloaded futures-sink v0.3.30
[INFO] [stderr]   Downloaded futures-macro v0.3.30
[INFO] [stderr]   Downloaded futures-core v0.3.30
[INFO] [stderr]   Downloaded deno_ops v0.87.0
[INFO] [stderr]   Downloaded bytes v0.4.12
[INFO] [stderr]   Downloaded miow v0.1.5
[INFO] [stderr]   Downloaded tinyvec v1.6.0
[INFO] [stderr]   Downloaded parking_lot v0.12.2
[INFO] [stderr]   Downloaded proc-macro2 v1.0.81
[INFO] [stderr]   Downloaded tokio-threadpool v0.1.18
[INFO] [stderr]   Downloaded miniz_oxide v0.7.2
[INFO] [stderr]   Downloaded nix v0.5.1
[INFO] [stderr]   Downloaded core-foundation-sys v0.8.6
[INFO] [stderr]   Downloaded getrandom v0.2.14
[INFO] [stderr]   Downloaded unicode-bidi v0.3.15
[INFO] [stderr]   Downloaded lock_api v0.4.12
[INFO] [stderr]   Downloaded semver v1.0.22
[INFO] [stderr]   Downloaded pin-project-internal v1.1.5
[INFO] [stderr]   Downloaded futures v0.3.30
[INFO] [stderr]   Downloaded cc v1.0.95
[INFO] [stderr]   Downloaded serde_derive v1.0.198
[INFO] [stderr]   Downloaded tokio v0.1.22
[INFO] [stderr]   Downloaded backtrace v0.3.71
[INFO] [stderr]   Downloaded memchr v2.7.2
[INFO] [stderr]   Downloaded indexmap v2.2.6
[INFO] [stderr]   Downloaded num-traits v0.2.18
[INFO] [stderr]   Downloaded mio v0.5.1
[INFO] [stderr]   Downloaded bytes v1.6.0
[INFO] [stderr]   Downloaded thiserror v1.0.59
[INFO] [stderr]   Downloaded serde v1.0.198
[INFO] [stderr]   Downloaded js-sys v0.3.69
[INFO] [stderr]   Downloaded socket2 v0.5.6
[INFO] [stderr]   Downloaded sourcemap v6.4.1
[INFO] [stderr]   Downloaded derive_more v0.99.17
[INFO] [stderr]   Downloaded serde_v8 v0.120.0
[INFO] [stderr]   Downloaded pin-project v1.1.5
[INFO] [stderr]   Downloaded rand v0.4.6
[INFO] [stderr]   Downloaded mio v0.6.23
[INFO] [stderr]   Downloaded bumpalo v3.16.0
[INFO] [stderr]   Downloaded crossbeam-channel v0.3.9
[INFO] [stderr]   Downloaded rand v0.8.5
[INFO] [stderr]   Downloaded url v2.5.0
[INFO] [stderr]   Downloaded num-bigint v0.4.4
[INFO] [stderr]   Downloaded rand v0.6.5
[INFO] [stderr]   Downloaded mio v0.8.11
[INFO] [stderr]   Downloaded toml_edit v0.19.15
[INFO] [stderr]   Downloaded serde_json v1.0.116
[INFO] [stderr]   Downloaded hashbrown v0.14.3
[INFO] [stderr]   Downloaded nom v3.2.1
[INFO] [stderr]   Downloaded futures v0.1.31
[INFO] [stderr]   Downloaded syn v0.15.44
[INFO] [stderr]   Downloaded unicode-normalization v0.1.23
[INFO] [stderr]   Downloaded futures-util v0.3.30
[INFO] [stderr]   Downloaded winnow v0.5.40
[INFO] [stderr]   Downloaded aho-corasick v1.1.3
[INFO] [stderr]   Downloaded syn v2.0.60
[INFO] [stderr]   Downloaded object v0.32.2
[INFO] [stderr]   Downloaded gimli v0.28.1
[INFO] [stderr]   Downloaded rustls v0.15.2
[INFO] [stderr]   Downloaded wasm-bindgen v0.2.92
[INFO] [stderr]   Downloaded winapi v0.2.8
[INFO] [stderr]   Downloaded regex v1.10.4
[INFO] [stderr]   Downloaded idna v0.5.0
[INFO] [stderr]   Downloaded rustix v0.38.34
[INFO] [stderr]   Downloaded regex-syntax v0.8.3
[INFO] [stderr]   Downloaded windows_x86_64_gnullvm v0.52.5
[INFO] [stderr]   Downloaded windows_aarch64_gnullvm v0.48.5
[INFO] [stderr]   Downloaded windows_aarch64_gnullvm v0.52.5
[INFO] [stderr]   Downloaded windows_x86_64_gnullvm v0.48.5
[INFO] [stderr]   Downloaded windows_i686_gnullvm v0.52.5
[INFO] [stderr]   Downloaded libc v0.2.153
[INFO] [stderr]   Downloaded windows_x86_64_msvc v0.52.5
[INFO] [stderr]   Downloaded regex-automata v0.4.6
[INFO] [stderr]   Downloaded tokio v1.37.0
[INFO] [stderr]   Downloaded windows_aarch64_msvc v0.48.5
[INFO] [stderr]   Downloaded windows_x86_64_gnu v0.52.5
[INFO] [stderr]   Downloaded windows_aarch64_msvc v0.52.5
[INFO] [stderr]   Downloaded windows_x86_64_msvc v0.48.5
[INFO] [stderr]   Downloaded windows_x86_64_gnu v0.48.5
[INFO] [stderr]   Downloaded windows_i686_msvc v0.52.5
[INFO] [stderr]   Downloaded windows_i686_gnu v0.52.5
[INFO] [stderr]   Downloaded windows_i686_msvc v0.48.5
[INFO] [stderr]   Downloaded windows_i686_gnu v0.48.5
[INFO] [stderr]   Downloaded linux-raw-sys v0.4.13
[INFO] [stderr]   Downloaded windows-sys v0.48.0
[INFO] [stderr]   Downloaded rumqtt v0.31.0
[INFO] [stderr]   Downloaded deno_core v0.209.0
[INFO] [stderr]   Downloaded ring v0.14.6
[INFO] [stderr]   Downloaded v8 v0.75.1
[INFO] running `Command { std: "docker" "create" "-v" "/var/lib/crater-agent-workspace/builds/worker-2-tc1/source:/opt/rustwide/workdir:ro,Z" "-v" "/var/lib/crater-agent-workspace/builds/worker-2-tc1/target:/opt/rustwide/target:rw,Z" "-v" "/var/lib/crater-agent-workspace/cargo-home:/opt/rustwide/cargo-home:ro,Z" "-v" "/var/lib/crater-agent-workspace/rustup-home:/opt/rustwide/rustup-home:ro,Z" "-m" "1610612736" "--network" "none" "ghcr.io/rust-lang/crates-build-env/linux@sha256:8683fc1fc2eb5c9ac98e0d076ab094b2ffac7f99da555d2b6a2e27f346de2ec7" "sleep" "infinity", kill_on_drop: false }`
[INFO] [stdout] 9ded86d04bcd3d2b2fc5a63480dc8e9d6aaae916b4cec7569671aab1794a5090
[INFO] running `Command { std: "docker" "start" "9ded86d04bcd3d2b2fc5a63480dc8e9d6aaae916b4cec7569671aab1794a5090", kill_on_drop: false }`
[INFO] running `Command { std: "docker" "inspect" "9ded86d04bcd3d2b2fc5a63480dc8e9d6aaae916b4cec7569671aab1794a5090", kill_on_drop: false }`
[INFO] running `Command { std: "docker" "exec" "-e" "SOURCE_DIR=/opt/rustwide/workdir" "-e" "CARGO_HOME=/opt/rustwide/cargo-home" "-e" "RUSTUP_HOME=/opt/rustwide/rustup-home" "-e" "CARGO_TARGET_DIR=/opt/rustwide/target" "-w" "/opt/rustwide/workdir" "--user" "0:0" "9ded86d04bcd3d2b2fc5a63480dc8e9d6aaae916b4cec7569671aab1794a5090" "/opt/rustwide/cargo-home/bin/cargo" "+1.98.0-beta.8" "metadata" "--no-deps" "--format-version=1", kill_on_drop: false }`
[INFO] running `Command { std: "docker" "inspect" "9ded86d04bcd3d2b2fc5a63480dc8e9d6aaae916b4cec7569671aab1794a5090", kill_on_drop: false }`
[INFO] running `Command { std: "docker" "exec" "-e" "SOURCE_DIR=/opt/rustwide/workdir" "-e" "CARGO_HOME=/opt/rustwide/cargo-home" "-e" "RUSTUP_HOME=/opt/rustwide/rustup-home" "-e" "CARGO_TARGET_DIR=/opt/rustwide/target" "-e" "CARGO_INCREMENTAL=0" "-e" "RUST_BACKTRACE=full" "-e" "RUSTFLAGS=--cap-lints=warn" "-e" "RUSTDOCFLAGS=--cap-lints=warn" "-w" "/opt/rustwide/workdir" "--user" "0:0" "9ded86d04bcd3d2b2fc5a63480dc8e9d6aaae916b4cec7569671aab1794a5090" "/opt/rustwide/cargo-home/bin/cargo" "+1.98.0-beta.8" "build" "--frozen" "--message-format=json" "--release", kill_on_drop: false }`
[INFO] [stderr]    Compiling autocfg v1.2.0
[INFO] [stderr]    Compiling libc v0.2.153
[INFO] [stderr]    Compiling proc-macro2 v1.0.81
[INFO] [stderr]    Compiling unicode-ident v1.0.12
[INFO] [stderr]    Compiling cfg-if v0.1.10
[INFO] [stderr]    Compiling lazy_static v1.4.0
[INFO] [stderr]    Compiling cfg-if v1.0.0
[INFO] [stderr]    Compiling log v0.4.21
[INFO] [stderr]    Compiling cc v1.0.95
[INFO] [stderr]    Compiling scopeguard v1.2.0
[INFO] [stderr]    Compiling syn v1.0.109
[INFO] [stderr]    Compiling maybe-uninit v2.0.0
[INFO] [stderr]    Compiling byteorder v1.5.0
[INFO] [stderr]    Compiling serde v1.0.198
[INFO] [stderr]    Compiling memchr v2.7.2
[INFO] [stderr]    Compiling futures v0.1.31
[INFO] [stderr]    Compiling semver-parser v0.7.0
[INFO] [stderr]    Compiling rand_core v0.4.2
[INFO] [stderr]    Compiling winapi-build v0.1.1
[INFO] [stderr]    Compiling rustix v0.38.34
[INFO] [stderr]    Compiling linux-raw-sys v0.4.13
[INFO] [stderr]    Compiling semver v0.9.0
[INFO] [stderr]    Compiling slab v0.4.9
[INFO] [stderr]    Compiling crossbeam-utils v0.7.2
[INFO] [stderr]    Compiling autocfg v0.1.8
[INFO] [stderr]    Compiling num-traits v0.2.18
[INFO] [stderr]    Compiling thiserror v1.0.59
[INFO] [stderr]    Compiling bitflags v2.5.0
[INFO] [stderr]    Compiling memoffset v0.5.6
[INFO] [stderr]    Compiling aho-corasick v1.1.3
[INFO] [stderr]    Compiling lock_api v0.4.12
[INFO] [stderr]    Compiling rand_core v0.3.1
[INFO] [stderr]    Compiling either v1.11.0
[INFO] [stderr]    Compiling hashbrown v0.14.3
[INFO] [stderr]    Compiling home v0.5.9
[INFO] [stderr]    Compiling serde_json v1.0.116
[INFO] [stderr]    Compiling spin v0.5.2
[INFO] [stderr]    Compiling rustc_version v0.2.3
[INFO] [stderr]    Compiling rustversion v1.0.15
[INFO] [stderr]    Compiling proc-macro2 v0.4.30
[INFO] [stderr]    Compiling pin-project-lite v0.2.14
[INFO] [stderr]    Compiling quote v1.0.36
[INFO] [stderr]    Compiling iovec v0.1.4
[INFO] [stderr]    Compiling net2 v0.2.39
[INFO] [stderr]    Compiling num_cpus v1.16.0
[INFO] [stderr]    Compiling bytes v0.4.12
[INFO] [stderr]    Compiling syn v2.0.60
[INFO] [stderr]    Compiling getrandom v0.2.14
[INFO] [stderr]    Compiling parking_lot_core v0.6.3
[INFO] [stderr]    Compiling parking_lot_core v0.9.10
[INFO] [stderr]    Compiling tinyvec_macros v0.1.1
[INFO] [stderr]    Compiling adler v1.0.2
[INFO] [stderr]    Compiling untrusted v0.6.2
[INFO] [stderr]    Compiling regex-syntax v0.8.3
[INFO] [stderr]    Compiling gimli v0.28.1
[INFO] [stderr]    Compiling once_cell v1.19.0
[INFO] [stderr]    Compiling smallvec v1.13.2
[INFO] [stderr]    Compiling equivalent v1.0.1
[INFO] [stderr]    Compiling ring v0.14.6
[INFO] [stderr]    Compiling backtrace v0.3.71
[INFO] [stderr]    Compiling indexmap v2.2.6
[INFO] [stderr]    Compiling tokio-executor v0.1.10
[INFO] [stderr]    Compiling tokio-io v0.1.13
[INFO] [stderr]    Compiling miniz_oxide v0.7.2
[INFO] [stderr]    Compiling tinyvec v1.6.0
[INFO] [stderr]    Compiling rand_core v0.6.4
[INFO] [stderr]    Compiling parking_lot v0.9.0
[INFO] [stderr]    Compiling fslock v0.1.8
[INFO] [stderr]    Compiling object v0.32.2
[INFO] [stderr]    Compiling smallvec v0.6.14
[INFO] [stderr]    Compiling crossbeam-epoch v0.8.2
[INFO] [stderr]    Compiling kernel32-sys v0.2.2
[INFO] [stderr]    Compiling ws2_32-sys v0.2.1
[INFO] [stderr]    Compiling futures-core v0.3.30
[INFO] [stderr]    Compiling unicode-xid v0.1.0
[INFO] [stderr]    Compiling itoa v1.0.11
[INFO] [stderr]    Compiling ryu v1.0.17
[INFO] [stderr]    Compiling ppv-lite86 v0.2.17
[INFO] [stderr]    Compiling rustc-demangle v0.1.23
[INFO] [stderr]    Compiling winapi v0.2.8
[INFO] [stderr]    Compiling futures-sink v0.3.30
[INFO] [stderr]    Compiling futures-channel v0.3.30
[INFO] [stderr]    Compiling rand_chacha v0.3.1
[INFO] [stderr]    Compiling rand_chacha v0.1.1
[INFO] [stderr]    Compiling unicode-normalization v0.1.23
[INFO] [stderr]    Compiling rand_pcg v0.1.2
[INFO] [stderr]    Compiling num-bigint v0.4.4
[INFO] [stderr]    Compiling regex-automata v0.4.6
[INFO] [stderr]    Compiling lock_api v0.3.4
[INFO] [stderr]    Compiling futures-task v0.3.30
[INFO] [stderr]    Compiling fnv v1.0.7
[INFO] [stderr]    Compiling unicode-xid v0.2.4
[INFO] [stderr]    Compiling bitflags v1.3.2
[INFO] [stderr]    Compiling pin-utils v0.1.0
[INFO] [stderr]    Compiling percent-encoding v2.3.1
[INFO] [stderr]    Compiling failure_derive v0.1.8
[INFO] [stderr]    Compiling futures-io v0.3.30
[INFO] [stderr]    Compiling syn v0.15.44
[INFO] [stderr]    Compiling heck v0.4.1
[INFO] [stderr]    Compiling which v4.4.2
[INFO] [stderr]    Compiling toml_datetime v0.6.5
[INFO] [stderr]    Compiling winnow v0.5.40
[INFO] [stderr]    Compiling bytes v1.6.0
[INFO] [stderr]    Compiling unicode-bidi v0.3.15
[INFO] [stderr]    Compiling v8 v0.75.1
[INFO] [stderr]    Compiling form_urlencoded v1.2.1
[INFO] [stderr]    Compiling tokio-sync v0.1.8
[INFO] [stderr]    Compiling addr2line v0.21.0
[INFO] [stderr]    Compiling parking_lot v0.12.2
[INFO] [stderr]    Compiling rand v0.8.5
[INFO] [stderr]    Compiling quote v0.6.13
[INFO] [stderr]    Compiling idna v0.5.0
[INFO] [stderr]    Compiling num-integer v0.1.46
[INFO] [stderr]    Compiling mio v0.6.23
[INFO] [stderr]    Compiling toml_edit v0.19.15
[INFO] [stderr]    Compiling socket2 v0.5.6
[INFO] [stderr]    Compiling synstructure v0.12.6
[INFO] [stderr]    Compiling signal-hook-registry v1.4.2
[INFO] [stderr]    Compiling mio v0.8.11
[INFO] [stderr]    Compiling regex v1.10.4
[INFO] [stderr]    Compiling base64 v0.10.1
[INFO] [stderr]    Compiling rand v0.6.5
[INFO] [stderr]    Compiling indexmap v1.9.3
[INFO] [stderr]    Compiling uuid v1.8.0
[INFO] [stderr]    Compiling convert_case v0.4.0
[INFO] [stderr]    Compiling bitflags v0.4.0
[INFO] [stderr]    Compiling anyhow v1.0.82
[INFO] [stderr]    Compiling nix v0.5.1
[INFO] [stderr]    Compiling pmutil v0.6.1
[INFO] [stderr]    Compiling tokio-reactor v0.1.12
[INFO] [stderr]    Compiling crossbeam-deque v0.7.4
[INFO] [stderr]    Compiling proc-macro-crate v1.3.1
[INFO] [stderr]    Compiling miow v0.1.5
[INFO] [stderr]    Compiling crossbeam-queue v0.2.3
[INFO] [stderr]    Compiling rand_os v0.1.3
[INFO] [stderr]    Compiling time v0.1.45
[INFO] [stderr]    Compiling rand_isaac v0.1.1
[INFO] [stderr]    Compiling rand_xorshift v0.1.1
[INFO] [stderr]    Compiling rand_hc v0.1.0
[INFO] [stderr]    Compiling log v0.3.9
[INFO] [stderr]    Compiling rand_jitter v0.1.4
[INFO] [stderr]    Compiling bytes v0.3.0
[INFO] [stderr]    Compiling slab v0.1.3
[INFO] [stderr]    Compiling hashbrown v0.12.3
[INFO] [stderr]    Compiling iana-time-zone v0.1.60
[INFO] [stderr]    Compiling lazy-regex-proc_macros v2.4.1
[INFO] [stderr]    Compiling serde_derive v1.0.198
[INFO] [stderr]    Compiling thiserror-impl v1.0.59
[INFO] [stderr]    Compiling futures-macro v0.3.30
[INFO] [stderr]    Compiling deno-proc-macro-rules-macros v0.3.2
[INFO] [stderr]    Compiling strum_macros v0.25.3
[INFO] [stderr]    Compiling tokio-macros v2.2.0
[INFO] [stderr]    Compiling webpki v0.19.1
[INFO] [stderr]    Compiling sct v0.5.0
[INFO] [stderr]    Compiling lazy-regex v2.5.0
[INFO] [stderr]    Compiling pin-project-internal v1.1.5
[INFO] [stderr]    Compiling derive_more v0.99.17
[INFO] [stderr]    Compiling data-encoding v2.5.0
[INFO] [stderr]    Compiling unicode-id v0.3.4
[INFO] [stderr]    Compiling tokio v1.37.0
[INFO] [stderr]    Compiling futures-util v0.3.30
[INFO] [stderr]    Compiling if_chain v1.0.2
[INFO] [stderr]    Compiling rustls v0.15.2
[INFO] [stderr]    Compiling deno-proc-macro-rules v0.3.2
[INFO] [stderr]    Compiling failure v0.1.8
[INFO] [stderr]    Compiling mio v0.5.1
[INFO] [stderr]    Compiling strum v0.25.0
[INFO] [stderr]    Compiling deno_ops v0.87.0
[INFO] [stderr]    Compiling pin-project v1.1.5
[INFO] [stderr]    Compiling chrono v0.4.38
[INFO] [stderr]    Compiling derive_more v0.13.0
[INFO] [stderr]    Compiling tokio-threadpool v0.1.18
[INFO] [stderr]    Compiling tokio-tcp v0.1.4
[INFO] [stderr] error: failed to run custom build command for `v8 v0.75.1`
[INFO] [stderr] note: To improve backtraces for build dependencies, set the CARGO_PROFILE_RELEASE_BUILD_OVERRIDE_DEBUG=true environment variable to enable debug information generation.
[INFO] [stderr] 
[INFO] [stderr] Caused by:
[INFO] [stderr]   process didn't exit successfully: `/opt/rustwide/target/release/build/v8-e8d40bb6b279779d/build-script-build` (exit status: 101)
[INFO] [stderr]   --- stdout
[INFO] [stderr]   cargo:rerun-if-changed=.gn
[INFO] [stderr]   cargo:rerun-if-changed=BUILD.gn
[INFO] [stderr]   cargo:rerun-if-changed=src/binding.cc
[INFO] [stderr]   cargo:rerun-if-env-changed=CCACHE
[INFO] [stderr]   cargo:rerun-if-env-changed=CLANG_BASE_PATH
[INFO] [stderr]   cargo:rerun-if-env-changed=CXXSTDLIB
[INFO] [stderr]   cargo:rerun-if-env-changed=DENO_TRYBUILD
[INFO] [stderr]   cargo:rerun-if-env-changed=DOCS_RS
[INFO] [stderr]   cargo:rerun-if-env-changed=GN
[INFO] [stderr]   cargo:rerun-if-env-changed=GN_ARGS
[INFO] [stderr]   cargo:rerun-if-env-changed=HOST
[INFO] [stderr]   cargo:rerun-if-env-changed=NINJA
[INFO] [stderr]   cargo:rerun-if-env-changed=OUT_DIR
[INFO] [stderr]   cargo:rerun-if-env-changed=RUSTY_V8_ARCHIVE
[INFO] [stderr]   cargo:rerun-if-env-changed=RUSTY_V8_MIRROR
[INFO] [stderr]   cargo:rerun-if-env-changed=SCCACHE
[INFO] [stderr]   cargo:rerun-if-env-changed=V8_FORCE_DEBUG
[INFO] [stderr]   cargo:rerun-if-env-changed=V8_FROM_SOURCE
[INFO] [stderr]   cargo:rerun-if-env-changed=PYTHON
[INFO] [stderr]   cargo:rerun-if-env-changed=DISABLE_CLANG
[INFO] [stderr]   cargo:rerun-if-env-changed=EXTRA_GN_ARGS
[INFO] [stderr]   cargo:rerun-if-env-changed=NO_PRINT_GN_ARGS
[INFO] [stderr]   cargo:rustc-link-lib=static=rusty_v8
[INFO] [stderr]   download lockfile: "/opt/rustwide/target/release/build/lib_download.fslock"
[INFO] [stderr]   static lib URL: https://github.com/denoland/rusty_v8/releases/download/v0.75.1/librusty_v8_release_x86_64-unknown-linux-gnu.a
[INFO] [stderr]   cargo:rustc-link-search=/opt/rustwide/target/release/gn_out/obj
[INFO] [stderr]   Downloading https://github.com/denoland/rusty_v8/releases/download/v0.75.1/librusty_v8_release_x86_64-unknown-linux-gnu.a
[INFO] [stderr]   Downloading https://github.com/denoland/rusty_v8/releases/download/v0.75.1/librusty_v8_release_x86_64-unknown-linux-gnu.a...
[INFO] [stderr]   <urlopen error [Errno -3] Temporary failure in name resolution>
[INFO] [stderr]   Retrying in 5 s ...
[INFO] [stderr]   Downloading https://github.com/denoland/rusty_v8/releases/download/v0.75.1/librusty_v8_release_x86_64-unknown-linux-gnu.a...
[INFO] [stderr]   <urlopen error [Errno -3] Temporary failure in name resolution>
[INFO] [stderr]   Retrying in 10 s ...
[INFO] [stderr]   Downloading https://github.com/denoland/rusty_v8/releases/download/v0.75.1/librusty_v8_release_x86_64-unknown-linux-gnu.a...
[INFO] [stderr]   <urlopen error [Errno -3] Temporary failure in name resolution>
[INFO] [stderr]   Retrying in 20 s ...
[INFO] [stderr]   Downloading https://github.com/denoland/rusty_v8/releases/download/v0.75.1/librusty_v8_release_x86_64-unknown-linux-gnu.a...
[INFO] [stderr]   <urlopen error [Errno -3] Temporary failure in name resolution>
[INFO] [stderr]   Python downloader failed, trying with curl.
[INFO] [stderr] 
[INFO] [stderr]   --- stderr
[INFO] [stderr]   Traceback (most recent call last):
[INFO] [stderr]     File "/usr/lib/python3.14/urllib/request.py", line 1321, in do_open
[INFO] [stderr]       h.request(req.get_method(), req.selector, req.data, headers,
[INFO] [stderr]       ~~~~~~~~~^^^^^^^^^^^^^^^^^^^^^^^^^^^^^^^^^^^^^^^^^^^^^^^^^^^
[INFO] [stderr]                 encode_chunked=req.has_header('Transfer-encoding'))
[INFO] [stderr]                 ^^^^^^^^^^^^^^^^^^^^^^^^^^^^^^^^^^^^^^^^^^^^^^^^^^^
[INFO] [stderr]     File "/usr/lib/python3.14/http/client.py", line 1367, in request
[INFO] [stderr]       self._send_request(method, url, body, headers, encode_chunked)
[INFO] [stderr]       ~~~~~~~~~~~~~~~~~~^^^^^^^^^^^^^^^^^^^^^^^^^^^^^^^^^^^^^^^^^^^^
[INFO] [stderr]     File "/usr/lib/python3.14/http/client.py", line 1413, in _send_request
[INFO] [stderr]       self.endheaders(body, encode_chunked=encode_chunked)
[INFO] [stderr]       ~~~~~~~~~~~~~~~^^^^^^^^^^^^^^^^^^^^^^^^^^^^^^^^^^^^^
[INFO] [stderr]     File "/usr/lib/python3.14/http/client.py", line 1362, in endheaders
[INFO] [stderr]       self._send_output(message_body, encode_chunked=encode_chunked)
[INFO] [stderr]       ~~~~~~~~~~~~~~~~~^^^^^^^^^^^^^^^^^^^^^^^^^^^^^^^^^^^^^^^^^^^^^
[INFO] [stderr]     File "/usr/lib/python3.14/http/client.py", line 1122, in _send_output
[INFO] [stderr]       self.send(msg)
[INFO] [stderr]       ~~~~~~~~~^^^^^
[INFO] [stderr]     File "/usr/lib/python3.14/http/client.py", line 1066, in send
[INFO] [stderr]       self.connect()
[INFO] [stderr]       ~~~~~~~~~~~~^^
[INFO] [stderr]     File "/usr/lib/python3.14/http/client.py", line 1501, in connect
[INFO] [stderr]       super().connect()
[INFO] [stderr]       ~~~~~~~~~~~~~~~^^
[INFO] [stderr]     File "/usr/lib/python3.14/http/client.py", line 1032, in connect
[INFO] [stderr]       self.sock = self._create_connection(
[INFO] [stderr]                   ~~~~~~~~~~~~~~~~~~~~~~~^
[INFO] [stderr]           (self.host,self.port), self.timeout, self.source_address)
[INFO] [stderr]           ^^^^^^^^^^^^^^^^^^^^^^^^^^^^^^^^^^^^^^^^^^^^^^^^^^^^^^^^^
[INFO] [stderr]     File "/usr/lib/python3.14/socket.py", line 846, in create_connection
[INFO] [stderr]       for res in getaddrinfo(host, port, 0, SOCK_STREAM):
[INFO] [stderr]                  ~~~~~~~~~~~^^^^^^^^^^^^^^^^^^^^^^^^^^^^
[INFO] [stderr]     File "/usr/lib/python3.14/socket.py", line 983, in getaddrinfo
[INFO] [stderr]       for res in _socket.getaddrinfo(host, port, family, type, proto, flags):
[INFO] [stderr]                  ~~~~~~~~~~~~~~~~~~~^^^^^^^^^^^^^^^^^^^^^^^^^^^^^^^^^^^^^^^^
[INFO] [stderr]   socket.gaierror: [Errno -3] Temporary failure in name resolution
[INFO] [stderr] 
[INFO] [stderr]   During handling of the above exception, another exception occurred:
[INFO] [stderr] 
[INFO] [stderr]   Traceback (most recent call last):
[INFO] [stderr]     File "/opt/rustwide/cargo-home/registry/src/index.crates.io-1949cf8c6b5b557f/v8-0.75.1/./tools/download_file.py", line 64, in <module>
[INFO] [stderr]       sys.exit(main())
[INFO] [stderr]                ~~~~^^
[INFO] [stderr]     File "/opt/rustwide/cargo-home/registry/src/index.crates.io-1949cf8c6b5b557f/v8-0.75.1/./tools/download_file.py", line 59, in main
[INFO] [stderr]       DownloadUrl(args.url, f)
[INFO] [stderr]       ~~~~~~~~~~~^^^^^^^^^^^^^
[INFO] [stderr]     File "/opt/rustwide/cargo-home/registry/src/index.crates.io-1949cf8c6b5b557f/v8-0.75.1/./tools/download_file.py", line 45, in DownloadUrl
[INFO] [stderr]       raise e
[INFO] [stderr]     File "/opt/rustwide/cargo-home/registry/src/index.crates.io-1949cf8c6b5b557f/v8-0.75.1/./tools/download_file.py", line 29, in DownloadUrl
[INFO] [stderr]       response = urlopen(url)
[INFO] [stderr]     File "/usr/lib/python3.14/urllib/request.py", line 187, in urlopen
[INFO] [stderr]       return opener.open(url, data, timeout)
[INFO] [stderr]              ~~~~~~~~~~~^^^^^^^^^^^^^^^^^^^^
[INFO] [stderr]     File "/usr/lib/python3.14/urllib/request.py", line 487, in open
[INFO] [stderr]       response = self._open(req, data)
[INFO] [stderr]     File "/usr/lib/python3.14/urllib/request.py", line 504, in _open
[INFO] [stderr]       result = self._call_chain(self.handle_open, protocol, protocol +
[INFO] [stderr]                                 '_open', req)
[INFO] [stderr]     File "/usr/lib/python3.14/urllib/request.py", line 464, in _call_chain
[INFO] [stderr]       result = func(*args)
[INFO] [stderr]     File "/usr/lib/python3.14/urllib/request.py", line 1369, in https_open
[INFO] [stderr]       return self.do_open(http.client.HTTPSConnection, req,
[INFO] [stderr]              ~~~~~~~~~~~~^^^^^^^^^^^^^^^^^^^^^^^^^^^^^^^^^^
[INFO] [stderr]                           context=self._context)
[INFO] [stderr]                           ^^^^^^^^^^^^^^^^^^^^^^
[INFO] [stderr]     File "/usr/lib/python3.14/urllib/request.py", line 1324, in do_open
[INFO] [stderr]       raise URLError(err)
[INFO] [stderr]   urllib.error.URLError: <urlopen error [Errno -3] Temporary failure in name resolution>
[INFO] [stderr] 
[INFO] [stderr]   thread 'main' (2260) panicked at /opt/rustwide/cargo-home/registry/src/index.crates.io-1949cf8c6b5b557f/v8-0.75.1/build.rs:431:3:
[INFO] [stderr]   assertion failed: status.success()
[INFO] [stderr]   stack backtrace:
[INFO] [stderr]      0:     0x57a2fa1dba61 - std[97b98282bc616a66]::backtrace_rs::backtrace::libunwind::trace
[INFO] [stderr]                                  at /rustc/04eb0d7194012623e82369b466d5084522957446/library/std/src/../../backtrace/src/backtrace/libunwind.rs:117:9
[INFO] [stderr]      1:     0x57a2fa1dba61 - std[97b98282bc616a66]::backtrace_rs::backtrace::trace_unsynchronized::<std[97b98282bc616a66]::sys::backtrace::_print_fmt::{closure#1}>
[INFO] [stderr]                                  at /rustc/04eb0d7194012623e82369b466d5084522957446/library/std/src/../../backtrace/src/backtrace/mod.rs:66:14
[INFO] [stderr]      2:     0x57a2fa1dba61 - std[97b98282bc616a66]::sys::backtrace::_print_fmt
[INFO] [stderr]                                  at /rustc/04eb0d7194012623e82369b466d5084522957446/library/std/src/sys/backtrace.rs:74:9
[INFO] [stderr]      3:     0x57a2fa1dba61 - <<std[97b98282bc616a66]::sys::backtrace::BacktraceLock>::print::DisplayBacktrace as core[832e9a552fc17241]::fmt::Display>::fmt
[INFO] [stderr]                                  at /rustc/04eb0d7194012623e82369b466d5084522957446/library/std/src/sys/backtrace.rs:44:26
[INFO] [stderr]      4:     0x57a2fa1ed8ea - <core[832e9a552fc17241]::fmt::rt::Argument>::fmt
[INFO] [stderr]                                  at /rustc/04eb0d7194012623e82369b466d5084522957446/library/core/src/fmt/rt.rs:152:76
[INFO] [stderr]      5:     0x57a2fa1ed8ea - core[832e9a552fc17241]::fmt::write
[INFO] [stderr]      6:     0x57a2fa1e029c - std[97b98282bc616a66]::io::default_write_fmt::<std[97b98282bc616a66]::sys::stdio::unix::Stderr>
[INFO] [stderr]                                  at /rustc/04eb0d7194012623e82369b466d5084522957446/library/std/src/io/mod.rs:626:11
[INFO] [stderr]      7:     0x57a2fa1e029c - <std[97b98282bc616a66]::sys::stdio::unix::Stderr as std[97b98282bc616a66]::io::Write>::write_fmt
[INFO] [stderr]                                  at /rustc/04eb0d7194012623e82369b466d5084522957446/library/std/src/io/mod.rs:1730:13
[INFO] [stderr]      8:     0x57a2fa1bcb66 - <std[97b98282bc616a66]::sys::backtrace::BacktraceLock>::print
[INFO] [stderr]                                  at /rustc/04eb0d7194012623e82369b466d5084522957446/library/std/src/sys/backtrace.rs:47:9
[INFO] [stderr]      9:     0x57a2fa1bcb66 - std[97b98282bc616a66]::panicking::default_hook::{closure#0}
[INFO] [stderr]                                  at /rustc/04eb0d7194012623e82369b466d5084522957446/library/std/src/panicking.rs:292:27
[INFO] [stderr]     10:     0x57a2fa1d5dc1 - std[97b98282bc616a66]::panicking::default_hook
[INFO] [stderr]                                  at /rustc/04eb0d7194012623e82369b466d5084522957446/library/std/src/panicking.rs:319:9
[INFO] [stderr]     11:     0x57a2fa1d5f7b - std[97b98282bc616a66]::panicking::panic_with_hook
[INFO] [stderr]                                  at /rustc/04eb0d7194012623e82369b466d5084522957446/library/std/src/panicking.rs:815:13
[INFO] [stderr]     12:     0x57a2fa1bcc44 - std[97b98282bc616a66]::panicking::panic_handler::{closure#0}
[INFO] [stderr]                                  at /rustc/04eb0d7194012623e82369b466d5084522957446/library/std/src/panicking.rs:681:13
[INFO] [stderr]     13:     0x57a2fa1b3f89 - std[97b98282bc616a66]::sys::backtrace::__rust_end_short_backtrace::<std[97b98282bc616a66]::panicking::panic_handler::{closure#0}, !>
[INFO] [stderr]                                  at /rustc/04eb0d7194012623e82369b466d5084522957446/library/std/src/sys/backtrace.rs:182:18
[INFO] [stderr]     14:     0x57a2fa1bd59d - __rustc[e3d8617bb01b7f69]::rust_begin_unwind
[INFO] [stderr]                                  at /rustc/04eb0d7194012623e82369b466d5084522957446/library/std/src/panicking.rs:679:5
[INFO] [stderr]     15:     0x57a2fa1ee01c - core[832e9a552fc17241]::panicking::panic_fmt
[INFO] [stderr]                                  at /rustc/04eb0d7194012623e82369b466d5084522957446/library/core/src/panicking.rs:80:14
[INFO] [stderr]     16:     0x57a2fa1edfe2 - core[832e9a552fc17241]::panicking::panic
[INFO] [stderr]                                  at /rustc/04eb0d7194012623e82369b466d5084522957446/library/core/src/panicking.rs:150:5
[INFO] [stderr]     17:     0x57a2fa1954b7 - build_script_build[8417073d955fd0fc]::download_file
[INFO] [stderr]     18:     0x57a2fa199396 - build_script_build[8417073d955fd0fc]::download_static_lib_binaries
[INFO] [stderr]     19:     0x57a2fa19a2a4 - build_script_build[8417073d955fd0fc]::main
[INFO] [stderr]     20:     0x57a2fa18ab03 - <fn() as core[832e9a552fc17241]::ops::function::FnOnce<()>>::call_once
[INFO] [stderr]     21:     0x57a2fa18c246 - std[97b98282bc616a66]::sys::backtrace::__rust_begin_short_backtrace::<fn(), ()>
[INFO] [stderr]     22:     0x57a2fa1888a9 - std[97b98282bc616a66]::rt::lang_start::<()>::{closure#0}
[INFO] [stderr]     23:     0x57a2fa1d4ea7 - <&dyn core[832e9a552fc17241]::ops::function::Fn<(), Output = i32> + core[832e9a552fc17241]::marker::Sync + core[832e9a552fc17241]::panic::unwind_safe::RefUnwindSafe as core[832e9a552fc17241]::ops::function::FnOnce<()>>::call_once
[INFO] [stderr]                                  at /rustc/04eb0d7194012623e82369b466d5084522957446/library/core/src/ops/function.rs:287:21
[INFO] [stderr]     24:     0x57a2fa1d4ea7 - std[97b98282bc616a66]::panicking::catch_unwind::do_call::<&dyn core[832e9a552fc17241]::ops::function::Fn<(), Output = i32> + core[832e9a552fc17241]::marker::Sync + core[832e9a552fc17241]::panic::unwind_safe::RefUnwindSafe, i32>
[INFO] [stderr]                                  at /rustc/04eb0d7194012623e82369b466d5084522957446/library/std/src/panicking.rs:576:43
[INFO] [stderr]     25:     0x57a2fa1d4ea7 - std[97b98282bc616a66]::panicking::catch_unwind::<i32, &dyn core[832e9a552fc17241]::ops::function::Fn<(), Output = i32> + core[832e9a552fc17241]::marker::Sync + core[832e9a552fc17241]::panic::unwind_safe::RefUnwindSafe>
[INFO] [stderr]                                  at /rustc/04eb0d7194012623e82369b466d5084522957446/library/std/src/panicking.rs:544:19
[INFO] [stderr]     26:     0x57a2fa1d4ea7 - std[97b98282bc616a66]::panic::catch_unwind::<&dyn core[832e9a552fc17241]::ops::function::Fn<(), Output = i32> + core[832e9a552fc17241]::marker::Sync + core[832e9a552fc17241]::panic::unwind_safe::RefUnwindSafe, i32>
[INFO] [stderr]                                  at /rustc/04eb0d7194012623e82369b466d5084522957446/library/std/src/panic.rs:359:14
[INFO] [stderr]     27:     0x57a2fa1d4ea7 - std[97b98282bc616a66]::rt::lang_start_internal::{closure#0}
[INFO] [stderr]                                  at /rustc/04eb0d7194012623e82369b466d5084522957446/library/std/src/rt.rs:175:24
[INFO] [stderr]     28:     0x57a2fa1d4ea7 - std[97b98282bc616a66]::panicking::catch_unwind::do_call::<std[97b98282bc616a66]::rt::lang_start_internal::{closure#0}, isize>
[INFO] [stderr]                                  at /rustc/04eb0d7194012623e82369b466d5084522957446/library/std/src/panicking.rs:576:43
[INFO] [stderr]     29:     0x57a2fa1d4ea7 - std[97b98282bc616a66]::panicking::catch_unwind::<isize, std[97b98282bc616a66]::rt::lang_start_internal::{closure#0}>
[INFO] [stderr]                                  at /rustc/04eb0d7194012623e82369b466d5084522957446/library/std/src/panicking.rs:544:19
[INFO] [stderr]     30:     0x57a2fa1d4ea7 - std[97b98282bc616a66]::panic::catch_unwind::<std[97b98282bc616a66]::rt::lang_start_internal::{closure#0}, isize>
[INFO] [stderr]                                  at /rustc/04eb0d7194012623e82369b466d5084522957446/library/std/src/panic.rs:359:14
[INFO] [stderr]     31:     0x57a2fa1d4ea7 - std[97b98282bc616a66]::rt::lang_start_internal
[INFO] [stderr]                                  at /rustc/04eb0d7194012623e82369b466d5084522957446/library/std/src/rt.rs:171:5
[INFO] [stderr]     32:     0x57a2fa1883c1 - std[97b98282bc616a66]::rt::lang_start::<()>
[INFO] [stderr]     33:     0x57a2fa19e425 - main
[INFO] [stderr]     34:     0x783177460601 - <unknown>
[INFO] [stderr]     35:     0x783177460718 - __libc_start_main
[INFO] [stderr]     36:     0x57a2fa180215 - _start
[INFO] [stderr]     37:                0x0 - <unknown>
[INFO] [stderr] warning: build failed, waiting for other jobs to finish...
[INFO] [stderr] error: could not compile `tokio` (lib)
[INFO] [stderr] 
[INFO] [stderr] Caused by:
[INFO] [stderr]   process didn't exit successfully: `/opt/rustwide/rustup-home/toolchains/1.98.0-beta.8-x86_64-unknown-linux-gnu/bin/rustc --crate-name tokio --edition=2021 /opt/rustwide/cargo-home/registry/src/index.crates.io-1949cf8c6b5b557f/tokio-1.37.0/src/lib.rs --error-format=json --json=diagnostic-rendered-ansi,artifacts,future-incompat --crate-type lib --emit=dep-info,metadata,link -C opt-level=3 -C embed-bitcode=no -C debuginfo=2 --cfg 'feature="bytes"' --cfg 'feature="default"' --cfg 'feature="fs"' --cfg 'feature="full"' --cfg 'feature="io-std"' --cfg 'feature="io-util"' --cfg 'feature="libc"' --cfg 'feature="macros"' --cfg 'feature="mio"' --cfg 'feature="net"' --cfg 'feature="num_cpus"' --cfg 'feature="parking_lot"' --cfg 'feature="process"' --cfg 'feature="rt"' --cfg 'feature="rt-multi-thread"' --cfg 'feature="signal"' --cfg 'feature="signal-hook-registry"' --cfg 'feature="socket2"' --cfg 'feature="sync"' --cfg 'feature="time"' --cfg 'feature="tokio-macros"' --check-cfg 'cfg(docsrs,test)' --check-cfg 'cfg(feature, values("bytes", "default", "fs", "full", "io-std", "io-util", "libc", "macros", "mio", "net", "num_cpus", "parking_lot", "process", "rt", "rt-multi-thread", "signal", "signal-hook-registry", "socket2", "sync", "test-util", "time", "tokio-macros", "tracing", "windows-sys"))' -C metadata=c25e618d5a6a1887 -C extra-filename=-803eec495b3d4a48 --out-dir /opt/rustwide/target/release/deps -L dependency=/opt/rustwide/target/release/deps --extern bytes=/opt/rustwide/target/release/deps/libbytes-8a6220de957a87f4.rmeta --extern libc=/opt/rustwide/target/release/deps/liblibc-c4c820eefc149b4e.rmeta --extern mio=/opt/rustwide/target/release/deps/libmio-978694e10cf31dee.rmeta --extern num_cpus=/opt/rustwide/target/release/deps/libnum_cpus-3fd7151f7d47adff.rmeta --extern parking_lot=/opt/rustwide/target/release/deps/libparking_lot-4199076e4c4a5a7c.rmeta --extern pin_project_lite=/opt/rustwide/target/release/deps/libpin_project_lite-0047709246b92e3d.rmeta --extern signal_hook_registry=/opt/rustwide/target/release/deps/libsignal_hook_registry-a99d0886c1cbe168.rmeta --extern socket2=/opt/rustwide/target/release/deps/libsocket2-9bd7ec55789007fa.rmeta --extern tokio_macros=/opt/rustwide/target/release/deps/libtokio_macros-5f86c5df5cbe5253.so --cap-lints allow --cap-lints=warn` (signal: 9, SIGKILL: kill)
[INFO] [stderr] error: could not compile `futures-util` (lib)
[INFO] [stderr] 
[INFO] [stderr] Caused by:
[INFO] [stderr]   process didn't exit successfully: `/opt/rustwide/rustup-home/toolchains/1.98.0-beta.8-x86_64-unknown-linux-gnu/bin/rustc --crate-name futures_util --edition=2018 /opt/rustwide/cargo-home/registry/src/index.crates.io-1949cf8c6b5b557f/futures-util-0.3.30/src/lib.rs --error-format=json --json=diagnostic-rendered-ansi,artifacts,future-incompat --crate-type lib --emit=dep-info,metadata,link -C opt-level=3 -C embed-bitcode=no -C debuginfo=2 --cfg 'feature="alloc"' --cfg 'feature="async-await"' --cfg 'feature="async-await-macro"' --cfg 'feature="channel"' --cfg 'feature="futures-channel"' --cfg 'feature="futures-io"' --cfg 'feature="futures-macro"' --cfg 'feature="futures-sink"' --cfg 'feature="io"' --cfg 'feature="memchr"' --cfg 'feature="sink"' --cfg 'feature="slab"' --cfg 'feature="std"' --check-cfg 'cfg(docsrs,test)' --check-cfg 'cfg(feature, values("alloc", "async-await", "async-await-macro", "bilock", "cfg-target-has-atomic", "channel", "compat", "default", "futures-channel", "futures-io", "futures-macro", "futures-sink", "futures_01", "io", "io-compat", "memchr", "portable-atomic", "sink", "slab", "std", "tokio-io", "unstable", "write-all-vectored"))' -C metadata=6389679a551d9f39 -C extra-filename=-63d9cba6e1254486 --out-dir /opt/rustwide/target/release/deps -L dependency=/opt/rustwide/target/release/deps --extern futures_channel=/opt/rustwide/target/release/deps/libfutures_channel-274baa592b97285b.rmeta --extern futures_core=/opt/rustwide/target/release/deps/libfutures_core-13140ad5eba5925f.rmeta --extern futures_io=/opt/rustwide/target/release/deps/libfutures_io-874222c8692ff7ec.rmeta --extern futures_macro=/opt/rustwide/target/release/deps/libfutures_macro-ab98adfc152438f7.so --extern futures_sink=/opt/rustwide/target/release/deps/libfutures_sink-fb2ca5b30df8db92.rmeta --extern futures_task=/opt/rustwide/target/release/deps/libfutures_task-2b34bfcc3924b407.rmeta --extern memchr=/opt/rustwide/target/release/deps/libmemchr-8c1c94c10eb06fff.rmeta --extern pin_project_lite=/opt/rustwide/target/release/deps/libpin_project_lite-0047709246b92e3d.rmeta --extern pin_utils=/opt/rustwide/target/release/deps/libpin_utils-c113c6e862e47614.rmeta --extern slab=/opt/rustwide/target/release/deps/libslab-9a92d65d827aac76.rmeta --cap-lints allow --cap-lints=warn` (signal: 9, SIGKILL: kill)
[INFO] running `Command { std: "docker" "inspect" "9ded86d04bcd3d2b2fc5a63480dc8e9d6aaae916b4cec7569671aab1794a5090", kill_on_drop: false }`
[INFO] running `Command { std: "docker" "rm" "-f" "9ded86d04bcd3d2b2fc5a63480dc8e9d6aaae916b4cec7569671aab1794a5090", kill_on_drop: false }`
[INFO] [stdout] 9ded86d04bcd3d2b2fc5a63480dc8e9d6aaae916b4cec7569671aab1794a5090
