[INFO] cloning repository https://github.com/infinityb/rushedwiki
[INFO] running `Command { std: "git" "-c" "credential.helper=" "-c" "credential.helper=/workspace/cargo-home/bin/git-credential-null" "clone" "--bare" "https://github.com/infinityb/rushedwiki" "/workspace/cache/git-repos/https%3A%2F%2Fgithub.com%2Finfinityb%2Frushedwiki", kill_on_drop: false }`
[INFO] [stderr] Cloning into bare repository '/workspace/cache/git-repos/https%3A%2F%2Fgithub.com%2Finfinityb%2Frushedwiki'...
[INFO] running `Command { std: "git" "rev-parse" "HEAD", kill_on_drop: false }`
[INFO] [stdout] 393713e891709a3c79891a7e9314affb02610303
[INFO] testing infinityb/rushedwiki against 1.98.0-beta.8+cargoflags=--release for beta-release-1.99-2
[INFO] running `Command { std: "git" "clone" "/workspace/cache/git-repos/https%3A%2F%2Fgithub.com%2Finfinityb%2Frushedwiki" "/workspace/builds/worker-2-tc1/source", kill_on_drop: false }`
[INFO] [stderr] Cloning into '/workspace/builds/worker-2-tc1/source'...
[INFO] [stderr] done.
[INFO] started tweaking git repo https://github.com/infinityb/rushedwiki
[INFO] finished tweaking git repo https://github.com/infinityb/rushedwiki
[INFO] tweaked toml for git repo https://github.com/infinityb/rushedwiki written to /workspace/builds/worker-2-tc1/source/Cargo.toml
[INFO] validating manifest of git repo https://github.com/infinityb/rushedwiki on toolchain 1.98.0-beta.8
[INFO] running `Command { std: CARGO_HOME="/workspace/cargo-home" RUSTUP_HOME="/workspace/rustup-home" "/workspace/cargo-home/bin/cargo" "+1.98.0-beta.8" "metadata" "--manifest-path" "Cargo.toml" "--no-deps", kill_on_drop: false }`
[INFO] crate git repo https://github.com/infinityb/rushedwiki already has a lockfile, it will not be regenerated
[INFO] running `Command { std: CARGO_HOME="/workspace/cargo-home" RUSTUP_HOME="/workspace/rustup-home" "/workspace/cargo-home/bin/cargo" "+1.98.0-beta.8" "fetch" "--manifest-path" "Cargo.toml", kill_on_drop: false }`
[INFO] [stderr]     Updating crates.io index
[INFO] [stderr]  Downloading crates ...
[INFO] [stderr]   Downloaded tracing-log v0.1.2
[INFO] [stderr]   Downloaded winapi-util v0.1.5
[INFO] [stderr]   Downloaded log v0.4.14
[INFO] [stderr]   Downloaded value-bag v1.0.0-alpha.7
[INFO] [stderr]   Downloaded matchers v0.0.1
[INFO] [stderr]   Downloaded line-wrap v0.1.1
[INFO] [stderr]   Downloaded thiserror v1.0.29
[INFO] [stderr]   Downloaded safemem v0.3.3
[INFO] [stderr]   Downloaded version_check v0.9.3
[INFO] [stderr]   Downloaded plist v1.2.1
[INFO] [stderr]   Downloaded futures-task v0.3.17
[INFO] [stderr]   Downloaded wasm-bindgen-shared v0.2.78
[INFO] [stderr]   Downloaded crypto-mac v0.11.1
[INFO] [stderr]   Downloaded proc-macro-hack v0.5.19
[INFO] [stderr]   Downloaded flate2 v1.0.22
[INFO] [stderr]   Downloaded strsim v0.8.0
[INFO] [stderr]   Downloaded async-stream v0.3.2
[INFO] [stderr]   Downloaded pkg-config v0.3.20
[INFO] [stderr]   Downloaded lazycell v1.3.0
[INFO] [stderr]   Downloaded byte-tools v0.3.1
[INFO] [stderr]   Downloaded block-padding v0.1.5
[INFO] [stderr]   Downloaded maplit v1.0.2
[INFO] [stderr]   Downloaded pest_derive v2.1.0
[INFO] [stderr]   Downloaded pest_generator v2.1.3
[INFO] [stderr]   Downloaded opaque-debug v0.2.3
[INFO] [stderr]   Downloaded fake-simd v0.1.2
[INFO] [stderr]   Downloaded entities v1.0.1
[INFO] [stderr]   Downloaded owning_ref v0.4.1
[INFO] [stderr]   Downloaded rand_chacha v0.2.2
[INFO] [stderr]   Downloaded universal-hash v0.4.1
[INFO] [stderr]   Downloaded aead v0.3.2
[INFO] [stderr]   Downloaded shell-words v1.0.0
[INFO] [stderr]   Downloaded sha-1 v0.8.2
[INFO] [stderr]   Downloaded block-buffer v0.7.3
[INFO] [stderr]   Downloaded unicode-xid v0.2.2
[INFO] [stderr]   Downloaded sha1 v0.6.0
[INFO] [stderr]   Downloaded ctor v0.1.21
[INFO] [stderr]   Downloaded digest v0.8.1
[INFO] [stderr]   Downloaded radium v0.5.3
[INFO] [stderr]   Downloaded waker-fn v1.1.0
[INFO] [stderr]   Downloaded ghash v0.3.1
[INFO] [stderr]   Downloaded infer v0.2.3
[INFO] [stderr]   Downloaded parking v2.0.0
[INFO] [stderr]   Downloaded bincode v1.3.3
[INFO] [stderr]   Downloaded vec_map v0.8.2
[INFO] [stderr]   Downloaded humansize v1.1.1
[INFO] [stderr]   Downloaded maybe-uninit v2.0.0
[INFO] [stderr]   Downloaded oid-registry v0.1.5
[INFO] [stderr]   Downloaded der-oid-macro v0.4.0
[INFO] [stderr]   Downloaded serde_urlencoded v0.7.0
[INFO] [stderr]   Downloaded cipher v0.2.5
[INFO] [stderr]   Downloaded wyz v0.2.0
[INFO] [stderr]   Downloaded rand_hc v0.2.0
[INFO] [stderr]   Downloaded base-x v0.2.8
[INFO] [stderr]   Downloaded askama_derive v0.10.5
[INFO] [stderr]   Downloaded autocfg v1.0.1
[INFO] [stderr]   Downloaded atomic-waker v1.0.0
[INFO] [stderr]   Downloaded askama v0.10.5
[INFO] [stderr]   Downloaded untrusted v0.7.1
[INFO] [stderr]   Downloaded funty v1.1.0
[INFO] [stderr]   Downloaded matches v0.1.9
[INFO] [stderr]   Downloaded pem v0.8.3
[INFO] [stderr]   Downloaded hmac v0.10.1
[INFO] [stderr]   Downloaded crypto-mac v0.10.1
[INFO] [stderr]   Downloaded askama_escape v0.10.1
[INFO] [stderr]   Downloaded hkdf v0.10.0
[INFO] [stderr]   Downloaded const_fn v0.4.8
[INFO] [stderr]   Downloaded polyval v0.4.5
[INFO] [stderr]   Downloaded cpuid-bool v0.2.0
[INFO] [stderr]   Downloaded async-stream-impl v0.3.2
[INFO] [stderr]   Downloaded thiserror-impl v1.0.29
[INFO] [stderr]   Downloaded rusticata-macros v3.2.0
[INFO] [stderr]   Downloaded form_urlencoded v1.0.1
[INFO] [stderr]   Downloaded fastrand v1.5.0
[INFO] [stderr]   Downloaded byte-pool v0.2.3
[INFO] [stderr]   Downloaded slab v0.4.4
[INFO] [stderr]   Downloaded pest_meta v2.1.3
[INFO] [stderr]   Downloaded generic-array v0.12.4
[INFO] [stderr]   Downloaded unicode-width v0.1.9
[INFO] [stderr]   Downloaded ansi_term v0.11.0
[INFO] [stderr]   Downloaded pin-project-lite v0.2.7
[INFO] [stderr]   Downloaded tokio-rustls v0.22.0
[INFO] [stderr]   Downloaded phf_shared v0.10.0
[INFO] [stderr]   Downloaded proc-macro-nested v0.1.7
[INFO] [stderr]   Downloaded getrandom v0.1.16
[INFO] [stderr]   Downloaded md-5 v0.9.1
[INFO] [stderr]   Downloaded hmac v0.11.0
[INFO] [stderr]   Downloaded data-encoding v2.3.2
[INFO] [stderr]   Downloaded async-lock v2.4.0
[INFO] [stderr]   Downloaded event-listener v2.5.1
[INFO] [stderr]   Downloaded async-channel v1.6.1
[INFO] [stderr]   Downloaded async-mutex v1.4.0
[INFO] [stderr]   Downloaded crossbeam-queue v0.3.2
[INFO] [stderr]   Downloaded async-dup v1.2.2
[INFO] [stderr]   Downloaded simple-mutex v1.1.5
[INFO] [stderr]   Downloaded textwrap v0.11.0
[INFO] [stderr]   Downloaded askama_shared v0.11.1
[INFO] [stderr]   Downloaded async-task v4.0.3
[INFO] [stderr]   Downloaded cookie v0.14.4
[INFO] [stderr]   Downloaded ctr v0.6.0
[INFO] [stderr]   Downloaded miniz_oxide v0.4.4
[INFO] [stderr]   Downloaded crc32fast v1.2.1
[INFO] [stderr]   Downloaded ucd-trie v0.1.3
[INFO] [stderr]   Downloaded instant v0.1.11
[INFO] [stderr]   Downloaded cpufeatures v0.2.1
[INFO] [stderr]   Downloaded siphasher v0.3.7
[INFO] [stderr]   Downloaded futures-macro v0.3.17
[INFO] [stderr]   Downloaded wasi v0.9.0+wasi-snapshot-preview1
[INFO] [stderr]   Downloaded futures-lite v1.12.0
[INFO] [stderr]   Downloaded concurrent-queue v1.2.2
[INFO] [stderr]   Downloaded cache-padded v1.1.1
[INFO] [stderr]   Downloaded async-global-executor v2.0.2
[INFO] [stderr]   Downloaded async-executor v1.4.1
[INFO] [stderr]   Downloaded want v0.3.0
[INFO] [stderr]   Downloaded try-lock v0.2.3
[INFO] [stderr]   Downloaded http-body v0.4.3
[INFO] [stderr]   Downloaded onig v6.2.0
[INFO] [stderr]   Downloaded pest v2.1.3
[INFO] [stderr]   Downloaded wasm-bindgen-macro v0.2.78
[INFO] [stderr]   Downloaded tokio-macros v1.4.1
[INFO] [stderr]   Downloaded num_cpus v1.13.0
[INFO] [stderr]   Downloaded tokio-postgres-rustls v0.8.0
[INFO] [stderr]   Downloaded futures-core v0.3.17
[INFO] [stderr]   Downloaded tinyvec_macros v0.1.0
[INFO] [stderr]   Downloaded opaque-debug v0.3.0
[INFO] [stderr]   Downloaded percent-encoding v2.1.0
[INFO] [stderr]   Downloaded rcgen v0.8.13
[INFO] [stderr]   Downloaded yasna v0.4.0
[INFO] [stderr]   Downloaded serde_qs v0.8.4
[INFO] [stderr]   Downloaded rand_core v0.5.1
[INFO] [stderr]   Downloaded blocking v1.0.2
[INFO] [stderr]   Downloaded async-rustls v0.2.0
[INFO] [stderr]   Downloaded unchecked-index v0.2.2
[INFO] [stderr]   Downloaded linked-hash-map v0.5.4
[INFO] [stderr]   Downloaded phf v0.10.0
[INFO] [stderr]   Downloaded crossbeam-utils v0.8.5
[INFO] [stderr]   Downloaded toml v0.5.8
[INFO] [stderr]   Downloaded ryu v1.0.5
[INFO] [stderr]   Downloaded url v2.2.2
[INFO] [stderr]   Downloaded serde v1.0.130
[INFO] [stderr]   Downloaded polling v2.1.0
[INFO] [stderr]   Downloaded async-h1 v2.3.2
[INFO] [stderr]   Downloaded pin-project-internal v1.0.8
[INFO] [stderr]   Downloaded walkdir v2.3.2
[INFO] [stderr]   Downloaded der-parser v5.1.2
[INFO] [stderr]   Downloaded serde_derive v1.0.130
[INFO] [stderr]   Downloaded ppv-lite86 v0.2.10
[INFO] [stderr]   Downloaded rustls-acme v0.1.7
[INFO] [stderr]   Downloaded anyhow v1.0.44
[INFO] [stderr]   Downloaded wasm-bindgen-macro-support v0.2.78
[INFO] [stderr]   Downloaded smallvec v1.7.0
[INFO] [stderr]   Downloaded postgres-protocol v0.6.2
[INFO] [stderr]   Downloaded sha2 v0.9.8
[INFO] [stderr]   Downloaded num-bigint v0.4.2
[INFO] [stderr]   Downloaded aes v0.6.0
[INFO] [stderr]   Downloaded aesni v0.10.0
[INFO] [stderr]   Downloaded aes-soft v0.6.4
[INFO] [stderr]   Downloaded pin-project v1.0.8
[INFO] [stderr]   Downloaded indexmap v1.7.0
[INFO] [stderr]   Downloaded comrak v0.12.1
[INFO] [stderr]   Downloaded yaml-rust v0.4.5
[INFO] [stderr]   Downloaded smallvec v0.6.14
[INFO] [stderr]   Downloaded spin v0.5.2
[INFO] [stderr]   Downloaded futures-io v0.3.17
[INFO] [stderr]   Downloaded serde_json v1.0.68
[INFO] [stderr]   Downloaded rand v0.7.3
[INFO] [stderr]   Downloaded wasm-bindgen-futures v0.4.28
[INFO] [stderr]   Downloaded gloo-timers v0.2.1
[INFO] [stderr]   Downloaded hashbrown v0.11.2
[INFO] [stderr]   Downloaded quote v1.0.9
[INFO] [stderr]   Downloaded tracing-attributes v0.1.16
[INFO] [stderr]   Downloaded http v0.2.5
[INFO] [stderr]   Downloaded bitvec v0.19.5
[INFO] [stderr]   Downloaded aes-gcm v0.8.0
[INFO] [stderr]   Downloaded nom v6.1.2
[INFO] [stderr]   Downloaded clap v2.33.3
[INFO] [stderr]   Downloaded hyper v0.14.13
[INFO] [stderr]   Downloaded h2 v0.3.6
[INFO] [stderr]   Downloaded async-std v1.10.0
[INFO] [stderr]   Downloaded httpdate v1.0.1
[INFO] [stderr]   Downloaded xdg v2.2.0
[INFO] [stderr]   Downloaded tracing-subscriber v0.1.6
[INFO] [stderr]   Downloaded once_cell v1.8.0
[INFO] [stderr]   Downloaded signal-hook-registry v1.4.0
[INFO] [stderr]   Downloaded lock_api v0.4.5
[INFO] [stderr]   Downloaded miow v0.3.7
[INFO] [stderr]   Downloaded futures-sink v0.3.17
[INFO] [stderr]   Downloaded postgres-types v0.2.2
[INFO] [stderr]   Downloaded stringprep v0.1.2
[INFO] [stderr]   Downloaded getrandom v0.2.3
[INFO] [stderr]   Downloaded subtle v2.4.1
[INFO] [stderr]   Downloaded futures-channel v0.3.17
[INFO] [stderr]   Downloaded futures-executor v0.3.17
[INFO] [stderr]   Downloaded typed-arena v1.7.0
[INFO] [stderr]   Downloaded redox_syscall v0.2.10
[INFO] [stderr]   Downloaded byteorder v1.4.3
[INFO] [stderr]   Downloaded async-trait v0.1.51
[INFO] [stderr]   Downloaded webpki-roots v0.21.1
[INFO] [stderr]   Downloaded tracing-core v0.1.20
[INFO] [stderr]   Downloaded generic-array v0.14.4
[INFO] [stderr]   Downloaded idna v0.2.3
[INFO] [stderr]   Downloaded tower-service v0.3.1
[INFO] [stderr]   Downloaded fallible-iterator v0.2.0
[INFO] [stderr]   Downloaded httparse v1.5.1
[INFO] [stderr]   Downloaded kv-log-macro v1.0.7
[INFO] [stderr]   Downloaded proc-macro2 v1.0.29
[INFO] [stderr]   Downloaded time v0.1.43
[INFO] [stderr]   Downloaded typenum v1.14.0
[INFO] [stderr]   Downloaded lexical-core v0.7.6
[INFO] [stderr]   Downloaded onig_sys v69.7.0
[INFO] [stderr]   Downloaded wasm-bindgen-backend v0.2.78
[INFO] [stderr]   Downloaded sct v0.6.1
[INFO] [stderr]   Downloaded socket2 v0.4.2
[INFO] [stderr]   Downloaded tinyvec v1.5.0
[INFO] [stderr]   Downloaded unicode-bidi v0.3.6
[INFO] [stderr]   Downloaded wepoll-ffi v0.1.2
[INFO] [stderr]   Downloaded twoway v0.2.2
[INFO] [stderr]   Downloaded webpki v0.21.4
[INFO] [stderr]   Downloaded base64 v0.13.0
[INFO] [stderr]   Downloaded futures v0.3.17
[INFO] [stderr]   Downloaded cc v1.0.70
[INFO] [stderr]   Downloaded similar v2.0.0
[INFO] [stderr]   Downloaded http-types v2.12.0
[INFO] [stderr]   Downloaded bytes v1.1.0
[INFO] [stderr]   Downloaded async-io v1.6.0
[INFO] [stderr]   Downloaded tracing v0.1.28
[INFO] [stderr]   Downloaded bumpalo v3.7.1
[INFO] [stderr]   Downloaded tokio-postgres v0.7.3
[INFO] [stderr]   Downloaded x509-parser v0.10.0
[INFO] [stderr]   Downloaded js-sys v0.3.55
[INFO] [stderr]   Downloaded mio v0.7.13
[INFO] [stderr]   Downloaded unicode_categories v0.1.1
[INFO] [stderr]   Downloaded aho-corasick v0.7.18
[INFO] [stderr]   Downloaded tokio-util v0.6.8
[INFO] [stderr]   Downloaded ntapi v0.3.6
[INFO] [stderr]   Downloaded unicode-normalization v0.1.19
[INFO] [stderr]   Downloaded futures-util v0.3.17
[INFO] [stderr]   Downloaded chrono v0.4.19
[INFO] [stderr]   Downloaded wasm-bindgen v0.2.78
[INFO] [stderr]   Downloaded rustls v0.19.1
[INFO] [stderr]   Downloaded syn v1.0.77
[INFO] [stderr]   Downloaded regex v1.5.4
[INFO] [stderr]   Downloaded regex-syntax v0.6.25
[INFO] [stderr]   Downloaded tokio v1.12.0
[INFO] [stderr]   Downloaded libc v0.2.103
[INFO] [stderr]   Downloaded web-sys v0.3.55
[INFO] [stderr]   Downloaded syntect v4.6.0
[INFO] [stderr]   Downloaded ring v0.16.20
[INFO] running `Command { std: "docker" "create" "-v" "/var/lib/crater-agent-workspace/builds/worker-2-tc1/source:/opt/rustwide/workdir:ro,Z" "-v" "/var/lib/crater-agent-workspace/builds/worker-2-tc1/target:/opt/rustwide/target:rw,Z" "-v" "/var/lib/crater-agent-workspace/cargo-home:/opt/rustwide/cargo-home:ro,Z" "-v" "/var/lib/crater-agent-workspace/rustup-home:/opt/rustwide/rustup-home:ro,Z" "-m" "1610612736" "--network" "none" "ghcr.io/rust-lang/crates-build-env/linux@sha256:8683fc1fc2eb5c9ac98e0d076ab094b2ffac7f99da555d2b6a2e27f346de2ec7" "sleep" "infinity", kill_on_drop: false }`
[INFO] [stdout] 3585d86c420fb93b56b61864b76da6334d13ea52701c8a2f05f9e6b5f859bdd5
[INFO] running `Command { std: "docker" "start" "3585d86c420fb93b56b61864b76da6334d13ea52701c8a2f05f9e6b5f859bdd5", kill_on_drop: false }`
[INFO] running `Command { std: "docker" "inspect" "3585d86c420fb93b56b61864b76da6334d13ea52701c8a2f05f9e6b5f859bdd5", kill_on_drop: false }`
[INFO] running `Command { std: "docker" "exec" "-e" "SOURCE_DIR=/opt/rustwide/workdir" "-e" "CARGO_HOME=/opt/rustwide/cargo-home" "-e" "RUSTUP_HOME=/opt/rustwide/rustup-home" "-e" "CARGO_TARGET_DIR=/opt/rustwide/target" "-w" "/opt/rustwide/workdir" "--user" "0:0" "3585d86c420fb93b56b61864b76da6334d13ea52701c8a2f05f9e6b5f859bdd5" "/opt/rustwide/cargo-home/bin/cargo" "+1.98.0-beta.8" "metadata" "--no-deps" "--format-version=1", kill_on_drop: false }`
[INFO] running `Command { std: "docker" "inspect" "3585d86c420fb93b56b61864b76da6334d13ea52701c8a2f05f9e6b5f859bdd5", kill_on_drop: false }`
[INFO] running `Command { std: "docker" "exec" "-e" "SOURCE_DIR=/opt/rustwide/workdir" "-e" "CARGO_HOME=/opt/rustwide/cargo-home" "-e" "RUSTUP_HOME=/opt/rustwide/rustup-home" "-e" "CARGO_TARGET_DIR=/opt/rustwide/target" "-e" "CARGO_INCREMENTAL=0" "-e" "RUST_BACKTRACE=full" "-e" "RUSTFLAGS=--cap-lints=warn" "-e" "RUSTDOCFLAGS=--cap-lints=warn" "-w" "/opt/rustwide/workdir" "--user" "0:0" "3585d86c420fb93b56b61864b76da6334d13ea52701c8a2f05f9e6b5f859bdd5" "/opt/rustwide/cargo-home/bin/cargo" "+1.98.0-beta.8" "build" "--frozen" "--message-format=json" "--release", kill_on_drop: false }`
[INFO] [stderr]    Compiling version_check v0.9.3
[INFO] [stderr]    Compiling proc-macro2 v1.0.29
[INFO] [stderr]    Compiling syn v1.0.77
[INFO] [stderr]    Compiling unicode-xid v0.2.2
[INFO] [stderr]    Compiling autocfg v1.0.1
[INFO] [stderr]    Compiling libc v0.2.103
[INFO] [stderr]    Compiling memchr v2.4.1
[INFO] [stderr]    Compiling typenum v1.14.0
[INFO] [stderr]    Compiling ryu v1.0.5
[INFO] [stderr]    Compiling log v0.4.14
[INFO] [stderr]    Compiling once_cell v1.8.0
[INFO] [stderr]    Compiling futures-core v0.3.17
[INFO] [stderr]    Compiling generic-array v0.14.4
[INFO] [stderr]    Compiling value-bag v1.0.0-alpha.7
[INFO] [stderr]    Compiling num-traits v0.2.14
[INFO] [stderr]    Compiling pin-project-lite v0.2.7
[INFO] [stderr]    Compiling num-integer v0.1.44
[INFO] [stderr]    Compiling serde_derive v1.0.130
[INFO] [stderr]    Compiling serde v1.0.130
[INFO] [stderr]    Compiling radium v0.5.3
[INFO] [stderr]    Compiling cc v1.0.70
[INFO] [stderr]    Compiling futures-io v0.3.17
[INFO] [stderr]    Compiling subtle v2.4.1
[INFO] [stderr]    Compiling proc-macro-hack v0.5.19
[INFO] [stderr]    Compiling quote v1.0.9
[INFO] [stderr]    Compiling base64 v0.13.0
[INFO] [stderr]    Compiling lexical-core v0.7.6
[INFO] [stderr]    Compiling opaque-debug v0.3.0
[INFO] [stderr]    Compiling nom v6.1.2
[INFO] [stderr]    Compiling slab v0.4.4
[INFO] [stderr]    Compiling bitflags v1.3.2
[INFO] [stderr]    Compiling time v0.1.43
[INFO] [stderr]    Compiling num_cpus v1.13.0
[INFO] [stderr]    Compiling percent-encoding v2.1.0
[INFO] [stderr]    Compiling tinyvec_macros v0.1.0
[INFO] [stderr]    Compiling ppv-lite86 v0.2.10
[INFO] [stderr]    Compiling ring v0.16.20
[INFO] [stderr]    Compiling digest v0.9.0
[INFO] [stderr]    Compiling tinyvec v1.5.0
[INFO] [stderr]    Compiling getrandom v0.2.3
[INFO] [stderr]    Compiling standback v0.2.17
[INFO] [stderr]    Compiling event-listener v2.5.1
[INFO] [stderr]    Compiling bytes v1.1.0
[INFO] [stderr]    Compiling pin-utils v0.1.0
[INFO] [stderr]    Compiling chrono v0.4.19
[INFO] [stderr]    Compiling rand_core v0.6.3
[INFO] [stderr]    Compiling block-buffer v0.9.0
[INFO] [stderr]    Compiling futures-macro v0.3.17
[INFO] [stderr]    Compiling static_assertions v1.1.0
[INFO] [stderr]    Compiling proc-macro-nested v0.1.7
[INFO] [stderr]    Compiling funty v1.1.0
[INFO] [stderr]    Compiling parking v2.0.0
[INFO] [stderr]    Compiling untrusted v0.7.1
[INFO] [stderr]    Compiling parking_lot_core v0.8.5
[INFO] [stderr]    Compiling futures-sink v0.3.17
[INFO] [stderr]    Compiling unicode-normalization v0.1.19
[INFO] [stderr]    Compiling unicode-bidi v0.3.6
[INFO] [stderr]    Compiling futures-task v0.3.17
[INFO] [stderr]    Compiling arrayvec v0.5.2
[INFO] [stderr]    Compiling wyz v0.2.0
[INFO] [stderr]    Compiling waker-fn v1.1.0
[INFO] [stderr]    Compiling futures-channel v0.3.17
[INFO] [stderr]    Compiling cfg-if v1.0.0
[INFO] [stderr]    Compiling spin v0.5.2
[INFO] [stderr]    Compiling fastrand v1.5.0
[INFO] [stderr]    Compiling cache-padded v1.1.1
[INFO] [stderr]    Compiling tap v1.0.1
[INFO] [stderr]    Compiling concurrent-queue v1.2.2
[INFO] [stderr]    Compiling bitvec v0.19.5
[INFO] [stderr]    Compiling futures-lite v1.12.0
[INFO] [stderr]    Compiling rand_chacha v0.3.1
[INFO] [stderr]    Compiling socket2 v0.4.2
[INFO] [stderr]    Compiling futures-util v0.3.17
[INFO] [stderr]    Compiling num-bigint v0.4.2
[INFO] [stderr]    Compiling instant v0.1.11
[INFO] [stderr]    Compiling regex-syntax v0.6.25
[INFO] [stderr]    Compiling scopeguard v1.1.0
[INFO] [stderr]    Compiling smallvec v1.7.0
[INFO] [stderr]    Compiling cpufeatures v0.2.1
[INFO] [stderr]    Compiling sha2 v0.9.8
[INFO] [stderr]    Compiling lock_api v0.4.5
[INFO] [stderr]    Compiling rand v0.8.4
[INFO] [stderr]    Compiling cipher v0.2.5
[INFO] [stderr]    Compiling tokio v1.12.0
[INFO] [stderr]    Compiling crossbeam-utils v0.8.5
[INFO] [stderr]    Compiling getrandom v0.1.16
[INFO] [stderr]    Compiling parking_lot v0.11.2
[INFO] [stderr]    Compiling universal-hash v0.4.1
[INFO] [stderr]    Compiling ctor v0.1.21
[INFO] [stderr]    Compiling tokio-macros v1.4.1
[INFO] [stderr]    Compiling signal-hook-registry v1.4.0
[INFO] [stderr]    Compiling mio v0.7.13
[INFO] [stderr]    Compiling indexmap v1.7.0
[INFO] [stderr]    Compiling async-task v4.0.3
[INFO] [stderr]    Compiling cpuid-bool v0.2.0
[INFO] [stderr]    Compiling serde_json v1.0.68
[INFO] [stderr]    Compiling const_fn v0.4.8
[INFO] [stderr]    Compiling matches v0.1.9
[INFO] [stderr]    Compiling polyval v0.4.5
[INFO] [stderr]    Compiling webpki v0.21.4
[INFO] [stderr]    Compiling polling v2.1.0
[INFO] [stderr]    Compiling time-macros-impl v0.1.2
[INFO] [stderr]    Compiling thiserror-impl v1.0.29
[INFO] [stderr]    Compiling aes-soft v0.6.4
[INFO] [stderr]    Compiling async-channel v1.6.1
[INFO] [stderr]    Compiling crypto-mac v0.10.1
[INFO] [stderr]    Compiling aho-corasick v0.7.18
[INFO] [stderr]    Compiling time v0.2.27
[INFO] [stderr]    Compiling fnv v1.0.7
[INFO] [stderr]    Compiling atomic-waker v1.0.0
[INFO] [stderr]    Compiling pkg-config v0.3.20
[INFO] [stderr]    Compiling hashbrown v0.11.2
[INFO] [stderr]    Compiling blocking v1.0.2
[INFO] [stderr]    Compiling hmac v0.10.1
[INFO] [stderr]    Compiling onig_sys v69.7.0
[INFO] [stderr]    Compiling thiserror v1.0.29
[INFO] [stderr]    Compiling aes v0.6.0
[INFO] [stderr]    Compiling time-macros v0.1.1
[INFO] [stderr]    Compiling rand_core v0.5.1
[INFO] [stderr]    Compiling async-io v1.6.0
[INFO] [stderr]    Compiling regex v1.5.4
[INFO] [stderr]    Compiling ghash v0.3.1
[INFO] [stderr]    Compiling form_urlencoded v1.0.1
[INFO] [stderr]    Compiling async-executor v1.4.1
[INFO] [stderr]    Compiling sct v0.6.1
[INFO] [stderr]    Compiling ctr v0.6.0
[INFO] [stderr]    Compiling async-mutex v1.4.0
[INFO] [stderr]    Compiling crypto-mac v0.11.1
[INFO] [stderr]    Compiling aead v0.3.2
[INFO] [stderr]    Compiling tracing-core v0.1.20
[INFO] [stderr]    Compiling miniz_oxide v0.4.4
[INFO] [stderr]    Compiling cookie v0.14.4
[INFO] [stderr]    Compiling stable_deref_trait v1.2.0
[INFO] [stderr]    Compiling httparse v1.5.1
[INFO] [stderr]    Compiling anyhow v1.0.44
[INFO] [stderr]    Compiling crc32fast v1.2.1
[INFO] [stderr]    Compiling crossbeam-queue v0.3.2
[INFO] [stderr]    Compiling ucd-trie v0.1.3
[INFO] [stderr]    Compiling tokio-util v0.6.8
[INFO] [stderr]    Compiling pest v2.1.3
[INFO] [stderr]    Compiling aes-gcm v0.8.0
[INFO] [stderr]    Compiling hmac v0.11.0
[INFO] [stderr]    Compiling async-global-executor v2.0.2
[INFO] [stderr]    Compiling der-oid-macro v0.4.0
[INFO] [stderr]    Compiling rustls v0.19.1
[INFO] [stderr]    Compiling rand_chacha v0.2.2
[INFO] [stderr]    Compiling hkdf v0.10.0
[INFO] [stderr]    Compiling futures-executor v0.3.17
[INFO] [stderr]    Compiling rusticata-macros v3.2.0
[INFO] [stderr]    Compiling idna v0.2.3
[INFO] [stderr]    Compiling kv-log-macro v1.0.7
[INFO] [stderr]    Compiling stringprep v0.1.2
[INFO] [stderr]    Compiling md-5 v0.9.1
[INFO] [stderr]    Compiling async-lock v2.4.0
[INFO] [stderr]    Compiling adler v1.0.2
[INFO] [stderr]    Compiling fallible-iterator v0.2.0
[INFO] [stderr]    Compiling http-types v2.12.0
[INFO] [stderr]    Compiling oid-registry v0.1.5
[INFO] [stderr]    Compiling safemem v0.3.3
[INFO] [stderr]    Compiling byteorder v1.4.3
[INFO] [stderr]    Compiling maplit v1.0.2
[INFO] [stderr]    Compiling siphasher v0.3.7
[INFO] [stderr]    Compiling async-trait v0.1.51
[INFO] [stderr]    Compiling maybe-uninit v2.0.0
[INFO] [stderr]    Compiling phf_shared v0.10.0
[INFO] [stderr]    Compiling postgres-protocol v0.6.2
[INFO] [stderr]    Compiling pest_meta v2.1.3
[INFO] [stderr]    Compiling line-wrap v0.1.1
[INFO] [stderr]    Compiling async-std v1.10.0
[INFO] [stderr] warning: onig_sys@69.7.0: oniguruma/src/regparse.c: In function 'onig_st_init_strend_table_with_size':
[INFO] [stderr] warning: onig_sys@69.7.0: oniguruma/src/regparse.c:584:5: error: initialization of 'int (*)(void)' from incompatible pointer type 'int (*)(st_str_end_key *, st_str_end_key *)' [-Wincompatible-pointer-types]
[INFO] [stderr] warning: onig_sys@69.7.0:   584 |     str_end_cmp,
[INFO] [stderr] warning: onig_sys@69.7.0:       |     ^~~~~~~~~~~
[INFO] [stderr] warning: onig_sys@69.7.0: oniguruma/src/regparse.c:584:5: note: (near initialization for 'hashType.compare')
[INFO] [stderr] warning: onig_sys@69.7.0: oniguruma/src/regparse.c:546:1: note: 'str_end_cmp' declared here
[INFO] [stderr] warning: onig_sys@69.7.0:   546 | str_end_cmp(st_str_end_key* x, st_str_end_key* y)
[INFO] [stderr] warning: onig_sys@69.7.0:       | ^~~~~~~~~~~
[INFO] [stderr] warning: onig_sys@69.7.0: oniguruma/src/regparse.c:585:5: error: initialization of 'int (*)(void)' from incompatible pointer type 'int (*)(st_str_end_key *)' [-Wincompatible-pointer-types]
[INFO] [stderr] warning: onig_sys@69.7.0:   585 |     str_end_hash,
[INFO] [stderr] warning: onig_sys@69.7.0:       |     ^~~~~~~~~~~~
[INFO] [stderr] warning: onig_sys@69.7.0: oniguruma/src/regparse.c:585:5: note: (near initialization for 'hashType.hash')
[INFO] [stderr] warning: onig_sys@69.7.0: oniguruma/src/regparse.c:567:1: note: 'str_end_hash' declared here
[INFO] [stderr] warning: onig_sys@69.7.0:   567 | str_end_hash(st_str_end_key* x)
[INFO] [stderr] warning: onig_sys@69.7.0:       | ^~~~~~~~~~~~
[INFO] [stderr] warning: onig_sys@69.7.0: oniguruma/src/regparse.c: In function 'onig_st_init_callout_name_table_with_size':
[INFO] [stderr] warning: onig_sys@69.7.0: oniguruma/src/regparse.c:674:5: error: initialization of 'int (*)(void)' from incompatible pointer type 'int (*)(st_callout_name_key *, st_callout_name_key *)' [-Wincompatible-pointer-types]
[INFO] [stderr] warning: onig_sys@69.7.0:   674 |     callout_name_table_cmp,
[INFO] [stderr] warning: onig_sys@69.7.0:       |     ^~~~~~~~~~~~~~~~~~~~~~
[INFO] [stderr] warning: onig_sys@69.7.0: oniguruma/src/regparse.c:674:5: note: (near initialization for 'hashType.compare')
[INFO] [stderr] warning: onig_sys@69.7.0: oniguruma/src/regparse.c:633:1: note: 'callout_name_table_cmp' declared here
[INFO] [stderr] warning: onig_sys@69.7.0:   633 | callout_name_table_cmp(st_callout_name_key* x, st_callout_name_key* y)
[INFO] [stderr] warning: onig_sys@69.7.0:       | ^~~~~~~~~~~~~~~~~~~~~~
[INFO] [stderr] warning: onig_sys@69.7.0: oniguruma/src/regparse.c:675:5: error: initialization of 'int (*)(void)' from incompatible pointer type 'int (*)(st_callout_name_key *)' [-Wincompatible-pointer-types]
[INFO] [stderr] warning: onig_sys@69.7.0:   675 |     callout_name_table_hash,
[INFO] [stderr] warning: onig_sys@69.7.0:       |     ^~~~~~~~~~~~~~~~~~~~~~~
[INFO] [stderr] warning: onig_sys@69.7.0: oniguruma/src/regparse.c:675:5: note: (near initialization for 'hashType.hash')
[INFO] [stderr] warning: onig_sys@69.7.0: oniguruma/src/regparse.c:656:1: note: 'callout_name_table_hash' declared here
[INFO] [stderr] warning: onig_sys@69.7.0:   656 | callout_name_table_hash(st_callout_name_key* x)
[INFO] [stderr] warning: onig_sys@69.7.0:       | ^~~~~~~~~~~~~~~~~~~~~~~
[INFO] [stderr] warning: onig_sys@69.7.0: oniguruma/src/regparse.c: In function 'names_clear':
[INFO] [stderr] warning: onig_sys@69.7.0: oniguruma/src/regparse.c:800:24: error: passing argument 2 of 'onig_st_foreach' from incompatible pointer type [-Wincompatible-pointer-types]
[INFO] [stderr] warning: onig_sys@69.7.0:   800 |     onig_st_foreach(t, i_free_name_entry, 0);
[INFO] [stderr] warning: onig_sys@69.7.0:       |                        ^~~~~~~~~~~~~~~~~
[INFO] [stderr] warning: onig_sys@69.7.0:       |                        |
[INFO] [stderr] warning: onig_sys@69.7.0:       |                        int (*)(OnigUChar *, NameEntry *, void *) {aka int (*)(unsigned char *, NameEntry *, void *)}
[INFO] [stderr] warning: onig_sys@69.7.0: In file included from oniguruma/src/regparse.c:37:
[INFO] [stderr] warning: onig_sys@69.7.0: oniguruma/src/st.h:55:31: note: expected 'int (*)(void)' but argument is of type 'int (*)(OnigUChar *, NameEntry *, void *)' {aka 'int (*)(unsigned char *, NameEntry *, void *)'}
[INFO] [stderr] warning: onig_sys@69.7.0:    55 | int st_foreach _((st_table *, int (*)(ANYARGS), st_data_t));
[INFO] [stderr] warning: onig_sys@69.7.0:       |                               ^~~~~~~~~~~~~~~~
[INFO] [stderr] warning: onig_sys@69.7.0: oniguruma/src/st.h:35:18: note: in definition of macro '_'
[INFO] [stderr] warning: onig_sys@69.7.0:    35 | # define _(args) args
[INFO] [stderr] warning: onig_sys@69.7.0:       |                  ^~~~
[INFO] [stderr] warning: onig_sys@69.7.0: oniguruma/src/regparse.c:785:1: note: 'i_free_name_entry' declared here
[INFO] [stderr] warning: onig_sys@69.7.0:   785 | i_free_name_entry(UChar* key, NameEntry* e, void* arg ARG_UNUSED)
[INFO] [stderr] warning: onig_sys@69.7.0:       | ^~~~~~~~~~~~~~~~~
[INFO] [stderr] warning: onig_sys@69.7.0: oniguruma/src/regparse.c: In function 'onig_foreach_name':
[INFO] [stderr] warning: onig_sys@69.7.0: oniguruma/src/regparse.c:869:24: error: passing argument 2 of 'onig_st_foreach' from incompatible pointer type [-Wincompatible-pointer-types]
[INFO] [stderr] warning: onig_sys@69.7.0:   869 |     onig_st_foreach(t, i_names, (HashDataType )&narg);
[INFO] [stderr] warning: onig_sys@69.7.0:       |                        ^~~~~~~
[INFO] [stderr] warning: onig_sys@69.7.0:       |                        |
[INFO] [stderr] warning: onig_sys@69.7.0:       |                        int (*)(OnigUChar *, NameEntry *, INamesArg *) {aka int (*)(unsigned char *, NameEntry *, INamesArg *)}
[INFO] [stderr] warning: onig_sys@69.7.0: oniguruma/src/st.h:55:31: note: expected 'int (*)(void)' but argument is of type 'int (*)(OnigUChar *, NameEntry *, INamesArg *)' {aka 'int (*)(unsigned char *, NameEntry *, INamesArg *)'}
[INFO] [stderr] warning: onig_sys@69.7.0:    55 | int st_foreach _((st_table *, int (*)(ANYARGS), st_data_t));
[INFO] [stderr] warning: onig_sys@69.7.0:       |                               ^~~~~~~~~~~~~~~~
[INFO] [stderr] warning: onig_sys@69.7.0: oniguruma/src/st.h:35:18: note: in definition of macro '_'
[INFO] [stderr] warning: onig_sys@69.7.0:    35 | # define _(args) args
[INFO] [stderr] warning: onig_sys@69.7.0:       |                  ^~~~
[INFO] [stderr] warning: onig_sys@69.7.0: oniguruma/src/regparse.c:842:1: note: 'i_names' declared here
[INFO] [stderr] warning: onig_sys@69.7.0:   842 | i_names(UChar* key ARG_UNUSED, NameEntry* e, INamesArg* arg)
[INFO] [stderr] warning: onig_sys@69.7.0:       | ^~~~~~~
[INFO] [stderr] warning: onig_sys@69.7.0: oniguruma/src/regparse.c: In function 'onig_renumber_name_table':
[INFO] [stderr] warning: onig_sys@69.7.0: oniguruma/src/regparse.c:897:24: error: passing argument 2 of 'onig_st_foreach' from incompatible pointer type [-Wincompatible-pointer-types]
[INFO] [stderr] warning: onig_sys@69.7.0:   897 |     onig_st_foreach(t, i_renumber_name, (HashDataType )map);
[INFO] [stderr] warning: onig_sys@69.7.0:       |                        ^~~~~~~~~~~~~~~
[INFO] [stderr] warning: onig_sys@69.7.0:       |                        |
[INFO] [stderr] warning: onig_sys@69.7.0:       |                        int (*)(OnigUChar *, NameEntry *, GroupNumMap *) {aka int (*)(unsigned char *, NameEntry *, GroupNumMap *)}
[INFO] [stderr] warning: onig_sys@69.7.0: oniguruma/src/st.h:55:31: note: expected 'int (*)(void)' but argument is of type 'int (*)(OnigUChar *, NameEntry *, GroupNumMap *)' {aka 'int (*)(unsigned char *, NameEntry *, GroupNumMap *)'}
[INFO] [stderr] warning: onig_sys@69.7.0:    55 | int st_foreach _((st_table *, int (*)(ANYARGS), st_data_t));
[INFO] [stderr] warning: onig_sys@69.7.0:       |                               ^~~~~~~~~~~~~~~~
[INFO] [stderr] warning: onig_sys@69.7.0: oniguruma/src/st.h:35:18: note: in definition of macro '_'
[INFO] [stderr] warning: onig_sys@69.7.0:    35 | # define _(args) args
[INFO] [stderr] warning: onig_sys@69.7.0:       |                  ^~~~
[INFO] [stderr] warning: onig_sys@69.7.0: oniguruma/src/regparse.c:875:1: note: 'i_renumber_name' declared here
[INFO] [stderr] warning: onig_sys@69.7.0:   875 | i_renumber_name(UChar* key ARG_UNUSED, NameEntry* e, GroupNumMap* map)
[INFO] [stderr] warning: onig_sys@69.7.0:       | ^~~~~~~~~~~~~~~
[INFO] [stderr] warning: onig_sys@69.7.0: oniguruma/src/regparse.c: In function 'callout_name_table_clear':
[INFO] [stderr] warning: onig_sys@69.7.0: oniguruma/src/regparse.c:1382:24: error: passing argument 2 of 'onig_st_foreach' from incompatible pointer type [-Wincompatible-pointer-types]
[INFO] [stderr] warning: onig_sys@69.7.0:  1382 |     onig_st_foreach(t, i_free_callout_name_entry, 0);
[INFO] [stderr] warning: onig_sys@69.7.0:       |                        ^~~~~~~~~~~~~~~~~~~~~~~~~
[INFO] [stderr] warning: onig_sys@69.7.0:       |                        |
[INFO] [stderr] warning: onig_sys@69.7.0:       |                        int (*)(st_callout_name_key *, CalloutNameEntry *, void *)
[INFO] [stderr] warning: onig_sys@69.7.0: oniguruma/src/st.h:55:31: note: expected 'int (*)(void)' but argument is of type 'int (*)(st_callout_name_key *, CalloutNameEntry *, void *)'
[INFO] [stderr] warning: onig_sys@69.7.0:    55 | int st_foreach _((st_table *, int (*)(ANYARGS), st_data_t));
[INFO] [stderr] warning: onig_sys@69.7.0:       |                               ^~~~~~~~~~~~~~~~
[INFO] [stderr] warning: onig_sys@69.7.0: oniguruma/src/st.h:35:18: note: in definition of macro '_'
[INFO] [stderr] warning: onig_sys@69.7.0:    35 | # define _(args) args
[INFO] [stderr] warning: onig_sys@69.7.0:       |                  ^~~~
[INFO] [stderr] warning: onig_sys@69.7.0: oniguruma/src/regparse.c:1366:1: note: 'i_free_callout_name_entry' declared here
[INFO] [stderr] warning: onig_sys@69.7.0:  1366 | i_free_callout_name_entry(st_callout_name_key* key, CalloutNameEntry* e,
[INFO] [stderr] warning: onig_sys@69.7.0:       | ^~~~~~~~~~~~~~~~~~~~~~~~~
[INFO] [stderr] warning: onig_sys@69.7.0: oniguruma/src/regparse.c: In function 'setup_ext_callout_list_values':
[INFO] [stderr] warning: onig_sys@69.7.0: oniguruma/src/regparse.c:1880:56: error: passing argument 2 of 'onig_st_foreach' from incompatible pointer type [-Wincompatible-pointer-types]
[INFO] [stderr] warning: onig_sys@69.7.0:  1880 |     onig_st_foreach((CalloutTagTable *)ext->tag_table, i_callout_callout_list_set,
[INFO] [stderr] warning: onig_sys@69.7.0:       |                                                        ^~~~~~~~~~~~~~~~~~~~~~~~~~
[INFO] [stderr] warning: onig_sys@69.7.0:       |                                                        |
[INFO] [stderr] warning: onig_sys@69.7.0:       |                                                        int (*)(OnigUChar *, CalloutTagVal,  void *) {aka int (*)(unsigned char *, long int,  void *)}
[INFO] [stderr] warning: onig_sys@69.7.0: oniguruma/src/st.h:55:31: note: expected 'int (*)(void)' but argument is of type 'int (*)(OnigUChar *, CalloutTagVal,  void *)' {aka 'int (*)(unsigned char *, long int,  void *)'}
[INFO] [stderr] warning: onig_sys@69.7.0:    55 | int st_foreach _((st_table *, int (*)(ANYARGS), st_data_t));
[INFO] [stderr] warning: onig_sys@69.7.0:       |                               ^~~~~~~~~~~~~~~~
[INFO] [stderr] warning: onig_sys@69.7.0: oniguruma/src/st.h:35:18: note: in definition of macro '_'
[INFO] [stderr] warning: onig_sys@69.7.0:    35 | # define _(args) args
[INFO] [stderr] warning: onig_sys@69.7.0:       |                  ^~~~
[INFO] [stderr] warning: onig_sys@69.7.0: oniguruma/src/regparse.c:1862:1: note: 'i_callout_callout_list_set' declared here
[INFO] [stderr] warning: onig_sys@69.7.0:  1862 | i_callout_callout_list_set(UChar* key, CalloutTagVal e, void* arg)
[INFO] [stderr] warning: onig_sys@69.7.0:       | ^~~~~~~~~~~~~~~~~~~~~~~~~~
[INFO] [stderr] warning: onig_sys@69.7.0: oniguruma/src/regparse.c: In function 'callout_tag_table_clear':
[INFO] [stderr] warning: onig_sys@69.7.0: oniguruma/src/regparse.c:1928:24: error: passing argument 2 of 'onig_st_foreach' from incompatible pointer type [-Wincompatible-pointer-types]
[INFO] [stderr] warning: onig_sys@69.7.0:  1928 |     onig_st_foreach(t, i_free_callout_tag_entry, 0);
[INFO] [stderr] warning: onig_sys@69.7.0:       |                        ^~~~~~~~~~~~~~~~~~~~~~~~
[INFO] [stderr] warning: onig_sys@69.7.0:       |                        |
[INFO] [stderr] warning: onig_sys@69.7.0:       |                        int (*)(OnigUChar *, CalloutTagVal,  void *) {aka int (*)(unsigned char *, long int,  void *)}
[INFO] [stderr] warning: onig_sys@69.7.0: oniguruma/src/st.h:55:31: note: expected 'int (*)(void)' but argument is of type 'int (*)(OnigUChar *, CalloutTagVal,  void *)' {aka 'int (*)(unsigned char *, long int,  void *)'}
[INFO] [stderr] warning: onig_sys@69.7.0:    55 | int st_foreach _((st_table *, int (*)(ANYARGS), st_data_t));
[INFO] [stderr] warning: onig_sys@69.7.0:       |                               ^~~~~~~~~~~~~~~~
[INFO] [stderr] warning: onig_sys@69.7.0: oniguruma/src/st.h:35:18: note: in definition of macro '_'
[INFO] [stderr] warning: onig_sys@69.7.0:    35 | # define _(args) args
[INFO] [stderr] warning: onig_sys@69.7.0:       |                  ^~~~
[INFO] [stderr] warning: onig_sys@69.7.0: oniguruma/src/regparse.c:1918:1: note: 'i_free_callout_tag_entry' declared here
[INFO] [stderr] warning: onig_sys@69.7.0:  1918 | i_free_callout_tag_entry(UChar* key, CalloutTagVal e, void* arg ARG_UNUSED)
[INFO] [stderr] warning: onig_sys@69.7.0:       | ^~~~~~~~~~~~~~~~~~~~~~~~
[INFO] [stderr] error: failed to run custom build command for `onig_sys v69.7.0`
[INFO] [stderr] note: To improve backtraces for build dependencies, set the CARGO_PROFILE_RELEASE_BUILD_OVERRIDE_DEBUG=true environment variable to enable debug information generation.
[INFO] [stderr] 
[INFO] [stderr] Caused by:
[INFO] [stderr]   process didn't exit successfully: `/opt/rustwide/target/release/build/onig_sys-d8647e9331d5da82/build-script-build` (exit status: 1)
[INFO] [stderr]   --- stdout
[INFO] [stderr]   TARGET = Some("x86_64-unknown-linux-gnu")
[INFO] [stderr]   OPT_LEVEL = Some("3")
[INFO] [stderr]   HOST = Some("x86_64-unknown-linux-gnu")
[INFO] [stderr]   CC_x86_64-unknown-linux-gnu = None
[INFO] [stderr]   CC_x86_64_unknown_linux_gnu = None
[INFO] [stderr]   HOST_CC = None
[INFO] [stderr]   CC = None
[INFO] [stderr]   CFLAGS_x86_64-unknown-linux-gnu = None
[INFO] [stderr]   CFLAGS_x86_64_unknown_linux_gnu = None
[INFO] [stderr]   HOST_CFLAGS = None
[INFO] [stderr]   CFLAGS = None
[INFO] [stderr]   CRATE_CC_NO_DEFAULTS = None
[INFO] [stderr]   DEBUG = Some("false")
[INFO] [stderr]   CARGO_CFG_TARGET_FEATURE = Some("fxsr,sse,sse2")
[INFO] [stderr]   running: "cc" "-O3" "-ffunction-sections" "-fdata-sections" "-fPIC" "-m64" "-I" "/opt/rustwide/target/release/build/onig_sys-792959710ff172c5/out" "-I" "oniguruma/src" "-DHAVE_UNISTD_H=1" "-DHAVE_SYS_TYPES_H=1" "-DHAVE_SYS_TIME_H=1" "-o" "/opt/rustwide/target/release/build/onig_sys-792959710ff172c5/out/oniguruma/src/regexec.o" "-c" "oniguruma/src/regexec.c"
[INFO] [stderr]   exit status: 0
[INFO] [stderr]   running: "cc" "-O3" "-ffunction-sections" "-fdata-sections" "-fPIC" "-m64" "-I" "/opt/rustwide/target/release/build/onig_sys-792959710ff172c5/out" "-I" "oniguruma/src" "-DHAVE_UNISTD_H=1" "-DHAVE_SYS_TYPES_H=1" "-DHAVE_SYS_TIME_H=1" "-o" "/opt/rustwide/target/release/build/onig_sys-792959710ff172c5/out/oniguruma/src/regerror.o" "-c" "oniguruma/src/regerror.c"
[INFO] [stderr]   exit status: 0
[INFO] [stderr]   running: "cc" "-O3" "-ffunction-sections" "-fdata-sections" "-fPIC" "-m64" "-I" "/opt/rustwide/target/release/build/onig_sys-792959710ff172c5/out" "-I" "oniguruma/src" "-DHAVE_UNISTD_H=1" "-DHAVE_SYS_TYPES_H=1" "-DHAVE_SYS_TIME_H=1" "-o" "/opt/rustwide/target/release/build/onig_sys-792959710ff172c5/out/oniguruma/src/regparse.o" "-c" "oniguruma/src/regparse.c"
[INFO] [stderr]   cargo:warning=oniguruma/src/regparse.c: In function 'onig_st_init_strend_table_with_size':
[INFO] [stderr]   cargo:warning=oniguruma/src/regparse.c:584:5: error: initialization of 'int (*)(void)' from incompatible pointer type 'int (*)(st_str_end_key *, st_str_end_key *)' [-Wincompatible-pointer-types]
[INFO] [stderr]   cargo:warning=  584 |     str_end_cmp,
[INFO] [stderr]   cargo:warning=      |     ^~~~~~~~~~~
[INFO] [stderr]   cargo:warning=oniguruma/src/regparse.c:584:5: note: (near initialization for 'hashType.compare')
[INFO] [stderr]   cargo:warning=oniguruma/src/regparse.c:546:1: note: 'str_end_cmp' declared here
[INFO] [stderr]   cargo:warning=  546 | str_end_cmp(st_str_end_key* x, st_str_end_key* y)
[INFO] [stderr]   cargo:warning=      | ^~~~~~~~~~~
[INFO] [stderr]   cargo:warning=oniguruma/src/regparse.c:585:5: error: initialization of 'int (*)(void)' from incompatible pointer type 'int (*)(st_str_end_key *)' [-Wincompatible-pointer-types]
[INFO] [stderr]   cargo:warning=  585 |     str_end_hash,
[INFO] [stderr]   cargo:warning=      |     ^~~~~~~~~~~~
[INFO] [stderr]   cargo:warning=oniguruma/src/regparse.c:585:5: note: (near initialization for 'hashType.hash')
[INFO] [stderr]   cargo:warning=oniguruma/src/regparse.c:567:1: note: 'str_end_hash' declared here
[INFO] [stderr]   cargo:warning=  567 | str_end_hash(st_str_end_key* x)
[INFO] [stderr]   cargo:warning=      | ^~~~~~~~~~~~
[INFO] [stderr]   cargo:warning=oniguruma/src/regparse.c: In function 'onig_st_init_callout_name_table_with_size':
[INFO] [stderr]   cargo:warning=oniguruma/src/regparse.c:674:5: error: initialization of 'int (*)(void)' from incompatible pointer type 'int (*)(st_callout_name_key *, st_callout_name_key *)' [-Wincompatible-pointer-types]
[INFO] [stderr]   cargo:warning=  674 |     callout_name_table_cmp,
[INFO] [stderr]   cargo:warning=      |     ^~~~~~~~~~~~~~~~~~~~~~
[INFO] [stderr]   cargo:warning=oniguruma/src/regparse.c:674:5: note: (near initialization for 'hashType.compare')
[INFO] [stderr]   cargo:warning=oniguruma/src/regparse.c:633:1: note: 'callout_name_table_cmp' declared here
[INFO] [stderr]   cargo:warning=  633 | callout_name_table_cmp(st_callout_name_key* x, st_callout_name_key* y)
[INFO] [stderr]   cargo:warning=      | ^~~~~~~~~~~~~~~~~~~~~~
[INFO] [stderr]   cargo:warning=oniguruma/src/regparse.c:675:5: error: initialization of 'int (*)(void)' from incompatible pointer type 'int (*)(st_callout_name_key *)' [-Wincompatible-pointer-types]
[INFO] [stderr]   cargo:warning=  675 |     callout_name_table_hash,
[INFO] [stderr]   cargo:warning=      |     ^~~~~~~~~~~~~~~~~~~~~~~
[INFO] [stderr]   cargo:warning=oniguruma/src/regparse.c:675:5: note: (near initialization for 'hashType.hash')
[INFO] [stderr]   cargo:warning=oniguruma/src/regparse.c:656:1: note: 'callout_name_table_hash' declared here
[INFO] [stderr]   cargo:warning=  656 | callout_name_table_hash(st_callout_name_key* x)
[INFO] [stderr]   cargo:warning=      | ^~~~~~~~~~~~~~~~~~~~~~~
[INFO] [stderr]   cargo:warning=oniguruma/src/regparse.c: In function 'names_clear':
[INFO] [stderr]   cargo:warning=oniguruma/src/regparse.c:800:24: error: passing argument 2 of 'onig_st_foreach' from incompatible pointer type [-Wincompatible-pointer-types]
[INFO] [stderr]   cargo:warning=  800 |     onig_st_foreach(t, i_free_name_entry, 0);
[INFO] [stderr]   cargo:warning=      |                        ^~~~~~~~~~~~~~~~~
[INFO] [stderr]   cargo:warning=      |                        |
[INFO] [stderr]   cargo:warning=      |                        int (*)(OnigUChar *, NameEntry *, void *) {aka int (*)(unsigned char *, NameEntry *, void *)}
[INFO] [stderr]   cargo:warning=In file included from oniguruma/src/regparse.c:37:
[INFO] [stderr]   cargo:warning=oniguruma/src/st.h:55:31: note: expected 'int (*)(void)' but argument is of type 'int (*)(OnigUChar *, NameEntry *, void *)' {aka 'int (*)(unsigned char *, NameEntry *, void *)'}
[INFO] [stderr]   cargo:warning=   55 | int st_foreach _((st_table *, int (*)(ANYARGS), st_data_t));
[INFO] [stderr]   cargo:warning=      |                               ^~~~~~~~~~~~~~~~
[INFO] [stderr]   cargo:warning=oniguruma/src/st.h:35:18: note: in definition of macro '_'
[INFO] [stderr]   cargo:warning=   35 | # define _(args) args
[INFO] [stderr]   cargo:warning=      |                  ^~~~
[INFO] [stderr]   cargo:warning=oniguruma/src/regparse.c:785:1: note: 'i_free_name_entry' declared here
[INFO] [stderr]   cargo:warning=  785 | i_free_name_entry(UChar* key, NameEntry* e, void* arg ARG_UNUSED)
[INFO] [stderr]   cargo:warning=      | ^~~~~~~~~~~~~~~~~
[INFO] [stderr]   cargo:warning=oniguruma/src/regparse.c: In function 'onig_foreach_name':
[INFO] [stderr]   cargo:warning=oniguruma/src/regparse.c:869:24: error: passing argument 2 of 'onig_st_foreach' from incompatible pointer type [-Wincompatible-pointer-types]
[INFO] [stderr]   cargo:warning=  869 |     onig_st_foreach(t, i_names, (HashDataType )&narg);
[INFO] [stderr]   cargo:warning=      |                        ^~~~~~~
[INFO] [stderr]   cargo:warning=      |                        |
[INFO] [stderr]   cargo:warning=      |                        int (*)(OnigUChar *, NameEntry *, INamesArg *) {aka int (*)(unsigned char *, NameEntry *, INamesArg *)}
[INFO] [stderr]   cargo:warning=oniguruma/src/st.h:55:31: note: expected 'int (*)(void)' but argument is of type 'int (*)(OnigUChar *, NameEntry *, INamesArg *)' {aka 'int (*)(unsigned char *, NameEntry *, INamesArg *)'}
[INFO] [stderr]   cargo:warning=   55 | int st_foreach _((st_table *, int (*)(ANYARGS), st_data_t));
[INFO] [stderr]   cargo:warning=      |                               ^~~~~~~~~~~~~~~~
[INFO] [stderr]   cargo:warning=oniguruma/src/st.h:35:18: note: in definition of macro '_'
[INFO] [stderr]   cargo:warning=   35 | # define _(args) args
[INFO] [stderr]   cargo:warning=      |                  ^~~~
[INFO] [stderr]   cargo:warning=oniguruma/src/regparse.c:842:1: note: 'i_names' declared here
[INFO] [stderr]   cargo:warning=  842 | i_names(UChar* key ARG_UNUSED, NameEntry* e, INamesArg* arg)
[INFO] [stderr]   cargo:warning=      | ^~~~~~~
[INFO] [stderr]   cargo:warning=oniguruma/src/regparse.c: In function 'onig_renumber_name_table':
[INFO] [stderr]   cargo:warning=oniguruma/src/regparse.c:897:24: error: passing argument 2 of 'onig_st_foreach' from incompatible pointer type [-Wincompatible-pointer-types]
[INFO] [stderr]   cargo:warning=  897 |     onig_st_foreach(t, i_renumber_name, (HashDataType )map);
[INFO] [stderr]   cargo:warning=      |                        ^~~~~~~~~~~~~~~
[INFO] [stderr]   cargo:warning=      |                        |
[INFO] [stderr]   cargo:warning=      |                        int (*)(OnigUChar *, NameEntry *, GroupNumMap *) {aka int (*)(unsigned char *, NameEntry *, GroupNumMap *)}
[INFO] [stderr]   cargo:warning=oniguruma/src/st.h:55:31: note: expected 'int (*)(void)' but argument is of type 'int (*)(OnigUChar *, NameEntry *, GroupNumMap *)' {aka 'int (*)(unsigned char *, NameEntry *, GroupNumMap *)'}
[INFO] [stderr]   cargo:warning=   55 | int st_foreach _((st_table *, int (*)(ANYARGS), st_data_t));
[INFO] [stderr]   cargo:warning=      |                               ^~~~~~~~~~~~~~~~
[INFO] [stderr]   cargo:warning=oniguruma/src/st.h:35:18: note: in definition of macro '_'
[INFO] [stderr]   cargo:warning=   35 | # define _(args) args
[INFO] [stderr]   cargo:warning=      |                  ^~~~
[INFO] [stderr]   cargo:warning=oniguruma/src/regparse.c:875:1: note: 'i_renumber_name' declared here
[INFO] [stderr]   cargo:warning=  875 | i_renumber_name(UChar* key ARG_UNUSED, NameEntry* e, GroupNumMap* map)
[INFO] [stderr]   cargo:warning=      | ^~~~~~~~~~~~~~~
[INFO] [stderr]   cargo:warning=oniguruma/src/regparse.c: In function 'callout_name_table_clear':
[INFO] [stderr]   cargo:warning=oniguruma/src/regparse.c:1382:24: error: passing argument 2 of 'onig_st_foreach' from incompatible pointer type [-Wincompatible-pointer-types]
[INFO] [stderr]   cargo:warning= 1382 |     onig_st_foreach(t, i_free_callout_name_entry, 0);
[INFO] [stderr]   cargo:warning=      |                        ^~~~~~~~~~~~~~~~~~~~~~~~~
[INFO] [stderr]   cargo:warning=      |                        |
[INFO] [stderr]   cargo:warning=      |                        int (*)(st_callout_name_key *, CalloutNameEntry *, void *)
[INFO] [stderr]   cargo:warning=oniguruma/src/st.h:55:31: note: expected 'int (*)(void)' but argument is of type 'int (*)(st_callout_name_key *, CalloutNameEntry *, void *)'
[INFO] [stderr]   cargo:warning=   55 | int st_foreach _((st_table *, int (*)(ANYARGS), st_data_t));
[INFO] [stderr]   cargo:warning=      |                               ^~~~~~~~~~~~~~~~
[INFO] [stderr]   cargo:warning=oniguruma/src/st.h:35:18: note: in definition of macro '_'
[INFO] [stderr]   cargo:warning=   35 | # define _(args) args
[INFO] [stderr]   cargo:warning=      |                  ^~~~
[INFO] [stderr]   cargo:warning=oniguruma/src/regparse.c:1366:1: note: 'i_free_callout_name_entry' declared here
[INFO] [stderr]   cargo:warning= 1366 | i_free_callout_name_entry(st_callout_name_key* key, CalloutNameEntry* e,
[INFO] [stderr]   cargo:warning=      | ^~~~~~~~~~~~~~~~~~~~~~~~~
[INFO] [stderr]   cargo:warning=oniguruma/src/regparse.c: In function 'setup_ext_callout_list_values':
[INFO] [stderr]   cargo:warning=oniguruma/src/regparse.c:1880:56: error: passing argument 2 of 'onig_st_foreach' from incompatible pointer type [-Wincompatible-pointer-types]
[INFO] [stderr]   cargo:warning= 1880 |     onig_st_foreach((CalloutTagTable *)ext->tag_table, i_callout_callout_list_set,
[INFO] [stderr]   cargo:warning=      |                                                        ^~~~~~~~~~~~~~~~~~~~~~~~~~
[INFO] [stderr]   cargo:warning=      |                                                        |
[INFO] [stderr]   cargo:warning=      |                                                        int (*)(OnigUChar *, CalloutTagVal,  void *) {aka int (*)(unsigned char *, long int,  void *)}
[INFO] [stderr]   cargo:warning=oniguruma/src/st.h:55:31: note: expected 'int (*)(void)' but argument is of type 'int (*)(OnigUChar *, CalloutTagVal,  void *)' {aka 'int (*)(unsigned char *, long int,  void *)'}
[INFO] [stderr]   cargo:warning=   55 | int st_foreach _((st_table *, int (*)(ANYARGS), st_data_t));
[INFO] [stderr]   cargo:warning=      |                               ^~~~~~~~~~~~~~~~
[INFO] [stderr]   cargo:warning=oniguruma/src/st.h:35:18: note: in definition of macro '_'
[INFO] [stderr]   cargo:warning=   35 | # define _(args) args
[INFO] [stderr]   cargo:warning=      |                  ^~~~
[INFO] [stderr]   cargo:warning=oniguruma/src/regparse.c:1862:1: note: 'i_callout_callout_list_set' declared here
[INFO] [stderr]   cargo:warning= 1862 | i_callout_callout_list_set(UChar* key, CalloutTagVal e, void* arg)
[INFO] [stderr]   cargo:warning=      | ^~~~~~~~~~~~~~~~~~~~~~~~~~
[INFO] [stderr]   cargo:warning=oniguruma/src/regparse.c: In function 'callout_tag_table_clear':
[INFO] [stderr]   cargo:warning=oniguruma/src/regparse.c:1928:24: error: passing argument 2 of 'onig_st_foreach' from incompatible pointer type [-Wincompatible-pointer-types]
[INFO] [stderr]   cargo:warning= 1928 |     onig_st_foreach(t, i_free_callout_tag_entry, 0);
[INFO] [stderr]   cargo:warning=      |                        ^~~~~~~~~~~~~~~~~~~~~~~~
[INFO] [stderr]   cargo:warning=      |                        |
[INFO] [stderr]   cargo:warning=      |                        int (*)(OnigUChar *, CalloutTagVal,  void *) {aka int (*)(unsigned char *, long int,  void *)}
[INFO] [stderr]   cargo:warning=oniguruma/src/st.h:55:31: note: expected 'int (*)(void)' but argument is of type 'int (*)(OnigUChar *, CalloutTagVal,  void *)' {aka 'int (*)(unsigned char *, long int,  void *)'}
[INFO] [stderr]   cargo:warning=   55 | int st_foreach _((st_table *, int (*)(ANYARGS), st_data_t));
[INFO] [stderr]   cargo:warning=      |                               ^~~~~~~~~~~~~~~~
[INFO] [stderr]   cargo:warning=oniguruma/src/st.h:35:18: note: in definition of macro '_'
[INFO] [stderr]   cargo:warning=   35 | # define _(args) args
[INFO] [stderr]   cargo:warning=      |                  ^~~~
[INFO] [stderr]   cargo:warning=oniguruma/src/regparse.c:1918:1: note: 'i_free_callout_tag_entry' declared here
[INFO] [stderr]   cargo:warning= 1918 | i_free_callout_tag_entry(UChar* key, CalloutTagVal e, void* arg ARG_UNUSED)
[INFO] [stderr]   cargo:warning=      | ^~~~~~~~~~~~~~~~~~~~~~~~
[INFO] [stderr]   exit status: 1
[INFO] [stderr] 
[INFO] [stderr]   --- stderr
[INFO] [stderr] 
[INFO] [stderr] 
[INFO] [stderr]   error occurred: Command "cc" "-O3" "-ffunction-sections" "-fdata-sections" "-fPIC" "-m64" "-I" "/opt/rustwide/target/release/build/onig_sys-792959710ff172c5/out" "-I" "oniguruma/src" "-DHAVE_UNISTD_H=1" "-DHAVE_SYS_TYPES_H=1" "-DHAVE_SYS_TIME_H=1" "-o" "/opt/rustwide/target/release/build/onig_sys-792959710ff172c5/out/oniguruma/src/regparse.o" "-c" "oniguruma/src/regparse.c" with args "cc" did not execute successfully (status code exit status: 1).
[INFO] [stderr] 
[INFO] [stderr] 
[INFO] [stderr] warning: build failed, waiting for other jobs to finish...
[INFO] running `Command { std: "docker" "inspect" "3585d86c420fb93b56b61864b76da6334d13ea52701c8a2f05f9e6b5f859bdd5", kill_on_drop: false }`
[INFO] running `Command { std: "docker" "rm" "-f" "3585d86c420fb93b56b61864b76da6334d13ea52701c8a2f05f9e6b5f859bdd5", kill_on_drop: false }`
[INFO] [stdout] 3585d86c420fb93b56b61864b76da6334d13ea52701c8a2f05f9e6b5f859bdd5
