[INFO] cloning repository https://github.com/imkiva/KiOS
[INFO] running `Command { std: "git" "-c" "credential.helper=" "-c" "credential.helper=/workspace/cargo-home/bin/git-credential-null" "clone" "--bare" "https://github.com/imkiva/KiOS" "/workspace/cache/git-repos/https%3A%2F%2Fgithub.com%2Fimkiva%2FKiOS", kill_on_drop: false }`
[INFO] [stderr] Cloning into bare repository '/workspace/cache/git-repos/https%3A%2F%2Fgithub.com%2Fimkiva%2FKiOS'...
[INFO] running `Command { std: "git" "rev-parse" "HEAD", kill_on_drop: false }`
[INFO] [stdout] d5c0371e437a40139a8f3ce220e75b6d5d8d4d19
[INFO] testing imkiva/KiOS against 1.98.0-beta.8+cargoflags=--release for beta-release-1.99-2
[INFO] running `Command { std: "git" "clone" "/workspace/cache/git-repos/https%3A%2F%2Fgithub.com%2Fimkiva%2FKiOS" "/workspace/builds/worker-1-tc1/source", kill_on_drop: false }`
[INFO] [stderr] Cloning into '/workspace/builds/worker-1-tc1/source'...
[INFO] [stderr] done.
[INFO] removed /workspace/builds/worker-1-tc1/source/.cargo/config
[INFO] removed /workspace/builds/worker-1-tc1/source/rust-toolchain
[INFO] started tweaking git repo https://github.com/imkiva/KiOS
[INFO] finished tweaking git repo https://github.com/imkiva/KiOS
[INFO] tweaked toml for git repo https://github.com/imkiva/KiOS written to /workspace/builds/worker-1-tc1/source/Cargo.toml
[INFO] validating manifest of git repo https://github.com/imkiva/KiOS on toolchain 1.98.0-beta.8
[INFO] running `Command { std: CARGO_HOME="/workspace/cargo-home" RUSTUP_HOME="/workspace/rustup-home" "/workspace/cargo-home/bin/cargo" "+1.98.0-beta.8" "metadata" "--manifest-path" "Cargo.toml" "--no-deps", kill_on_drop: false }`
[INFO] crate git repo https://github.com/imkiva/KiOS already has a lockfile, it will not be regenerated
[INFO] running `Command { std: CARGO_HOME="/workspace/cargo-home" RUSTUP_HOME="/workspace/rustup-home" "/workspace/cargo-home/bin/cargo" "+1.98.0-beta.8" "fetch" "--manifest-path" "Cargo.toml", kill_on_drop: false }`
[INFO] [stderr]     Blocking waiting for file lock on package cache
[INFO] [stderr]     Updating crates.io index
[INFO] [stderr]     Blocking waiting for file lock on package cache
[INFO] [stderr]  Downloading crates ...
[INFO] [stderr]   Downloaded rlibc v1.0.0
[INFO] [stderr]   Downloaded x86_64 v0.11.1
[INFO] [stderr]   Downloaded bit_field v0.9.0
[INFO] [stderr]   Downloaded pic8259_simple v0.2.0
[INFO] [stderr]   Downloaded volatile v0.2.6
[INFO] [stderr]   Downloaded proc-macro2 v1.0.19
[INFO] [stderr]   Downloaded cpuio v0.3.0
[INFO] [stderr]   Downloaded pc-keyboard v0.5.1
[INFO] [stderr]   Downloaded futures-task v0.3.5
[INFO] [stderr]   Downloaded conquer-once v0.2.1
[INFO] [stderr]   Downloaded conquer-util v0.2.0
[INFO] [stderr]   Downloaded linked_list_allocator v0.8.4
[INFO] [stderr]   Downloaded futures-core v0.3.5
[INFO] [stderr]   Downloaded bootloader v0.9.8
[INFO] [stderr]   Downloaded pin-project-internal v0.4.22
[INFO] [stderr]   Downloaded spinning_top v0.1.1
[INFO] [stderr]   Downloaded pin-project v0.4.22
[INFO] [stderr]   Downloaded futures-util v0.3.5
[INFO] [stderr]   Downloaded syn v1.0.35
[INFO] running `Command { std: "docker" "create" "-v" "/var/lib/crater-agent-workspace/builds/worker-1-tc1/source:/opt/rustwide/workdir:ro,Z" "-v" "/var/lib/crater-agent-workspace/builds/worker-1-tc1/target:/opt/rustwide/target:rw,Z" "-v" "/var/lib/crater-agent-workspace/cargo-home:/opt/rustwide/cargo-home:ro,Z" "-v" "/var/lib/crater-agent-workspace/rustup-home:/opt/rustwide/rustup-home:ro,Z" "-m" "1610612736" "--network" "none" "ghcr.io/rust-lang/crates-build-env/linux@sha256:8683fc1fc2eb5c9ac98e0d076ab094b2ffac7f99da555d2b6a2e27f346de2ec7" "sleep" "infinity", kill_on_drop: false }`
[INFO] [stdout] f28896824a48bdb5c5167484a42cae2eba7370ef2f94e3f662616fcf20a2b587
[INFO] running `Command { std: "docker" "start" "f28896824a48bdb5c5167484a42cae2eba7370ef2f94e3f662616fcf20a2b587", kill_on_drop: false }`
[INFO] running `Command { std: "docker" "inspect" "f28896824a48bdb5c5167484a42cae2eba7370ef2f94e3f662616fcf20a2b587", kill_on_drop: false }`
[INFO] running `Command { std: "docker" "exec" "-e" "SOURCE_DIR=/opt/rustwide/workdir" "-e" "CARGO_HOME=/opt/rustwide/cargo-home" "-e" "RUSTUP_HOME=/opt/rustwide/rustup-home" "-e" "CARGO_TARGET_DIR=/opt/rustwide/target" "-w" "/opt/rustwide/workdir" "--user" "0:0" "f28896824a48bdb5c5167484a42cae2eba7370ef2f94e3f662616fcf20a2b587" "/opt/rustwide/cargo-home/bin/cargo" "+1.98.0-beta.8" "metadata" "--no-deps" "--format-version=1", kill_on_drop: false }`
[INFO] running `Command { std: "docker" "inspect" "f28896824a48bdb5c5167484a42cae2eba7370ef2f94e3f662616fcf20a2b587", kill_on_drop: false }`
[INFO] running `Command { std: "docker" "exec" "-e" "SOURCE_DIR=/opt/rustwide/workdir" "-e" "CARGO_HOME=/opt/rustwide/cargo-home" "-e" "RUSTUP_HOME=/opt/rustwide/rustup-home" "-e" "CARGO_TARGET_DIR=/opt/rustwide/target" "-e" "CARGO_INCREMENTAL=0" "-e" "RUST_BACKTRACE=full" "-e" "RUSTFLAGS=--cap-lints=warn" "-e" "RUSTDOCFLAGS=--cap-lints=warn" "-w" "/opt/rustwide/workdir" "--user" "0:0" "f28896824a48bdb5c5167484a42cae2eba7370ef2f94e3f662616fcf20a2b587" "/opt/rustwide/cargo-home/bin/cargo" "+1.98.0-beta.8" "build" "--frozen" "--message-format=json" "--release", kill_on_drop: false }`
[INFO] [stderr]    Compiling proc-macro2 v1.0.19
[INFO] [stderr]    Compiling syn v1.0.35
[INFO] [stderr]    Compiling autocfg v1.0.0
[INFO] [stderr]    Compiling pin-project-internal v0.4.22
[INFO] [stderr]    Compiling scopeguard v1.1.0
[INFO] [stderr]    Compiling x86_64 v0.11.1
[INFO] [stderr]    Compiling bootloader v0.9.8
[INFO] [stderr]    Compiling cfg-if v0.1.10
[INFO] [stderr]    Compiling pin-utils v0.1.0
[INFO] [stderr]    Compiling conquer-util v0.2.0
[INFO] [stderr]    Compiling futures-core v0.3.5
[INFO] [stderr]    Compiling bit_field v0.9.0
[INFO] [stderr]    Compiling spin v0.5.2
[INFO] [stderr]    Compiling futures-task v0.3.5
[INFO] [stderr]    Compiling bitflags v1.2.1
[INFO] [stderr]    Compiling maybe-uninit v2.0.0
[INFO] [stderr]    Compiling cpuio v0.3.0
[INFO] [stderr]    Compiling conquer-once v0.2.1
[INFO] [stderr]    Compiling pc-keyboard v0.5.1
[INFO] [stderr]    Compiling rlibc v1.0.0
[INFO] [stderr]    Compiling volatile v0.2.6
[INFO] [stderr]    Compiling lock_api v0.3.4
[INFO] [stdout] error[E0557]: feature has been removed
[INFO] [stdout]  --> /opt/rustwide/cargo-home/registry/src/index.crates.io-1949cf8c6b5b557f/cpuio-0.3.0/src/lib.rs:4:22
[INFO] [stdout]   |
[INFO] [stdout] 4 | #![feature(llvm_asm, const_fn)]
[INFO] [stdout]   |                      ^^^^^^^^ feature has been removed
[INFO] [stdout]   |
[INFO] [stdout]   = note: removed in 1.54.0; see <https://github.com/rust-lang/rust/pull/85109> for more information
[INFO] [stdout]   = note: split into finer-grained feature gates
[INFO] [stdout] 
[INFO] [stdout] 
[INFO] [stdout] error[E0557]: feature has been removed
[INFO] [stdout]   --> /opt/rustwide/cargo-home/registry/src/index.crates.io-1949cf8c6b5b557f/lock_api-0.3.4/src/lib.rs:91:42
[INFO] [stdout]    |
[INFO] [stdout] 91 | #![cfg_attr(feature = "nightly", feature(const_fn))]
[INFO] [stdout]    |                                          ^^^^^^^^ feature has been removed
[INFO] [stdout]    |
[INFO] [stdout]    = note: removed in 1.54.0; see <https://github.com/rust-lang/rust/pull/85109> for more information
[INFO] [stdout]    = note: split into finer-grained feature gates
[INFO] [stdout] 
[INFO] [stdout] 
[INFO] [stdout] error: cannot find macro `llvm_asm` in this scope
[INFO] [stdout]  --> /opt/rustwide/cargo-home/registry/src/index.crates.io-1949cf8c6b5b557f/cpuio-0.3.0/src/x86.rs:8:5
[INFO] [stdout]   |
[INFO] [stdout] 8 |     llvm_asm!("inb %dx, %al" : "={al}"(result) : "{dx}"(port) :: "volatile");
[INFO] [stdout]   |     ^^^^^^^^
[INFO] [stdout] 
[INFO] [stdout] 
[INFO] [stdout] error: cannot find macro `llvm_asm` in this scope
[INFO] [stdout]   --> /opt/rustwide/cargo-home/registry/src/index.crates.io-1949cf8c6b5b557f/cpuio-0.3.0/src/x86.rs:14:5
[INFO] [stdout]    |
[INFO] [stdout] 14 |     llvm_asm!("outb %al, %dx" :: "{dx}"(port), "{al}"(value) :: "volatile");
[INFO] [stdout]    |     ^^^^^^^^
[INFO] [stdout] 
[INFO] [stdout] 
[INFO] [stdout] error: cannot find macro `llvm_asm` in this scope
[INFO] [stdout]   --> /opt/rustwide/cargo-home/registry/src/index.crates.io-1949cf8c6b5b557f/cpuio-0.3.0/src/x86.rs:20:5
[INFO] [stdout]    |
[INFO] [stdout] 20 |     llvm_asm!("inw %dx, %ax" : "={ax}"(result) : "{dx}"(port) :: "volatile");
[INFO] [stdout]    |     ^^^^^^^^
[INFO] [stdout] 
[INFO] [stdout] 
[INFO] [stdout] error: cannot find macro `llvm_asm` in this scope
[INFO] [stdout]   --> /opt/rustwide/cargo-home/registry/src/index.crates.io-1949cf8c6b5b557f/cpuio-0.3.0/src/x86.rs:26:5
[INFO] [stdout]    |
[INFO] [stdout] 26 |     llvm_asm!("outw %ax, %dx" :: "{dx}"(port), "{ax}"(value) :: "volatile");
[INFO] [stdout]    |     ^^^^^^^^
[INFO] [stdout] 
[INFO] [stdout] 
[INFO] [stdout] error: cannot find macro `llvm_asm` in this scope
[INFO] [stdout]   --> /opt/rustwide/cargo-home/registry/src/index.crates.io-1949cf8c6b5b557f/cpuio-0.3.0/src/x86.rs:32:5
[INFO] [stdout]    |
[INFO] [stdout] 32 |     llvm_asm!("inl %dx, %eax" : "={eax}"(result) : "{dx}"(port) :: "volatile");
[INFO] [stdout]    |     ^^^^^^^^
[INFO] [stdout] 
[INFO] [stdout] 
[INFO] [stdout] error: cannot find macro `llvm_asm` in this scope
[INFO] [stdout]   --> /opt/rustwide/cargo-home/registry/src/index.crates.io-1949cf8c6b5b557f/cpuio-0.3.0/src/x86.rs:38:5
[INFO] [stdout]    |
[INFO] [stdout] 38 |     llvm_asm!("outl %eax, %dx" :: "{dx}"(port), "{eax}"(value) :: "volatile");
[INFO] [stdout]    |     ^^^^^^^^
[INFO] [stdout] 
[INFO] [stdout] 
[INFO] [stdout] error[E0554]: `#![feature]` may not be used on the beta release channel
[INFO] [stdout]  --> /opt/rustwide/cargo-home/registry/src/index.crates.io-1949cf8c6b5b557f/cpuio-0.3.0/src/lib.rs:4:1
[INFO] [stdout]   |
[INFO] [stdout] 4 | #![feature(llvm_asm, const_fn)]
[INFO] [stdout]   | ^^^^^^^^^^^^^^^^^^^^^^^^^^^^^^^
[INFO] [stdout] 
[INFO] [stdout] 
[INFO] [stderr]    Compiling lazy_static v1.4.0
[INFO] [stdout] error[E0635]: unknown feature `llvm_asm`
[INFO] [stdout]  --> /opt/rustwide/cargo-home/registry/src/index.crates.io-1949cf8c6b5b557f/cpuio-0.3.0/src/lib.rs:4:12
[INFO] [stdout]   |
[INFO] [stdout] 4 | #![feature(llvm_asm, const_fn)]
[INFO] [stdout]   |            ^^^^^^^^
[INFO] [stdout] 
[INFO] [stdout] 
[INFO] [stderr]    Compiling crossbeam-utils v0.7.2
[INFO] [stdout] error[E0557]: feature has been removed
[INFO] [stdout]  --> /opt/rustwide/cargo-home/registry/src/index.crates.io-1949cf8c6b5b557f/x86_64-0.11.1/src/lib.rs:5:43
[INFO] [stdout]   |
[INFO] [stdout] 5 | #![cfg_attr(feature = "const_fn", feature(const_fn))]
[INFO] [stdout]   |                                           ^^^^^^^^ feature has been removed
[INFO] [stdout]   |
[INFO] [stdout]   = note: removed in 1.54.0; see <https://github.com/rust-lang/rust/pull/85109> for more information
[INFO] [stdout]   = note: split into finer-grained feature gates
[INFO] [stdout] 
[INFO] [stdout] 
[INFO] [stdout] error[E0557]: feature has been removed
[INFO] [stdout]  --> /opt/rustwide/cargo-home/registry/src/index.crates.io-1949cf8c6b5b557f/x86_64-0.11.1/src/lib.rs:6:43
[INFO] [stdout]   |
[INFO] [stdout] 6 | #![cfg_attr(feature = "const_fn", feature(const_in_array_repeat_expressions))]
[INFO] [stdout]   |                                           ^^^^^^^^^^^^^^^^^^^^^^^^^^^^^^^^^ feature has been removed
[INFO] [stdout]   |
[INFO] [stdout]   = note: removed in 1.51.0; see <https://github.com/rust-lang/rust/pull/80404> for more information
[INFO] [stdout]   = note: removed due to causing promotable bugs
[INFO] [stdout] 
[INFO] [stdout] 
[INFO] [stdout] Some errors have detailed explanations: E0554, E0557, E0635.
[INFO] [stdout] 
[INFO] [stdout] For more information about an error, try `rustc --explain E0554`.
[INFO] [stdout] 
[INFO] [stderr] error: could not compile `cpuio` (lib) due to 9 previous errors
[INFO] [stderr] warning: build failed, waiting for other jobs to finish...
[INFO] [stdout] error: cannot find macro `llvm_asm` in this scope
[INFO] [stdout]    --> /opt/rustwide/cargo-home/registry/src/index.crates.io-1949cf8c6b5b557f/x86_64-0.11.1/src/registers/rflags.rs:111:13
[INFO] [stdout]     |
[INFO] [stdout] 111 |             llvm_asm!("pushq $0; popfq" :: "r"(val) : "memory" "flags")
[INFO] [stdout]     |             ^^^^^^^^
[INFO] [stdout] 
[INFO] [stdout] 
[INFO] [stdout] error: cannot find macro `llvm_asm` in this scope
[INFO] [stdout]   --> /opt/rustwide/cargo-home/registry/src/index.crates.io-1949cf8c6b5b557f/x86_64-0.11.1/src/registers/rflags.rs:83:13
[INFO] [stdout]    |
[INFO] [stdout] 83 |             llvm_asm!("pushfq; popq $0" : "=r"(r) :: "memory")
[INFO] [stdout]    |             ^^^^^^^^
[INFO] [stdout] 
[INFO] [stdout] 
[INFO] [stdout] error: cannot find macro `llvm_asm` in this scope
[INFO] [stdout]   --> /opt/rustwide/cargo-home/registry/src/index.crates.io-1949cf8c6b5b557f/x86_64-0.11.1/src/instructions/tlb.rs:10:9
[INFO] [stdout]    |
[INFO] [stdout] 10 |         llvm_asm!("invlpg ($0)" :: "r" (addr.as_u64()) : "memory")
[INFO] [stdout]    |         ^^^^^^^^
[INFO] [stdout] 
[INFO] [stdout] 
[INFO] [stdout] error: cannot find macro `llvm_asm` in this scope
[INFO] [stdout]    --> /opt/rustwide/cargo-home/registry/src/index.crates.io-1949cf8c6b5b557f/x86_64-0.11.1/src/instructions/segmentation.rs:133:18
[INFO] [stdout]     |
[INFO] [stdout] 133 |         unsafe { llvm_asm!("mov %cs, $0" : "=r" (segment) ) };
[INFO] [stdout]     |                  ^^^^^^^^
[INFO] [stdout] 
[INFO] [stdout] 
[INFO] [stdout] error: cannot find macro `llvm_asm` in this scope
[INFO] [stdout]   --> /opt/rustwide/cargo-home/registry/src/index.crates.io-1949cf8c6b5b557f/x86_64-0.11.1/src/registers/mod.rs:14:9
[INFO] [stdout]    |
[INFO] [stdout] 14 |         llvm_asm!(
[INFO] [stdout]    |         ^^^^^^^^
[INFO] [stdout] 
[INFO] [stdout] 
[INFO] [stdout] error: cannot find macro `llvm_asm` in this scope
[INFO] [stdout]    --> /opt/rustwide/cargo-home/registry/src/index.crates.io-1949cf8c6b5b557f/x86_64-0.11.1/src/registers/model_specific.rs:144:17
[INFO] [stdout]     |
[INFO] [stdout] 144 |                 llvm_asm!("wrmsr" :: "{ecx}" (self.0), "{eax}" (low), "{edx}" (high) : "memory" : "volatile" );
[INFO] [stdout]     |                 ^^^^^^^^
[INFO] [stdout] 
[INFO] [stdout] 
[INFO] [stdout] error: cannot find macro `llvm_asm` in this scope
[INFO] [stdout]    --> /opt/rustwide/cargo-home/registry/src/index.crates.io-1949cf8c6b5b557f/x86_64-0.11.1/src/registers/model_specific.rs:124:17
[INFO] [stdout]     |
[INFO] [stdout] 124 |                 llvm_asm!("rdmsr" : "={eax}" (low), "={edx}" (high) : "{ecx}" (self.0) : "memory" : "volatile");
[INFO] [stdout]     |                 ^^^^^^^^
[INFO] [stdout] 
[INFO] [stdout] 
[INFO] [stdout] error: cannot find macro `llvm_asm` in this scope
[INFO] [stdout]    --> /opt/rustwide/cargo-home/registry/src/index.crates.io-1949cf8c6b5b557f/x86_64-0.11.1/src/registers/control.rs:327:13
[INFO] [stdout]     |
[INFO] [stdout] 327 |             llvm_asm!("mov $0, %cr4" :: "r" (value) : "memory");
[INFO] [stdout]     |             ^^^^^^^^
[INFO] [stdout] 
[INFO] [stdout] 
[INFO] [stdout] error: cannot find macro `llvm_asm` in this scope
[INFO] [stdout]    --> /opt/rustwide/cargo-home/registry/src/index.crates.io-1949cf8c6b5b557f/x86_64-0.11.1/src/registers/control.rs:286:17
[INFO] [stdout]     |
[INFO] [stdout] 286 |                 llvm_asm!("mov %cr4, $0" : "=r" (value));
[INFO] [stdout]     |                 ^^^^^^^^
[INFO] [stdout] 
[INFO] [stdout] 
[INFO] [stdout] error: cannot find macro `llvm_asm` in this scope
[INFO] [stdout]    --> /opt/rustwide/cargo-home/registry/src/index.crates.io-1949cf8c6b5b557f/x86_64-0.11.1/src/registers/control.rs:265:13
[INFO] [stdout]     |
[INFO] [stdout] 265 |             llvm_asm!("mov $0, %cr3" :: "r" (value) : "memory");
[INFO] [stdout]     |             ^^^^^^^^
[INFO] [stdout] 
[INFO] [stdout] 
[INFO] [stdout] error: cannot find macro `llvm_asm` in this scope
[INFO] [stdout]    --> /opt/rustwide/cargo-home/registry/src/index.crates.io-1949cf8c6b5b557f/x86_64-0.11.1/src/registers/control.rs:240:17
[INFO] [stdout]     |
[INFO] [stdout] 240 |                 llvm_asm!("mov %cr3, $0" : "=r" (value));
[INFO] [stdout]     |                 ^^^^^^^^
[INFO] [stdout] 
[INFO] [stdout] 
[INFO] [stdout] error: cannot find macro `llvm_asm` in this scope
[INFO] [stdout]    --> /opt/rustwide/cargo-home/registry/src/index.crates.io-1949cf8c6b5b557f/x86_64-0.11.1/src/registers/control.rs:220:17
[INFO] [stdout]     |
[INFO] [stdout] 220 |                 llvm_asm!("mov %cr2, $0" : "=r" (value));
[INFO] [stdout]     |                 ^^^^^^^^
[INFO] [stdout] 
[INFO] [stdout] 
[INFO] [stdout] error: cannot find macro `llvm_asm` in this scope
[INFO] [stdout]    --> /opt/rustwide/cargo-home/registry/src/index.crates.io-1949cf8c6b5b557f/x86_64-0.11.1/src/registers/control.rs:187:13
[INFO] [stdout]     |
[INFO] [stdout] 187 |             llvm_asm!("mov $0, %cr0" :: "r" (value) : "memory");
[INFO] [stdout]     |             ^^^^^^^^
[INFO] [stdout] 
[INFO] [stdout] 
[INFO] [stdout] For more information about this error, try `rustc --explain E0557`.
[INFO] [stdout] 
[INFO] [stdout] error: cannot find macro `llvm_asm` in this scope
[INFO] [stdout]    --> /opt/rustwide/cargo-home/registry/src/index.crates.io-1949cf8c6b5b557f/x86_64-0.11.1/src/registers/control.rs:148:17
[INFO] [stdout]     |
[INFO] [stdout] 148 |                 llvm_asm!("mov %cr0, $0" : "=r" (value));
[INFO] [stdout]     |                 ^^^^^^^^
[INFO] [stdout] 
[INFO] [stdout] 
[INFO] [stderr] error: could not compile `lock_api` (lib) due to 1 previous error
[INFO] [stdout] error: cannot find macro `llvm_asm` in this scope
[INFO] [stdout]   --> /opt/rustwide/cargo-home/registry/src/index.crates.io-1949cf8c6b5b557f/x86_64-0.11.1/src/instructions/mod.rs:32:9
[INFO] [stdout]    |
[INFO] [stdout] 32 |         llvm_asm!("xchgw %bx, %bx" :::: "volatile");
[INFO] [stdout]    |         ^^^^^^^^
[INFO] [stdout] 
[INFO] [stdout] 
[INFO] [stdout] error: cannot find macro `llvm_asm` in this scope
[INFO] [stdout]   --> /opt/rustwide/cargo-home/registry/src/index.crates.io-1949cf8c6b5b557f/x86_64-0.11.1/src/instructions/mod.rs:17:9
[INFO] [stdout]    |
[INFO] [stdout] 17 |         llvm_asm!("hlt" :::: "volatile");
[INFO] [stdout]    |         ^^^^^^^^
[INFO] [stdout] 
[INFO] [stdout] 
[INFO] [stdout] error: cannot find macro `llvm_asm` in this scope
[INFO] [stdout]   --> /opt/rustwide/cargo-home/registry/src/index.crates.io-1949cf8c6b5b557f/x86_64-0.11.1/src/instructions/tables.rs:57:5
[INFO] [stdout]    |
[INFO] [stdout] 57 |     llvm_asm!("ltr $0" :: "r" (sel.0));
[INFO] [stdout]    |     ^^^^^^^^
[INFO] [stdout] 
[INFO] [stdout] 
[INFO] [stdout] error: cannot find macro `llvm_asm` in this scope
[INFO] [stdout]   --> /opt/rustwide/cargo-home/registry/src/index.crates.io-1949cf8c6b5b557f/x86_64-0.11.1/src/instructions/tables.rs:41:5
[INFO] [stdout]    |
[INFO] [stdout] 41 |     llvm_asm!("lidt ($0)" :: "r" (idt) : "memory");
[INFO] [stdout]    |     ^^^^^^^^
[INFO] [stdout] 
[INFO] [stdout] 
[INFO] [stdout] error: cannot find macro `llvm_asm` in this scope
[INFO] [stdout]   --> /opt/rustwide/cargo-home/registry/src/index.crates.io-1949cf8c6b5b557f/x86_64-0.11.1/src/instructions/tables.rs:21:5
[INFO] [stdout]    |
[INFO] [stdout] 21 |     llvm_asm!("lgdt ($0)" :: "r" (gdt) : "memory");
[INFO] [stdout]    |     ^^^^^^^^
[INFO] [stdout] 
[INFO] [stdout] 
[INFO] [stdout] error: cannot find macro `llvm_asm` in this scope
[INFO] [stdout]    --> /opt/rustwide/cargo-home/registry/src/index.crates.io-1949cf8c6b5b557f/x86_64-0.11.1/src/instructions/segmentation.rs:121:5
[INFO] [stdout]     |
[INFO] [stdout] 121 |     llvm_asm!("swapgs" ::: "memory" : "volatile");
[INFO] [stdout]     |     ^^^^^^^^
[INFO] [stdout] 
[INFO] [stdout] 
[INFO] [stdout] error: cannot find macro `llvm_asm` in this scope
[INFO] [stdout]    --> /opt/rustwide/cargo-home/registry/src/index.crates.io-1949cf8c6b5b557f/x86_64-0.11.1/src/instructions/segmentation.rs:106:5
[INFO] [stdout]     |
[INFO] [stdout] 106 |     llvm_asm!("movw $0, %gs " :: "r" (sel.0) : "memory");
[INFO] [stdout]     |     ^^^^^^^^
[INFO] [stdout] 
[INFO] [stdout] 
[INFO] [stdout] error: cannot find macro `llvm_asm` in this scope
[INFO] [stdout]   --> /opt/rustwide/cargo-home/registry/src/index.crates.io-1949cf8c6b5b557f/x86_64-0.11.1/src/instructions/segmentation.rs:91:5
[INFO] [stdout]    |
[INFO] [stdout] 91 |     llvm_asm!("movw $0, %fs " :: "r" (sel.0) : "memory");
[INFO] [stdout]    |     ^^^^^^^^
[INFO] [stdout] 
[INFO] [stdout] 
[INFO] [stdout] error: cannot find macro `llvm_asm` in this scope
[INFO] [stdout]   --> /opt/rustwide/cargo-home/registry/src/index.crates.io-1949cf8c6b5b557f/x86_64-0.11.1/src/instructions/segmentation.rs:76:5
[INFO] [stdout]    |
[INFO] [stdout] 76 |     llvm_asm!("movw $0, %es " :: "r" (sel.0) : "memory");
[INFO] [stdout]    |     ^^^^^^^^
[INFO] [stdout] 
[INFO] [stdout] 
[INFO] [stdout] error: cannot find macro `llvm_asm` in this scope
[INFO] [stdout]   --> /opt/rustwide/cargo-home/registry/src/index.crates.io-1949cf8c6b5b557f/x86_64-0.11.1/src/instructions/segmentation.rs:61:5
[INFO] [stdout]    |
[INFO] [stdout] 61 |     llvm_asm!("movw $0, %ds " :: "r" (sel.0) : "memory");
[INFO] [stdout]    |     ^^^^^^^^
[INFO] [stdout] 
[INFO] [stdout] 
[INFO] [stdout] error: cannot find macro `llvm_asm` in this scope
[INFO] [stdout]   --> /opt/rustwide/cargo-home/registry/src/index.crates.io-1949cf8c6b5b557f/x86_64-0.11.1/src/instructions/segmentation.rs:46:5
[INFO] [stdout]    |
[INFO] [stdout] 46 |     llvm_asm!("movw $0, %ss " :: "r" (sel.0) : "memory");
[INFO] [stdout]    |     ^^^^^^^^
[INFO] [stdout] 
[INFO] [stdout] 
[INFO] [stdout] error: cannot find macro `llvm_asm` in this scope
[INFO] [stdout]   --> /opt/rustwide/cargo-home/registry/src/index.crates.io-1949cf8c6b5b557f/x86_64-0.11.1/src/instructions/segmentation.rs:21:9
[INFO] [stdout]    |
[INFO] [stdout] 21 |         llvm_asm!("pushq $0; \
[INFO] [stdout]    |         ^^^^^^^^
[INFO] [stdout] 
[INFO] [stdout] 
[INFO] [stdout] error: cannot find macro `llvm_asm` in this scope
[INFO] [stdout]   --> /opt/rustwide/cargo-home/registry/src/index.crates.io-1949cf8c6b5b557f/x86_64-0.11.1/src/instructions/port.rs:87:9
[INFO] [stdout]    |
[INFO] [stdout] 87 |         llvm_asm!("outl $1, $0" :: "N{dx}"(port), "{eax}"(value) :: "volatile");
[INFO] [stdout]    |         ^^^^^^^^
[INFO] [stdout] 
[INFO] [stdout] 
[INFO] [stdout] error: cannot find macro `llvm_asm` in this scope
[INFO] [stdout]   --> /opt/rustwide/cargo-home/registry/src/index.crates.io-1949cf8c6b5b557f/x86_64-0.11.1/src/instructions/port.rs:73:9
[INFO] [stdout]    |
[INFO] [stdout] 73 |         llvm_asm!("outw $1, $0" :: "N{dx}"(port), "{ax}"(value) :: "volatile");
[INFO] [stdout]    |         ^^^^^^^^
[INFO] [stdout] 
[INFO] [stdout] 
[INFO] [stdout] error: cannot find macro `llvm_asm` in this scope
[INFO] [stdout]   --> /opt/rustwide/cargo-home/registry/src/index.crates.io-1949cf8c6b5b557f/x86_64-0.11.1/src/instructions/port.rs:59:9
[INFO] [stdout]    |
[INFO] [stdout] 59 |         llvm_asm!("outb $1, $0" :: "N{dx}"(port), "{al}"(value) :: "volatile");
[INFO] [stdout]    |         ^^^^^^^^
[INFO] [stdout] 
[INFO] [stdout] 
[INFO] [stdout] error: cannot find macro `llvm_asm` in this scope
[INFO] [stdout]   --> /opt/rustwide/cargo-home/registry/src/index.crates.io-1949cf8c6b5b557f/x86_64-0.11.1/src/instructions/port.rs:44:9
[INFO] [stdout]    |
[INFO] [stdout] 44 |         llvm_asm!("inl $1, $0" : "={eax}"(value) : "N{dx}"(port) :: "volatile");
[INFO] [stdout]    |         ^^^^^^^^
[INFO] [stdout] 
[INFO] [stdout] 
[INFO] [stdout] error: cannot find macro `llvm_asm` in this scope
[INFO] [stdout]   --> /opt/rustwide/cargo-home/registry/src/index.crates.io-1949cf8c6b5b557f/x86_64-0.11.1/src/instructions/port.rs:28:9
[INFO] [stdout]    |
[INFO] [stdout] 28 |         llvm_asm!("inw $1, $0" : "={ax}"(value) : "N{dx}"(port) :: "volatile");
[INFO] [stdout]    |         ^^^^^^^^
[INFO] [stdout] 
[INFO] [stdout] 
[INFO] [stdout] error: cannot find macro `llvm_asm` in this scope
[INFO] [stdout]   --> /opt/rustwide/cargo-home/registry/src/index.crates.io-1949cf8c6b5b557f/x86_64-0.11.1/src/instructions/port.rs:12:9
[INFO] [stdout]    |
[INFO] [stdout] 12 |         llvm_asm!("inb $1, $0" : "={al}"(value) : "N{dx}"(port) :: "volatile");
[INFO] [stdout]    |         ^^^^^^^^
[INFO] [stdout] 
[INFO] [stdout] 
[INFO] [stdout] error: cannot find macro `llvm_asm` in this scope
[INFO] [stdout]    --> /opt/rustwide/cargo-home/registry/src/index.crates.io-1949cf8c6b5b557f/x86_64-0.11.1/src/instructions/interrupts.rs:147:9
[INFO] [stdout]     |
[INFO] [stdout] 147 |         llvm_asm!("int3" :::: "volatile");
[INFO] [stdout]     |         ^^^^^^^^
[INFO] [stdout] 
[INFO] [stdout] 
[INFO] [stdout] error: cannot find macro `llvm_asm` in this scope
[INFO] [stdout]    --> /opt/rustwide/cargo-home/registry/src/index.crates.io-1949cf8c6b5b557f/x86_64-0.11.1/src/instructions/interrupts.rs:134:9
[INFO] [stdout]     |
[INFO] [stdout] 134 |         llvm_asm!("sti; hlt" :::: "volatile");
[INFO] [stdout]     |         ^^^^^^^^
[INFO] [stdout] 
[INFO] [stdout] 
[INFO] [stdout] error: cannot find macro `llvm_asm` in this scope
[INFO] [stdout]   --> /opt/rustwide/cargo-home/registry/src/index.crates.io-1949cf8c6b5b557f/x86_64-0.11.1/src/instructions/interrupts.rs:33:9
[INFO] [stdout]    |
[INFO] [stdout] 33 |         llvm_asm!("cli" :::: "volatile");
[INFO] [stdout]    |         ^^^^^^^^
[INFO] [stdout] 
[INFO] [stdout] 
[INFO] [stdout] error: cannot find macro `llvm_asm` in this scope
[INFO] [stdout]   --> /opt/rustwide/cargo-home/registry/src/index.crates.io-1949cf8c6b5b557f/x86_64-0.11.1/src/instructions/interrupts.rs:18:9
[INFO] [stdout]    |
[INFO] [stdout] 18 |         llvm_asm!("sti" :::: "volatile");
[INFO] [stdout]    |         ^^^^^^^^
[INFO] [stdout] 
[INFO] [stdout] 
[INFO] [stdout] error[E0554]: `#![feature]` may not be used on the beta release channel
[INFO] [stdout]  --> /opt/rustwide/cargo-home/registry/src/index.crates.io-1949cf8c6b5b557f/x86_64-0.11.1/src/lib.rs:5:35
[INFO] [stdout]   |
[INFO] [stdout] 5 | #![cfg_attr(feature = "const_fn", feature(const_fn))]
[INFO] [stdout]   |                                   ^^^^^^^^^^^^^^^^^
[INFO] [stdout] 
[INFO] [stdout] 
[INFO] [stdout] error[E0635]: unknown feature `llvm_asm`
[INFO] [stdout]  --> /opt/rustwide/cargo-home/registry/src/index.crates.io-1949cf8c6b5b557f/x86_64-0.11.1/src/lib.rs:7:45
[INFO] [stdout]   |
[INFO] [stdout] 7 | #![cfg_attr(feature = "inline_asm", feature(llvm_asm))]
[INFO] [stdout]   |                                             ^^^^^^^^
[INFO] [stdout] 
[INFO] [stdout] 
[INFO] [stdout] error[E0277]: the trait bound `PageTableEntry: Copy` is not satisfied
[INFO] [stdout]    --> /opt/rustwide/cargo-home/registry/src/index.crates.io-1949cf8c6b5b557f/x86_64-0.11.1/src/structures/paging/page_table.rs:192:23
[INFO] [stdout]     |
[INFO] [stdout] 192 |             entries: [PageTableEntry::new(); ENTRY_COUNT],
[INFO] [stdout]     |                       ^^^^^^^^^^^^^^^^^^^^^ the trait `Copy` is not implemented for `PageTableEntry`
[INFO] [stdout]     |
[INFO] [stdout]     = note: the `Copy` trait is required because this value will be copied for each element of the array
[INFO] [stdout] help: consider annotating `PageTableEntry` with `#[derive(Copy)]`
[INFO] [stdout]     |
[INFO] [stdout]  24 + #[derive(Copy)]
[INFO] [stdout]  25 | pub struct PageTableEntry {
[INFO] [stdout]     |
[INFO] [stdout] help: create an inline `const` block
[INFO] [stdout]     |
[INFO] [stdout] 192 |             entries: [const { PageTableEntry::new() }; ENTRY_COUNT],
[INFO] [stdout]     |                       +++++++                       +
[INFO] [stdout] 
[INFO] [stdout] 
[INFO] [stdout] Some errors have detailed explanations: E0277, E0554, E0557, E0635.
[INFO] [stdout] 
[INFO] [stdout] For more information about an error, try `rustc --explain E0277`.
[INFO] [stdout] 
[INFO] [stderr] error: could not compile `x86_64` (lib) due to 41 previous errors
[INFO] running `Command { std: "docker" "inspect" "f28896824a48bdb5c5167484a42cae2eba7370ef2f94e3f662616fcf20a2b587", kill_on_drop: false }`
[INFO] running `Command { std: "docker" "rm" "-f" "f28896824a48bdb5c5167484a42cae2eba7370ef2f94e3f662616fcf20a2b587", kill_on_drop: false }`
[INFO] [stdout] f28896824a48bdb5c5167484a42cae2eba7370ef2f94e3f662616fcf20a2b587
