[INFO] cloning repository https://github.com/iharsuvorau/event-log-converter
[INFO] running `Command { std: "git" "-c" "credential.helper=" "-c" "credential.helper=/workspace/cargo-home/bin/git-credential-null" "clone" "--bare" "https://github.com/iharsuvorau/event-log-converter" "/workspace/cache/git-repos/https%3A%2F%2Fgithub.com%2Fiharsuvorau%2Fevent-log-converter", kill_on_drop: false }`
[INFO] [stderr] Cloning into bare repository '/workspace/cache/git-repos/https%3A%2F%2Fgithub.com%2Fiharsuvorau%2Fevent-log-converter'...
[INFO] running `Command { std: "git" "rev-parse" "HEAD", kill_on_drop: false }`
[INFO] [stdout] 8de2a796f6cf157d120e6300d7eeef6048acc03a
[INFO] testing iharsuvorau/event-log-converter against 1.98.0-beta.8+cargoflags=--release for beta-release-1.99-2
[INFO] running `Command { std: "git" "clone" "/workspace/cache/git-repos/https%3A%2F%2Fgithub.com%2Fiharsuvorau%2Fevent-log-converter" "/workspace/builds/worker-3-tc1/source", kill_on_drop: false }`
[INFO] [stderr] Cloning into '/workspace/builds/worker-3-tc1/source'...
[INFO] [stderr] done.
[INFO] started tweaking git repo https://github.com/iharsuvorau/event-log-converter
[INFO] finished tweaking git repo https://github.com/iharsuvorau/event-log-converter
[INFO] tweaked toml for git repo https://github.com/iharsuvorau/event-log-converter written to /workspace/builds/worker-3-tc1/source/Cargo.toml
[INFO] validating manifest of git repo https://github.com/iharsuvorau/event-log-converter on toolchain 1.98.0-beta.8
[INFO] running `Command { std: CARGO_HOME="/workspace/cargo-home" RUSTUP_HOME="/workspace/rustup-home" "/workspace/cargo-home/bin/cargo" "+1.98.0-beta.8" "metadata" "--manifest-path" "Cargo.toml" "--no-deps", kill_on_drop: false }`
[INFO] crate git repo https://github.com/iharsuvorau/event-log-converter already has a lockfile, it will not be regenerated
[INFO] running `Command { std: CARGO_HOME="/workspace/cargo-home" RUSTUP_HOME="/workspace/rustup-home" "/workspace/cargo-home/bin/cargo" "+1.98.0-beta.8" "fetch" "--manifest-path" "Cargo.toml", kill_on_drop: false }`
[INFO] [stderr]  Downloading crates ...
[INFO] [stderr]   Downloaded serde-xml-rs v0.6.0
[INFO] [stderr]   Downloaded thiserror-impl v1.0.38
[INFO] [stderr]   Downloaded thiserror v1.0.38
[INFO] [stderr]   Downloaded proc-macro2 v1.0.49
[INFO] [stderr]   Downloaded serde v1.0.151
[INFO] [stderr]   Downloaded clap_lex v0.3.0
[INFO] [stderr]   Downloaded clap_derive v4.0.21
[INFO] [stderr]   Downloaded csv-core v0.1.10
[INFO] [stderr]   Downloaded scratch v1.0.3
[INFO] [stderr]   Downloaded link-cplusplus v1.0.8
[INFO] [stderr]   Downloaded cxxbridge-flags v1.0.85
[INFO] [stderr]   Downloaded io-lifetimes v1.0.3
[INFO] [stderr]   Downloaded serde_derive v1.0.151
[INFO] [stderr]   Downloaded cxxbridge-macro v1.0.85
[INFO] [stderr]   Downloaded cxx-build v1.0.85
[INFO] [stderr]   Downloaded quick-xml v0.26.0
[INFO] [stderr]   Downloaded chrono v0.4.23
[INFO] [stderr]   Downloaded clap v4.0.29
[INFO] [stderr]   Downloaded bstr v0.2.17
[INFO] [stderr]   Downloaded rustix v0.36.5
[INFO] [stderr]   Downloaded cxx v1.0.85
[INFO] [stderr]   Downloaded csv v1.1.6
[INFO] running `Command { std: "docker" "create" "-v" "/var/lib/crater-agent-workspace/builds/worker-3-tc1/source:/opt/rustwide/workdir:ro,Z" "-v" "/var/lib/crater-agent-workspace/builds/worker-3-tc1/target:/opt/rustwide/target:rw,Z" "-v" "/var/lib/crater-agent-workspace/cargo-home:/opt/rustwide/cargo-home:ro,Z" "-v" "/var/lib/crater-agent-workspace/rustup-home:/opt/rustwide/rustup-home:ro,Z" "-m" "1610612736" "--network" "none" "ghcr.io/rust-lang/crates-build-env/linux@sha256:8683fc1fc2eb5c9ac98e0d076ab094b2ffac7f99da555d2b6a2e27f346de2ec7" "sleep" "infinity", kill_on_drop: false }`
[INFO] [stdout] b99c23537aaf5e85a2d7d8bc2595777ecbf1ca66bacba4b693b3708b280eb789
[INFO] running `Command { std: "docker" "start" "b99c23537aaf5e85a2d7d8bc2595777ecbf1ca66bacba4b693b3708b280eb789", kill_on_drop: false }`
[INFO] running `Command { std: "docker" "inspect" "b99c23537aaf5e85a2d7d8bc2595777ecbf1ca66bacba4b693b3708b280eb789", kill_on_drop: false }`
[INFO] running `Command { std: "docker" "exec" "-e" "SOURCE_DIR=/opt/rustwide/workdir" "-e" "CARGO_HOME=/opt/rustwide/cargo-home" "-e" "RUSTUP_HOME=/opt/rustwide/rustup-home" "-e" "CARGO_TARGET_DIR=/opt/rustwide/target" "-w" "/opt/rustwide/workdir" "--user" "0:0" "b99c23537aaf5e85a2d7d8bc2595777ecbf1ca66bacba4b693b3708b280eb789" "/opt/rustwide/cargo-home/bin/cargo" "+1.98.0-beta.8" "metadata" "--no-deps" "--format-version=1", kill_on_drop: false }`
[INFO] running `Command { std: "docker" "inspect" "b99c23537aaf5e85a2d7d8bc2595777ecbf1ca66bacba4b693b3708b280eb789", kill_on_drop: false }`
[INFO] running `Command { std: "docker" "exec" "-e" "SOURCE_DIR=/opt/rustwide/workdir" "-e" "CARGO_HOME=/opt/rustwide/cargo-home" "-e" "RUSTUP_HOME=/opt/rustwide/rustup-home" "-e" "CARGO_TARGET_DIR=/opt/rustwide/target" "-e" "CARGO_INCREMENTAL=0" "-e" "RUST_BACKTRACE=full" "-e" "RUSTFLAGS=--cap-lints=warn" "-e" "RUSTDOCFLAGS=--cap-lints=warn" "-w" "/opt/rustwide/workdir" "--user" "0:0" "b99c23537aaf5e85a2d7d8bc2595777ecbf1ca66bacba4b693b3708b280eb789" "/opt/rustwide/cargo-home/bin/cargo" "+1.98.0-beta.8" "build" "--frozen" "--message-format=json" "--release", kill_on_drop: false }`
[INFO] [stderr]    Compiling proc-macro2 v1.0.49
[INFO] [stderr]    Compiling unicode-ident v1.0.6
[INFO] [stderr]    Compiling quote v1.0.23
[INFO] [stderr]    Compiling syn v1.0.107
[INFO] [stderr]    Compiling libc v0.2.138
[INFO] [stderr]    Compiling serde_derive v1.0.151
[INFO] [stderr]    Compiling memchr v2.5.0
[INFO] [stderr]    Compiling serde v1.0.151
[INFO] [stderr]    Compiling io-lifetimes v1.0.3
[INFO] [stderr]    Compiling rustix v0.36.5
[INFO] [stderr]    Compiling log v0.4.17
[INFO] [stderr]    Compiling linux-raw-sys v0.1.4
[INFO] [stderr]    Compiling thiserror v1.0.38
[INFO] [stderr]    Compiling proc-macro-error-attr v1.0.4
[INFO] [stderr]    Compiling proc-macro-error v1.0.4
[INFO] [stderr]    Compiling num-traits v0.2.15
[INFO] [stderr]    Compiling num-integer v0.1.45
[INFO] [stderr]    Compiling heck v0.4.0
[INFO] [stderr]    Compiling regex-automata v0.1.10
[INFO] [stderr]    Compiling os_str_bytes v6.4.1
[INFO] [stderr]    Compiling once_cell v1.16.0
[INFO] [stderr]    Compiling ryu v1.0.12
[INFO] [stderr]    Compiling itoa v0.4.8
[INFO] [stderr]    Compiling iana-time-zone v0.1.53
[INFO] [stderr]    Compiling termcolor v1.1.3
[INFO] [stderr]    Compiling strsim v0.10.0
[INFO] [stderr]    Compiling xml-rs v0.8.4
[INFO] [stderr]    Compiling clap_lex v0.3.0
[INFO] [stderr]    Compiling csv-core v0.1.10
[INFO] [stderr]    Compiling quick-xml v0.26.0
[INFO] [stderr]    Compiling time v0.1.45
[INFO] [stderr]    Compiling is-terminal v0.4.2
[INFO] [stderr]    Compiling thiserror-impl v1.0.38
[INFO] [stderr]    Compiling clap_derive v4.0.21
[INFO] [stderr]    Compiling clap v4.0.29
[INFO] [stderr]    Compiling bstr v0.2.17
[INFO] [stderr]    Compiling serde-xml-rs v0.6.0
[INFO] [stderr]    Compiling chrono v0.4.23
[INFO] [stderr]    Compiling csv v1.1.6
[INFO] [stderr]    Compiling event_log_converter v0.2.1 (/opt/rustwide/workdir)
[INFO] [stdout] error[E0554]: `#![feature]` may not be used on the beta release channel
[INFO] [stdout]  --> src/lib.rs:1:1
[INFO] [stdout]   |
[INFO] [stdout] 1 | #![feature(slice_group_by)]
[INFO] [stdout]   | ^^^^^^^^^^^^^^^^^^^^^^^^^^^
[INFO] [stdout] 
[INFO] [stdout] 
[INFO] [stdout] warning: the feature `slice_group_by` has been stable since 1.77.0 and no longer requires an attribute to enable
[INFO] [stdout]  --> src/lib.rs:1:12
[INFO] [stdout]   |
[INFO] [stdout] 1 | #![feature(slice_group_by)]
[INFO] [stdout]   |            ^^^^^^^^^^^^^^
[INFO] [stdout]   |
[INFO] [stdout]   = note: `#[warn(stable_features)]` on by default
[INFO] [stdout] 
[INFO] [stdout] 
[INFO] [stdout] error[E0599]: no method named `group_by` found for struct `Vec<HashMap<std::string::String, std::string::String>>` in the current scope
[INFO] [stdout]   --> src/io.rs:60:10
[INFO] [stdout]    |
[INFO] [stdout] 59 |       let traces = rows
[INFO] [stdout]    |  __________________-
[INFO] [stdout] 60 | |         .group_by(|a, b| a.get(&event_log.columns.case).unwrap() == b.get(&event_log.columns.case).unwrap())
[INFO] [stdout]    | |         -^^^^^^^^ method not found in `Vec<HashMap<std::string::String, std::string::String>>`
[INFO] [stdout]    | |_________|
[INFO] [stdout]    |
[INFO] [stdout] 
[INFO] [stdout] 
[INFO] [stdout] error[E0599]: no method named `group_by` found for mutable reference `&mut Vec<lifecycle::Event>` in the current scope
[INFO] [stdout]   --> src/conversion.rs:21:39
[INFO] [stdout]    |
[INFO] [stdout] 21 |         for same_activities in events.group_by(|a, b| a.activity == b.activity) {
[INFO] [stdout]    |                                       ^^^^^^^^ method not found in `&mut Vec<lifecycle::Event>`
[INFO] [stdout] 
[INFO] [stdout] 
[INFO] [stdout] Some errors have detailed explanations: E0554, E0599.
[INFO] [stdout] 
[INFO] [stdout] For more information about an error, try `rustc --explain E0554`.
[INFO] [stdout] 
[INFO] [stderr] error: could not compile `event_log_converter` (lib) due to 3 previous errors; 1 warning emitted
[INFO] [stderr] warning: build failed, waiting for other jobs to finish...
[INFO] running `Command { std: "docker" "inspect" "b99c23537aaf5e85a2d7d8bc2595777ecbf1ca66bacba4b693b3708b280eb789", kill_on_drop: false }`
[INFO] running `Command { std: "docker" "rm" "-f" "b99c23537aaf5e85a2d7d8bc2595777ecbf1ca66bacba4b693b3708b280eb789", kill_on_drop: false }`
[INFO] [stdout] b99c23537aaf5e85a2d7d8bc2595777ecbf1ca66bacba4b693b3708b280eb789
