[INFO] cloning repository https://github.com/ianhemm/dunecrawler
[INFO] running `Command { std: "git" "-c" "credential.helper=" "-c" "credential.helper=/workspace/cargo-home/bin/git-credential-null" "clone" "--bare" "https://github.com/ianhemm/dunecrawler" "/workspace/cache/git-repos/https%3A%2F%2Fgithub.com%2Fianhemm%2Fdunecrawler", kill_on_drop: false }`
[INFO] [stderr] Cloning into bare repository '/workspace/cache/git-repos/https%3A%2F%2Fgithub.com%2Fianhemm%2Fdunecrawler'...
[INFO] running `Command { std: "git" "rev-parse" "HEAD", kill_on_drop: false }`
[INFO] [stdout] 875d3a06ff21ae929ca7a06fe2daca2029d5a99c
[INFO] testing ianhemm/dunecrawler against 1.99.0-beta.1+cargoflags=--release for beta-release-1.99-2
[INFO] running `Command { std: "git" "clone" "/workspace/cache/git-repos/https%3A%2F%2Fgithub.com%2Fianhemm%2Fdunecrawler" "/workspace/builds/worker-7-tc2/source", kill_on_drop: false }`
[INFO] [stderr] Cloning into '/workspace/builds/worker-7-tc2/source'...
[INFO] [stderr] done.
[INFO] started tweaking git repo https://github.com/ianhemm/dunecrawler
[INFO] finished tweaking git repo https://github.com/ianhemm/dunecrawler
[INFO] tweaked toml for git repo https://github.com/ianhemm/dunecrawler written to /workspace/builds/worker-7-tc2/source/Cargo.toml
[INFO] validating manifest of git repo https://github.com/ianhemm/dunecrawler on toolchain 1.99.0-beta.1
[INFO] running `Command { std: CARGO_HOME="/workspace/cargo-home" RUSTUP_HOME="/workspace/rustup-home" "/workspace/cargo-home/bin/cargo" "+1.99.0-beta.1" "metadata" "--manifest-path" "Cargo.toml" "--no-deps", kill_on_drop: false }`
[INFO] crate git repo https://github.com/ianhemm/dunecrawler already has a lockfile, it will not be regenerated
[INFO] running `Command { std: CARGO_HOME="/workspace/cargo-home" RUSTUP_HOME="/workspace/rustup-home" "/workspace/cargo-home/bin/cargo" "+1.99.0-beta.1" "fetch" "--manifest-path" "Cargo.toml", kill_on_drop: false }`
[INFO] [stderr]     Blocking waiting for file lock on package cache
[INFO] [stderr]     Blocking waiting for file lock on package cache
[INFO] running `Command { std: "docker" "create" "-v" "/var/lib/crater-agent-workspace/builds/worker-7-tc2/source:/opt/rustwide/workdir:ro,Z" "-v" "/var/lib/crater-agent-workspace/builds/worker-7-tc2/target:/opt/rustwide/target:rw,Z" "-v" "/var/lib/crater-agent-workspace/cargo-home:/opt/rustwide/cargo-home:ro,Z" "-v" "/var/lib/crater-agent-workspace/rustup-home:/opt/rustwide/rustup-home:ro,Z" "-m" "1610612736" "--network" "none" "ghcr.io/rust-lang/crates-build-env/linux@sha256:8683fc1fc2eb5c9ac98e0d076ab094b2ffac7f99da555d2b6a2e27f346de2ec7" "sleep" "infinity", kill_on_drop: false }`
[INFO] [stdout] b480bf1fe8e57343e9deb780404a8f16e121e15e687aacd68b458406757f188e
[INFO] running `Command { std: "docker" "start" "b480bf1fe8e57343e9deb780404a8f16e121e15e687aacd68b458406757f188e", kill_on_drop: false }`
[INFO] running `Command { std: "docker" "inspect" "b480bf1fe8e57343e9deb780404a8f16e121e15e687aacd68b458406757f188e", kill_on_drop: false }`
[INFO] running `Command { std: "docker" "exec" "-e" "SOURCE_DIR=/opt/rustwide/workdir" "-e" "CARGO_HOME=/opt/rustwide/cargo-home" "-e" "RUSTUP_HOME=/opt/rustwide/rustup-home" "-e" "CARGO_TARGET_DIR=/opt/rustwide/target" "-w" "/opt/rustwide/workdir" "--user" "0:0" "b480bf1fe8e57343e9deb780404a8f16e121e15e687aacd68b458406757f188e" "/opt/rustwide/cargo-home/bin/cargo" "+1.99.0-beta.1" "metadata" "--no-deps" "--format-version=1", kill_on_drop: false }`
[INFO] running `Command { std: "docker" "inspect" "b480bf1fe8e57343e9deb780404a8f16e121e15e687aacd68b458406757f188e", kill_on_drop: false }`
[INFO] running `Command { std: "docker" "exec" "-e" "SOURCE_DIR=/opt/rustwide/workdir" "-e" "CARGO_HOME=/opt/rustwide/cargo-home" "-e" "RUSTUP_HOME=/opt/rustwide/rustup-home" "-e" "CARGO_TARGET_DIR=/opt/rustwide/target" "-e" "CARGO_INCREMENTAL=0" "-e" "RUST_BACKTRACE=full" "-e" "RUSTFLAGS=--cap-lints=warn" "-e" "RUSTDOCFLAGS=--cap-lints=warn" "-w" "/opt/rustwide/workdir" "--user" "0:0" "b480bf1fe8e57343e9deb780404a8f16e121e15e687aacd68b458406757f188e" "/opt/rustwide/cargo-home/bin/cargo" "+1.99.0-beta.1" "build" "--frozen" "--message-format=json" "--release", kill_on_drop: false }`
[INFO] [stderr]    Compiling libc v0.2.151
[INFO] [stderr]    Compiling proc-macro2 v1.0.70
[INFO] [stderr]    Compiling siphasher v0.3.11
[INFO] [stderr]    Compiling once_cell v1.19.0
[INFO] [stderr]    Compiling itoa v1.0.10
[INFO] [stderr]    Compiling pin-project-lite v0.2.13
[INFO] [stderr]    Compiling bytes v1.5.0
[INFO] [stderr]    Compiling futures-core v0.3.29
[INFO] [stderr]    Compiling log v0.4.20
[INFO] [stderr]    Compiling syn v1.0.109
[INFO] [stderr]    Compiling serde v1.0.193
[INFO] [stderr]    Compiling slab v0.4.9
[INFO] [stderr]    Compiling parking_lot_core v0.9.9
[INFO] [stderr]    Compiling bitflags v2.4.1
[INFO] [stderr]    Compiling futures-task v0.3.29
[INFO] [stderr]    Compiling phf_shared v0.10.0
[INFO] [stderr]    Compiling futures-util v0.3.29
[INFO] [stderr]    Compiling openssl v0.10.61
[INFO] [stderr]    Compiling memchr v2.6.4
[INFO] [stderr]    Compiling tracing-core v0.1.32
[INFO] [stderr]    Compiling futures-sink v0.3.29
[INFO] [stderr]    Compiling mac v0.1.1
[INFO] [stderr]    Compiling futures-channel v0.3.29
[INFO] [stderr]    Compiling phf_shared v0.11.2
[INFO] [stderr]    Compiling hashbrown v0.14.3
[INFO] [stderr]    Compiling futures-io v0.3.29
[INFO] [stderr]    Compiling native-tls v0.2.11
[INFO] [stderr]    Compiling tinyvec v1.6.0
[INFO] [stderr]    Compiling futf v0.1.5
[INFO] [stderr]    Compiling phf v0.10.1
[INFO] [stderr]    Compiling http v0.2.11
[INFO] [stderr]    Compiling quote v1.0.33
[INFO] [stderr]    Compiling dtoa v1.0.9
[INFO] [stderr]    Compiling openssl-probe v0.1.5
[INFO] [stderr]    Compiling tendril v0.4.3
[INFO] [stderr]    Compiling syn v2.0.41
[INFO] [stderr]    Compiling mio v0.8.10
[INFO] [stderr]    Compiling socket2 v0.5.5
[INFO] [stderr]    Compiling num_cpus v1.16.0
[INFO] [stderr]    Compiling dtoa-short v0.3.4
[INFO] [stderr]    Compiling ahash v0.8.6
[INFO] [stderr]    Compiling getrandom v0.2.11
[INFO] [stderr]    Compiling cc v1.0.83
[INFO] [stderr]    Compiling unicode-bidi v0.3.14
[INFO] [stderr]    Compiling rand_core v0.6.4
[INFO] [stderr]    Compiling tracing v0.1.40
[INFO] [stderr]    Compiling tokio v1.35.1
[INFO] [stderr]    Compiling rand_chacha v0.3.1
[INFO] [stderr]    Compiling parking_lot v0.12.1
[INFO] [stderr]    Compiling indexmap v2.1.0
[INFO] [stderr]    Compiling http-body v0.4.6
[INFO] [stderr]    Compiling rand v0.8.5
[INFO] [stderr]    Compiling unicode-normalization v0.1.22
[INFO] [stderr]    Compiling fxhash v0.2.1
[INFO] [stderr]    Compiling servo_arc v0.3.0
[INFO] [stderr]    Compiling zerocopy v0.7.31
[INFO] [stderr]    Compiling unicode-width v0.1.11
[INFO] [stderr]    Compiling ryu v1.0.16
[INFO] [stderr]    Compiling encoding_rs v0.8.33
[INFO] [stderr]    Compiling getopts v0.2.21
[INFO] [stderr]    Compiling idna v0.5.0
[INFO] [stderr]    Compiling base64 v0.21.5
[INFO] [stderr]    Compiling openssl-sys v0.9.97
[INFO] [stderr]    Compiling sqlite3-src v0.2.12
[INFO] [stderr]    Compiling ego-tree v0.6.2
[INFO] [stderr]    Compiling sqlite3-sys v0.12.0
[INFO] [stderr]    Compiling phf_generator v0.10.0
[INFO] [stderr]    Compiling phf_generator v0.11.2
[INFO] [stderr]    Compiling url v2.5.0
[INFO] [stderr]    Compiling ipnet v2.9.0
[INFO] [stderr]    Compiling sqlite3 v0.24.0
[INFO] [stderr]    Compiling phf_codegen v0.10.0
[INFO] [stderr]    Compiling string_cache_codegen v0.5.2
[INFO] [stderr]    Compiling selectors v0.25.0
[INFO] [stderr]    Compiling http v1.0.0
[INFO] [stderr]    Compiling markup5ever v0.11.0
[INFO] [stderr]    Compiling string_cache v0.8.7
[INFO] [stderr]    Compiling serde_urlencoded v0.7.1
[INFO] [stderr]    Compiling openssl-macros v0.1.1
[INFO] [stderr]    Compiling phf_macros v0.11.2
[INFO] [stderr]    Compiling cssparser-macros v0.6.1
[INFO] [stderr]    Compiling phf v0.11.2
[INFO] [stderr]    Compiling cssparser v0.31.2
[INFO] [stderr]    Compiling html5ever v0.26.0
[INFO] [stderr]    Compiling derive_more v0.99.17
[INFO] [stderr]    Compiling tokio-util v0.7.10
[INFO] [stderr]    Compiling h2 v0.3.22
[INFO] [stderr]    Compiling scraper v0.18.1
[INFO] [stderr]    Compiling tokio-native-tls v0.3.1
[INFO] [stderr]    Compiling hyper v0.14.28
[INFO] [stderr]    Compiling hyper-tls v0.5.0
[INFO] [stderr]    Compiling reqwest v0.11.23
[INFO] [stderr]    Compiling dunecrawler v0.1.0 (/opt/rustwide/workdir)
[INFO] [stderr]     Finished `release` profile [optimized] target(s) in 1m 09s
[INFO] running `Command { std: "docker" "inspect" "b480bf1fe8e57343e9deb780404a8f16e121e15e687aacd68b458406757f188e", kill_on_drop: false }`
[INFO] running `Command { std: "docker" "exec" "-e" "SOURCE_DIR=/opt/rustwide/workdir" "-e" "CARGO_HOME=/opt/rustwide/cargo-home" "-e" "RUSTUP_HOME=/opt/rustwide/rustup-home" "-e" "CARGO_TARGET_DIR=/opt/rustwide/target" "-e" "CARGO_INCREMENTAL=0" "-e" "RUST_BACKTRACE=full" "-e" "RUSTFLAGS=--cap-lints=warn" "-e" "RUSTDOCFLAGS=--cap-lints=warn" "-w" "/opt/rustwide/workdir" "--user" "0:0" "b480bf1fe8e57343e9deb780404a8f16e121e15e687aacd68b458406757f188e" "/opt/rustwide/cargo-home/bin/cargo" "+1.99.0-beta.1" "test" "--frozen" "--no-run" "--message-format=json" "--release", kill_on_drop: false }`
[INFO] [stderr]    Compiling dunecrawler v0.1.0 (/opt/rustwide/workdir)
[INFO] [stdout] error[E0451]: fields `name` and `state` of struct `link::Link` are private
[INFO] [stdout]   --> src/crawler.rs:95:17
[INFO] [stdout]    |
[INFO] [stdout] 94 |         crawler.submit(Link { 
[INFO] [stdout]    |                        ---- in this type
[INFO] [stdout] 95 |                 name: "https://example.org/test/".to_string(), 
[INFO] [stdout]    |                 ^^^^ private field
[INFO] [stdout] 96 |                 state: NormalizedLink}, 
[INFO] [stdout]    |                 ^^^^^ private field
[INFO] [stdout] 
[INFO] [stdout] 
[INFO] [stdout] error[E0451]: fields `name` and `state` of struct `link::Link` are private
[INFO] [stdout]    --> src/crawler.rs:100:17
[INFO] [stdout]     |
[INFO] [stdout]  99 |         crawler.submit(Link { 
[INFO] [stdout]     |                        ---- in this type
[INFO] [stdout] 100 |                 name: "https://example.org/test/".to_string(), 
[INFO] [stdout]     |                 ^^^^ private field
[INFO] [stdout] 101 |                 state: NormalizedLink}, 
[INFO] [stdout]     |                 ^^^^^ private field
[INFO] [stdout] 
[INFO] [stdout] 
[INFO] [stdout] error[E0451]: fields `name` and `state` of struct `link::Link` are private
[INFO] [stdout]    --> src/crawler.rs:111:17
[INFO] [stdout]     |
[INFO] [stdout] 110 |         crawler.submit(Link { 
[INFO] [stdout]     |                        ---- in this type
[INFO] [stdout] 111 |                 name: "https://example.org/test/".to_string(), 
[INFO] [stdout]     |                 ^^^^ private field
[INFO] [stdout] 112 |                 state: NormalizedLink}, 
[INFO] [stdout]     |                 ^^^^^ private field
[INFO] [stdout] 
[INFO] [stdout] 
[INFO] [stdout] error[E0451]: fields `name` and `state` of struct `link::Link` are private
[INFO] [stdout]    --> src/crawler.rs:115:17
[INFO] [stdout]     |
[INFO] [stdout] 114 |         crawler.submit(Link { 
[INFO] [stdout]     |                        ---- in this type
[INFO] [stdout] 115 |                 name: "https://example.org/test/".to_string(), 
[INFO] [stdout]     |                 ^^^^ private field
[INFO] [stdout] 116 |                 state: NormalizedLink}, 
[INFO] [stdout]     |                 ^^^^^ private field
[INFO] [stdout] 
[INFO] [stdout] 
[INFO] [stdout] For more information about this error, try `rustc --explain E0451`.
[INFO] [stdout] 
[INFO] [stderr] error: could not compile `dunecrawler` (lib test) due to 4 previous errors
[INFO] [stderr] warning: build failed, waiting for other jobs to finish...
[INFO] running `Command { std: "docker" "inspect" "b480bf1fe8e57343e9deb780404a8f16e121e15e687aacd68b458406757f188e", kill_on_drop: false }`
[INFO] running `Command { std: "docker" "rm" "-f" "b480bf1fe8e57343e9deb780404a8f16e121e15e687aacd68b458406757f188e", kill_on_drop: false }`
[INFO] [stdout] b480bf1fe8e57343e9deb780404a8f16e121e15e687aacd68b458406757f188e
