[INFO] cloning repository https://github.com/daybrite/day
[INFO] running `Command { std: "git" "-c" "credential.helper=" "-c" "credential.helper=/workspace/cargo-home/bin/git-credential-null" "clone" "--bare" "https://github.com/daybrite/day" "/workspace/cache/git-repos/https%3A%2F%2Fgithub.com%2Fdaybrite%2Fday", kill_on_drop: false }`
[INFO] [stderr] Cloning into bare repository '/workspace/cache/git-repos/https%3A%2F%2Fgithub.com%2Fdaybrite%2Fday'...
[INFO] running `Command { std: "git" "rev-parse" "HEAD", kill_on_drop: false }`
[INFO] [stdout] 4021c3bb32550fca6ece06441fd0f763956b2bdd
[INFO] testing daybrite/day against 1.99.0-beta.1+cargoflags=--release for beta-release-1.99-2
[INFO] running `Command { std: "git" "clone" "/workspace/cache/git-repos/https%3A%2F%2Fgithub.com%2Fdaybrite%2Fday" "/workspace/builds/worker-0-tc2/source", kill_on_drop: false }`
[INFO] [stderr] Cloning into '/workspace/builds/worker-0-tc2/source'...
[INFO] [stderr] done.
[INFO] started tweaking git repo https://github.com/daybrite/day
[INFO] finished tweaking git repo https://github.com/daybrite/day
[INFO] tweaked toml for git repo https://github.com/daybrite/day written to /workspace/builds/worker-0-tc2/source/Cargo.toml
[INFO] validating manifest of git repo https://github.com/daybrite/day on toolchain 1.99.0-beta.1
[INFO] running `Command { std: CARGO_HOME="/workspace/cargo-home" RUSTUP_HOME="/workspace/rustup-home" "/workspace/cargo-home/bin/cargo" "+1.99.0-beta.1" "metadata" "--manifest-path" "Cargo.toml" "--no-deps", kill_on_drop: false }`
[INFO] crate git repo https://github.com/daybrite/day already has a lockfile, it will not be regenerated
[INFO] running `Command { std: CARGO_HOME="/workspace/cargo-home" RUSTUP_HOME="/workspace/rustup-home" "/workspace/cargo-home/bin/cargo" "+1.99.0-beta.1" "fetch" "--manifest-path" "Cargo.toml", kill_on_drop: false }`
[INFO] [stderr]     Blocking waiting for file lock on package cache
[INFO] [stderr]     Blocking waiting for file lock on package cache
[ERROR] error running command: no output for 300 seconds
[INFO] testing daybrite/day against 1.99.0-beta.1+cargoflags=--release for beta-release-1.99-2
[INFO] running `Command { std: "git" "clone" "/workspace/cache/git-repos/https%3A%2F%2Fgithub.com%2Fdaybrite%2Fday" "/workspace/builds/worker-0-tc2/source", kill_on_drop: false }`
[INFO] [stderr] Cloning into '/workspace/builds/worker-0-tc2/source'...
[INFO] [stderr] done.
[INFO] started tweaking git repo https://github.com/daybrite/day
[INFO] finished tweaking git repo https://github.com/daybrite/day
[INFO] tweaked toml for git repo https://github.com/daybrite/day written to /workspace/builds/worker-0-tc2/source/Cargo.toml
[INFO] validating manifest of git repo https://github.com/daybrite/day on toolchain 1.99.0-beta.1
[INFO] running `Command { std: CARGO_HOME="/workspace/cargo-home" RUSTUP_HOME="/workspace/rustup-home" "/workspace/cargo-home/bin/cargo" "+1.99.0-beta.1" "metadata" "--manifest-path" "Cargo.toml" "--no-deps", kill_on_drop: false }`
[INFO] crate git repo https://github.com/daybrite/day already has a lockfile, it will not be regenerated
[INFO] running `Command { std: CARGO_HOME="/workspace/cargo-home" RUSTUP_HOME="/workspace/rustup-home" "/workspace/cargo-home/bin/cargo" "+1.99.0-beta.1" "fetch" "--manifest-path" "Cargo.toml", kill_on_drop: false }`
[INFO] [stderr]     Blocking waiting for file lock on package cache
[ERROR] error running command: no output for 300 seconds
[INFO] testing daybrite/day against 1.99.0-beta.1+cargoflags=--release for beta-release-1.99-2
[INFO] running `Command { std: "git" "clone" "/workspace/cache/git-repos/https%3A%2F%2Fgithub.com%2Fdaybrite%2Fday" "/workspace/builds/worker-0-tc2/source", kill_on_drop: false }`
[INFO] [stderr] Cloning into '/workspace/builds/worker-0-tc2/source'...
[INFO] [stderr] done.
[INFO] started tweaking git repo https://github.com/daybrite/day
[INFO] finished tweaking git repo https://github.com/daybrite/day
[INFO] tweaked toml for git repo https://github.com/daybrite/day written to /workspace/builds/worker-0-tc2/source/Cargo.toml
[INFO] validating manifest of git repo https://github.com/daybrite/day on toolchain 1.99.0-beta.1
[INFO] running `Command { std: CARGO_HOME="/workspace/cargo-home" RUSTUP_HOME="/workspace/rustup-home" "/workspace/cargo-home/bin/cargo" "+1.99.0-beta.1" "metadata" "--manifest-path" "Cargo.toml" "--no-deps", kill_on_drop: false }`
[INFO] crate git repo https://github.com/daybrite/day already has a lockfile, it will not be regenerated
[INFO] running `Command { std: CARGO_HOME="/workspace/cargo-home" RUSTUP_HOME="/workspace/rustup-home" "/workspace/cargo-home/bin/cargo" "+1.99.0-beta.1" "fetch" "--manifest-path" "Cargo.toml", kill_on_drop: false }`
[INFO] [stderr]     Blocking waiting for file lock on package cache
[ERROR] error running command: no output for 300 seconds
[INFO] testing daybrite/day against 1.99.0-beta.1+cargoflags=--release for beta-release-1.99-2
[INFO] running `Command { std: "git" "clone" "/workspace/cache/git-repos/https%3A%2F%2Fgithub.com%2Fdaybrite%2Fday" "/workspace/builds/worker-0-tc2/source", kill_on_drop: false }`
[INFO] [stderr] Cloning into '/workspace/builds/worker-0-tc2/source'...
[INFO] [stderr] done.
[INFO] started tweaking git repo https://github.com/daybrite/day
[INFO] finished tweaking git repo https://github.com/daybrite/day
[INFO] tweaked toml for git repo https://github.com/daybrite/day written to /workspace/builds/worker-0-tc2/source/Cargo.toml
[INFO] validating manifest of git repo https://github.com/daybrite/day on toolchain 1.99.0-beta.1
[INFO] running `Command { std: CARGO_HOME="/workspace/cargo-home" RUSTUP_HOME="/workspace/rustup-home" "/workspace/cargo-home/bin/cargo" "+1.99.0-beta.1" "metadata" "--manifest-path" "Cargo.toml" "--no-deps", kill_on_drop: false }`
[INFO] crate git repo https://github.com/daybrite/day already has a lockfile, it will not be regenerated
[INFO] running `Command { std: CARGO_HOME="/workspace/cargo-home" RUSTUP_HOME="/workspace/rustup-home" "/workspace/cargo-home/bin/cargo" "+1.99.0-beta.1" "fetch" "--manifest-path" "Cargo.toml", kill_on_drop: false }`
[INFO] [stderr]     Blocking waiting for file lock on package cache
[ERROR] error running command: no output for 300 seconds
[INFO] testing daybrite/day against 1.99.0-beta.1+cargoflags=--release for beta-release-1.99-2
[INFO] running `Command { std: "git" "clone" "/workspace/cache/git-repos/https%3A%2F%2Fgithub.com%2Fdaybrite%2Fday" "/workspace/builds/worker-0-tc2/source", kill_on_drop: false }`
[INFO] [stderr] Cloning into '/workspace/builds/worker-0-tc2/source'...
[INFO] [stderr] done.
[INFO] started tweaking git repo https://github.com/daybrite/day
[INFO] finished tweaking git repo https://github.com/daybrite/day
[INFO] tweaked toml for git repo https://github.com/daybrite/day written to /workspace/builds/worker-0-tc2/source/Cargo.toml
[INFO] validating manifest of git repo https://github.com/daybrite/day on toolchain 1.99.0-beta.1
[INFO] running `Command { std: CARGO_HOME="/workspace/cargo-home" RUSTUP_HOME="/workspace/rustup-home" "/workspace/cargo-home/bin/cargo" "+1.99.0-beta.1" "metadata" "--manifest-path" "Cargo.toml" "--no-deps", kill_on_drop: false }`
[INFO] crate git repo https://github.com/daybrite/day already has a lockfile, it will not be regenerated
[INFO] running `Command { std: CARGO_HOME="/workspace/cargo-home" RUSTUP_HOME="/workspace/rustup-home" "/workspace/cargo-home/bin/cargo" "+1.99.0-beta.1" "fetch" "--manifest-path" "Cargo.toml", kill_on_drop: false }`
[INFO] [stderr]     Blocking waiting for file lock on package cache
[INFO] [stderr]     Blocking waiting for file lock on package cache
[INFO] [stderr]  Downloading crates ...
[INFO] [stderr]   Downloaded unic-langid v0.9.6
[INFO] [stderr]   Downloaded zerovec v0.11.7
[INFO] [stderr]   Downloaded zerovec-derive v0.11.5
[INFO] [stderr]   Downloaded fluent-bundle v0.16.0
[INFO] [stderr]   Downloaded linkme-impl v0.3.37
[INFO] [stderr]   Downloaded icu_locale_fallback_data v2.3.0
[INFO] [stderr]   Downloaded fluent-langneg v0.13.1
[INFO] [stderr]   Downloaded icu_plurals_data v2.3.0
[INFO] [stderr]   Downloaded type-map v0.5.1
[INFO] [stderr]   Downloaded icu_calendar_data v2.3.0
[INFO] [stderr]   Downloaded intl_pluralrules v7.0.2
[INFO] [stderr]   Downloaded intl-memoizer v0.5.3
[INFO] [stderr]   Downloaded graphene-sys v0.22.8
[INFO] [stderr]   Downloaded gsk4-sys v0.11.4
[INFO] [stderr]   Downloaded embedded-io v0.6.1
[INFO] [stderr]   Downloaded hmac-sha1-compact v1.1.7
[INFO] [stderr]   Downloaded gdk4-sys v0.11.4
[INFO] [stderr]   Downloaded embedded-io v0.4.0
[INFO] [stderr]   Downloaded oxc_compat v0.147.0
[INFO] [stderr]   Downloaded svgtypes v0.16.1
[INFO] [stderr]   Downloaded cow-utils v0.1.3
[INFO] [stderr]   Downloaded icu_time_data v2.3.0
[INFO] [stderr]   Downloaded icu_decimal_data v2.3.0
[INFO] [stderr]   Downloaded icu_decimal v2.3.0
[INFO] [stderr]   Downloaded fluent-syntax v0.12.0
[INFO] [stderr]   Downloaded linkme v0.3.37
[INFO] [stderr]   Downloaded icu_locale_fallback v2.3.0
[INFO] [stderr]   Downloaded unic-langid-impl v0.9.6
[INFO] [stderr]   Downloaded gdk-pixbuf-sys v0.22.0
[INFO] [stderr]   Downloaded relative-path v2.0.1
[INFO] [stderr]   Downloaded javascriptcore6-sys v0.6.0
[INFO] [stderr]   Downloaded oxc_index v5.0.0
[INFO] [stderr]   Downloaded phf v0.14.0
[INFO] [stderr]   Downloaded phf_shared v0.14.0
[INFO] [stderr]   Downloaded phf_macros v0.14.0
[INFO] [stderr]   Downloaded oxc_str v0.147.0
[INFO] [stderr]   Downloaded oxc_estree v0.147.0
[INFO] [stderr]   Downloaded oxc_span v0.147.0
[INFO] [stderr]   Downloaded oxc_ast_macros v0.147.0
[INFO] [stderr]   Downloaded smawk v0.3.3
[INFO] [stderr]   Downloaded owo-colors v4.3.0
[INFO] [stderr]   Downloaded json-escape-simd v3.1.1
[INFO] [stderr]   Downloaded pest_derive v2.8.7
[INFO] [stderr]   Downloaded num-order v1.2.0
[INFO] [stderr]   Downloaded icu_pattern v0.5.0
[INFO] [stderr]   Downloaded rustls-pki-types v1.15.0
[INFO] [stderr]   Downloaded objc2-core-video v0.3.2
[INFO] [stderr]   Downloaded toml_writer v1.1.2+spec-1.1.0
[INFO] [stderr]   Downloaded rquickjs v0.12.2
[INFO] [stderr]   Downloaded rquickjs-macro v0.12.2
[INFO] [stderr]   Downloaded glob v0.3.4
[INFO] [stderr]   Downloaded str_indices v0.4.4
[INFO] [stderr]   Downloaded pest_generator v2.8.7
[INFO] [stderr]   Downloaded imagesize v0.15.0
[INFO] [stderr]   Downloaded jiff-tzdb-platform v0.1.3
[INFO] [stderr]   Downloaded defmt-macros v1.1.1
[INFO] [stderr]   Downloaded javascriptcore6 v0.6.0
[INFO] [stderr]   Downloaded pango-sys v0.22.0
[INFO] [stderr]   Downloaded cairo-sys-rs v0.22.0
[INFO] [stderr]   Downloaded oxc_diagnostics v0.147.0
[INFO] [stderr]   Downloaded oxc_sourcemap v8.1.2
[INFO] [stderr]   Downloaded convert_case v0.11.0
[INFO] [stderr]   Downloaded oxc_syntax v0.147.0
[INFO] [stderr]   Downloaded unicode-id-start v1.4.0
[INFO] [stderr]   Downloaded phf_generator v0.14.0
[INFO] [stderr]   Downloaded hybrid-array v0.4.13
[INFO] [stderr]   Downloaded pest_meta v2.8.7
[INFO] [stderr]   Downloaded tiny-skia-path v0.12.0
[INFO] [stderr]   Downloaded arrayvec v0.7.8
[INFO] [stderr]   Downloaded gobject-sys v0.22.6
[INFO] [stderr]   Downloaded gtk4-macros v0.11.4
[INFO] [stderr]   Downloaded graphene-rs v0.22.8
[INFO] [stderr]   Downloaded objc2-av-kit v0.3.2
[INFO] [stderr]   Downloaded uuid v1.26.0
[INFO] [stderr]   Downloaded icu_time v2.3.0
[INFO] [stderr]   Downloaded icu_plurals v2.3.0
[INFO] [stderr]   Downloaded ureq-proto v0.6.1
[INFO] [stderr]   Downloaded toml_parser v1.1.3+spec-1.1.0
[INFO] [stderr]   Downloaded dragonbox_ecma v0.1.12
[INFO] [stderr]   Downloaded gdk-pixbuf v0.22.0
[INFO] [stderr]   Downloaded objc2-map-kit v0.3.2
[INFO] [stderr]   Downloaded jiff-static v0.2.35
[INFO] [stderr]   Downloaded gtk4-sys v0.11.4
[INFO] [stderr]   Downloaded objc2-media-toolbox v0.3.2
[INFO] [stderr]   Downloaded objc2-image-io v0.3.2
[INFO] [stderr]   Downloaded soup3-sys v0.9.0
[INFO] [stderr]   Downloaded objc2-core-motion v0.3.2
[INFO] [stderr]   Downloaded gsk4 v0.11.4
[INFO] [stderr]   Downloaded libadwaita-sys v0.9.2
[INFO] [stderr]   Downloaded oxc_data_structures v0.147.0
[INFO] [stderr]   Downloaded oxc_regular_expression v0.147.0
[INFO] [stderr]   Downloaded icu_provider v2.3.0
[INFO] [stderr]   Downloaded oxc_ecmascript v0.147.0
[INFO] [stderr]   Downloaded oxc_ast_visit v0.147.0
[INFO] [stderr]   Downloaded oxc_codegen v0.147.0
[INFO] [stderr]   Downloaded openssl-sys v0.9.117
[INFO] [stderr]   Downloaded num-modular v0.6.4
[INFO] [stderr]   Downloaded bytemuck v1.25.2
[INFO] [stderr]   Downloaded roxmltree v0.21.1
[INFO] [stderr]   Downloaded toml v1.1.4+spec-1.1.0
[INFO] [stderr]   Downloaded toml_edit v0.25.13+spec-1.1.0
[INFO] [stderr]   Downloaded resvg v0.48.1
[INFO] [stderr]   Downloaded webkit6-sys v0.6.0
[INFO] [stderr]   Downloaded objc2-javascript-core v0.3.2
[INFO] [stderr]   Downloaded base64 v0.23.1
[INFO] [stderr]   Downloaded pango v0.22.8
[INFO] [stderr]   Downloaded cfg-expr v0.20.8
[INFO] [stderr]   Downloaded cairo-rs v0.22.0
[INFO] [stderr]   Downloaded jiff-tzdb v0.1.8
[INFO] [stderr]   Downloaded defmt v1.1.1
[INFO] [stderr]   Downloaded webkit6 v0.6.1
[INFO] [stderr]   Downloaded glib-sys v0.22.8
[INFO] [stderr]   Downloaded glib-macros v0.22.6
[INFO] [stderr]   Downloaded oxc_semantic v0.147.0
[INFO] [stderr]   Downloaded oxc_traverse v0.147.0
[INFO] [stderr]   Downloaded compact_str v0.10.0
[INFO] [stderr]   Downloaded handlebars v6.4.4
[INFO] [stderr]   Downloaded ropey v1.6.1
[INFO] [stderr]   Downloaded num-bigint v0.5.1
[INFO] [stderr]   Downloaded pest v2.8.7
[INFO] [stderr]   Downloaded gio-sys v0.22.8
[INFO] [stderr]   Downloaded gdk4 v0.11.4
[INFO] [stderr]   Downloaded ureq v3.4.0
[INFO] [stderr]   Downloaded oxc_allocator v0.147.0
[INFO] [stderr]   Downloaded oxc-browserslist v5.0.1
[INFO] [stderr]   Downloaded usvg v0.48.1
[INFO] [stderr]   Downloaded objc2-core-media v0.3.2
[INFO] [stderr]   Downloaded rquickjs-core v0.12.2
[INFO] [stderr]   Downloaded jiff-core v0.1.0
[INFO] [stderr]   Downloaded libadwaita v0.9.2
[INFO] [stderr]   Downloaded objc2-security v0.3.2
[INFO] [stderr]   Downloaded gio v0.22.8
[INFO] [stderr]   Downloaded rusqlite v0.40.2
[INFO] [stderr]   Downloaded webpki-roots v1.0.8
[INFO] [stderr]   Downloaded oxc_parser v0.147.0
[INFO] [stderr]   Downloaded oxc_transformer v0.147.0
[INFO] [stderr]   Downloaded oxc_ast v0.147.0
[INFO] [stderr]   Downloaded icu_datetime v2.3.0
[INFO] [stderr]   Downloaded tiny-skia v0.12.0
[INFO] [stderr]   Downloaded simd_cesu8 v1.2.0
[INFO] [stderr]   Downloaded glib v0.22.8
[INFO] [stderr]   Downloaded rustls v0.23.42
[INFO] [stderr]   Downloaded objc2-av-foundation v0.3.2
[INFO] [stderr]   Downloaded jiff v0.2.35
[INFO] [stderr]   Downloaded gtk4 v0.11.4
[INFO] [stderr]   Downloaded icu_calendar v2.3.0
[INFO] [stderr]   Downloaded rquickjs-sys v0.12.2
[INFO] [stderr]   Downloaded soup3 v0.9.0
[INFO] [stderr]   Downloaded icu_datetime_data v2.3.0
[INFO] [stderr]   Downloaded libsqlite3-sys v0.38.2
[INFO] [stderr]   Downloaded openssl-src v300.6.1+3.6.3
[INFO] running `Command { std: "docker" "create" "-v" "/var/lib/crater-agent-workspace/builds/worker-0-tc2/source:/opt/rustwide/workdir:ro,Z" "-v" "/var/lib/crater-agent-workspace/builds/worker-0-tc2/target:/opt/rustwide/target:rw,Z" "-v" "/var/lib/crater-agent-workspace/cargo-home:/opt/rustwide/cargo-home:ro,Z" "-v" "/var/lib/crater-agent-workspace/rustup-home:/opt/rustwide/rustup-home:ro,Z" "-m" "1610612736" "--network" "none" "ghcr.io/rust-lang/crates-build-env/linux@sha256:8683fc1fc2eb5c9ac98e0d076ab094b2ffac7f99da555d2b6a2e27f346de2ec7" "sleep" "infinity", kill_on_drop: false }`
[INFO] [stdout] 440351c0ffa8aa2a3f8deffd5b00af25b72fad212e7eb44d433b776a66e21165
[INFO] running `Command { std: "docker" "start" "440351c0ffa8aa2a3f8deffd5b00af25b72fad212e7eb44d433b776a66e21165", kill_on_drop: false }`
[INFO] running `Command { std: "docker" "inspect" "440351c0ffa8aa2a3f8deffd5b00af25b72fad212e7eb44d433b776a66e21165", kill_on_drop: false }`
[INFO] running `Command { std: "docker" "exec" "-e" "SOURCE_DIR=/opt/rustwide/workdir" "-e" "CARGO_HOME=/opt/rustwide/cargo-home" "-e" "RUSTUP_HOME=/opt/rustwide/rustup-home" "-e" "CARGO_TARGET_DIR=/opt/rustwide/target" "-w" "/opt/rustwide/workdir" "--user" "0:0" "440351c0ffa8aa2a3f8deffd5b00af25b72fad212e7eb44d433b776a66e21165" "/opt/rustwide/cargo-home/bin/cargo" "+1.99.0-beta.1" "metadata" "--no-deps" "--format-version=1", kill_on_drop: false }`
[INFO] running `Command { std: "docker" "inspect" "440351c0ffa8aa2a3f8deffd5b00af25b72fad212e7eb44d433b776a66e21165", kill_on_drop: false }`
[INFO] running `Command { std: "docker" "exec" "-e" "SOURCE_DIR=/opt/rustwide/workdir" "-e" "CARGO_HOME=/opt/rustwide/cargo-home" "-e" "RUSTUP_HOME=/opt/rustwide/rustup-home" "-e" "CARGO_TARGET_DIR=/opt/rustwide/target" "-e" "CARGO_INCREMENTAL=0" "-e" "RUST_BACKTRACE=full" "-e" "RUSTFLAGS=--cap-lints=warn" "-e" "RUSTDOCFLAGS=--cap-lints=warn" "-w" "/opt/rustwide/workdir" "--user" "0:0" "440351c0ffa8aa2a3f8deffd5b00af25b72fad212e7eb44d433b776a66e21165" "/opt/rustwide/cargo-home/bin/cargo" "+1.99.0-beta.1" "build" "--frozen" "--message-format=json" "--release", kill_on_drop: false }`
[INFO] [stderr]    Compiling proc-macro2 v1.0.106
[INFO] [stderr]    Compiling unicode-ident v1.0.24
[INFO] [stderr]    Compiling quote v1.0.46
[INFO] [stderr]    Compiling stable_deref_trait v1.2.1
[INFO] [stderr]    Compiling either v1.16.0
[INFO] [stderr]    Compiling litemap v0.8.2
[INFO] [stderr]    Compiling smallvec v1.15.2
[INFO] [stderr]    Compiling icu_locale_fallback_data v2.3.0
[INFO] [stderr]    Compiling log v0.4.34
[INFO] [stderr]    Compiling libm v0.2.16
[INFO] [stderr]    Compiling utf8_iter v1.0.4
[INFO] [stderr]    Compiling memchr v2.8.3
[INFO] [stderr]    Compiling thiserror v2.0.18
[INFO] [stderr]    Compiling icu_properties_data v2.2.0
[INFO] [stderr]    Compiling icu_calendar_data v2.3.0
[INFO] [stderr]    Compiling icu_locale_data v2.2.0
[INFO] [stderr]    Compiling ryu v1.0.23
[INFO] [stderr]    Compiling icu_decimal_data v2.3.0
[INFO] [stderr]    Compiling version_check v0.9.5
[INFO] [stderr]    Compiling icu_normalizer_data v2.2.0
[INFO] [stderr]    Compiling writeable v0.6.4
[INFO] [stderr]    Compiling libc v0.2.189
[INFO] [stderr]    Compiling icu_plurals_data v2.3.0
[INFO] [stderr]    Compiling icu_time_data v2.3.0
[INFO] [stderr]    Compiling crc32fast v1.5.0
[INFO] [stderr]    Compiling icu_segmenter_data v2.2.0
[INFO] [stderr]    Compiling simd-adler32 v0.3.10
[INFO] [stderr]    Compiling icu_collator_data v2.2.0
[INFO] [stderr]    Compiling ixdtf v0.6.5
[INFO] [stderr]    Compiling slotmap v1.1.1
[INFO] [stderr]    Compiling arrayvec v0.7.8
[INFO] [stderr]    Compiling icu_casemap_data v2.2.0
[INFO] [stderr]    Compiling rustc-hash v2.1.3
[INFO] [stderr]    Compiling icu_datetime_data v2.3.0
[INFO] [stderr]    Compiling cfg-if v1.0.4
[INFO] [stderr]    Compiling type-map v0.5.1
[INFO] [stderr]    Compiling serde_core v1.0.229
[INFO] [stderr]    Compiling adler2 v2.0.1
[INFO] [stderr]    Compiling bytemuck v1.25.2
[INFO] [stderr]    Compiling day-fonts v0.4.1 (/opt/rustwide/workdir/crates/day-fonts)
[INFO] [stderr]    Compiling utf16_iter v1.0.5
[INFO] [stderr]    Compiling float-cmp v0.9.0
[INFO] [stderr]    Compiling write16 v1.0.0
[INFO] [stderr]    Compiling miniz_oxide v0.8.9
[INFO] [stderr]    Compiling strict-num v0.1.1
[INFO] [stderr]    Compiling arrayref v0.3.9
[INFO] [stderr]    Compiling utf8parse v0.2.2
[INFO] [stderr]    Compiling day-geometry v0.4.1 (/opt/rustwide/workdir/crates/day-geometry)
[INFO] [stderr]    Compiling self_cell v1.2.2
[INFO] [stderr]    Compiling linkme-impl v0.3.37
[INFO] [stderr]    Compiling tiny-skia-path v0.12.0
[INFO] [stderr]    Compiling anstyle-parse v1.0.0
[INFO] [stderr]    Compiling polycool v0.4.0
[INFO] [stderr]    Compiling fdeflate v0.3.7
[INFO] [stderr]    Compiling is_terminal_polyfill v1.70.2
[INFO] [stderr]    Compiling colorchoice v1.0.5
[INFO] [stderr]    Compiling anstyle-query v1.1.5
[INFO] [stderr]    Compiling syn v2.0.118
[INFO] [stderr]    Compiling syn v3.0.3
[INFO] [stderr]    Compiling siphasher v1.0.3
[INFO] [stderr]    Compiling bitflags v2.13.0
[INFO] [stderr]    Compiling linkme v0.3.37
[INFO] [stderr]    Compiling anstyle v1.0.14
[INFO] [stderr]    Compiling flate2 v1.1.9
[INFO] [stderr]    Compiling anstream v1.0.0
[INFO] [stderr]    Compiling roxmltree v0.21.1
[INFO] [stderr]    Compiling kurbo v0.13.1
[INFO] [stderr]    Compiling core_maths v0.1.1
[INFO] [stderr]    Compiling simplecss v0.2.2
[INFO] [stderr]    Compiling winnow v1.0.4
[INFO] [stderr]    Compiling pico-args v0.5.0
[INFO] [stderr]    Compiling day-reactive v0.4.1 (/opt/rustwide/workdir/crates/day-reactive)
[INFO] [stderr]    Compiling png v0.18.1
[INFO] [stderr]    Compiling data-url v0.3.2
[INFO] [stderr]    Compiling imagesize v0.15.0
[INFO] [stderr]    Compiling memmap2 v0.9.11
[INFO] [stderr]    Compiling rgb v0.8.53
[INFO] [stderr]    Compiling shlex v2.0.1
[INFO] [stderr]    Compiling toml_writer v1.1.2+spec-1.1.0
[INFO] [stderr]    Compiling day-spec v0.4.1 (/opt/rustwide/workdir/crates/day-spec)
[INFO] [stderr]    Compiling toml_parser v1.1.3+spec-1.1.0
[INFO] [stderr]    Compiling find-msvc-tools v0.1.11
[INFO] [stderr]    Compiling cc v1.4.4
[INFO] [stderr]    Compiling svgtypes v0.16.1
[INFO] [stderr]    Compiling usvg v0.48.1
[INFO] [stderr]    Compiling synstructure v0.13.2
[INFO] [stderr]    Compiling tiny-skia v0.12.0
[INFO] [stderr]    Compiling displaydoc v0.2.6
[INFO] [stderr]    Compiling thiserror-impl v2.0.18
[INFO] [stderr]    Compiling zerofrom-derive v0.1.7
[INFO] [stderr]    Compiling yoke-derive v0.8.2
[INFO] [stderr]    Compiling day-mock v0.4.1 (/opt/rustwide/workdir/crates/day-mock)
[INFO] [stderr]    Compiling fixed_decimal v0.7.2
[INFO] [stderr]    Compiling calendrical_calculations v0.2.4
[INFO] [stderr]    Compiling zerofrom v0.1.8
[INFO] [stderr]    Compiling yoke v0.8.3
[INFO] [stderr]    Compiling zerovec-derive v0.11.5
[INFO] [stderr]    Compiling zerotrie v0.2.5
[INFO] [stderr]    Compiling fluent-syntax v0.12.0
[INFO] [stderr]    Compiling toml_datetime v1.1.1+spec-1.1.0
[INFO] [stderr]    Compiling serde_spanned v1.1.1
[INFO] [stderr]    Compiling toml v1.1.4+spec-1.1.0
[INFO] [stderr]    Compiling resvg v0.48.1
[INFO] [stderr]    Compiling zerovec v0.11.7
[INFO] [stderr]    Compiling day-vector v0.4.1 (/opt/rustwide/workdir/crates/day-vector)
[INFO] [stderr]    Compiling day-build v0.4.1 (/opt/rustwide/workdir/crates/day-build)
[INFO] [stderr]    Compiling tinystr v0.8.4
[INFO] [stderr]    Compiling potential_utf v0.1.5
[INFO] [stderr]    Compiling icu_pattern v0.5.0
[INFO] [stderr]    Compiling icu_collections v2.2.0
[INFO] [stderr]    Compiling icu_locale_core v2.3.0
[INFO] [stderr]    Compiling unic-langid-impl v0.9.6
[INFO] [stderr]    Compiling unic-langid v0.9.6
[INFO] [stderr]    Compiling intl_pluralrules v7.0.2
[INFO] [stderr]    Compiling fluent-langneg v0.13.1
[INFO] [stderr]    Compiling intl-memoizer v0.5.3
[INFO] [stderr]    Compiling fluent-bundle v0.16.0
[INFO] [stderr]    Compiling icu_provider v2.3.0
[INFO] [stderr]    Compiling icu_locale_fallback v2.3.0
[INFO] [stderr]    Compiling icu_properties v2.2.0
[INFO] [stderr]    Compiling icu_locale v2.2.0
[INFO] [stderr]    Compiling icu_normalizer v2.2.0
[INFO] [stderr]    Compiling icu_calendar v2.3.0
[INFO] [stderr]    Compiling icu_decimal v2.3.0
[INFO] [stderr]    Compiling icu_plurals v2.3.0
[INFO] [stderr]    Compiling icu_segmenter v2.2.0
[INFO] [stderr]    Compiling icu_casemap v2.2.0
[INFO] [stderr]    Compiling icu_collator v2.2.1
[INFO] [stderr]    Compiling icu_time v2.3.0
[INFO] [stderr]    Compiling icu_datetime v2.3.0
[INFO] [stderr]    Compiling day-l10n v0.4.1 (/opt/rustwide/workdir/crates/day-l10n)
[INFO] [stderr]    Compiling day-core v0.4.1 (/opt/rustwide/workdir/crates/day-core)
[INFO] [stderr]    Compiling day-pieces v0.4.1 (/opt/rustwide/workdir/crates/day-pieces)
[INFO] [stderr]    Compiling day-fluent v0.4.1 (/opt/rustwide/workdir/crates/day-fluent)
[INFO] [stderr]     Finished `release` profile [optimized] target(s) in 1m 11s
[INFO] running `Command { std: "docker" "inspect" "440351c0ffa8aa2a3f8deffd5b00af25b72fad212e7eb44d433b776a66e21165", kill_on_drop: false }`
[INFO] running `Command { std: "docker" "exec" "-e" "SOURCE_DIR=/opt/rustwide/workdir" "-e" "CARGO_HOME=/opt/rustwide/cargo-home" "-e" "RUSTUP_HOME=/opt/rustwide/rustup-home" "-e" "CARGO_TARGET_DIR=/opt/rustwide/target" "-e" "CARGO_INCREMENTAL=0" "-e" "RUST_BACKTRACE=full" "-e" "RUSTFLAGS=--cap-lints=warn" "-e" "RUSTDOCFLAGS=--cap-lints=warn" "-w" "/opt/rustwide/workdir" "--user" "0:0" "440351c0ffa8aa2a3f8deffd5b00af25b72fad212e7eb44d433b776a66e21165" "/opt/rustwide/cargo-home/bin/cargo" "+1.99.0-beta.1" "test" "--frozen" "--no-run" "--message-format=json" "--release", kill_on_drop: false }`
[INFO] [stderr]    Compiling day-macros v0.4.1 (/opt/rustwide/workdir/crates/day-macros)
[INFO] [stderr]    Compiling day-mock v0.4.1 (/opt/rustwide/workdir/crates/day-mock)
[INFO] [stderr]    Compiling day-spec v0.4.1 (/opt/rustwide/workdir/crates/day-spec)
[INFO] [stderr]    Compiling day-reactive v0.4.1 (/opt/rustwide/workdir/crates/day-reactive)
[INFO] [stderr]    Compiling day-fonts v0.4.1 (/opt/rustwide/workdir/crates/day-fonts)
[INFO] [stderr]    Compiling day-geometry v0.4.1 (/opt/rustwide/workdir/crates/day-geometry)
[INFO] [stderr]    Compiling day-build v0.4.1 (/opt/rustwide/workdir/crates/day-build)
[INFO] [stderr]    Compiling day-vector v0.4.1 (/opt/rustwide/workdir/crates/day-vector)
[INFO] [stderr]    Compiling day-l10n v0.4.1 (/opt/rustwide/workdir/crates/day-l10n)
[INFO] [stderr]    Compiling day-core v0.4.1 (/opt/rustwide/workdir/crates/day-core)
[INFO] [stderr]    Compiling day-fluent v0.4.1 (/opt/rustwide/workdir/crates/day-fluent)
[INFO] [stderr]    Compiling day-pieces v0.4.1 (/opt/rustwide/workdir/crates/day-pieces)
[INFO] [stderr] error: could not compile `day-l10n` (test "intl")
[INFO] [stderr] 
[INFO] [stderr] Caused by:
[INFO] [stderr]   process didn't exit successfully: `/opt/rustwide/rustup-home/toolchains/1.99.0-beta.1-x86_64-unknown-linux-gnu/bin/rustc --crate-name intl --edition=2024 crates/day-l10n/tests/intl.rs --error-format=json --json=diagnostic-rendered-ansi,artifacts,future-incompat --emit=dep-info,link -C opt-level=3 -C lto=fat -C codegen-units=1 --test --check-cfg 'cfg(docsrs,test)' --check-cfg 'cfg(feature, values())' -C metadata=a8966a6c655224c7 -C extra-filename=-90ac70bfd328fb78 --out-dir /opt/rustwide/target/release/deps -C strip=debuginfo -L dependency=/opt/rustwide/target/release/deps --extern day_l10n=/opt/rustwide/target/release/deps/libday_l10n-5b6b38b5ac97f0e9.rlib --extern day_reactive=/opt/rustwide/target/release/deps/libday_reactive-e065ce62980bbc12.rlib --extern fluent_bundle=/opt/rustwide/target/release/deps/libfluent_bundle-5e065730e62b7384.rlib --extern icu_calendar=/opt/rustwide/target/release/deps/libicu_calendar-807bdee6d79118c6.rlib --extern icu_casemap=/opt/rustwide/target/release/deps/libicu_casemap-73218b452e28a436.rlib --extern icu_collator=/opt/rustwide/target/release/deps/libicu_collator-f9a848a00334b020.rlib --extern icu_datetime=/opt/rustwide/target/release/deps/libicu_datetime-1c7519b836fea095.rlib --extern icu_decimal=/opt/rustwide/target/release/deps/libicu_decimal-0dff3f6b85b70ebf.rlib --extern icu_locale_core=/opt/rustwide/target/release/deps/libicu_locale_core-32a613a6911f7a7f.rlib --extern icu_segmenter=/opt/rustwide/target/release/deps/libicu_segmenter-e38c4637ca89652f.rlib --extern icu_time=/opt/rustwide/target/release/deps/libicu_time-3e2574e133c09b15.rlib --extern intl_memoizer=/opt/rustwide/target/release/deps/libintl_memoizer-10fb6384d7b5be7f.rlib --extern log=/opt/rustwide/target/release/deps/liblog-47cc6b7fd1d0df88.rlib --extern unic_langid=/opt/rustwide/target/release/deps/libunic_langid-53723f69e7a949b7.rlib --cap-lints=warn` (signal: 9, SIGKILL: kill)
[INFO] [stderr] warning: build failed, waiting for other jobs to finish...
[INFO] [stderr] error: could not compile `day-core` (test "logging_smoke")
[INFO] [stderr] 
[INFO] [stderr] Caused by:
[INFO] [stderr]   process didn't exit successfully: `/opt/rustwide/rustup-home/toolchains/1.99.0-beta.1-x86_64-unknown-linux-gnu/bin/rustc --crate-name logging_smoke --edition=2024 crates/day-core/tests/logging_smoke.rs --error-format=json --json=diagnostic-rendered-ansi,artifacts,future-incompat --emit=dep-info,link -C opt-level=3 -C lto=fat -C codegen-units=1 --test --check-cfg 'cfg(docsrs,test)' --check-cfg 'cfg(feature, values())' -C metadata=86ab15c9cdb80eeb -C extra-filename=-0c616f5ca6c3232f --out-dir /opt/rustwide/target/release/deps -C strip=debuginfo -L dependency=/opt/rustwide/target/release/deps --extern anstream=/opt/rustwide/target/release/deps/libanstream-bee2979e1e95f09e.rlib --extern anstyle=/opt/rustwide/target/release/deps/libanstyle-37ce201fc217ecff.rlib --extern day_core=/opt/rustwide/target/release/deps/libday_core-b1e1990725f16083.rlib --extern day_geometry=/opt/rustwide/target/release/deps/libday_geometry-c5c50056529ecea6.rlib --extern day_l10n=/opt/rustwide/target/release/deps/libday_l10n-5b6b38b5ac97f0e9.rlib --extern day_mock=/opt/rustwide/target/release/deps/libday_mock-96396e447e31fd52.rlib --extern day_reactive=/opt/rustwide/target/release/deps/libday_reactive-e065ce62980bbc12.rlib --extern day_spec=/opt/rustwide/target/release/deps/libday_spec-05a3f78f4305d96c.rlib --extern log=/opt/rustwide/target/release/deps/liblog-47cc6b7fd1d0df88.rlib --extern slotmap=/opt/rustwide/target/release/deps/libslotmap-203ab3a829e81c0f.rlib --cap-lints=warn` (signal: 9, SIGKILL: kill)
[INFO] [stderr] error: could not compile `day-fluent` (lib test)
[INFO] [stderr] 
[INFO] [stderr] Caused by:
[INFO] [stderr]   process didn't exit successfully: `/opt/rustwide/rustup-home/toolchains/1.99.0-beta.1-x86_64-unknown-linux-gnu/bin/rustc --crate-name day_fluent --edition=2024 crates/day-fluent/src/lib.rs --error-format=json --json=diagnostic-rendered-ansi,artifacts,future-incompat --emit=dep-info,link -C opt-level=3 -C lto=fat -C codegen-units=1 --test --check-cfg 'cfg(docsrs,test)' --check-cfg 'cfg(feature, values())' -C metadata=b70ff12078326ddb -C extra-filename=-677b7df3f067ce42 --out-dir /opt/rustwide/target/release/deps -C strip=debuginfo -L dependency=/opt/rustwide/target/release/deps --extern day_core=/opt/rustwide/target/release/deps/libday_core-b1e1990725f16083.rlib --extern day_l10n=/opt/rustwide/target/release/deps/libday_l10n-5b6b38b5ac97f0e9.rlib --extern day_pieces=/opt/rustwide/target/release/deps/libday_pieces-ba046b86529215c5.rlib --cap-lints=warn` (signal: 9, SIGKILL: kill)
[INFO] [stderr] error: could not compile `day-build` (lib test)
[INFO] [stderr] 
[INFO] [stderr] Caused by:
[INFO] [stderr]   process didn't exit successfully: `/opt/rustwide/rustup-home/toolchains/1.99.0-beta.1-x86_64-unknown-linux-gnu/bin/rustc --crate-name day_build --edition=2024 crates/day-build/src/lib.rs --error-format=json --json=diagnostic-rendered-ansi,artifacts,future-incompat --emit=dep-info,link -C opt-level=3 -C lto=fat -C codegen-units=1 --test --check-cfg 'cfg(docsrs,test)' --check-cfg 'cfg(feature, values())' -C metadata=1cdb1f693a8410dc -C extra-filename=-788cd51a60383594 --out-dir /opt/rustwide/target/release/deps -C strip=debuginfo -L dependency=/opt/rustwide/target/release/deps --extern cc=/opt/rustwide/target/release/deps/libcc-70f7265657508e41.rlib --extern day_fonts=/opt/rustwide/target/release/deps/libday_fonts-7e21233f05a00402.rlib --extern fluent_syntax=/opt/rustwide/target/release/deps/libfluent_syntax-777add67dd746b4b.rlib --extern toml=/opt/rustwide/target/release/deps/libtoml-0ae5079ee3cff66a.rlib --cap-lints=warn` (signal: 9, SIGKILL: kill)
[INFO] [stderr] error: could not compile `day-vector` (lib test)
[INFO] [stderr] 
[INFO] [stderr] Caused by:
[INFO] [stderr]   process didn't exit successfully: `/opt/rustwide/rustup-home/toolchains/1.99.0-beta.1-x86_64-unknown-linux-gnu/bin/rustc --crate-name day_vector --edition=2024 crates/day-vector/src/lib.rs --error-format=json --json=diagnostic-rendered-ansi,artifacts,future-incompat --emit=dep-info,link -C opt-level=3 -C lto=fat -C codegen-units=1 --test --check-cfg 'cfg(docsrs,test)' --check-cfg 'cfg(feature, values())' -C metadata=43e7c7504830959e -C extra-filename=-86f405eb015a0b43 --out-dir /opt/rustwide/target/release/deps -C strip=debuginfo -L dependency=/opt/rustwide/target/release/deps --extern resvg=/opt/rustwide/target/release/deps/libresvg-0cceebfc610eeeae.rlib --extern roxmltree=/opt/rustwide/target/release/deps/libroxmltree-c0211acf3a9ca5e7.rlib --extern tiny_skia=/opt/rustwide/target/release/deps/libtiny_skia-a331e324a351695b.rlib --cap-lints=warn` (signal: 9, SIGKILL: kill)
[INFO] [stderr] error: could not compile `day-pieces` (lib test)
[INFO] [stderr] 
[INFO] [stderr] Caused by:
[INFO] [stderr]   process didn't exit successfully: `/opt/rustwide/rustup-home/toolchains/1.99.0-beta.1-x86_64-unknown-linux-gnu/bin/rustc --crate-name day_pieces --edition=2024 crates/day-pieces/src/lib.rs --error-format=json --json=diagnostic-rendered-ansi,artifacts,future-incompat --emit=dep-info,link -C opt-level=3 -C lto=fat -C codegen-units=1 --test --check-cfg 'cfg(docsrs,test)' --check-cfg 'cfg(feature, values("dyn-registry", "model"))' -C metadata=ad503a80bf32772d -C extra-filename=-c3b36a769f2bb803 --out-dir /opt/rustwide/target/release/deps -C strip=debuginfo -L dependency=/opt/rustwide/target/release/deps --extern day_core=/opt/rustwide/target/release/deps/libday_core-b1e1990725f16083.rlib --extern day_geometry=/opt/rustwide/target/release/deps/libday_geometry-c5c50056529ecea6.rlib --extern day_l10n=/opt/rustwide/target/release/deps/libday_l10n-5b6b38b5ac97f0e9.rlib --extern day_macros=/opt/rustwide/target/release/deps/libday_macros-b3ee3ebb77922071.so --extern day_mock=/opt/rustwide/target/release/deps/libday_mock-96396e447e31fd52.rlib --extern day_reactive=/opt/rustwide/target/release/deps/libday_reactive-e065ce62980bbc12.rlib --extern day_spec=/opt/rustwide/target/release/deps/libday_spec-05a3f78f4305d96c.rlib --extern linkme=/opt/rustwide/target/release/deps/liblinkme-d9d25804c1b7bf5b.rlib --extern log=/opt/rustwide/target/release/deps/liblog-47cc6b7fd1d0df88.rlib --cap-lints=warn` (signal: 9, SIGKILL: kill)
[INFO] [stderr] error: could not compile `day-pieces` (test "list_recycled_ids")
[INFO] [stderr] 
[INFO] [stderr] Caused by:
[INFO] [stderr]   process didn't exit successfully: `/opt/rustwide/rustup-home/toolchains/1.99.0-beta.1-x86_64-unknown-linux-gnu/bin/rustc --crate-name list_recycled_ids --edition=2024 crates/day-pieces/tests/list_recycled_ids.rs --error-format=json --json=diagnostic-rendered-ansi,artifacts,future-incompat --emit=dep-info,link -C opt-level=3 -C lto=fat -C codegen-units=1 --test --check-cfg 'cfg(docsrs,test)' --check-cfg 'cfg(feature, values("dyn-registry", "model"))' -C metadata=038325dcfc61a9ed -C extra-filename=-c99258522afebb9d --out-dir /opt/rustwide/target/release/deps -C strip=debuginfo -L dependency=/opt/rustwide/target/release/deps --extern day_core=/opt/rustwide/target/release/deps/libday_core-b1e1990725f16083.rlib --extern day_geometry=/opt/rustwide/target/release/deps/libday_geometry-c5c50056529ecea6.rlib --extern day_l10n=/opt/rustwide/target/release/deps/libday_l10n-5b6b38b5ac97f0e9.rlib --extern day_macros=/opt/rustwide/target/release/deps/libday_macros-b3ee3ebb77922071.so --extern day_mock=/opt/rustwide/target/release/deps/libday_mock-96396e447e31fd52.rlib --extern day_pieces=/opt/rustwide/target/release/deps/libday_pieces-ba046b86529215c5.rlib --extern day_reactive=/opt/rustwide/target/release/deps/libday_reactive-e065ce62980bbc12.rlib --extern day_spec=/opt/rustwide/target/release/deps/libday_spec-05a3f78f4305d96c.rlib --extern linkme=/opt/rustwide/target/release/deps/liblinkme-d9d25804c1b7bf5b.rlib --extern log=/opt/rustwide/target/release/deps/liblog-47cc6b7fd1d0df88.rlib --cap-lints=warn` (signal: 9, SIGKILL: kill)
[INFO] [stderr] error: could not compile `day-core` (lib test)
[INFO] [stderr] 
[INFO] [stderr] Caused by:
[INFO] [stderr]   process didn't exit successfully: `/opt/rustwide/rustup-home/toolchains/1.99.0-beta.1-x86_64-unknown-linux-gnu/bin/rustc --crate-name day_core --edition=2024 crates/day-core/src/lib.rs --error-format=json --json=diagnostic-rendered-ansi,artifacts,future-incompat --emit=dep-info,link -C opt-level=3 -C lto=fat -C codegen-units=1 --test --check-cfg 'cfg(docsrs,test)' --check-cfg 'cfg(feature, values())' -C metadata=3e832bc1c853b0f3 -C extra-filename=-e006f596c6e72f9d --out-dir /opt/rustwide/target/release/deps -C strip=debuginfo -L dependency=/opt/rustwide/target/release/deps --extern anstream=/opt/rustwide/target/release/deps/libanstream-bee2979e1e95f09e.rlib --extern anstyle=/opt/rustwide/target/release/deps/libanstyle-37ce201fc217ecff.rlib --extern day_geometry=/opt/rustwide/target/release/deps/libday_geometry-c5c50056529ecea6.rlib --extern day_l10n=/opt/rustwide/target/release/deps/libday_l10n-5b6b38b5ac97f0e9.rlib --extern day_mock=/opt/rustwide/target/release/deps/libday_mock-96396e447e31fd52.rlib --extern day_reactive=/opt/rustwide/target/release/deps/libday_reactive-e065ce62980bbc12.rlib --extern day_spec=/opt/rustwide/target/release/deps/libday_spec-05a3f78f4305d96c.rlib --extern log=/opt/rustwide/target/release/deps/liblog-47cc6b7fd1d0df88.rlib --extern slotmap=/opt/rustwide/target/release/deps/libslotmap-203ab3a829e81c0f.rlib --cap-lints=warn` (signal: 9, SIGKILL: kill)
[INFO] running `Command { std: "docker" "inspect" "440351c0ffa8aa2a3f8deffd5b00af25b72fad212e7eb44d433b776a66e21165", kill_on_drop: false }`
[INFO] running `Command { std: "docker" "rm" "-f" "440351c0ffa8aa2a3f8deffd5b00af25b72fad212e7eb44d433b776a66e21165", kill_on_drop: false }`
[INFO] [stdout] 440351c0ffa8aa2a3f8deffd5b00af25b72fad212e7eb44d433b776a66e21165
