[INFO] cloning repository https://github.com/TriedAngle/clowncher
[INFO] running `Command { std: "git" "-c" "credential.helper=" "-c" "credential.helper=/workspace/cargo-home/bin/git-credential-null" "clone" "--bare" "https://github.com/TriedAngle/clowncher" "/workspace/cache/git-repos/https%3A%2F%2Fgithub.com%2FTriedAngle%2Fclowncher", kill_on_drop: false }`
[INFO] [stderr] Cloning into bare repository '/workspace/cache/git-repos/https%3A%2F%2Fgithub.com%2FTriedAngle%2Fclowncher'...
[INFO] running `Command { std: "git" "rev-parse" "HEAD", kill_on_drop: false }`
[INFO] [stdout] 09718a29efaef72b6592ebe92214ab25521d41a8
[INFO] testing TriedAngle/clowncher/09718a29efaef72b6592ebe92214ab25521d41a8 against 1.99.0-beta.1+cargoflags=--release for beta-release-1.99-2
[INFO] running `Command { std: "git" "clone" "/workspace/cache/git-repos/https%3A%2F%2Fgithub.com%2FTriedAngle%2Fclowncher" "/workspace/builds/worker-1-tc2/source", kill_on_drop: false }`
[INFO] [stderr] Cloning into '/workspace/builds/worker-1-tc2/source'...
[INFO] [stderr] done.
[INFO] started tweaking git repo https://github.com/TriedAngle/clowncher
[INFO] finished tweaking git repo https://github.com/TriedAngle/clowncher
[INFO] tweaked toml for git repo https://github.com/TriedAngle/clowncher written to /workspace/builds/worker-1-tc2/source/Cargo.toml
[INFO] validating manifest of git repo https://github.com/TriedAngle/clowncher on toolchain 1.99.0-beta.1
[INFO] running `Command { std: CARGO_HOME="/workspace/cargo-home" RUSTUP_HOME="/workspace/rustup-home" "/workspace/cargo-home/bin/cargo" "+1.99.0-beta.1" "metadata" "--manifest-path" "Cargo.toml" "--no-deps", kill_on_drop: false }`
[INFO] crate git repo https://github.com/TriedAngle/clowncher already has a lockfile, it will not be regenerated
[INFO] running `Command { std: CARGO_HOME="/workspace/cargo-home" RUSTUP_HOME="/workspace/rustup-home" "/workspace/cargo-home/bin/cargo" "+1.99.0-beta.1" "fetch" "--manifest-path" "Cargo.toml", kill_on_drop: false }`
[INFO] running `Command { std: "docker" "create" "-v" "/var/lib/crater-agent-workspace/builds/worker-1-tc2/source:/opt/rustwide/workdir:ro,Z" "-v" "/var/lib/crater-agent-workspace/builds/worker-1-tc2/target:/opt/rustwide/target:rw,Z" "-v" "/var/lib/crater-agent-workspace/cargo-home:/opt/rustwide/cargo-home:ro,Z" "-v" "/var/lib/crater-agent-workspace/rustup-home:/opt/rustwide/rustup-home:ro,Z" "-m" "1610612736" "--network" "none" "ghcr.io/rust-lang/crates-build-env/linux@sha256:8683fc1fc2eb5c9ac98e0d076ab094b2ffac7f99da555d2b6a2e27f346de2ec7" "sleep" "infinity", kill_on_drop: false }`
[INFO] [stdout] 2a7239bc237f9f2a8eb5ed9a24cc1f6c478ae13f24f88fba1a56ffb8bf67416e
[INFO] running `Command { std: "docker" "start" "2a7239bc237f9f2a8eb5ed9a24cc1f6c478ae13f24f88fba1a56ffb8bf67416e", kill_on_drop: false }`
[INFO] running `Command { std: "docker" "inspect" "2a7239bc237f9f2a8eb5ed9a24cc1f6c478ae13f24f88fba1a56ffb8bf67416e", kill_on_drop: false }`
[INFO] running `Command { std: "docker" "exec" "-e" "SOURCE_DIR=/opt/rustwide/workdir" "-e" "CARGO_HOME=/opt/rustwide/cargo-home" "-e" "RUSTUP_HOME=/opt/rustwide/rustup-home" "-e" "CARGO_TARGET_DIR=/opt/rustwide/target" "-w" "/opt/rustwide/workdir" "--user" "0:0" "2a7239bc237f9f2a8eb5ed9a24cc1f6c478ae13f24f88fba1a56ffb8bf67416e" "/opt/rustwide/cargo-home/bin/cargo" "+1.99.0-beta.1" "metadata" "--no-deps" "--format-version=1", kill_on_drop: false }`
[INFO] running `Command { std: "docker" "inspect" "2a7239bc237f9f2a8eb5ed9a24cc1f6c478ae13f24f88fba1a56ffb8bf67416e", kill_on_drop: false }`
[INFO] running `Command { std: "docker" "exec" "-e" "SOURCE_DIR=/opt/rustwide/workdir" "-e" "CARGO_HOME=/opt/rustwide/cargo-home" "-e" "RUSTUP_HOME=/opt/rustwide/rustup-home" "-e" "CARGO_TARGET_DIR=/opt/rustwide/target" "-e" "CARGO_INCREMENTAL=0" "-e" "RUST_BACKTRACE=full" "-e" "RUSTFLAGS=--cap-lints=warn" "-e" "RUSTDOCFLAGS=--cap-lints=warn" "-w" "/opt/rustwide/workdir" "--user" "0:0" "2a7239bc237f9f2a8eb5ed9a24cc1f6c478ae13f24f88fba1a56ffb8bf67416e" "/opt/rustwide/cargo-home/bin/cargo" "+1.99.0-beta.1" "build" "--frozen" "--message-format=json" "--release", kill_on_drop: false }`
[INFO] [stderr]    Compiling libc v0.2.112
[INFO] [stderr]    Compiling cfg-if v1.0.0
[INFO] [stderr]    Compiling autocfg v1.0.1
[INFO] [stderr]    Compiling lazy_static v1.4.0
[INFO] [stderr]    Compiling log v0.4.14
[INFO] [stderr]    Compiling proc-macro2 v1.0.36
[INFO] [stderr]    Compiling unicode-xid v0.2.2
[INFO] [stderr]    Compiling pkg-config v0.3.24
[INFO] [stderr]    Compiling once_cell v1.9.0
[INFO] [stderr]    Compiling memchr v2.4.1
[INFO] [stderr]    Compiling bitflags v1.3.2
[INFO] [stderr]    Compiling scopeguard v1.1.0
[INFO] [stderr]    Compiling xml-rs v0.8.4
[INFO] [stderr]    Compiling cc v1.0.72
[INFO] [stderr]    Compiling syn v1.0.85
[INFO] [stderr]    Compiling version_check v0.9.4
[INFO] [stderr]    Compiling smallvec v1.7.0
[INFO] [stderr]    Compiling byteorder v1.4.3
[INFO] [stderr]    Compiling libloading v0.7.2
[INFO] [stderr]    Compiling pin-project-lite v0.2.8
[INFO] [stderr]    Compiling crossbeam-utils v0.8.5
[INFO] [stderr]    Compiling dlib v0.5.0
[INFO] [stderr]    Compiling cfg-if v0.1.10
[INFO] [stderr]    Compiling semver-parser v0.7.0
[INFO] [stderr]    Compiling nom v7.1.0
[INFO] [stderr]    Compiling memoffset v0.6.5
[INFO] [stderr]    Compiling semver v0.9.0
[INFO] [stderr]    Compiling percent-encoding v2.1.0
[INFO] [stderr]    Compiling wayland-sys v0.29.4
[INFO] [stderr]    Compiling rand_core v0.4.2
[INFO] [stderr]    Compiling autocfg v0.1.7
[INFO] [stderr]    Compiling downcast-rs v1.2.0
[INFO] [stderr]    Compiling scoped-tls v1.0.0
[INFO] [stderr]    Compiling rustc_version v0.2.3
[INFO] [stderr]    Compiling tracing-core v0.1.21
[INFO] [stderr]    Compiling serde_derive v1.0.133
[INFO] [stderr]    Compiling bytes v1.1.0
[INFO] [stderr]    Compiling parking_lot_core v0.8.5
[INFO] [stderr]    Compiling quote v1.0.14
[INFO] [stderr]    Compiling slab v0.4.5
[INFO] [stderr]    Compiling minimal-lexical v0.2.1
[INFO] [stderr]    Compiling crossbeam-epoch v0.9.5
[INFO] [stderr]    Compiling futures-core v0.3.19
[INFO] [stderr]    Compiling matches v0.1.9
[INFO] [stderr]    Compiling openssl v0.10.38
[INFO] [stderr]    Compiling tinyvec_macros v0.1.0
[INFO] [stderr]    Compiling tinyvec v1.5.1
[INFO] [stderr]    Compiling instant v0.1.12
[INFO] [stderr]    Compiling native-tls v0.2.8
[INFO] [stderr]    Compiling serde v1.0.133
[INFO] [stderr]    Compiling maybe-uninit v2.0.0
[INFO] [stderr]    Compiling futures v0.1.31
[INFO] [stderr]    Compiling smithay-client-toolkit v0.15.3
[INFO] [stderr]    Compiling lock_api v0.4.5
[INFO] [stderr]    Compiling httparse v1.5.1
[INFO] [stderr]    Compiling typenum v1.15.0
[INFO] [stderr]    Compiling itoa v1.0.1
[INFO] [stderr]    Compiling tracing v0.1.29
[INFO] [stderr]    Compiling futures-task v0.3.19
[INFO] [stderr]    Compiling unicode-bidi v0.3.7
[INFO] [stderr]    Compiling wayland-scanner v0.29.4
[INFO] [stderr]    Compiling openssl-sys v0.9.72
[INFO] [stderr]    Compiling gl_generator v0.14.0
[INFO] [stderr]    Compiling rayon-core v1.9.1
[INFO] [stderr]    Compiling openssl-probe v0.1.4
[INFO] [stderr]    Compiling crossbeam-deque v0.8.1
[INFO] [stderr]    Compiling parking_lot_core v0.6.2
[INFO] [stderr]    Compiling rand_core v0.3.1
[INFO] [stderr]    Compiling crossbeam-channel v0.5.1
[INFO] [stderr]    Compiling x11-dl v2.19.1
[INFO] [stderr]    Compiling miniz_oxide v0.4.4
[INFO] [stderr]    Compiling indexmap v1.7.0
[INFO] [stderr]    Compiling crossbeam-utils v0.7.2
[INFO] [stderr]    Compiling futures-util v0.3.19
[INFO] [stderr]    Compiling num_cpus v1.13.1
[INFO] [stderr]    Compiling nix v0.22.0
[INFO] [stderr]    Compiling iovec v0.1.4
[INFO] [stderr]    Compiling mio v0.7.14
[INFO] [stderr]    Compiling unicode-normalization v0.1.19
[INFO] [stderr]    Compiling bytes v0.4.12
[INFO] [stderr]    Compiling memmap2 v0.3.1
[INFO] [stderr]    Compiling parking_lot v0.11.2
[INFO] [stderr]    Compiling quick-xml v0.22.0
[INFO] [stderr]    Compiling tokio-io v0.1.13
[INFO] [stderr]    Compiling wayland-client v0.29.4
[INFO] [stderr]    Compiling wayland-protocols v0.29.4
[INFO] [stderr]    Compiling smallvec v0.6.14
[INFO] [stderr]    Compiling http v0.2.6
[INFO] [stderr]    Compiling parking_lot v0.9.0
[INFO] [stderr]    Compiling rayon v1.5.1
[INFO] [stderr]    Compiling ahash v0.7.6
[INFO] [stderr]    Compiling futures-channel v0.3.19
[INFO] [stderr]    Compiling adler v1.0.2
[INFO] [stderr]    Compiling futures-sink v0.3.19
[INFO] [stderr]    Compiling hashbrown v0.11.2
[INFO] [stderr]    Compiling ttf-parser v0.14.0
[INFO] [stderr]    Compiling generic-array v0.12.4
[INFO] [stderr]    Compiling xcursor v0.3.4
[INFO] [stderr]    Compiling xcb v0.10.1
[INFO] [stderr]    Compiling getrandom v0.2.3
[INFO] [stderr]    Compiling net2 v0.2.37
[INFO] [stderr]    Compiling rand_chacha v0.1.1
[INFO] [stderr]    Compiling rand_pcg v0.1.2
[INFO] [stderr]    Compiling num-traits v0.2.14
[INFO] [stderr]    Compiling lock_api v0.3.4
[INFO] [stderr]    Compiling byte-tools v0.3.1
[INFO] [stderr]    Compiling version_check v0.1.5
[INFO] [stderr]    Compiling rustversion v1.0.6
[INFO] [stderr]    Compiling ab_glyph_rasterizer v0.1.5
[INFO] [stderr]    Compiling winit v0.26.1
[INFO] [stderr]    Compiling try-lock v0.2.3
[INFO] [stderr]    Compiling cty v0.2.2
[INFO] [stderr]    Compiling either v1.6.1
[INFO] [stderr]    Compiling itoa v0.4.8
[INFO] [stderr]    Compiling raw-window-handle v0.4.2
[INFO] [stderr]    Compiling want v0.3.0
[INFO] [stderr]    Compiling unicase v1.4.2
[INFO] [stderr]    Compiling http-body v0.4.4
[INFO] [stderr]    Compiling block-padding v0.1.5
[INFO] [stderr]    Compiling mio v0.6.23
[INFO] [stderr]    Compiling tokio-executor v0.1.10
[INFO] [stderr]    Compiling tokio-sync v0.1.8
[INFO] [stderr]    Compiling glutin_glx_sys v0.1.7
[INFO] [stderr]    Compiling glutin_egl_sys v0.1.5
[INFO] [stderr]    Compiling socket2 v0.4.2
[INFO] [stderr]    Compiling wayland-commons v0.29.4
[INFO] [stderr]    Compiling calloop v0.9.3
[INFO] [stderr]    Compiling tokio-macros v1.7.0
[INFO] [stderr]    Compiling owned_ttf_parser v0.14.0
[INFO] [stderr]    Compiling mio v0.8.0
[INFO] [stderr]    Compiling tokio v1.15.0
[INFO] [stderr]    Compiling ab_glyph v0.2.13
[INFO] [stderr]    Compiling backtrace v0.3.63
[INFO] [stderr]    Compiling form_urlencoded v1.0.1
[INFO] [stderr]    Compiling rand v0.6.5
[INFO] [stderr]    Compiling num-integer v0.1.44
[INFO] [stderr]    Compiling emath v0.16.0
[INFO] [stderr]    Compiling ryu v1.0.9
[INFO] [stderr]    Compiling atomic_refcell v0.1.8
[INFO] [stderr]    Compiling serde_json v1.0.74
[INFO] [stderr]    Compiling httpdate v1.0.2
[INFO] [stderr]    Compiling unicode-segmentation v1.8.0
[INFO] [stderr]    Compiling encoding_rs v0.8.30
[INFO] [stderr]    Compiling gimli v0.26.1
[INFO] [stderr]    Compiling tower-service v0.3.1
[INFO] [stderr]    Compiling epaint v0.16.0
[INFO] [stderr]    Compiling tokio-reactor v0.1.12
[INFO] [stderr]    Compiling heck v0.3.3
[INFO] [stderr]    Compiling block-buffer v0.7.3
[INFO] [stderr]    Compiling digest v0.8.1
[INFO] [stderr]    Compiling idna v0.1.5
[INFO] [stderr]    Compiling idna v0.2.3
[INFO] [stderr]    Compiling shared_library v0.1.9
[INFO] [stderr]    Compiling rand_os v0.1.3
[INFO] [stderr]    Compiling wayland-cursor v0.29.4
[INFO] [stderr]    Compiling time v0.1.43
[INFO] [stderr]    Compiling rand_xorshift v0.1.1
[INFO] [stderr]    Compiling rand_hc v0.1.0
[INFO] [stderr]    Compiling rand_isaac v0.1.1
[INFO] [stderr]    Compiling object v0.27.1
[INFO] [stderr]    Compiling log v0.3.9
[INFO] [stderr]    Compiling rand_jitter v0.1.4
[INFO] [stderr]    Compiling rustc-demangle v0.1.21
[INFO] [stderr]    Compiling fake-simd v0.1.2
[INFO] [stderr]    Compiling doc-comment v0.3.3
[INFO] [stderr]    Compiling percent-encoding v1.0.1
[INFO] [stderr]    Compiling safemem v0.3.3
[INFO] [stderr]    Compiling opaque-debug v0.2.3
[INFO] [stderr]    Compiling anyhow v1.0.52
[INFO] [stderr]    Compiling base64 v0.9.3
[INFO] [stderr]    Compiling url v2.2.2
[INFO] [stderr]    Compiling url v1.7.2
[INFO] [stderr]    Compiling sha-1 v0.8.2
[INFO] [stderr]    Compiling x11-clipboard v0.5.3
[INFO] [stderr]    Compiling mime v0.2.6
[INFO] [stderr]    Compiling wayland-egl v0.29.4
[INFO] [stderr]    Compiling addr2line v0.17.0
[INFO] [stderr]    Compiling osmesa-sys v0.1.2
[INFO] [stderr]    Compiling strum_macros v0.23.1
[INFO] [stderr]    Compiling egui v0.16.1
[INFO] [stderr]    Compiling tokio-tcp v0.1.4
[INFO] [stderr]    Compiling serde_repr v0.1.7
[INFO] [stderr]    Compiling tokio-tls v0.2.1
[INFO] [stderr]    Compiling tokio-codec v0.1.2
[INFO] [stderr]    Compiling glium v0.31.0
[INFO] [stderr]    Compiling base64 v0.10.1
[INFO] [stderr]    Compiling thread_local v1.1.4
[INFO] [stderr]    Compiling sharded-slab v0.1.4
[INFO] [stderr]    Compiling ipnet v2.3.1
[INFO] [stderr]    Compiling sysinfo v0.17.5
[INFO] [stderr]    Compiling base64 v0.13.0
[INFO] [stderr]    Compiling traitobject v0.1.0
[INFO] [stdout] error[E0119]: conflicting implementations of trait `Trait` for type `(dyn Send + Sync + 'static)`
[INFO] [stdout]   --> /opt/rustwide/cargo-home/registry/src/index.crates.io-1949cf8c6b5b557f/traitobject-0.1.0/src/impls.rs:72:1
[INFO] [stdout]    |
[INFO] [stdout] 71 | unsafe impl Trait for ::std::marker::Send + Sync { }
[INFO] [stdout]    | ------------------------------------------------ first implementation here
[INFO] [stdout] 72 | unsafe impl Trait for ::std::marker::Send + Send + Sync { }
[INFO] [stdout]    | ^^^^^^^^^^^^^^^^^^^^^^^^^^^^^^^^^^^^^^^^^^^^^^^^^^^^^^^ conflicting implementation for `(dyn Send + Sync + 'static)`
[INFO] [stdout] 
[INFO] [stdout] 
[INFO] [stdout] error[E0119]: conflicting implementations of trait `Trait` for type `(dyn Send + Sync + 'static)`
[INFO] [stdout]   --> /opt/rustwide/cargo-home/registry/src/index.crates.io-1949cf8c6b5b557f/traitobject-0.1.0/src/impls.rs:73:1
[INFO] [stdout]    |
[INFO] [stdout] 71 | unsafe impl Trait for ::std::marker::Send + Sync { }
[INFO] [stdout]    | ------------------------------------------------ first implementation here
[INFO] [stdout] 72 | unsafe impl Trait for ::std::marker::Send + Send + Sync { }
[INFO] [stdout] 73 | unsafe impl Trait for ::std::marker::Sync + Send { }
[INFO] [stdout]    | ^^^^^^^^^^^^^^^^^^^^^^^^^^^^^^^^^^^^^^^^^^^^^^^^ conflicting implementation for `(dyn Send + Sync + 'static)`
[INFO] [stdout] 
[INFO] [stdout] 
[INFO] [stdout] error[E0119]: conflicting implementations of trait `Trait` for type `(dyn Send + Sync + 'static)`
[INFO] [stdout]   --> /opt/rustwide/cargo-home/registry/src/index.crates.io-1949cf8c6b5b557f/traitobject-0.1.0/src/impls.rs:75:1
[INFO] [stdout]    |
[INFO] [stdout] 71 | unsafe impl Trait for ::std::marker::Send + Sync { }
[INFO] [stdout]    | ------------------------------------------------ first implementation here
[INFO] [stdout] ...
[INFO] [stdout] 75 | unsafe impl Trait for ::std::marker::Sync + Send + Sync { }
[INFO] [stdout]    | ^^^^^^^^^^^^^^^^^^^^^^^^^^^^^^^^^^^^^^^^^^^^^^^^^^^^^^^ conflicting implementation for `(dyn Send + Sync + 'static)`
[INFO] [stdout] 
[INFO] [stdout] 
[INFO] [stdout] For more information about this error, try `rustc --explain E0119`.
[INFO] [stdout] 
[INFO] [stderr] error: could not compile `traitobject` (lib) due to 3 previous errors
[INFO] [stderr] warning: build failed, waiting for other jobs to finish...
[INFO] running `Command { std: "docker" "inspect" "2a7239bc237f9f2a8eb5ed9a24cc1f6c478ae13f24f88fba1a56ffb8bf67416e", kill_on_drop: false }`
[INFO] running `Command { std: "docker" "rm" "-f" "2a7239bc237f9f2a8eb5ed9a24cc1f6c478ae13f24f88fba1a56ffb8bf67416e", kill_on_drop: false }`
[INFO] [stdout] 2a7239bc237f9f2a8eb5ed9a24cc1f6c478ae13f24f88fba1a56ffb8bf67416e
