[INFO] cloning repository https://github.com/LuisDee/veloterm
[INFO] running `Command { std: "git" "-c" "credential.helper=" "-c" "credential.helper=/workspace/cargo-home/bin/git-credential-null" "clone" "--bare" "https://github.com/LuisDee/veloterm" "/workspace/cache/git-repos/https%3A%2F%2Fgithub.com%2FLuisDee%2Fveloterm", kill_on_drop: false }`
[INFO] [stderr] Cloning into bare repository '/workspace/cache/git-repos/https%3A%2F%2Fgithub.com%2FLuisDee%2Fveloterm'...
[INFO] running `Command { std: "git" "rev-parse" "HEAD", kill_on_drop: false }`
[INFO] [stdout] 20ce45df527a337ed968dc3631ee47d74ddfb986
[INFO] testing LuisDee/veloterm against 1.99.0-beta.1+cargoflags=--release for beta-release-1.99-2
[INFO] running `Command { std: "git" "clone" "/workspace/cache/git-repos/https%3A%2F%2Fgithub.com%2FLuisDee%2Fveloterm" "/workspace/builds/worker-5-tc2/source", kill_on_drop: false }`
[INFO] [stderr] Cloning into '/workspace/builds/worker-5-tc2/source'...
[INFO] [stderr] done.
[INFO] [stderr] Updating files:  43% (1807/4117)
Updating files:  44% (1812/4117)
Updating files:  45% (1853/4117)
Updating files:  46% (1894/4117)
Updating files:  47% (1935/4117)
Updating files:  47% (1947/4117)
Updating files:  48% (1977/4117)
Updating files:  49% (2018/4117)
Updating files:  50% (2059/4117)
Updating files:  51% (2100/4117)
Updating files:  52% (2141/4117)
Updating files:  53% (2183/4117)
Updating files:  54% (2224/4117)
Updating files:  55% (2265/4117)
Updating files:  56% (2306/4117)
Updating files:  57% (2347/4117)
Updating files:  58% (2388/4117)
Updating files:  59% (2430/4117)
Updating files:  60% (2471/4117)
Updating files:  61% (2512/4117)
Updating files:  62% (2553/4117)
Updating files:  63% (2594/4117)
Updating files:  64% (2635/4117)
Updating files:  65% (2677/4117)
Updating files:  65% (2703/4117)
Updating files:  66% (2718/4117)
Updating files:  67% (2759/4117)
Updating files:  68% (2800/4117)
Updating files:  69% (2841/4117)
Updating files:  70% (2882/4117)
Updating files:  71% (2924/4117)
Updating files:  72% (2965/4117)
Updating files:  73% (3006/4117)
Updating files:  74% (3047/4117)
Updating files:  75% (3088/4117)
Updating files:  76% (3129/4117)
Updating files:  77% (3171/4117)
Updating files:  78% (3212/4117)
Updating files:  79% (3253/4117)
Updating files:  80% (3294/4117)
Updating files:  81% (3335/4117)
Updating files:  82% (3376/4117)
Updating files:  83% (3418/4117)
Updating files:  84% (3459/4117)
Updating files:  85% (3500/4117)
Updating files:  86% (3541/4117)
Updating files:  87% (3582/4117)
Updating files:  88% (3623/4117)
Updating files:  89% (3665/4117)
Updating files:  90% (3706/4117)
Updating files:  91% (3747/4117)
Updating files:  92% (3788/4117)
Updating files:  93% (3829/4117)
Updating files:  94% (3870/4117)
Updating files:  95% (3912/4117)
Updating files:  96% (3953/4117)
Updating files:  96% (3958/4117)
Updating files:  97% (3994/4117)
Updating files:  98% (4035/4117)
Updating files:  99% (4076/4117)
Updating files: 100% (4117/4117)
Updating files: 100% (4117/4117), done.
[INFO] started tweaking git repo https://github.com/LuisDee/veloterm
[INFO] finished tweaking git repo https://github.com/LuisDee/veloterm
[INFO] tweaked toml for git repo https://github.com/LuisDee/veloterm written to /workspace/builds/worker-5-tc2/source/Cargo.toml
[INFO] validating manifest of git repo https://github.com/LuisDee/veloterm on toolchain 1.99.0-beta.1
[INFO] running `Command { std: CARGO_HOME="/workspace/cargo-home" RUSTUP_HOME="/workspace/rustup-home" "/workspace/cargo-home/bin/cargo" "+1.99.0-beta.1" "metadata" "--manifest-path" "Cargo.toml" "--no-deps", kill_on_drop: false }`
[INFO] crate git repo https://github.com/LuisDee/veloterm already has a lockfile, it will not be regenerated
[INFO] running `Command { std: CARGO_HOME="/workspace/cargo-home" RUSTUP_HOME="/workspace/rustup-home" "/workspace/cargo-home/bin/cargo" "+1.99.0-beta.1" "fetch" "--manifest-path" "Cargo.toml", kill_on_drop: false }`
[INFO] [stderr]     Blocking waiting for file lock on package cache
[INFO] [stderr]     Updating crates.io index
[INFO] [stderr]     Blocking waiting for file lock on package cache
[ERROR] error running command: no output for 300 seconds
[INFO] testing LuisDee/veloterm against 1.99.0-beta.1+cargoflags=--release for beta-release-1.99-2
[INFO] running `Command { std: "git" "clone" "/workspace/cache/git-repos/https%3A%2F%2Fgithub.com%2FLuisDee%2Fveloterm" "/workspace/builds/worker-5-tc2/source", kill_on_drop: false }`
[INFO] [stderr] Cloning into '/workspace/builds/worker-5-tc2/source'...
[INFO] [stderr] done.
[INFO] [stderr] Updating files:  43% (1805/4117)
Updating files:  44% (1812/4117)
Updating files:  45% (1853/4117)
Updating files:  46% (1894/4117)
Updating files:  46% (1929/4117)
Updating files:  47% (1935/4117)
Updating files:  48% (1977/4117)
Updating files:  49% (2018/4117)
Updating files:  50% (2059/4117)
Updating files:  51% (2100/4117)
Updating files:  52% (2141/4117)
Updating files:  53% (2183/4117)
Updating files:  54% (2224/4117)
Updating files:  55% (2265/4117)
Updating files:  56% (2306/4117)
Updating files:  57% (2347/4117)
Updating files:  58% (2388/4117)
Updating files:  59% (2430/4117)
Updating files:  60% (2471/4117)
Updating files:  61% (2512/4117)
Updating files:  62% (2553/4117)
Updating files:  63% (2594/4117)
Updating files:  64% (2635/4117)
Updating files:  65% (2677/4117)
Updating files:  65% (2697/4117)
Updating files:  66% (2718/4117)
Updating files:  67% (2759/4117)
Updating files:  68% (2800/4117)
Updating files:  69% (2841/4117)
Updating files:  70% (2882/4117)
Updating files:  71% (2924/4117)
Updating files:  72% (2965/4117)
Updating files:  73% (3006/4117)
Updating files:  74% (3047/4117)
Updating files:  75% (3088/4117)
Updating files:  76% (3129/4117)
Updating files:  77% (3171/4117)
Updating files:  78% (3212/4117)
Updating files:  79% (3253/4117)
Updating files:  80% (3294/4117)
Updating files:  81% (3335/4117)
Updating files:  82% (3376/4117)
Updating files:  83% (3418/4117)
Updating files:  84% (3459/4117)
Updating files:  85% (3500/4117)
Updating files:  86% (3541/4117)
Updating files:  87% (3582/4117)
Updating files:  88% (3623/4117)
Updating files:  89% (3665/4117)
Updating files:  90% (3706/4117)
Updating files:  91% (3747/4117)
Updating files:  92% (3788/4117)
Updating files:  93% (3829/4117)
Updating files:  94% (3870/4117)
Updating files:  95% (3912/4117)
Updating files:  96% (3953/4117)
Updating files:  96% (3956/4117)
Updating files:  97% (3994/4117)
Updating files:  98% (4035/4117)
Updating files:  99% (4076/4117)
Updating files: 100% (4117/4117)
Updating files: 100% (4117/4117), done.
[INFO] started tweaking git repo https://github.com/LuisDee/veloterm
[INFO] finished tweaking git repo https://github.com/LuisDee/veloterm
[INFO] tweaked toml for git repo https://github.com/LuisDee/veloterm written to /workspace/builds/worker-5-tc2/source/Cargo.toml
[INFO] validating manifest of git repo https://github.com/LuisDee/veloterm on toolchain 1.99.0-beta.1
[INFO] running `Command { std: CARGO_HOME="/workspace/cargo-home" RUSTUP_HOME="/workspace/rustup-home" "/workspace/cargo-home/bin/cargo" "+1.99.0-beta.1" "metadata" "--manifest-path" "Cargo.toml" "--no-deps", kill_on_drop: false }`
[INFO] crate git repo https://github.com/LuisDee/veloterm already has a lockfile, it will not be regenerated
[INFO] running `Command { std: CARGO_HOME="/workspace/cargo-home" RUSTUP_HOME="/workspace/rustup-home" "/workspace/cargo-home/bin/cargo" "+1.99.0-beta.1" "fetch" "--manifest-path" "Cargo.toml", kill_on_drop: false }`
[INFO] [stderr]     Blocking waiting for file lock on package cache
[INFO] [stderr]     Blocking waiting for file lock on package cache
[ERROR] error running command: no output for 300 seconds
[INFO] testing LuisDee/veloterm against 1.99.0-beta.1+cargoflags=--release for beta-release-1.99-2
[INFO] running `Command { std: "git" "clone" "/workspace/cache/git-repos/https%3A%2F%2Fgithub.com%2FLuisDee%2Fveloterm" "/workspace/builds/worker-5-tc2/source", kill_on_drop: false }`
[INFO] [stderr] Cloning into '/workspace/builds/worker-5-tc2/source'...
[INFO] [stderr] done.
[INFO] [stderr] Updating files:  43% (1804/4117)
Updating files:  44% (1812/4117)
Updating files:  45% (1853/4117)
Updating files:  46% (1894/4117)
Updating files:  46% (1924/4117)
Updating files:  47% (1935/4117)
Updating files:  48% (1977/4117)
Updating files:  49% (2018/4117)
Updating files:  50% (2059/4117)
Updating files:  51% (2100/4117)
Updating files:  52% (2141/4117)
Updating files:  53% (2183/4117)
Updating files:  54% (2224/4117)
Updating files:  54% (2242/4117)
Updating files:  55% (2265/4117)
Updating files:  56% (2306/4117)
Updating files:  57% (2347/4117)
Updating files:  58% (2388/4117)
Updating files:  59% (2430/4117)
Updating files:  60% (2471/4117)
Updating files:  61% (2512/4117)
Updating files:  62% (2553/4117)
Updating files:  63% (2594/4117)
Updating files:  64% (2635/4117)
Updating files:  65% (2677/4117)
Updating files:  66% (2718/4117)
Updating files:  67% (2759/4117)
Updating files:  68% (2800/4117)
Updating files:  69% (2841/4117)
Updating files:  70% (2882/4117)
Updating files:  71% (2924/4117)
Updating files:  72% (2965/4117)
Updating files:  73% (3006/4117)
Updating files:  74% (3047/4117)
Updating files:  75% (3088/4117)
Updating files:  76% (3129/4117)
Updating files:  77% (3171/4117)
Updating files:  78% (3212/4117)
Updating files:  79% (3253/4117)
Updating files:  80% (3294/4117)
Updating files:  81% (3335/4117)
Updating files:  82% (3376/4117)
Updating files:  83% (3418/4117)
Updating files:  84% (3459/4117)
Updating files:  85% (3500/4117)
Updating files:  86% (3541/4117)
Updating files:  87% (3582/4117)
Updating files:  88% (3623/4117)
Updating files:  89% (3665/4117)
Updating files:  90% (3706/4117)
Updating files:  91% (3747/4117)
Updating files:  92% (3788/4117)
Updating files:  93% (3829/4117)
Updating files:  94% (3870/4117)
Updating files:  94% (3884/4117)
Updating files:  95% (3912/4117)
Updating files:  96% (3953/4117)
Updating files:  97% (3994/4117)
Updating files:  97% (4003/4117)
Updating files:  98% (4035/4117)
Updating files:  99% (4076/4117)
Updating files: 100% (4117/4117)
Updating files: 100% (4117/4117), done.
[INFO] started tweaking git repo https://github.com/LuisDee/veloterm
[INFO] finished tweaking git repo https://github.com/LuisDee/veloterm
[INFO] tweaked toml for git repo https://github.com/LuisDee/veloterm written to /workspace/builds/worker-5-tc2/source/Cargo.toml
[INFO] validating manifest of git repo https://github.com/LuisDee/veloterm on toolchain 1.99.0-beta.1
[INFO] running `Command { std: CARGO_HOME="/workspace/cargo-home" RUSTUP_HOME="/workspace/rustup-home" "/workspace/cargo-home/bin/cargo" "+1.99.0-beta.1" "metadata" "--manifest-path" "Cargo.toml" "--no-deps", kill_on_drop: false }`
[INFO] crate git repo https://github.com/LuisDee/veloterm already has a lockfile, it will not be regenerated
[INFO] running `Command { std: CARGO_HOME="/workspace/cargo-home" RUSTUP_HOME="/workspace/rustup-home" "/workspace/cargo-home/bin/cargo" "+1.99.0-beta.1" "fetch" "--manifest-path" "Cargo.toml", kill_on_drop: false }`
[INFO] [stderr]     Blocking waiting for file lock on package cache
[INFO] [stderr]     Blocking waiting for file lock on package cache
[ERROR] error running command: no output for 300 seconds
[INFO] testing LuisDee/veloterm against 1.99.0-beta.1+cargoflags=--release for beta-release-1.99-2
[INFO] running `Command { std: "git" "clone" "/workspace/cache/git-repos/https%3A%2F%2Fgithub.com%2FLuisDee%2Fveloterm" "/workspace/builds/worker-5-tc2/source", kill_on_drop: false }`
[INFO] [stderr] Cloning into '/workspace/builds/worker-5-tc2/source'...
[INFO] [stderr] done.
[INFO] [stderr] Updating files:  43% (1805/4117)
Updating files:  44% (1812/4117)
Updating files:  45% (1853/4117)
Updating files:  46% (1894/4117)
Updating files:  46% (1928/4117)
Updating files:  47% (1935/4117)
Updating files:  48% (1977/4117)
Updating files:  49% (2018/4117)
Updating files:  50% (2059/4117)
Updating files:  51% (2100/4117)
Updating files:  52% (2141/4117)
Updating files:  53% (2183/4117)
Updating files:  54% (2224/4117)
Updating files:  55% (2265/4117)
Updating files:  56% (2306/4117)
Updating files:  56% (2329/4117)
Updating files:  57% (2347/4117)
Updating files:  58% (2388/4117)
Updating files:  59% (2430/4117)
Updating files:  60% (2471/4117)
Updating files:  61% (2512/4117)
Updating files:  62% (2553/4117)
Updating files:  63% (2594/4117)
Updating files:  64% (2635/4117)
Updating files:  65% (2677/4117)
Updating files:  66% (2718/4117)
Updating files:  67% (2759/4117)
Updating files:  68% (2800/4117)
Updating files:  69% (2841/4117)
Updating files:  70% (2882/4117)
Updating files:  71% (2924/4117)
Updating files:  72% (2965/4117)
Updating files:  73% (3006/4117)
Updating files:  74% (3047/4117)
Updating files:  75% (3088/4117)
Updating files:  76% (3129/4117)
Updating files:  77% (3171/4117)
Updating files:  78% (3212/4117)
Updating files:  79% (3253/4117)
Updating files:  80% (3294/4117)
Updating files:  81% (3335/4117)
Updating files:  82% (3376/4117)
Updating files:  83% (3418/4117)
Updating files:  84% (3459/4117)
Updating files:  85% (3500/4117)
Updating files:  86% (3541/4117)
Updating files:  87% (3582/4117)
Updating files:  88% (3623/4117)
Updating files:  89% (3665/4117)
Updating files:  90% (3706/4117)
Updating files:  91% (3747/4117)
Updating files:  92% (3788/4117)
Updating files:  93% (3829/4117)
Updating files:  93% (3842/4117)
Updating files:  94% (3870/4117)
Updating files:  95% (3912/4117)
Updating files:  95% (3950/4117)
Updating files:  96% (3953/4117)
Updating files:  97% (3994/4117)
Updating files:  98% (4035/4117)
Updating files:  99% (4076/4117)
Updating files: 100% (4117/4117)
Updating files: 100% (4117/4117), done.
[INFO] started tweaking git repo https://github.com/LuisDee/veloterm
[INFO] finished tweaking git repo https://github.com/LuisDee/veloterm
[INFO] tweaked toml for git repo https://github.com/LuisDee/veloterm written to /workspace/builds/worker-5-tc2/source/Cargo.toml
[INFO] validating manifest of git repo https://github.com/LuisDee/veloterm on toolchain 1.99.0-beta.1
[INFO] running `Command { std: CARGO_HOME="/workspace/cargo-home" RUSTUP_HOME="/workspace/rustup-home" "/workspace/cargo-home/bin/cargo" "+1.99.0-beta.1" "metadata" "--manifest-path" "Cargo.toml" "--no-deps", kill_on_drop: false }`
[INFO] crate git repo https://github.com/LuisDee/veloterm already has a lockfile, it will not be regenerated
[INFO] running `Command { std: CARGO_HOME="/workspace/cargo-home" RUSTUP_HOME="/workspace/rustup-home" "/workspace/cargo-home/bin/cargo" "+1.99.0-beta.1" "fetch" "--manifest-path" "Cargo.toml", kill_on_drop: false }`
[INFO] [stderr]  Downloading crates ...
[INFO] [stderr]   Downloaded wayland-scanner v0.31.8
[INFO] [stderr]   Downloaded wayland-sys v0.31.8
[INFO] [stderr]   Downloaded wayland-cursor v0.31.12
[INFO] [stderr]   Downloaded wayland-client v0.31.12
[INFO] [stderr]   Downloaded num_enum v0.7.5
[INFO] [stderr]   Downloaded profiling-procmacros v1.0.17
[INFO] [stderr]   Downloaded windows-interface v0.56.0
[INFO] [stderr]   Downloaded windows-implement v0.56.0
[INFO] [stderr]   Downloaded wayland-protocols-wlr v0.3.10
[INFO] [stderr]   Downloaded redox_syscall v0.7.0
[INFO] [stderr]   Downloaded num_enum_derive v0.7.5
[INFO] [stderr]   Downloaded toml_parser v1.0.6+spec-1.1.0
[INFO] [stderr]   Downloaded wayland-protocols v0.32.10
[INFO] [stderr]   Downloaded memmap2 v0.9.9
[INFO] [stderr]   Downloaded rand_xorshift v0.4.0
[INFO] [stderr]   Downloaded windows-core v0.56.0
[INFO] [stderr]   Downloaded tempfile v3.24.0
[INFO] [stderr]   Downloaded trash v5.2.5
[INFO] [stderr]   Downloaded rusty-fork v0.3.1
[INFO] [stderr]   Downloaded wayland-backend v0.3.12
[INFO] [stderr]   Downloaded toml_edit v0.23.10+spec-1.0.0
[INFO] [stderr]   Downloaded deranged v0.5.7
[INFO] [stderr]   Downloaded portable-pty v0.9.0
[INFO] [stderr]   Downloaded wayland-protocols-plasma v0.3.10
[INFO] [stderr]   Downloaded rstest v0.25.0
[INFO] [stderr]   Downloaded rstest_macros v0.25.0
[INFO] [stderr]   Downloaded serial2 v0.2.33
[INFO] [stderr]   Downloaded objc2-core-data v0.3.2
[INFO] [stderr]   Downloaded linkify v0.10.0
[INFO] [stderr]   Downloaded rgb v0.8.52
[INFO] [stderr]   Downloaded ravif v0.12.0
[INFO] [stderr]   Downloaded nucleo-matcher v0.3.1
[INFO] [stderr]   Downloaded fancy-regex v0.16.2
[INFO] [stderr]   Downloaded avif-serialize v0.8.6
[INFO] [stderr]   Downloaded objc2-core-image v0.3.2
[INFO] [stderr]   Downloaded objc2-cloud-kit v0.3.2
[INFO] [stderr]   Downloaded clipboard_macos v0.1.1
[INFO] [stderr]   Downloaded built v0.8.0
[INFO] [stderr]   Downloaded clipboard_x11 v0.4.3
[INFO] [stderr]   Downloaded clipboard_wayland v0.2.2
[INFO] [stderr]   Downloaded iced_program v0.14.0
[INFO] [stderr]   Downloaded objc2-core-text v0.3.2
[INFO] [stderr]   Downloaded window_clipboard v0.5.1
[INFO] [stderr]   Downloaded iced_runtime v0.14.0
[INFO] [stderr]   Downloaded font-types v0.10.1
[INFO] [stderr]   Downloaded wayland-protocols-misc v0.3.10
[INFO] [stderr]   Downloaded iced_futures v0.14.0
[INFO] [stderr]   Downloaded bitstream-io v4.9.0
[INFO] [stderr]   Downloaded iced_highlighter v0.14.0
[INFO] [stderr]   Downloaded imgref v1.12.0
[INFO] [stderr]   Downloaded gif v0.14.1
[INFO] [stderr]   Downloaded iced_winit v0.14.0
[INFO] [stderr]   Downloaded calloop v0.14.3
[INFO] [stderr]   Downloaded iced_debug v0.14.0
[INFO] [stderr]   Downloaded iced_renderer v0.14.0
[INFO] [stderr]   Downloaded lru v0.16.3
[INFO] [stderr]   Downloaded iced_tiny_skia v0.14.0
[INFO] [stderr]   Downloaded iced_core v0.14.0
[INFO] [stderr]   Downloaded proptest v1.10.0
[INFO] [stderr]   Downloaded libfuzzer-sys v0.4.10
[INFO] [stderr]   Downloaded iced_wgpu v0.14.0
[INFO] [stderr]   Downloaded rustix-openpty v0.2.0
[INFO] [stderr]   Downloaded chrono v0.4.43
[INFO] [stderr]   Downloaded global-hotkey v0.6.4
[INFO] [stderr]   Downloaded miow v0.6.1
[INFO] [stderr]   Downloaded euclid v0.22.13
[INFO] [stderr]   Downloaded jiff-static v0.2.19
[INFO] [stderr]   Downloaded vte v0.15.0
[INFO] [stderr]   Downloaded iced_widget v0.14.2
[INFO] [stderr]   Downloaded exr v1.74.0
[INFO] [stderr]   Downloaded iced_graphics v0.14.0
[INFO] [stderr]   Downloaded swash v0.2.6
[INFO] [stderr]   Downloaded git2 v0.19.0
[INFO] [stderr]   Downloaded skrifa v0.37.0
[INFO] [stderr]   Downloaded cryoglyph v0.1.0
[INFO] [stderr]   Downloaded harfrust v0.3.2
[INFO] [stderr]   Downloaded read-fonts v0.35.0
[INFO] [stderr]   Downloaded winit v0.30.12
[INFO] [stderr]   Downloaded alacritty_terminal v0.25.1
[INFO] [stderr]   Downloaded jiff v0.2.19
[INFO] [stderr]   Downloaded libz-sys v1.1.24
[INFO] [stderr]   Downloaded orbclient v0.3.50
[INFO] [stderr]   Downloaded libgit2-sys v0.17.0+1.8.1
[INFO] [stderr]   Downloaded cosmic-text v0.15.0
[INFO] [stderr]   Downloaded two-face v0.4.5
[INFO] [stderr]   Downloaded windows v0.56.0
[INFO] running `Command { std: "docker" "create" "-v" "/var/lib/crater-agent-workspace/builds/worker-5-tc2/source:/opt/rustwide/workdir:ro,Z" "-v" "/var/lib/crater-agent-workspace/builds/worker-5-tc2/target:/opt/rustwide/target:rw,Z" "-v" "/var/lib/crater-agent-workspace/cargo-home:/opt/rustwide/cargo-home:ro,Z" "-v" "/var/lib/crater-agent-workspace/rustup-home:/opt/rustwide/rustup-home:ro,Z" "-m" "1610612736" "--network" "none" "ghcr.io/rust-lang/crates-build-env/linux@sha256:8683fc1fc2eb5c9ac98e0d076ab094b2ffac7f99da555d2b6a2e27f346de2ec7" "sleep" "infinity", kill_on_drop: false }`
[INFO] [stdout] 52143cabc3f1c27a8eb5f9d38c30cfc6c77fe86aeb60407ee14de7998da3df67
[INFO] running `Command { std: "docker" "start" "52143cabc3f1c27a8eb5f9d38c30cfc6c77fe86aeb60407ee14de7998da3df67", kill_on_drop: false }`
[INFO] running `Command { std: "docker" "inspect" "52143cabc3f1c27a8eb5f9d38c30cfc6c77fe86aeb60407ee14de7998da3df67", kill_on_drop: false }`
[INFO] running `Command { std: "docker" "exec" "-e" "SOURCE_DIR=/opt/rustwide/workdir" "-e" "CARGO_HOME=/opt/rustwide/cargo-home" "-e" "RUSTUP_HOME=/opt/rustwide/rustup-home" "-e" "CARGO_TARGET_DIR=/opt/rustwide/target" "-w" "/opt/rustwide/workdir" "--user" "0:0" "52143cabc3f1c27a8eb5f9d38c30cfc6c77fe86aeb60407ee14de7998da3df67" "/opt/rustwide/cargo-home/bin/cargo" "+1.99.0-beta.1" "metadata" "--no-deps" "--format-version=1", kill_on_drop: false }`
[INFO] running `Command { std: "docker" "inspect" "52143cabc3f1c27a8eb5f9d38c30cfc6c77fe86aeb60407ee14de7998da3df67", kill_on_drop: false }`
[INFO] running `Command { std: "docker" "exec" "-e" "SOURCE_DIR=/opt/rustwide/workdir" "-e" "CARGO_HOME=/opt/rustwide/cargo-home" "-e" "RUSTUP_HOME=/opt/rustwide/rustup-home" "-e" "CARGO_TARGET_DIR=/opt/rustwide/target" "-e" "CARGO_INCREMENTAL=0" "-e" "RUST_BACKTRACE=full" "-e" "RUSTFLAGS=--cap-lints=warn" "-e" "RUSTDOCFLAGS=--cap-lints=warn" "-w" "/opt/rustwide/workdir" "--user" "0:0" "52143cabc3f1c27a8eb5f9d38c30cfc6c77fe86aeb60407ee14de7998da3df67" "/opt/rustwide/cargo-home/bin/cargo" "+1.99.0-beta.1" "build" "--frozen" "--message-format=json" "--release", kill_on_drop: false }`
[INFO] [stderr]    Compiling unicode-ident v1.0.22
[INFO] [stderr]    Compiling serde_core v1.0.228
[INFO] [stderr]    Compiling libc v0.2.180
[INFO] [stderr]    Compiling libloading v0.8.9
[INFO] [stderr]    Compiling rustix v1.1.3
[INFO] [stderr]    Compiling linux-raw-sys v0.11.0
[INFO] [stderr]    Compiling arrayvec v0.7.6
[INFO] [stderr]    Compiling wayland-sys v0.31.8
[INFO] [stderr]    Compiling zerocopy v0.8.39
[INFO] [stderr]    Compiling downcast-rs v1.2.1
[INFO] [stderr]    Compiling memchr v2.8.0
[INFO] [stderr]    Compiling scoped-tls v1.0.1
[INFO] [stderr]    Compiling core_maths v0.1.1
[INFO] [stderr]    Compiling wayland-client v0.31.12
[INFO] [stderr]    Compiling serde v1.0.228
[INFO] [stderr]    Compiling hashbrown v0.16.1
[INFO] [stderr]    Compiling rayon-core v1.13.0
[INFO] [stderr]    Compiling proc-macro2 v1.0.106
[INFO] [stderr]    Compiling either v1.15.0
[INFO] [stderr]    Compiling anyhow v1.0.101
[INFO] [stderr]    Compiling dlib v0.5.2
[INFO] [stderr]    Compiling num-integer v0.1.46
[INFO] [stderr]    Compiling rustc-hash v1.1.0
[INFO] [stderr]    Compiling smol_str v0.2.2
[INFO] [stderr]    Compiling raw-window-handle v0.6.2
[INFO] [stderr]    Compiling ttf-parser v0.25.1
[INFO] [stderr]    Compiling quick-xml v0.38.4
[INFO] [stderr]    Compiling slotmap v1.1.1
[INFO] [stderr]    Compiling bit-vec v0.8.0
[INFO] [stderr]    Compiling num-bigint v0.4.6
[INFO] [stderr]    Compiling bit-set v0.8.0
[INFO] [stderr]    Compiling as-slice v0.2.1
[INFO] [stderr]    Compiling futures-core v0.3.31
[INFO] [stderr]    Compiling av-scenechange v0.14.1
[INFO] [stderr]    Compiling built v0.8.0
[INFO] [stderr]    Compiling rayon v1.11.0
[INFO] [stderr]    Compiling web-time v1.1.0
[INFO] [stderr]    Compiling quote v1.0.44
[INFO] [stderr]    Compiling paste v1.0.15
[INFO] [stderr]    Compiling unicode-segmentation v1.12.0
[INFO] [stderr]    Compiling roxmltree v0.20.0
[INFO] [stderr]    Compiling futures-sink v0.3.31
[INFO] [stderr]    Compiling syn v2.0.114
[INFO] [stderr]    Compiling unicode-width v0.2.2
[INFO] [stderr]    Compiling rustc-hash v2.1.1
[INFO] [stderr]    Compiling rav1e v0.8.1
[INFO] [stderr]    Compiling futures-channel v0.3.31
[INFO] [stderr]    Compiling lilt v0.8.1
[INFO] [stderr]    Compiling tinyvec v1.10.0
[INFO] [stderr]    Compiling indexmap v2.13.0
[INFO] [stderr]    Compiling aligned v0.4.3
[INFO] [stderr]    Compiling nom v8.0.0
[INFO] [stderr]    Compiling wayland-scanner v0.31.8
[INFO] [stderr]    Compiling jobserver v0.1.34
[INFO] [stderr]    Compiling fontconfig-parser v0.5.8
[INFO] [stderr]    Compiling scopeguard v1.2.0
[INFO] [stderr]    Compiling quick-error v2.0.1
[INFO] [stderr]    Compiling cc v1.2.55
[INFO] [stderr]    Compiling cursor-icon v1.2.0
[INFO] [stderr]    Compiling glam v0.25.0
[INFO] [stderr]    Compiling y4m v0.8.0
[INFO] [stderr]    Compiling futures-io v0.3.31
[INFO] [stderr]    Compiling pastey v0.1.1
[INFO] [stderr]    Compiling bitstream-io v4.9.0
[INFO] [stderr]    Compiling memmap2 v0.9.9
[INFO] [stderr]    Compiling simd_helpers v0.1.0
[INFO] [stderr]    Compiling itertools v0.14.0
[INFO] [stderr]    Compiling zune-core v0.4.12
[INFO] [stderr]    Compiling unicode-script v0.5.8
[INFO] [stderr]    Compiling imgref v1.12.0
[INFO] [stderr]    Compiling num-rational v0.4.2
[INFO] [stderr]    Compiling weezl v0.1.12
[INFO] [stderr]    Compiling new_debug_unreachable v1.0.6
[INFO] [stderr]    Compiling noop_proc_macro v0.3.0
[INFO] [stderr]    Compiling zune-jpeg v0.4.21
[INFO] [stderr]    Compiling loop9 v0.1.5
[INFO] [stderr]    Compiling regex-automata v0.4.14
[INFO] [stderr]    Compiling parking_lot_core v0.9.12
[INFO] [stderr]    Compiling lock_api v0.4.14
[INFO] [stderr]    Compiling avif-serialize v0.8.6
[INFO] [stderr]    Compiling bitflags v2.10.0
[INFO] [stderr]    Compiling wayland-backend v0.3.12
[INFO] [stderr]    Compiling zune-inflate v0.2.54
[INFO] [stderr]    Compiling fdeflate v0.3.7
[INFO] [stderr]    Compiling pxfm v0.1.27
[INFO] [stderr]    Compiling maybe-rayon v0.1.1
[INFO] [stderr]    Compiling bit_field v0.10.3
[INFO] [stderr]    Compiling yazi v0.2.1
[INFO] [stderr]    Compiling zune-core v0.5.1
[INFO] [stderr]    Compiling xcursor v0.3.10
[INFO] [stderr]    Compiling rangemap v1.7.1
[INFO] [stderr]    Compiling zeno v0.3.3
[INFO] [stderr]    Compiling rgb v0.8.52
[INFO] [stderr]    Compiling self_cell v1.2.2
[INFO] [stderr]    Compiling unicode-linebreak v0.1.5
[INFO] [stderr]    Compiling xkeysym v0.2.1
[INFO] [stderr]    Compiling color_quant v1.1.0
[INFO] [stderr]    Compiling sys-locale v0.3.2
[INFO] [stderr]    Compiling lebe v0.5.3
[INFO] [stderr]    Compiling unicode-bidi v0.3.18
[INFO] [stderr]    Compiling gif v0.14.1
[INFO] [stderr]    Compiling zune-jpeg v0.5.12
[INFO] [stderr]    Compiling png v0.18.0
[INFO] [stderr]    Compiling image-webp v0.2.4
[INFO] [stderr]    Compiling parking_lot v0.12.5
[INFO] [stderr] error: could not compile `glam` (lib)
[INFO] [stderr] 
[INFO] [stderr] Caused by:
[INFO] [stderr]   process didn't exit successfully: `/opt/rustwide/rustup-home/toolchains/1.99.0-beta.1-x86_64-unknown-linux-gnu/bin/rustc --crate-name glam --edition=2021 /opt/rustwide/cargo-home/registry/src/index.crates.io-1949cf8c6b5b557f/glam-0.25.0/src/lib.rs --error-format=json --json=diagnostic-rendered-ansi,artifacts,future-incompat --crate-type lib --emit=dep-info,metadata,link -C opt-level=3 -C embed-bitcode=no --cfg 'feature="default"' --cfg 'feature="std"' --check-cfg 'cfg(docsrs,test)' --check-cfg 'cfg(feature, values("approx", "bytecheck", "bytemuck", "core-simd", "cuda", "debug-glam-assert", "default", "fast-math", "glam-assert", "libm", "mint", "rand", "rkyv", "scalar-math", "serde", "std"))' -C metadata=fb2e0a534e35e16a -C extra-filename=-c6e682d6c647e245 --out-dir /opt/rustwide/target/release/deps -C strip=debuginfo -L dependency=/opt/rustwide/target/release/deps --cap-lints allow --cap-lints=warn` (signal: 9, SIGKILL: kill)
[INFO] [stderr] warning: build failed, waiting for other jobs to finish...
[INFO] running `Command { std: "docker" "inspect" "52143cabc3f1c27a8eb5f9d38c30cfc6c77fe86aeb60407ee14de7998da3df67", kill_on_drop: false }`
[INFO] running `Command { std: "docker" "rm" "-f" "52143cabc3f1c27a8eb5f9d38c30cfc6c77fe86aeb60407ee14de7998da3df67", kill_on_drop: false }`
[INFO] [stdout] 52143cabc3f1c27a8eb5f9d38c30cfc6c77fe86aeb60407ee14de7998da3df67
