[INFO] cloning repository https://github.com/JAD3N/mc-server
[INFO] running `Command { std: "git" "-c" "credential.helper=" "-c" "credential.helper=/workspace/cargo-home/bin/git-credential-null" "clone" "--bare" "https://github.com/JAD3N/mc-server" "/workspace/cache/git-repos/https%3A%2F%2Fgithub.com%2FJAD3N%2Fmc-server", kill_on_drop: false }`
[INFO] [stderr] Cloning into bare repository '/workspace/cache/git-repos/https%3A%2F%2Fgithub.com%2FJAD3N%2Fmc-server'...
[INFO] running `Command { std: "git" "rev-parse" "HEAD", kill_on_drop: false }`
[INFO] [stdout] ce1ad57f2417f722d6c00ae21fdc3cd0efdadd7a
[INFO] testing JAD3N/mc-server against 1.98.0-beta.8+cargoflags=--release for beta-release-1.99-2
[INFO] running `Command { std: "git" "clone" "/workspace/cache/git-repos/https%3A%2F%2Fgithub.com%2FJAD3N%2Fmc-server" "/workspace/builds/worker-7-tc1/source", kill_on_drop: false }`
[INFO] [stderr] Cloning into '/workspace/builds/worker-7-tc1/source'...
[INFO] [stderr] done.
[INFO] started tweaking git repo https://github.com/JAD3N/mc-server
[INFO] finished tweaking git repo https://github.com/JAD3N/mc-server
[INFO] tweaked toml for git repo https://github.com/JAD3N/mc-server written to /workspace/builds/worker-7-tc1/source/Cargo.toml
[INFO] validating manifest of git repo https://github.com/JAD3N/mc-server on toolchain 1.98.0-beta.8
[INFO] running `Command { std: CARGO_HOME="/workspace/cargo-home" RUSTUP_HOME="/workspace/rustup-home" "/workspace/cargo-home/bin/cargo" "+1.98.0-beta.8" "metadata" "--manifest-path" "Cargo.toml" "--no-deps", kill_on_drop: false }`
[INFO] crate git repo https://github.com/JAD3N/mc-server already has a lockfile, it will not be regenerated
[INFO] running `Command { std: CARGO_HOME="/workspace/cargo-home" RUSTUP_HOME="/workspace/rustup-home" "/workspace/cargo-home/bin/cargo" "+1.98.0-beta.8" "fetch" "--manifest-path" "Cargo.toml", kill_on_drop: false }`
[INFO] [stderr]     Updating crates.io index
[INFO] [stderr]  Downloading crates ...
[INFO] [stderr]   Downloaded hermit-abi v0.1.13
[INFO] [stderr]   Downloaded mio-named-pipes v0.1.6
[INFO] [stderr]   Downloaded thiserror-impl v1.0.19
[INFO] [stderr]   Downloaded cfb8 v0.3.2
[INFO] [stderr]   Downloaded proc-macro-hack v0.5.16
[INFO] [stderr]   Downloaded java-rand v0.2.0
[INFO] [stderr]   Downloaded java-props v0.1.2
[INFO] [stderr]   Downloaded num-iter v0.1.40
[INFO] [stderr]   Downloaded event-bus v0.1.0
[INFO] [stderr]   Downloaded tokio-io-timeout v0.4.0
[INFO] [stderr]   Downloaded stream-cipher v0.3.2
[INFO] [stderr]   Downloaded proc-macro-nested v0.1.4
[INFO] [stderr]   Downloaded mopa v0.2.2
[INFO] [stderr]   Downloaded crossbeam-queue v0.2.2
[INFO] [stderr]   Downloaded ctrlc v3.1.4
[INFO] [stderr]   Downloaded miow v0.3.4
[INFO] [stderr]   Downloaded tiff v0.4.0
[INFO] [stderr]   Downloaded once_cell v1.4.0
[INFO] [stderr]   Downloaded flume v0.7.1
[INFO] [stderr]   Downloaded thiserror v1.0.19
[INFO] [stderr]   Downloaded bytemuck v1.2.0
[INFO] [stderr]   Downloaded anyhow v1.0.31
[INFO] [stderr]   Downloaded async-trait v0.1.31
[INFO] [stderr]   Downloaded serde_yaml v0.8.12
[INFO] [stderr]   Downloaded png v0.16.4
[INFO] [stderr]   Downloaded log4rs v0.11.0
[INFO] [stderr]   Downloaded rayon-core v1.7.0
[INFO] [stderr]   Downloaded flate2 v1.0.14
[INFO] [stderr]   Downloaded deflate v0.8.4
[INFO] [stderr]   Downloaded base64 v0.12.1
[INFO] [stderr]   Downloaded miniz_oxide v0.3.6
[INFO] [stderr]   Downloaded rayon v1.3.0
[INFO] [stderr]   Downloaded syn v1.0.28
[INFO] [stderr]   Downloaded image v0.23.4
[INFO] [stderr]   Downloaded jpeg-decoder v0.1.19
[INFO] [stderr]   Downloaded libc v0.2.71
[INFO] running `Command { std: "docker" "create" "-v" "/var/lib/crater-agent-workspace/builds/worker-7-tc1/source:/opt/rustwide/workdir:ro,Z" "-v" "/var/lib/crater-agent-workspace/builds/worker-7-tc1/target:/opt/rustwide/target:rw,Z" "-v" "/var/lib/crater-agent-workspace/cargo-home:/opt/rustwide/cargo-home:ro,Z" "-v" "/var/lib/crater-agent-workspace/rustup-home:/opt/rustwide/rustup-home:ro,Z" "-m" "1610612736" "--network" "none" "ghcr.io/rust-lang/crates-build-env/linux@sha256:8683fc1fc2eb5c9ac98e0d076ab094b2ffac7f99da555d2b6a2e27f346de2ec7" "sleep" "infinity", kill_on_drop: false }`
[INFO] [stdout] 26357dc6a23f8e77d9c32a661bd88741c3861f9f424e1f3bd5719918d78ae5b6
[INFO] running `Command { std: "docker" "start" "26357dc6a23f8e77d9c32a661bd88741c3861f9f424e1f3bd5719918d78ae5b6", kill_on_drop: false }`
[INFO] running `Command { std: "docker" "inspect" "26357dc6a23f8e77d9c32a661bd88741c3861f9f424e1f3bd5719918d78ae5b6", kill_on_drop: false }`
[INFO] running `Command { std: "docker" "exec" "-e" "SOURCE_DIR=/opt/rustwide/workdir" "-e" "CARGO_HOME=/opt/rustwide/cargo-home" "-e" "RUSTUP_HOME=/opt/rustwide/rustup-home" "-e" "CARGO_TARGET_DIR=/opt/rustwide/target" "-w" "/opt/rustwide/workdir" "--user" "0:0" "26357dc6a23f8e77d9c32a661bd88741c3861f9f424e1f3bd5719918d78ae5b6" "/opt/rustwide/cargo-home/bin/cargo" "+1.98.0-beta.8" "metadata" "--no-deps" "--format-version=1", kill_on_drop: false }`
[INFO] running `Command { std: "docker" "inspect" "26357dc6a23f8e77d9c32a661bd88741c3861f9f424e1f3bd5719918d78ae5b6", kill_on_drop: false }`
[INFO] running `Command { std: "docker" "exec" "-e" "SOURCE_DIR=/opt/rustwide/workdir" "-e" "CARGO_HOME=/opt/rustwide/cargo-home" "-e" "RUSTUP_HOME=/opt/rustwide/rustup-home" "-e" "CARGO_TARGET_DIR=/opt/rustwide/target" "-e" "CARGO_INCREMENTAL=0" "-e" "RUST_BACKTRACE=full" "-e" "RUSTFLAGS=--cap-lints=warn" "-e" "RUSTDOCFLAGS=--cap-lints=warn" "-w" "/opt/rustwide/workdir" "--user" "0:0" "26357dc6a23f8e77d9c32a661bd88741c3861f9f424e1f3bd5719918d78ae5b6" "/opt/rustwide/cargo-home/bin/cargo" "+1.98.0-beta.8" "build" "--frozen" "--message-format=json" "--release", kill_on_drop: false }`
[INFO] [stderr]    Compiling libc v0.2.71
[INFO] [stderr]    Compiling autocfg v1.0.0
[INFO] [stderr]    Compiling proc-macro2 v1.0.17
[INFO] [stderr]    Compiling syn v1.0.28
[INFO] [stderr]    Compiling serde v1.0.110
[INFO] [stderr]    Compiling memchr v2.3.3
[INFO] [stderr]    Compiling byteorder v1.3.4
[INFO] [stderr]    Compiling log v0.4.8
[INFO] [stderr]    Compiling slab v0.4.2
[INFO] [stderr]    Compiling scopeguard v1.1.0
[INFO] [stderr]    Compiling typenum v1.12.0
[INFO] [stderr]    Compiling maybe-uninit v2.0.0
[INFO] [stderr]    Compiling adler32 v1.0.4
[INFO] [stderr]    Compiling futures-core v0.3.5
[INFO] [stderr]    Compiling bitflags v1.2.1
[INFO] [stderr]    Compiling crc32fast v1.2.0
[INFO] [stderr]    Compiling futures-sink v0.3.5
[INFO] [stderr]    Compiling proc-macro-nested v0.1.4
[INFO] [stderr]    Compiling arc-swap v0.4.6
[INFO] [stderr]    Compiling once_cell v1.4.0
[INFO] [stderr]    Compiling getrandom v0.1.14
[INFO] [stderr]    Compiling rayon-core v1.7.0
[INFO] [stderr]    Compiling proc-macro-hack v0.5.16
[INFO] [stderr]    Compiling futures-channel v0.3.5
[INFO] [stderr]    Compiling futures-task v0.3.5
[INFO] [stderr]    Compiling num-traits v0.2.11
[INFO] [stderr]    Compiling crossbeam-utils v0.7.2
[INFO] [stderr]    Compiling memoffset v0.5.4
[INFO] [stderr]    Compiling crossbeam-epoch v0.8.2
[INFO] [stderr]    Compiling num-integer v0.1.42
[INFO] [stderr]    Compiling miniz_oxide v0.3.6
[INFO] [stderr]    Compiling futures-io v0.3.5
[INFO] [stderr]    Compiling ryu v1.0.4
[INFO] [stderr]    Compiling num-iter v0.1.40
[INFO] [stderr]    Compiling num-rational v0.2.4
[INFO] [stderr]    Compiling smallvec v1.4.0
[INFO] [stderr]    Compiling pin-project-lite v0.1.5
[INFO] [stderr]    Compiling lzw v0.10.0
[INFO] [stderr]    Compiling either v1.5.3
[INFO] [stderr]    Compiling linked-hash-map v0.5.3
[INFO] [stderr]    Compiling bytes v0.5.4
[INFO] [stderr]    Compiling traitobject v0.1.0
[INFO] [stderr]    Compiling nix v0.17.0
[INFO] [stderr]    Compiling deflate v0.8.4
[INFO] [stdout] error[E0119]: conflicting implementations of trait `Trait` for type `(dyn Send + Sync + 'static)`
[INFO] [stdout]   --> /opt/rustwide/cargo-home/registry/src/index.crates.io-1949cf8c6b5b557f/traitobject-0.1.0/src/impls.rs:72:1
[INFO] [stdout]    |
[INFO] [stdout] 71 | unsafe impl Trait for ::std::marker::Send + Sync { }
[INFO] [stdout]    | ------------------------------------------------ first implementation here
[INFO] [stdout] 72 | unsafe impl Trait for ::std::marker::Send + Send + Sync { }
[INFO] [stdout]    | ^^^^^^^^^^^^^^^^^^^^^^^^^^^^^^^^^^^^^^^^^^^^^^^^^^^^^^^ conflicting implementation for `(dyn Send + Sync + 'static)`
[INFO] [stdout] 
[INFO] [stdout] 
[INFO] [stdout] error[E0119]: conflicting implementations of trait `Trait` for type `(dyn Send + Sync + 'static)`
[INFO] [stdout]   --> /opt/rustwide/cargo-home/registry/src/index.crates.io-1949cf8c6b5b557f/traitobject-0.1.0/src/impls.rs:73:1
[INFO] [stdout]    |
[INFO] [stdout] 71 | unsafe impl Trait for ::std::marker::Send + Sync { }
[INFO] [stdout]    | ------------------------------------------------ first implementation here
[INFO] [stdout] 72 | unsafe impl Trait for ::std::marker::Send + Send + Sync { }
[INFO] [stdout] 73 | unsafe impl Trait for ::std::marker::Sync + Send { }
[INFO] [stdout]    | ^^^^^^^^^^^^^^^^^^^^^^^^^^^^^^^^^^^^^^^^^^^^^^^^ conflicting implementation for `(dyn Send + Sync + 'static)`
[INFO] [stdout] 
[INFO] [stdout] 
[INFO] [stdout] error[E0119]: conflicting implementations of trait `Trait` for type `(dyn Send + Sync + 'static)`
[INFO] [stdout]   --> /opt/rustwide/cargo-home/registry/src/index.crates.io-1949cf8c6b5b557f/traitobject-0.1.0/src/impls.rs:75:1
[INFO] [stdout]    |
[INFO] [stdout] 71 | unsafe impl Trait for ::std::marker::Send + Sync { }
[INFO] [stdout]    | ------------------------------------------------ first implementation here
[INFO] [stdout] ...
[INFO] [stdout] 75 | unsafe impl Trait for ::std::marker::Sync + Send + Sync { }
[INFO] [stdout]    | ^^^^^^^^^^^^^^^^^^^^^^^^^^^^^^^^^^^^^^^^^^^^^^^^^^^^^^^ conflicting implementation for `(dyn Send + Sync + 'static)`
[INFO] [stdout] 
[INFO] [stdout] 
[INFO] [stdout] For more information about this error, try `rustc --explain E0119`.
[INFO] [stdout] 
[INFO] [stderr] error: could not compile `traitobject` (lib) due to 3 previous errors
[INFO] [stderr] warning: build failed, waiting for other jobs to finish...
[INFO] running `Command { std: "docker" "inspect" "26357dc6a23f8e77d9c32a661bd88741c3861f9f424e1f3bd5719918d78ae5b6", kill_on_drop: false }`
[INFO] running `Command { std: "docker" "rm" "-f" "26357dc6a23f8e77d9c32a661bd88741c3861f9f424e1f3bd5719918d78ae5b6", kill_on_drop: false }`
[INFO] [stdout] 26357dc6a23f8e77d9c32a661bd88741c3861f9f424e1f3bd5719918d78ae5b6
