[INFO] cloning repository https://github.com/EpixZone/Epix
[INFO] running `Command { std: "git" "-c" "credential.helper=" "-c" "credential.helper=/workspace/cargo-home/bin/git-credential-null" "clone" "--bare" "https://github.com/EpixZone/Epix" "/workspace/cache/git-repos/https%3A%2F%2Fgithub.com%2FEpixZone%2FEpix", kill_on_drop: false }`
[INFO] [stderr] Cloning into bare repository '/workspace/cache/git-repos/https%3A%2F%2Fgithub.com%2FEpixZone%2FEpix'...
[INFO] running `Command { std: "git" "rev-parse" "HEAD", kill_on_drop: false }`
[INFO] [stdout] 46fa380540c268bcd9145f3b50bc9026b6f45309
[INFO] testing EpixZone/Epix against 1.99.0-beta.1+cargoflags=--release for beta-release-1.99-2
[INFO] running `Command { std: "git" "clone" "/workspace/cache/git-repos/https%3A%2F%2Fgithub.com%2FEpixZone%2FEpix" "/workspace/builds/worker-4-tc2/source", kill_on_drop: false }`
[INFO] [stderr] Cloning into '/workspace/builds/worker-4-tc2/source'...
[INFO] [stderr] done.
[INFO] started tweaking git repo https://github.com/EpixZone/Epix
[INFO] finished tweaking git repo https://github.com/EpixZone/Epix
[INFO] tweaked toml for git repo https://github.com/EpixZone/Epix written to /workspace/builds/worker-4-tc2/source/Cargo.toml
[INFO] validating manifest of git repo https://github.com/EpixZone/Epix on toolchain 1.99.0-beta.1
[INFO] running `Command { std: CARGO_HOME="/workspace/cargo-home" RUSTUP_HOME="/workspace/rustup-home" "/workspace/cargo-home/bin/cargo" "+1.99.0-beta.1" "metadata" "--manifest-path" "Cargo.toml" "--no-deps", kill_on_drop: false }`
[INFO] crate git repo https://github.com/EpixZone/Epix already has a lockfile, it will not be regenerated
[INFO] running `Command { std: CARGO_HOME="/workspace/cargo-home" RUSTUP_HOME="/workspace/rustup-home" "/workspace/cargo-home/bin/cargo" "+1.99.0-beta.1" "fetch" "--manifest-path" "Cargo.toml", kill_on_drop: false }`
[INFO] [stderr]     Blocking waiting for file lock on package cache
[INFO] [stderr]     Blocking waiting for file lock on package cache
[ERROR] error running command: no output for 300 seconds
[INFO] testing EpixZone/Epix against 1.99.0-beta.1+cargoflags=--release for beta-release-1.99-2
[INFO] running `Command { std: "git" "clone" "/workspace/cache/git-repos/https%3A%2F%2Fgithub.com%2FEpixZone%2FEpix" "/workspace/builds/worker-4-tc2/source", kill_on_drop: false }`
[INFO] [stderr] Cloning into '/workspace/builds/worker-4-tc2/source'...
[INFO] [stderr] done.
[INFO] started tweaking git repo https://github.com/EpixZone/Epix
[INFO] finished tweaking git repo https://github.com/EpixZone/Epix
[INFO] tweaked toml for git repo https://github.com/EpixZone/Epix written to /workspace/builds/worker-4-tc2/source/Cargo.toml
[INFO] validating manifest of git repo https://github.com/EpixZone/Epix on toolchain 1.99.0-beta.1
[INFO] running `Command { std: CARGO_HOME="/workspace/cargo-home" RUSTUP_HOME="/workspace/rustup-home" "/workspace/cargo-home/bin/cargo" "+1.99.0-beta.1" "metadata" "--manifest-path" "Cargo.toml" "--no-deps", kill_on_drop: false }`
[INFO] crate git repo https://github.com/EpixZone/Epix already has a lockfile, it will not be regenerated
[INFO] running `Command { std: CARGO_HOME="/workspace/cargo-home" RUSTUP_HOME="/workspace/rustup-home" "/workspace/cargo-home/bin/cargo" "+1.99.0-beta.1" "fetch" "--manifest-path" "Cargo.toml", kill_on_drop: false }`
[INFO] [stderr]     Blocking waiting for file lock on package cache
[INFO] [stderr]     Blocking waiting for file lock on package cache
[ERROR] error running command: no output for 300 seconds
[INFO] testing EpixZone/Epix against 1.99.0-beta.1+cargoflags=--release for beta-release-1.99-2
[INFO] running `Command { std: "git" "clone" "/workspace/cache/git-repos/https%3A%2F%2Fgithub.com%2FEpixZone%2FEpix" "/workspace/builds/worker-4-tc2/source", kill_on_drop: false }`
[INFO] [stderr] Cloning into '/workspace/builds/worker-4-tc2/source'...
[INFO] [stderr] done.
[INFO] started tweaking git repo https://github.com/EpixZone/Epix
[INFO] finished tweaking git repo https://github.com/EpixZone/Epix
[INFO] tweaked toml for git repo https://github.com/EpixZone/Epix written to /workspace/builds/worker-4-tc2/source/Cargo.toml
[INFO] validating manifest of git repo https://github.com/EpixZone/Epix on toolchain 1.99.0-beta.1
[INFO] running `Command { std: CARGO_HOME="/workspace/cargo-home" RUSTUP_HOME="/workspace/rustup-home" "/workspace/cargo-home/bin/cargo" "+1.99.0-beta.1" "metadata" "--manifest-path" "Cargo.toml" "--no-deps", kill_on_drop: false }`
[INFO] crate git repo https://github.com/EpixZone/Epix already has a lockfile, it will not be regenerated
[INFO] running `Command { std: CARGO_HOME="/workspace/cargo-home" RUSTUP_HOME="/workspace/rustup-home" "/workspace/cargo-home/bin/cargo" "+1.99.0-beta.1" "fetch" "--manifest-path" "Cargo.toml", kill_on_drop: false }`
[INFO] [stderr]     Blocking waiting for file lock on package cache
[INFO] [stderr]     Blocking waiting for file lock on package cache
[ERROR] error running command: no output for 300 seconds
[INFO] testing EpixZone/Epix against 1.99.0-beta.1+cargoflags=--release for beta-release-1.99-2
[INFO] running `Command { std: "git" "clone" "/workspace/cache/git-repos/https%3A%2F%2Fgithub.com%2FEpixZone%2FEpix" "/workspace/builds/worker-4-tc2/source", kill_on_drop: false }`
[INFO] [stderr] Cloning into '/workspace/builds/worker-4-tc2/source'...
[INFO] [stderr] done.
[INFO] started tweaking git repo https://github.com/EpixZone/Epix
[INFO] finished tweaking git repo https://github.com/EpixZone/Epix
[INFO] tweaked toml for git repo https://github.com/EpixZone/Epix written to /workspace/builds/worker-4-tc2/source/Cargo.toml
[INFO] validating manifest of git repo https://github.com/EpixZone/Epix on toolchain 1.99.0-beta.1
[INFO] running `Command { std: CARGO_HOME="/workspace/cargo-home" RUSTUP_HOME="/workspace/rustup-home" "/workspace/cargo-home/bin/cargo" "+1.99.0-beta.1" "metadata" "--manifest-path" "Cargo.toml" "--no-deps", kill_on_drop: false }`
[INFO] crate git repo https://github.com/EpixZone/Epix already has a lockfile, it will not be regenerated
[INFO] running `Command { std: CARGO_HOME="/workspace/cargo-home" RUSTUP_HOME="/workspace/rustup-home" "/workspace/cargo-home/bin/cargo" "+1.99.0-beta.1" "fetch" "--manifest-path" "Cargo.toml", kill_on_drop: false }`
[INFO] [stderr]     Blocking waiting for file lock on package cache
[INFO] [stderr]     Blocking waiting for file lock on package cache
[ERROR] error running command: no output for 300 seconds
[INFO] testing EpixZone/Epix against 1.99.0-beta.1+cargoflags=--release for beta-release-1.99-2
[INFO] running `Command { std: "git" "clone" "/workspace/cache/git-repos/https%3A%2F%2Fgithub.com%2FEpixZone%2FEpix" "/workspace/builds/worker-4-tc2/source", kill_on_drop: false }`
[INFO] [stderr] Cloning into '/workspace/builds/worker-4-tc2/source'...
[INFO] [stderr] done.
[INFO] started tweaking git repo https://github.com/EpixZone/Epix
[INFO] finished tweaking git repo https://github.com/EpixZone/Epix
[INFO] tweaked toml for git repo https://github.com/EpixZone/Epix written to /workspace/builds/worker-4-tc2/source/Cargo.toml
[INFO] validating manifest of git repo https://github.com/EpixZone/Epix on toolchain 1.99.0-beta.1
[INFO] running `Command { std: CARGO_HOME="/workspace/cargo-home" RUSTUP_HOME="/workspace/rustup-home" "/workspace/cargo-home/bin/cargo" "+1.99.0-beta.1" "metadata" "--manifest-path" "Cargo.toml" "--no-deps", kill_on_drop: false }`
[INFO] crate git repo https://github.com/EpixZone/Epix already has a lockfile, it will not be regenerated
[INFO] running `Command { std: CARGO_HOME="/workspace/cargo-home" RUSTUP_HOME="/workspace/rustup-home" "/workspace/cargo-home/bin/cargo" "+1.99.0-beta.1" "fetch" "--manifest-path" "Cargo.toml", kill_on_drop: false }`
[INFO] [stderr]     Blocking waiting for file lock on package cache
[INFO] [stderr]     Blocking waiting for file lock on package cache
[INFO] [stderr]  Downloading crates ...
[INFO] [stderr]   Downloaded futures-macro v0.3.34
[INFO] [stderr]   Downloaded block-padding v0.4.2
[INFO] [stderr]   Downloaded fslock-guard v0.8.0
[INFO] [stderr]   Downloaded rmpv v1.3.1
[INFO] [stderr]   Downloaded sponge-cursor v0.1.0
[INFO] [stderr]   Downloaded ambient-authority v0.0.2
[INFO] [stderr]   Downloaded rfc6979 v0.6.0
[INFO] [stderr]   Downloaded fs-set-times v0.20.3
[INFO] [stderr]   Downloaded wnaf v0.14.0
[INFO] [stderr]   Downloaded primeorder v0.14.0
[INFO] [stderr]   Downloaded cpubits v0.1.1
[INFO] [stderr]   Downloaded data-encoding v2.11.1
[INFO] [stderr]   Downloaded winx v0.36.4
[INFO] [stderr]   Downloaded rustix-linux-procfs v0.1.1
[INFO] [stderr]   Downloaded ff v0.14.0
[INFO] [stderr]   Downloaded io-lifetimes v2.0.4
[INFO] [stderr]   Downloaded keccak v0.1.6
[INFO] [stderr]   Downloaded r2d2_sqlite v0.31.0
[INFO] [stderr]   Downloaded keccak v0.2.0
[INFO] [stderr]   Downloaded group v0.14.0
[INFO] [stderr]   Downloaded primefield v0.14.0
[INFO] [stderr]   Downloaded sec1 v0.8.1
[INFO] [stderr]   Downloaded cbc v0.2.1
[INFO] [stderr]   Downloaded cap-std v4.0.3
[INFO] [stderr]   Downloaded io-lifetimes v3.0.1
[INFO] [stderr]   Downloaded self_cell v1.3.0
[INFO] [stderr]   Downloaded pbkdf2 v0.13.0
[INFO] [stderr]   Downloaded ipnetwork v0.21.1
[INFO] [stderr]   Downloaded tonic-build v0.13.1
[INFO] [stderr]   Downloaded futures-executor v0.3.34
[INFO] [stderr]   Downloaded web-time-compat v0.2.0
[INFO] [stderr]   Downloaded tor-general-addr v0.45.0
[INFO] [stderr]   Downloaded retry-error v0.13.0
[INFO] [stderr]   Downloaded enum-ordinalize v3.1.15
[INFO] [stderr]   Downloaded derive_builder_macro_fork_arti v0.11.2
[INFO] [stderr]   Downloaded visibility v0.1.1
[INFO] [stderr]   Downloaded extend v1.2.0
[INFO] [stderr]   Downloaded ecdsa v0.17.0
[INFO] [stderr]   Downloaded io-extras v0.19.0
[INFO] [stderr]   Downloaded tokio-tungstenite v0.30.0
[INFO] [stderr]   Downloaded tendermint-light-client-verifier v0.40.4
[INFO] [stderr]   Downloaded coarsetime v0.1.37
[INFO] [stderr]   Downloaded asynchronous-codec v0.7.0
[INFO] [stderr]   Downloaded blanket v0.3.0
[INFO] [stderr]   Downloaded env_logger v0.10.2
[INFO] [stderr]   Downloaded tor-error v0.45.0
[INFO] [stderr]   Downloaded futures-rustls v0.26.0
[INFO] [stderr]   Downloaded amplify_num v0.5.4
[INFO] [stderr]   Downloaded amplify_syn v2.0.1
[INFO] [stderr]   Downloaded tor-memquota-cost v0.45.0
[INFO] [stderr]   Downloaded proc-macro-crate v2.0.0
[INFO] [stderr]   Downloaded weak-table v0.3.2
[INFO] [stderr]   Downloaded rand_chacha v0.10.0
[INFO] [stderr]   Downloaded kqueue v1.2.0
[INFO] [stderr]   Downloaded inotify-sys v0.1.7
[INFO] [stderr]   Downloaded uncased v0.9.10
[INFO] [stderr]   Downloaded oneshot-fused-workaround v0.7.0
[INFO] [stderr]   Downloaded zerocopy-derive v0.8.52
[INFO] [stderr]   Downloaded elliptic-curve v0.14.1
[INFO] [stderr]   Downloaded bech32 v0.12.0
[INFO] [stderr]   Downloaded cap-primitives v4.0.3
[INFO] [stderr]   Downloaded maxminddb v0.30.3
[INFO] [stderr]   Downloaded uuid v1.23.4
[INFO] [stderr]   Downloaded tendermint-proto v0.40.4
[INFO] [stderr]   Downloaded futures v0.3.34
[INFO] [stderr]   Downloaded educe v0.4.23
[INFO] [stderr]   Downloaded derive_builder_fork_arti v0.11.2
[INFO] [stderr]   Downloaded derive_builder_core_fork_arti v0.11.2
[INFO] [stderr]   Downloaded async_executors v0.7.0
[INFO] [stderr]   Downloaded amplify v4.9.0
[INFO] [stderr]   Downloaded amplify_derive v4.0.1
[INFO] [stderr]   Downloaded tor-units v0.45.0
[INFO] [stderr]   Downloaded tor-log-ratelim v0.45.0
[INFO] [stderr]   Downloaded inotify v0.11.2
[INFO] [stderr]   Downloaded pwd-grp v1.0.2
[INFO] [stderr]   Downloaded tracing-test v0.2.6
[INFO] [stderr]   Downloaded tracing-test-macro v0.2.6
[INFO] [stderr]   Downloaded k256 v0.14.0
[INFO] [stderr]   Downloaded tungstenite v0.30.0
[INFO] [stderr]   Downloaded tor-basic-utils v0.45.0
[INFO] [stderr]   Downloaded fs-mistrust v0.15.0
[INFO] [stderr]   Downloaded tor-async-utils v0.45.0
[INFO] [stderr]   Downloaded slotmap-careful v0.8.0
[INFO] [stderr]   Downloaded tor-protover v0.45.0
[INFO] [stderr]   Downloaded tor-bytes v0.45.0
[INFO] [stderr]   Downloaded rand_jitter v0.6.1
[INFO] [stderr]   Downloaded tor-key-forge v0.45.0
[INFO] [stderr]   Downloaded tor-checkable v0.45.0
[INFO] [stderr]   Downloaded h2 v0.4.18
[INFO] [stderr]   Downloaded hidapi v2.6.6
[INFO] [stderr]   Downloaded aes v0.9.2
[INFO] [stderr]   Downloaded zip v8.6.0
[INFO] [stderr]   Downloaded tonic v0.13.1
[INFO] [stderr]   Downloaded tendermint v0.40.4
[INFO] [stderr]   Downloaded tor-rtcompat v0.45.0
[INFO] [stderr]   Downloaded tor-memquota v0.45.0
[INFO] [stderr]   Downloaded derive-deftly v1.11.5
[INFO] [stderr]   Downloaded toml_edit v0.20.7
[INFO] [stderr]   Downloaded figment v0.10.19
[INFO] [stderr]   Downloaded tor-rtmock v0.45.0
[INFO] [stderr]   Downloaded priority-queue v2.7.0
[INFO] [stderr]   Downloaded tor-hscrypto v0.45.0
[INFO] [stderr]   Downloaded quinn-proto v0.11.15
[INFO] [stderr]   Downloaded blake3 v1.8.7
[INFO] [stderr]   Downloaded sha3 v0.12.0
[INFO] [stderr]   Downloaded ed25519-dalek v3.0.0
[INFO] [stderr]   Downloaded itertools v0.15.0
[INFO] [stderr]   Downloaded derive-deftly-macros v1.11.5
[INFO] [stderr]   Downloaded tor-config v0.45.0
[INFO] [stderr]   Downloaded zerocopy v0.8.52
[INFO] [stderr]   Downloaded fancy-regex v0.19.0
[INFO] [stderr]   Downloaded zlib-rs v0.6.5
[INFO] [stderr]   Downloaded wasix v0.13.2
[INFO] [stderr]   Downloaded rdrand v0.9.0
[INFO] [stderr]   Downloaded tor-linkspec v0.45.0
[INFO] [stderr]   Downloaded hostname-validator v1.1.1
[INFO] [stderr]   Downloaded enumset v1.1.13
[INFO] [stderr]   Downloaded tor-dircommon v0.45.0
[INFO] [stderr]   Downloaded getset v0.1.7
[INFO] [stderr]   Downloaded safelog v0.9.1
[INFO] [stderr]   Downloaded caret v0.10.0
[INFO] [stderr]   Downloaded enumset_derive v0.15.0
[INFO] [stderr]   Downloaded typed-index-collections v3.5.0
[INFO] [stderr]   Downloaded sanitize-filename v0.6.0
[INFO] [stderr]   Downloaded tor-socksproto v0.45.0
[INFO] [stderr]   Downloaded crypto-bigint v0.7.5
[INFO] [stderr]   Downloaded fluid-let v1.0.0
[INFO] [stderr]   Downloaded reseeding_rng v0.10.7
[INFO] [stderr]   Downloaded ctr v0.10.1
[INFO] [stderr]   Downloaded tor-cert v0.45.0
[INFO] [stderr]   Downloaded tor-config-path v0.45.0
[INFO] [stderr]   Downloaded redb v4.2.0
[INFO] [stderr]   Downloaded tor-llcrypto v0.45.0
[INFO] [stderr]   Downloaded tor-persist v0.45.0
[INFO] [stderr]   Downloaded tor-keymgr v0.45.0
[INFO] [stderr]   Downloaded tor-dirclient v0.45.0
[INFO] [stderr]   Downloaded tor-chanmgr v0.45.0
[INFO] [stderr]   Downloaded curve25519-dalek v5.0.0
[INFO] [stderr]   Downloaded tor-hsservice v0.45.0
[INFO] [stderr]   Downloaded tor-netdir v0.45.0
[INFO] [stderr]   Downloaded bitvec v1.1.1
[INFO] [stderr]   Downloaded uniffi_pipeline v0.32.0
[INFO] [stderr]   Downloaded tor-circmgr v0.45.0
[INFO] [stderr]   Downloaded tor-guardmgr v0.45.0
[INFO] [stderr]   Downloaded nonany v0.3.0
[INFO] [stderr]   Downloaded k12 v0.3.0
[INFO] [stderr]   Downloaded tor-proto v0.45.0
[INFO] [stderr]   Downloaded ssh-key-fork-arti v0.6.7
[INFO] [stderr]   Downloaded bstr v1.12.3
[INFO] [stderr]   Downloaded enum-ordinalize-derive v4.4.2
[INFO] [stderr]   Downloaded snow v0.10.0
[INFO] [stderr]   Downloaded libz-sys v1.1.29
[INFO] [stderr]   Downloaded ark-bn254 v0.5.0
[INFO] [stderr]   Downloaded netlink-packet-utils v0.5.2
[INFO] [stderr]   Downloaded askama_macros v0.16.0
[INFO] [stderr]   Downloaded sha3 v0.10.9
[INFO] [stderr]   Downloaded enum-ordinalize v4.4.2
[INFO] [stderr]   Downloaded ark-serialize-derive v0.5.0
[INFO] [stderr]   Downloaded askama_parser v0.16.0
[INFO] [stderr]   Downloaded darling_macro v0.24.1
[INFO] [stderr]   Downloaded tao-macros v0.1.4
[INFO] [stderr]   Downloaded ethbloom v0.14.1
[INFO] [stderr]   Downloaded ecb v0.1.2
[INFO] [stderr]   Downloaded ssh-encoding-fork-arti v0.2.0
[INFO] [stderr]   Downloaded uniffi_internal_macros v0.32.0
[INFO] [stderr]   Downloaded ark-snark v0.5.1
[INFO] [stderr]   Downloaded scroll_derive v0.12.1
[INFO] [stderr]   Downloaded phf_macros v0.14.0
[INFO] [stderr]   Downloaded growable-bloom-filter v2.1.1
[INFO] [stderr]   Downloaded prost-derive v0.14.4
[INFO] [stderr]   Downloaded xxhash-rust v0.8.16
[INFO] [stderr]   Downloaded ark-crypto-primitives-macros v0.5.0
[INFO] [stderr]   Downloaded libxdo v0.6.0
[INFO] [stderr]   Downloaded phf_generator v0.14.0
[INFO] [stderr]   Downloaded kem v0.3.0
[INFO] [stderr]   Downloaded scroll v0.12.0
[INFO] [stderr]   Downloaded ark-relations v0.5.1
[INFO] [stderr]   Downloaded ark-groth16 v0.5.0
[INFO] [stderr]   Downloaded weedle2 v5.0.0
[INFO] [stderr]   Downloaded cargo_metadata v0.23.1
[INFO] [stderr]   Downloaded cargo-platform v0.3.3
[INFO] [stderr]   Downloaded phf_shared v0.14.0
[INFO] [stderr]   Downloaded libxdo-sys v0.11.0
[INFO] [stderr]   Downloaded uniffi_meta v0.32.0
[INFO] [stderr]   Downloaded async-compat v0.2.5
[INFO] [stderr]   Downloaded uniffi_udl v0.32.0
[INFO] [stderr]   Downloaded phf v0.14.0
[INFO] [stderr]   Downloaded netdev v0.31.0
[INFO] [stderr]   Downloaded module-lattice v0.2.3
[INFO] [stderr]   Downloaded uniffi v0.32.0
[INFO] [stderr]   Downloaded ssh-cipher-fork-arti v0.2.0
[INFO] [stderr]   Downloaded liblzma v0.4.7
[INFO] [stderr]   Downloaded tor-consdiff v0.45.0
[INFO] [stderr]   Downloaded netdev v0.36.0
[INFO] [stderr]   Downloaded netlink-packet-core v0.7.0
[INFO] [stderr]   Downloaded natpmp v0.5.0
[INFO] [stderr]   Downloaded prost v0.14.4
[INFO] [stderr]   Downloaded winreg v0.56.0
[INFO] [stderr]   Downloaded askama v0.16.0
[INFO] [stderr]   Downloaded iprange v0.6.7
[INFO] [stderr]   Downloaded tor-ptmgr v0.45.0
[INFO] [stderr]   Downloaded yosemite v0.7.0
[INFO] [stderr]   Downloaded igd-next v0.16.2
[INFO] [stderr]   Downloaded ml-kem v0.3.2
[INFO] [stderr]   Downloaded darling v0.24.1
[INFO] [stderr]   Downloaded ark-poly v0.5.0
[INFO] [stderr]   Downloaded tray-icon v0.24.2
[INFO] [stderr]   Downloaded uniffi_macros v0.32.0
[INFO] [stderr]   Downloaded uniffi_core v0.32.0
[INFO] [stderr]   Downloaded tor-relay-selection v0.45.0
[INFO] [stderr]   Downloaded bon v3.10.0
[INFO] [stderr]   Downloaded prettyplease v0.3.0
[INFO] [stderr]   Downloaded ark-ec v0.5.0
[INFO] [stderr]   Downloaded camino v1.2.4
[INFO] [stderr]   Downloaded thingbuf v0.1.6
[INFO] [stderr]   Downloaded darling_core v0.24.1
[INFO] [stderr]   Downloaded ark-crypto-primitives v0.5.0
[INFO] [stderr]   Downloaded muda v0.19.3
[INFO] [stderr]   Downloaded x509-parser v0.17.0
[INFO] [stderr]   Downloaded bon-macros v3.10.0
[INFO] [stderr]   Downloaded askama_derive v0.16.0
[INFO] [stderr]   Downloaded tor-hsclient v0.45.0
[INFO] [stderr]   Downloaded ark-r1cs-std v0.5.0
[INFO] [stderr]   Downloaded dbus v0.9.12
[INFO] [stderr]   Downloaded tor-cell v0.45.0
[INFO] [stderr]   Downloaded zip v4.6.1
[INFO] [stderr]   Downloaded x25519-dalek v3.0.0
[INFO] [stderr]   Downloaded netlink-packet-route v0.17.1
[INFO] [stderr]   Downloaded arti-client v0.45.0
[INFO] [stderr]   Downloaded ruint v1.20.0
[INFO] [stderr]   Downloaded imara-diff v0.2.0
[INFO] [stderr]   Downloaded tor-dirmgr v0.45.0
[INFO] [stderr]   Downloaded zerokit_utils v3.0.0
[INFO] [stderr]   Downloaded goblin v0.8.2
[INFO] [stderr]   Downloaded netlink-packet-route v0.22.0
[INFO] [stderr]   Downloaded uniffi_bindgen v0.32.0
[INFO] [stderr]   Downloaded curve25519-elligator2 v0.1.0-alpha.2
[INFO] [stderr]   Downloaded tao v0.37.0
[INFO] [stderr]   Downloaded tor-netdoc v0.45.0
[INFO] [stderr]   Downloaded sha3 v0.11.0
[INFO] [stderr]   Downloaded liblzma-sys v0.4.8
[INFO] running `Command { std: "docker" "create" "-v" "/var/lib/crater-agent-workspace/builds/worker-4-tc2/source:/opt/rustwide/workdir:ro,Z" "-v" "/var/lib/crater-agent-workspace/builds/worker-4-tc2/target:/opt/rustwide/target:rw,Z" "-v" "/var/lib/crater-agent-workspace/cargo-home:/opt/rustwide/cargo-home:ro,Z" "-v" "/var/lib/crater-agent-workspace/rustup-home:/opt/rustwide/rustup-home:ro,Z" "-m" "1610612736" "--network" "none" "ghcr.io/rust-lang/crates-build-env/linux@sha256:8683fc1fc2eb5c9ac98e0d076ab094b2ffac7f99da555d2b6a2e27f346de2ec7" "sleep" "infinity", kill_on_drop: false }`
[INFO] [stdout] 01cffd8390a8149d903a27e67b1bd9ccf85ee85e4445f4b8c6f480ae396b613c
[INFO] running `Command { std: "docker" "start" "01cffd8390a8149d903a27e67b1bd9ccf85ee85e4445f4b8c6f480ae396b613c", kill_on_drop: false }`
[INFO] running `Command { std: "docker" "inspect" "01cffd8390a8149d903a27e67b1bd9ccf85ee85e4445f4b8c6f480ae396b613c", kill_on_drop: false }`
[INFO] running `Command { std: "docker" "exec" "-e" "SOURCE_DIR=/opt/rustwide/workdir" "-e" "CARGO_HOME=/opt/rustwide/cargo-home" "-e" "RUSTUP_HOME=/opt/rustwide/rustup-home" "-e" "CARGO_TARGET_DIR=/opt/rustwide/target" "-w" "/opt/rustwide/workdir" "--user" "0:0" "01cffd8390a8149d903a27e67b1bd9ccf85ee85e4445f4b8c6f480ae396b613c" "/opt/rustwide/cargo-home/bin/cargo" "+1.99.0-beta.1" "metadata" "--no-deps" "--format-version=1", kill_on_drop: false }`
[INFO] running `Command { std: "docker" "inspect" "01cffd8390a8149d903a27e67b1bd9ccf85ee85e4445f4b8c6f480ae396b613c", kill_on_drop: false }`
[INFO] running `Command { std: "docker" "exec" "-e" "SOURCE_DIR=/opt/rustwide/workdir" "-e" "CARGO_HOME=/opt/rustwide/cargo-home" "-e" "RUSTUP_HOME=/opt/rustwide/rustup-home" "-e" "CARGO_TARGET_DIR=/opt/rustwide/target" "-e" "CARGO_INCREMENTAL=0" "-e" "RUST_BACKTRACE=full" "-e" "RUSTFLAGS=--cap-lints=warn" "-e" "RUSTDOCFLAGS=--cap-lints=warn" "-w" "/opt/rustwide/workdir" "--user" "0:0" "01cffd8390a8149d903a27e67b1bd9ccf85ee85e4445f4b8c6f480ae396b613c" "/opt/rustwide/cargo-home/bin/cargo" "+1.99.0-beta.1" "build" "--frozen" "--message-format=json" "--release", kill_on_drop: false }`
[INFO] [stderr]    Compiling typenum v1.20.1
[INFO] [stderr]    Compiling subtle v2.6.1
[INFO] [stderr]    Compiling serde_core v1.0.229
[INFO] [stderr]    Compiling memchr v2.8.2
[INFO] [stderr]    Compiling serde v1.0.229
[INFO] [stderr]    Compiling autocfg v1.5.1
[INFO] [stderr]    Compiling pin-project-lite v0.2.17
[INFO] [stderr]    Compiling libc v0.2.189
[INFO] [stderr]    Compiling generic-array v0.14.9
[INFO] [stderr]    Compiling smallvec v1.15.2
[INFO] [stderr]    Compiling hashbrown v0.17.1
[INFO] [stderr]    Compiling rand_core v0.10.1
[INFO] [stderr]    Compiling futures-core v0.3.34
[INFO] [stderr]    Compiling syn v2.0.118
[INFO] [stderr]    Compiling syn v3.0.3
[INFO] [stderr]    Compiling getrandom v0.2.17
[INFO] [stderr]    Compiling once_cell v1.21.4
[INFO] [stderr]    Compiling rand_core v0.6.4
[INFO] [stderr]    Compiling getrandom v0.4.3
[INFO] [stderr]    Compiling cmov v0.5.4
[INFO] [stderr]    Compiling futures-io v0.3.34
[INFO] [stderr]    Compiling const-oid v0.9.6
[INFO] [stderr]    Compiling libm v0.2.16
[INFO] [stderr]    Compiling futures-sink v0.3.34
[INFO] [stderr]    Compiling slab v0.4.12
[INFO] [stderr]    Compiling futures-channel v0.3.34
[INFO] [stderr]    Compiling ctutils v0.4.2
[INFO] [stderr]    Compiling thiserror v2.0.20
[INFO] [stderr]    Compiling futures-task v0.3.34
[INFO] [stderr]    Compiling num-traits v0.2.19
[INFO] [stderr]    Compiling syn v1.0.109
[INFO] [stderr]    Compiling cpufeatures v0.3.0
[INFO] [stderr]    Compiling scopeguard v1.2.0
[INFO] [stderr]    Compiling parking_lot_core v0.9.12
[INFO] [stderr]    Compiling tracing-core v0.1.36
[INFO] [stderr]    Compiling lock_api v0.4.14
[INFO] [stderr]    Compiling semver v1.0.28
[INFO] [stderr]    Compiling zerocopy v0.8.52
[INFO] [stderr]    Compiling mio v1.2.1
[INFO] [stderr]    Compiling parking_lot v0.12.5
[INFO] [stderr]    Compiling rustc_version v0.4.1
[INFO] [stderr]    Compiling errno v0.3.14
[INFO] [stderr]    Compiling signal-hook-registry v1.4.8
[INFO] [stderr]    Compiling indexmap v2.14.0
[INFO] [stderr]    Compiling socket2 v0.6.5
[INFO] [stderr]    Compiling paste v1.0.15
[INFO] [stderr]    Compiling jobserver v0.1.34
[INFO] [stderr]    Compiling either v1.16.0
[INFO] [stderr]    Compiling cc v1.2.65
[INFO] [stderr]    Compiling winnow v0.5.40
[INFO] [stderr]    Compiling cpubits v0.1.1
[INFO] [stderr]    Compiling byteorder v1.5.0
[INFO] [stderr]    Compiling serde_json v1.0.151
[INFO] [stderr]    Compiling dunce v1.0.5
[INFO] [stderr]    Compiling fs_extra v1.3.0
[INFO] [stderr]    Compiling const-oid v0.10.2
[INFO] [stderr]    Compiling num-conv v0.2.2
[INFO] [stderr]    Compiling time-core v0.1.9
[INFO] [stderr]    Compiling untrusted v0.9.0
[INFO] [stderr]    Compiling aho-corasick v1.1.4
[INFO] [stderr]    Compiling aws-lc-rs v1.17.1
[INFO] [stderr]    Compiling time-macros v0.2.31
[INFO] [stderr]    Compiling deranged v0.5.8
[INFO] [stderr]    Compiling cmake v0.1.58
[INFO] [stderr] error: could not compile `syn` (lib)
[INFO] [stderr] 
[INFO] [stderr] Caused by:
[INFO] [stderr]   process didn't exit successfully: `/opt/rustwide/rustup-home/toolchains/1.99.0-beta.1-x86_64-unknown-linux-gnu/bin/rustc --crate-name syn --edition=2021 /opt/rustwide/cargo-home/registry/src/index.crates.io-1949cf8c6b5b557f/syn-2.0.118/src/lib.rs --error-format=json --json=diagnostic-rendered-ansi,artifacts,future-incompat --crate-type lib --emit=dep-info,metadata,link -C embed-bitcode=no -C debug-assertions=off --cfg 'feature="clone-impls"' --cfg 'feature="default"' --cfg 'feature="derive"' --cfg 'feature="extra-traits"' --cfg 'feature="fold"' --cfg 'feature="full"' --cfg 'feature="parsing"' --cfg 'feature="printing"' --cfg 'feature="proc-macro"' --cfg 'feature="visit"' --cfg 'feature="visit-mut"' --check-cfg 'cfg(docsrs,test)' --check-cfg 'cfg(feature, values("clone-impls", "default", "derive", "extra-traits", "fold", "full", "parsing", "printing", "proc-macro", "test", "visit", "visit-mut"))' -C metadata=dce5d3fda8eb406b -C extra-filename=-7d6229243be50d5e --out-dir /opt/rustwide/target/release/deps -C strip=debuginfo -L dependency=/opt/rustwide/target/release/deps --extern proc_macro2=/opt/rustwide/target/release/deps/libproc_macro2-ef13cdd4e3a95223.rmeta --extern quote=/opt/rustwide/target/release/deps/libquote-2327b47968d4deeb.rmeta --extern unicode_ident=/opt/rustwide/target/release/deps/libunicode_ident-3d1450b03eaa80c7.rmeta --cap-lints allow --cap-lints=warn` (signal: 9, SIGKILL: kill)
[INFO] [stderr] warning: build failed, waiting for other jobs to finish...
[INFO] running `Command { std: "docker" "inspect" "01cffd8390a8149d903a27e67b1bd9ccf85ee85e4445f4b8c6f480ae396b613c", kill_on_drop: false }`
[INFO] running `Command { std: "docker" "rm" "-f" "01cffd8390a8149d903a27e67b1bd9ccf85ee85e4445f4b8c6f480ae396b613c", kill_on_drop: false }`
[INFO] [stdout] 01cffd8390a8149d903a27e67b1bd9ccf85ee85e4445f4b8c6f480ae396b613c
