[INFO] cloning repository https://github.com/Eosis/AoC2021
[INFO] running `Command { std: "git" "-c" "credential.helper=" "-c" "credential.helper=/workspace/cargo-home/bin/git-credential-null" "clone" "--bare" "https://github.com/Eosis/AoC2021" "/workspace/cache/git-repos/https%3A%2F%2Fgithub.com%2FEosis%2FAoC2021", kill_on_drop: false }`
[INFO] [stderr] Cloning into bare repository '/workspace/cache/git-repos/https%3A%2F%2Fgithub.com%2FEosis%2FAoC2021'...
[INFO] running `Command { std: "git" "rev-parse" "HEAD", kill_on_drop: false }`
[INFO] [stdout] 18ed7c647304c9d2f8be5a3ec497e316f9de250a
[INFO] testing Eosis/AoC2021 against 1.99.0-beta.1+cargoflags=--release for beta-release-1.99-2
[INFO] running `Command { std: "git" "clone" "/workspace/cache/git-repos/https%3A%2F%2Fgithub.com%2FEosis%2FAoC2021" "/workspace/builds/worker-5-tc2/source", kill_on_drop: false }`
[INFO] [stderr] Cloning into '/workspace/builds/worker-5-tc2/source'...
[INFO] [stderr] done.
[INFO] removed /workspace/builds/worker-5-tc2/source/rust-toolchain.toml
[INFO] started tweaking git repo https://github.com/Eosis/AoC2021
[INFO] finished tweaking git repo https://github.com/Eosis/AoC2021
[INFO] tweaked toml for git repo https://github.com/Eosis/AoC2021 written to /workspace/builds/worker-5-tc2/source/Cargo.toml
[INFO] validating manifest of git repo https://github.com/Eosis/AoC2021 on toolchain 1.99.0-beta.1
[INFO] running `Command { std: CARGO_HOME="/workspace/cargo-home" RUSTUP_HOME="/workspace/rustup-home" "/workspace/cargo-home/bin/cargo" "+1.99.0-beta.1" "metadata" "--manifest-path" "Cargo.toml" "--no-deps", kill_on_drop: false }`
[INFO] crate git repo https://github.com/Eosis/AoC2021 already has a lockfile, it will not be regenerated
[INFO] running `Command { std: CARGO_HOME="/workspace/cargo-home" RUSTUP_HOME="/workspace/rustup-home" "/workspace/cargo-home/bin/cargo" "+1.99.0-beta.1" "fetch" "--manifest-path" "Cargo.toml", kill_on_drop: false }`
[INFO] running `Command { std: "docker" "create" "-v" "/var/lib/crater-agent-workspace/builds/worker-5-tc2/source:/opt/rustwide/workdir:ro,Z" "-v" "/var/lib/crater-agent-workspace/builds/worker-5-tc2/target:/opt/rustwide/target:rw,Z" "-v" "/var/lib/crater-agent-workspace/cargo-home:/opt/rustwide/cargo-home:ro,Z" "-v" "/var/lib/crater-agent-workspace/rustup-home:/opt/rustwide/rustup-home:ro,Z" "-m" "1610612736" "--network" "none" "ghcr.io/rust-lang/crates-build-env/linux@sha256:8683fc1fc2eb5c9ac98e0d076ab094b2ffac7f99da555d2b6a2e27f346de2ec7" "sleep" "infinity", kill_on_drop: false }`
[INFO] [stdout] 75d91fbcef1f41d8a6a97c5f7551ae856af10c20ed6a9ed35c24a72d973aad13
[INFO] running `Command { std: "docker" "start" "75d91fbcef1f41d8a6a97c5f7551ae856af10c20ed6a9ed35c24a72d973aad13", kill_on_drop: false }`
[INFO] running `Command { std: "docker" "inspect" "75d91fbcef1f41d8a6a97c5f7551ae856af10c20ed6a9ed35c24a72d973aad13", kill_on_drop: false }`
[INFO] running `Command { std: "docker" "exec" "-e" "SOURCE_DIR=/opt/rustwide/workdir" "-e" "CARGO_HOME=/opt/rustwide/cargo-home" "-e" "RUSTUP_HOME=/opt/rustwide/rustup-home" "-e" "CARGO_TARGET_DIR=/opt/rustwide/target" "-w" "/opt/rustwide/workdir" "--user" "0:0" "75d91fbcef1f41d8a6a97c5f7551ae856af10c20ed6a9ed35c24a72d973aad13" "/opt/rustwide/cargo-home/bin/cargo" "+1.99.0-beta.1" "metadata" "--no-deps" "--format-version=1", kill_on_drop: false }`
[INFO] running `Command { std: "docker" "inspect" "75d91fbcef1f41d8a6a97c5f7551ae856af10c20ed6a9ed35c24a72d973aad13", kill_on_drop: false }`
[INFO] running `Command { std: "docker" "exec" "-e" "SOURCE_DIR=/opt/rustwide/workdir" "-e" "CARGO_HOME=/opt/rustwide/cargo-home" "-e" "RUSTUP_HOME=/opt/rustwide/rustup-home" "-e" "CARGO_TARGET_DIR=/opt/rustwide/target" "-e" "CARGO_INCREMENTAL=0" "-e" "RUST_BACKTRACE=full" "-e" "RUSTFLAGS=--cap-lints=warn" "-e" "RUSTDOCFLAGS=--cap-lints=warn" "-w" "/opt/rustwide/workdir" "--user" "0:0" "75d91fbcef1f41d8a6a97c5f7551ae856af10c20ed6a9ed35c24a72d973aad13" "/opt/rustwide/cargo-home/bin/cargo" "+1.99.0-beta.1" "build" "--frozen" "--message-format=json" "--release", kill_on_drop: false }`
[INFO] [stderr]    Compiling autocfg v1.0.1
[INFO] [stderr]    Compiling proc-macro2 v1.0.34
[INFO] [stderr]    Compiling unicode-xid v0.2.1
[INFO] [stderr]    Compiling syn v1.0.82
[INFO] [stderr]    Compiling memchr v2.4.1
[INFO] [stderr]    Compiling proc-macro-hack v0.5.19
[INFO] [stderr]    Compiling futures-core v0.3.18
[INFO] [stderr]    Compiling proc-macro-nested v0.1.7
[INFO] [stderr]    Compiling libc v0.2.112
[INFO] [stderr]    Compiling futures-task v0.3.18
[INFO] [stderr]    Compiling futures-channel v0.3.18
[INFO] [stderr]    Compiling strsim v0.10.0
[INFO] [stderr]    Compiling futures-sink v0.3.18
[INFO] [stderr]    Compiling slab v0.4.5
[INFO] [stderr]    Compiling pin-project-lite v0.2.7
[INFO] [stderr]    Compiling futures-io v0.3.18
[INFO] [stderr]    Compiling radium v0.6.2
[INFO] [stderr]    Compiling unicode-segmentation v1.7.1
[INFO] [stderr]    Compiling event-listener v2.5.1
[INFO] [stderr]    Compiling async-trait v0.1.52
[INFO] [stderr]    Compiling async-mutex v1.4.0
[INFO] [stderr]    Compiling cached_proc_macro_types v0.1.0
[INFO] [stderr]    Compiling tap v1.0.1
[INFO] [stderr]    Compiling ppv-lite86 v0.2.15
[INFO] [stderr]    Compiling anyhow v1.0.34
[INFO] [stderr]    Compiling argh_shared v0.1.4
[INFO] [stderr]    Compiling once_cell v1.9.0
[INFO] [stderr]    Compiling async-rwlock v1.3.0
[INFO] [stderr]    Compiling wyz v0.4.0
[INFO] [stderr]    Compiling regex-syntax v0.6.25
[INFO] [stderr]    Compiling num-traits v0.2.14
[INFO] [stderr]    Compiling num-integer v0.1.44
[INFO] [stderr]    Compiling futures-macro v0.3.17
[INFO] [stderr]    Compiling futures-util v0.3.17
[INFO] [stderr]    Compiling num-bigint v0.3.1
[INFO] [stderr]    Compiling num-rational v0.3.2
[INFO] [stderr]    Compiling num-iter v0.1.42
[INFO] [stderr]    Compiling heck v0.3.1
[INFO] [stderr]    Compiling funty v1.2.0
[INFO] [stderr]    Compiling either v1.6.1
[INFO] [stderr]    Compiling ahash v0.4.7
[INFO] [stderr]    Compiling hashbrown v0.11.2
[INFO] [stderr]    Compiling bit-vec v0.6.3
[INFO] [stderr]    Compiling hashbrown v0.9.1
[INFO] [stderr]    Compiling itertools v0.10.3
[INFO] [stderr]    Compiling peeking_take_while v1.0.0
[INFO] [stderr]    Compiling getrandom v0.2.3
[INFO] [stderr]    Compiling aho-corasick v0.7.18
[INFO] [stderr]    Compiling rand_core v0.6.3
[INFO] [stderr]    Compiling rand_chacha v0.3.1
[INFO] [stderr]    Compiling quote v1.0.10
[INFO] [stderr]    Compiling bitvec v0.22.3
[INFO] [stderr]    Compiling num-complex v0.3.1
[INFO] [stderr]    Compiling counter v0.5.2
[INFO] [stderr]    Compiling rand v0.8.4
[INFO] [stdout] error[E0308]: mismatched types
[INFO] [stdout]    --> /opt/rustwide/cargo-home/registry/src/index.crates.io-1949cf8c6b5b557f/num-bigint-0.3.1/src/biguint.rs:208:19
[INFO] [stdout]     |
[INFO] [stdout] 208 |         .div_ceil(&big_digit::BITS.into())
[INFO] [stdout]     |          -------- ^^^^^^^^^^^^^^^^^^^^^^^ expected `u64`, found `&_`
[INFO] [stdout]     |          |
[INFO] [stdout]     |          arguments to this method are incorrect
[INFO] [stdout]     |
[INFO] [stdout]     = note:   expected type `u64`
[INFO] [stdout]             found reference `&_`
[INFO] [stdout] note: method defined here
[INFO] [stdout]    --> /rustc/f47d5bb13648d5c859f5b438eb7dc834b9729961/library/core/src/num/uint_macros.rs:3787:21
[INFO] [stdout]    --> /rustc/f47d5bb13648d5c859f5b438eb7dc834b9729961/library/core/src/num/mod.rs:1322:4
[INFO] [stdout]    ::: /rustc/f47d5bb13648d5c859f5b438eb7dc834b9729961/library/core/src/num/mod.rs:1346:5
[INFO] [stdout]     |
[INFO] [stdout]     = note: in this macro invocation
[INFO] [stdout]     = note: this error originates in the macro `uint_impl` (in Nightly builds, run with -Z macro-backtrace for more info)
[INFO] [stdout] help: consider removing the borrow
[INFO] [stdout]     |
[INFO] [stdout] 208 -         .div_ceil(&big_digit::BITS.into())
[INFO] [stdout] 208 +         .div_ceil(big_digit::BITS.into())
[INFO] [stdout]     |
[INFO] [stdout] 
[INFO] [stdout] 
[INFO] [stdout] error[E0308]: mismatched types
[INFO] [stdout]     --> /opt/rustwide/cargo-home/registry/src/index.crates.io-1949cf8c6b5b557f/num-bigint-0.3.1/src/biguint.rs:1712:54
[INFO] [stdout]      |
[INFO] [stdout] 1712 |                 let root_scale = extra_bits.div_ceil(&n64);
[INFO] [stdout]      |                                             -------- ^^^^ expected `u64`, found `&u64`
[INFO] [stdout]      |                                             |
[INFO] [stdout]      |                                             arguments to this method are incorrect
[INFO] [stdout]      |
[INFO] [stdout] note: method defined here
[INFO] [stdout]     --> /rustc/f47d5bb13648d5c859f5b438eb7dc834b9729961/library/core/src/num/uint_macros.rs:3787:21
[INFO] [stdout]     --> /rustc/f47d5bb13648d5c859f5b438eb7dc834b9729961/library/core/src/num/mod.rs:1322:4
[INFO] [stdout]     ::: /rustc/f47d5bb13648d5c859f5b438eb7dc834b9729961/library/core/src/num/mod.rs:1346:5
[INFO] [stdout]      |
[INFO] [stdout]      = note: in this macro invocation
[INFO] [stdout]      = note: this error originates in the macro `uint_impl` (in Nightly builds, run with -Z macro-backtrace for more info)
[INFO] [stdout] help: consider removing the borrow
[INFO] [stdout]      |
[INFO] [stdout] 1712 -                 let root_scale = extra_bits.div_ceil(&n64);
[INFO] [stdout] 1712 +                 let root_scale = extra_bits.div_ceil(n64);
[INFO] [stdout]      |
[INFO] [stdout] 
[INFO] [stdout] 
[INFO] [stdout] error[E0308]: mismatched types
[INFO] [stdout]     --> /opt/rustwide/cargo-home/registry/src/index.crates.io-1949cf8c6b5b557f/num-bigint-0.3.1/src/biguint.rs:2128:19
[INFO] [stdout]      |
[INFO] [stdout] 2128 |         .div_ceil(&u64::from(bits))
[INFO] [stdout]      |          -------- ^^^^^^^^^^^^^^^^ expected `u64`, found `&u64`
[INFO] [stdout]      |          |
[INFO] [stdout]      |          arguments to this method are incorrect
[INFO] [stdout]      |
[INFO] [stdout] note: method defined here
[INFO] [stdout]     --> /rustc/f47d5bb13648d5c859f5b438eb7dc834b9729961/library/core/src/num/uint_macros.rs:3787:21
[INFO] [stdout]     --> /rustc/f47d5bb13648d5c859f5b438eb7dc834b9729961/library/core/src/num/mod.rs:1322:4
[INFO] [stdout]     ::: /rustc/f47d5bb13648d5c859f5b438eb7dc834b9729961/library/core/src/num/mod.rs:1346:5
[INFO] [stdout]      |
[INFO] [stdout]      = note: in this macro invocation
[INFO] [stdout]      = note: this error originates in the macro `uint_impl` (in Nightly builds, run with -Z macro-backtrace for more info)
[INFO] [stdout] help: consider removing the borrow
[INFO] [stdout]      |
[INFO] [stdout] 2128 -         .div_ceil(&u64::from(bits))
[INFO] [stdout] 2128 +         .div_ceil(u64::from(bits))
[INFO] [stdout]      |
[INFO] [stdout] 
[INFO] [stdout] 
[INFO] [stdout] error[E0308]: mismatched types
[INFO] [stdout]     --> /opt/rustwide/cargo-home/registry/src/index.crates.io-1949cf8c6b5b557f/num-bigint-0.3.1/src/biguint.rs:2156:19
[INFO] [stdout]      |
[INFO] [stdout] 2156 |         .div_ceil(&u64::from(bits))
[INFO] [stdout]      |          -------- ^^^^^^^^^^^^^^^^ expected `u64`, found `&u64`
[INFO] [stdout]      |          |
[INFO] [stdout]      |          arguments to this method are incorrect
[INFO] [stdout]      |
[INFO] [stdout] note: method defined here
[INFO] [stdout]     --> /rustc/f47d5bb13648d5c859f5b438eb7dc834b9729961/library/core/src/num/uint_macros.rs:3787:21
[INFO] [stdout]     --> /rustc/f47d5bb13648d5c859f5b438eb7dc834b9729961/library/core/src/num/mod.rs:1322:4
[INFO] [stdout]     ::: /rustc/f47d5bb13648d5c859f5b438eb7dc834b9729961/library/core/src/num/mod.rs:1346:5
[INFO] [stdout]      |
[INFO] [stdout]      = note: in this macro invocation
[INFO] [stdout]      = note: this error originates in the macro `uint_impl` (in Nightly builds, run with -Z macro-backtrace for more info)
[INFO] [stdout] help: consider removing the borrow
[INFO] [stdout]      |
[INFO] [stdout] 2156 -         .div_ceil(&u64::from(bits))
[INFO] [stdout] 2156 +         .div_ceil(u64::from(bits))
[INFO] [stdout]      |
[INFO] [stdout] 
[INFO] [stdout] 
[INFO] [stdout] For more information about this error, try `rustc --explain E0308`.
[INFO] [stdout] 
[INFO] [stderr] error: could not compile `num-bigint` (lib) due to 4 previous errors
[INFO] [stderr] warning: build failed, waiting for other jobs to finish...
[INFO] running `Command { std: "docker" "inspect" "75d91fbcef1f41d8a6a97c5f7551ae856af10c20ed6a9ed35c24a72d973aad13", kill_on_drop: false }`
[INFO] running `Command { std: "docker" "rm" "-f" "75d91fbcef1f41d8a6a97c5f7551ae856af10c20ed6a9ed35c24a72d973aad13", kill_on_drop: false }`
[INFO] [stdout] 75d91fbcef1f41d8a6a97c5f7551ae856af10c20ed6a9ed35c24a72d973aad13
