[INFO] cloning repository https://github.com/DotSteal/rust-logic
[INFO] running `Command { std: "git" "-c" "credential.helper=" "-c" "credential.helper=/workspace/cargo-home/bin/git-credential-null" "clone" "--bare" "https://github.com/DotSteal/rust-logic" "/workspace/cache/git-repos/https%3A%2F%2Fgithub.com%2FDotSteal%2Frust-logic", kill_on_drop: false }`
[INFO] [stderr] Cloning into bare repository '/workspace/cache/git-repos/https%3A%2F%2Fgithub.com%2FDotSteal%2Frust-logic'...
[INFO] running `Command { std: "git" "rev-parse" "HEAD", kill_on_drop: false }`
[INFO] [stdout] 4e2ad05d57a122133633746c38f873726be6494c
[INFO] testing DotSteal/rust-logic against 1.99.0-beta.1+cargoflags=--release for beta-release-1.99-2
[INFO] running `Command { std: "git" "clone" "/workspace/cache/git-repos/https%3A%2F%2Fgithub.com%2FDotSteal%2Frust-logic" "/workspace/builds/worker-0-tc2/source", kill_on_drop: false }`
[INFO] [stderr] Cloning into '/workspace/builds/worker-0-tc2/source'...
[INFO] [stderr] done.
[INFO] removed /workspace/builds/worker-0-tc2/source/.cargo/config.toml
[INFO] started tweaking git repo https://github.com/DotSteal/rust-logic
[INFO] finished tweaking git repo https://github.com/DotSteal/rust-logic
[INFO] tweaked toml for git repo https://github.com/DotSteal/rust-logic written to /workspace/builds/worker-0-tc2/source/Cargo.toml
[INFO] validating manifest of git repo https://github.com/DotSteal/rust-logic on toolchain 1.99.0-beta.1
[INFO] running `Command { std: CARGO_HOME="/workspace/cargo-home" RUSTUP_HOME="/workspace/rustup-home" "/workspace/cargo-home/bin/cargo" "+1.99.0-beta.1" "metadata" "--manifest-path" "Cargo.toml" "--no-deps", kill_on_drop: false }`
[INFO] crate git repo https://github.com/DotSteal/rust-logic already has a lockfile, it will not be regenerated
[INFO] running `Command { std: CARGO_HOME="/workspace/cargo-home" RUSTUP_HOME="/workspace/rustup-home" "/workspace/cargo-home/bin/cargo" "+1.99.0-beta.1" "fetch" "--manifest-path" "Cargo.toml", kill_on_drop: false }`
[INFO] [stderr]     Blocking waiting for file lock on package cache
[INFO] [stderr]     Blocking waiting for file lock on package cache
[INFO] running `Command { std: "docker" "create" "-v" "/var/lib/crater-agent-workspace/builds/worker-0-tc2/source:/opt/rustwide/workdir:ro,Z" "-v" "/var/lib/crater-agent-workspace/builds/worker-0-tc2/target:/opt/rustwide/target:rw,Z" "-v" "/var/lib/crater-agent-workspace/cargo-home:/opt/rustwide/cargo-home:ro,Z" "-v" "/var/lib/crater-agent-workspace/rustup-home:/opt/rustwide/rustup-home:ro,Z" "-m" "1610612736" "--network" "none" "ghcr.io/rust-lang/crates-build-env/linux@sha256:8683fc1fc2eb5c9ac98e0d076ab094b2ffac7f99da555d2b6a2e27f346de2ec7" "sleep" "infinity", kill_on_drop: false }`
[INFO] [stdout] dbeb2f58d855bb955e54442b7589b53ae622930206667bd8ab76535a67665db9
[INFO] running `Command { std: "docker" "start" "dbeb2f58d855bb955e54442b7589b53ae622930206667bd8ab76535a67665db9", kill_on_drop: false }`
[INFO] running `Command { std: "docker" "inspect" "dbeb2f58d855bb955e54442b7589b53ae622930206667bd8ab76535a67665db9", kill_on_drop: false }`
[INFO] running `Command { std: "docker" "exec" "-e" "SOURCE_DIR=/opt/rustwide/workdir" "-e" "CARGO_HOME=/opt/rustwide/cargo-home" "-e" "RUSTUP_HOME=/opt/rustwide/rustup-home" "-e" "CARGO_TARGET_DIR=/opt/rustwide/target" "-w" "/opt/rustwide/workdir" "--user" "0:0" "dbeb2f58d855bb955e54442b7589b53ae622930206667bd8ab76535a67665db9" "/opt/rustwide/cargo-home/bin/cargo" "+1.99.0-beta.1" "metadata" "--no-deps" "--format-version=1", kill_on_drop: false }`
[INFO] running `Command { std: "docker" "inspect" "dbeb2f58d855bb955e54442b7589b53ae622930206667bd8ab76535a67665db9", kill_on_drop: false }`
[INFO] running `Command { std: "docker" "exec" "-e" "SOURCE_DIR=/opt/rustwide/workdir" "-e" "CARGO_HOME=/opt/rustwide/cargo-home" "-e" "RUSTUP_HOME=/opt/rustwide/rustup-home" "-e" "CARGO_TARGET_DIR=/opt/rustwide/target" "-e" "CARGO_INCREMENTAL=0" "-e" "RUST_BACKTRACE=full" "-e" "RUSTFLAGS=--cap-lints=warn" "-e" "RUSTDOCFLAGS=--cap-lints=warn" "-w" "/opt/rustwide/workdir" "--user" "0:0" "dbeb2f58d855bb955e54442b7589b53ae622930206667bd8ab76535a67665db9" "/opt/rustwide/cargo-home/bin/cargo" "+1.99.0-beta.1" "build" "--frozen" "--message-format=json" "--release", kill_on_drop: false }`
[INFO] [stderr]    Compiling proc-macro2 v1.0.106
[INFO] [stderr]    Compiling unicode-ident v1.0.24
[INFO] [stderr]    Compiling quote v1.0.45
[INFO] [stderr]    Compiling picosimd v0.9.3
[INFO] [stderr]    Compiling keccak-const v0.2.0
[INFO] [stderr]    Compiling sha2-const-stable v0.1.0
[INFO] [stderr]    Compiling bitflags v1.3.2
[INFO] [stderr]    Compiling hex-literal v0.4.1
[INFO] [stderr]    Compiling const-crypto v0.3.0
[INFO] [stderr]    Compiling polkavm-common v0.30.0
[INFO] [stderr]    Compiling syn v2.0.117
[INFO] [stderr]    Compiling polkavm-derive-impl v0.30.0
[INFO] [stderr]    Compiling polkavm-derive-impl-macro v0.30.0
[INFO] [stderr]    Compiling pallet-revive-proc-macro v0.7.1
[INFO] [stderr]    Compiling polkavm-derive v0.30.0
[INFO] [stderr]    Compiling pallet-revive-uapi v0.10.1
[INFO] [stderr]    Compiling dotsteal-logic v0.1.0 (/opt/rustwide/workdir)
[INFO] [stdout] error: unwinding panics are not supported without std
[INFO] [stdout]   |
[INFO] [stdout]   = help: using nightly cargo, use -Zbuild-std with panic="abort" to avoid unwinding
[INFO] [stdout]   = note: since the core library is usually precompiled with panic="unwind", rebuilding your crate with panic="abort" may not be enough to fix the problem
[INFO] [stdout] 
[INFO] [stdout] 
[INFO] [stdout] error[E0599]: no variant, associated function, or constant named `call_data_copy` found for enum `HostFnImpl` in the current scope
[INFO] [stdout]   --> src/main.rs:35:10
[INFO] [stdout]    |
[INFO] [stdout] 35 |     api::call_data_copy(&mut buf, 32); // bytes 32..36, last byte is the uint8
[INFO] [stdout]    |          ^^^^^^^^^^^^^^ variant, associated function, or constant not found in `HostFnImpl`
[INFO] [stdout] 
[INFO] [stdout] 
[INFO] [stdout] error[E0599]: no variant, associated function, or constant named `call_data_copy` found for enum `HostFnImpl` in the current scope
[INFO] [stdout]   --> src/main.rs:39:10
[INFO] [stdout]    |
[INFO] [stdout] 39 |     api::call_data_copy(&mut buf, 96); // bytes 96..100
[INFO] [stdout]    |          ^^^^^^^^^^^^^^ variant, associated function, or constant not found in `HostFnImpl`
[INFO] [stdout] 
[INFO] [stdout] 
[INFO] [stdout] error[E0599]: no variant, associated function, or constant named `return_value` found for enum `HostFnImpl` in the current scope
[INFO] [stdout]   --> src/main.rs:45:14
[INFO] [stdout]    |
[INFO] [stdout] 45 |         api::return_value(ReturnFlags::empty(), &output);
[INFO] [stdout]    |              ^^^^^^^^^^^^ variant, associated function, or constant not found in `HostFnImpl`
[INFO] [stdout] 
[INFO] [stdout] 
[INFO] [stdout] error[E0599]: no variant, associated function, or constant named `call_data_copy` found for enum `HostFnImpl` in the current scope
[INFO] [stdout]   --> src/main.rs:57:14
[INFO] [stdout]    |
[INFO] [stdout] 57 |         api::call_data_copy(&mut elem, offset);
[INFO] [stdout]    |              ^^^^^^^^^^^^^^ variant, associated function, or constant not found in `HostFnImpl`
[INFO] [stdout] 
[INFO] [stdout] 
[INFO] [stdout] error[E0599]: no variant, associated function, or constant named `return_value` found for enum `HostFnImpl` in the current scope
[INFO] [stdout]   --> src/main.rs:75:10
[INFO] [stdout]    |
[INFO] [stdout] 75 |     api::return_value(ReturnFlags::empty(), &output);
[INFO] [stdout]    |          ^^^^^^^^^^^^ variant, associated function, or constant not found in `HostFnImpl`
[INFO] [stdout] 
[INFO] [stdout] 
[INFO] [stdout] For more information about this error, try `rustc --explain E0599`.
[INFO] [stdout] 
[INFO] [stderr] error: could not compile `dotsteal-logic` (bin "contract") due to 6 previous errors
[INFO] running `Command { std: "docker" "inspect" "dbeb2f58d855bb955e54442b7589b53ae622930206667bd8ab76535a67665db9", kill_on_drop: false }`
[INFO] running `Command { std: "docker" "rm" "-f" "dbeb2f58d855bb955e54442b7589b53ae622930206667bd8ab76535a67665db9", kill_on_drop: false }`
[INFO] [stdout] dbeb2f58d855bb955e54442b7589b53ae622930206667bd8ab76535a67665db9
