[INFO] cloning repository https://github.com/Dahc-Dragyn/Sleipnir
[INFO] running `Command { std: "git" "-c" "credential.helper=" "-c" "credential.helper=/workspace/cargo-home/bin/git-credential-null" "clone" "--bare" "https://github.com/Dahc-Dragyn/Sleipnir" "/workspace/cache/git-repos/https%3A%2F%2Fgithub.com%2FDahc-Dragyn%2FSleipnir", kill_on_drop: false }`
[INFO] [stderr] Cloning into bare repository '/workspace/cache/git-repos/https%3A%2F%2Fgithub.com%2FDahc-Dragyn%2FSleipnir'...
[INFO] running `Command { std: "git" "rev-parse" "HEAD", kill_on_drop: false }`
[INFO] [stdout] 7e38e57794be920d0b1b4bd774fbb1defebb10a2
[INFO] testing Dahc-Dragyn/Sleipnir against 1.98.0-beta.8+cargoflags=--release for beta-release-1.99-2
[INFO] running `Command { std: "git" "clone" "/workspace/cache/git-repos/https%3A%2F%2Fgithub.com%2FDahc-Dragyn%2FSleipnir" "/workspace/builds/worker-7-tc1/source", kill_on_drop: false }`
[INFO] [stderr] Cloning into '/workspace/builds/worker-7-tc1/source'...
[INFO] [stderr] done.
[INFO] started tweaking git repo https://github.com/Dahc-Dragyn/Sleipnir
[INFO] finished tweaking git repo https://github.com/Dahc-Dragyn/Sleipnir
[INFO] tweaked toml for git repo https://github.com/Dahc-Dragyn/Sleipnir written to /workspace/builds/worker-7-tc1/source/Cargo.toml
[INFO] validating manifest of git repo https://github.com/Dahc-Dragyn/Sleipnir on toolchain 1.98.0-beta.8
[INFO] running `Command { std: CARGO_HOME="/workspace/cargo-home" RUSTUP_HOME="/workspace/rustup-home" "/workspace/cargo-home/bin/cargo" "+1.98.0-beta.8" "metadata" "--manifest-path" "Cargo.toml" "--no-deps", kill_on_drop: false }`
[INFO] crate git repo https://github.com/Dahc-Dragyn/Sleipnir already has a lockfile, it will not be regenerated
[INFO] running `Command { std: CARGO_HOME="/workspace/cargo-home" RUSTUP_HOME="/workspace/rustup-home" "/workspace/cargo-home/bin/cargo" "+1.98.0-beta.8" "fetch" "--manifest-path" "Cargo.toml", kill_on_drop: false }`
[INFO] [stderr]     Updating crates.io index
[INFO] [stderr]  Downloading crates ...
[INFO] [stderr]   Downloaded tui-textarea v0.7.0
[INFO] [stderr]   Downloaded bytes v1.12.0
[INFO] running `Command { std: "docker" "create" "-v" "/var/lib/crater-agent-workspace/builds/worker-7-tc1/source:/opt/rustwide/workdir:ro,Z" "-v" "/var/lib/crater-agent-workspace/builds/worker-7-tc1/target:/opt/rustwide/target:rw,Z" "-v" "/var/lib/crater-agent-workspace/cargo-home:/opt/rustwide/cargo-home:ro,Z" "-v" "/var/lib/crater-agent-workspace/rustup-home:/opt/rustwide/rustup-home:ro,Z" "-m" "1610612736" "--network" "none" "ghcr.io/rust-lang/crates-build-env/linux@sha256:8683fc1fc2eb5c9ac98e0d076ab094b2ffac7f99da555d2b6a2e27f346de2ec7" "sleep" "infinity", kill_on_drop: false }`
[INFO] [stdout] 425c29974fa64a939243f37c6eeaca3fba99e2c1c42461a0638f9a68542a2adf
[INFO] running `Command { std: "docker" "start" "425c29974fa64a939243f37c6eeaca3fba99e2c1c42461a0638f9a68542a2adf", kill_on_drop: false }`
[INFO] running `Command { std: "docker" "inspect" "425c29974fa64a939243f37c6eeaca3fba99e2c1c42461a0638f9a68542a2adf", kill_on_drop: false }`
[INFO] running `Command { std: "docker" "exec" "-e" "SOURCE_DIR=/opt/rustwide/workdir" "-e" "CARGO_HOME=/opt/rustwide/cargo-home" "-e" "RUSTUP_HOME=/opt/rustwide/rustup-home" "-e" "CARGO_TARGET_DIR=/opt/rustwide/target" "-w" "/opt/rustwide/workdir" "--user" "0:0" "425c29974fa64a939243f37c6eeaca3fba99e2c1c42461a0638f9a68542a2adf" "/opt/rustwide/cargo-home/bin/cargo" "+1.98.0-beta.8" "metadata" "--no-deps" "--format-version=1", kill_on_drop: false }`
[INFO] running `Command { std: "docker" "inspect" "425c29974fa64a939243f37c6eeaca3fba99e2c1c42461a0638f9a68542a2adf", kill_on_drop: false }`
[INFO] running `Command { std: "docker" "exec" "-e" "SOURCE_DIR=/opt/rustwide/workdir" "-e" "CARGO_HOME=/opt/rustwide/cargo-home" "-e" "RUSTUP_HOME=/opt/rustwide/rustup-home" "-e" "CARGO_TARGET_DIR=/opt/rustwide/target" "-e" "CARGO_INCREMENTAL=0" "-e" "RUST_BACKTRACE=full" "-e" "RUSTFLAGS=--cap-lints=warn" "-e" "RUSTDOCFLAGS=--cap-lints=warn" "-w" "/opt/rustwide/workdir" "--user" "0:0" "425c29974fa64a939243f37c6eeaca3fba99e2c1c42461a0638f9a68542a2adf" "/opt/rustwide/cargo-home/bin/cargo" "+1.98.0-beta.8" "build" "--frozen" "--message-format=json" "--release", kill_on_drop: false }`
[INFO] [stderr]    Compiling proc-macro2 v1.0.106
[INFO] [stderr]    Compiling quote v1.0.46
[INFO] [stderr]    Compiling log v0.4.33
[INFO] [stderr]    Compiling smallvec v1.15.2
[INFO] [stderr]    Compiling signal-hook v0.3.18
[INFO] [stderr]    Compiling ident_case v1.0.1
[INFO] [stderr]    Compiling strsim v0.11.1
[INFO] [stderr]    Compiling lock_api v0.4.14
[INFO] [stderr]    Compiling rustix v0.38.44
[INFO] [stderr]    Compiling once_cell v1.21.4
[INFO] [stderr]    Compiling bitflags v2.13.0
[INFO] [stderr]    Compiling either v1.16.0
[INFO] [stderr]    Compiling errno v0.3.14
[INFO] [stderr]    Compiling heck v0.5.0
[INFO] [stderr]    Compiling equivalent v1.0.2
[INFO] [stderr]    Compiling thiserror v1.0.69
[INFO] [stderr]    Compiling instability v0.3.12
[INFO] [stderr]    Compiling allocator-api2 v0.2.21
[INFO] [stderr]    Compiling foldhash v0.1.5
[INFO] [stderr]    Compiling parking_lot_core v0.9.12
[INFO] [stderr]    Compiling mio v1.2.1
[INFO] [stderr]    Compiling linux-raw-sys v0.4.15
[INFO] [stderr]    Compiling paste v1.0.15
[INFO] [stderr]    Compiling signal-hook-registry v1.4.8
[INFO] [stderr]    Compiling itertools v0.13.0
[INFO] [stderr]    Compiling castaway v0.2.4
[INFO] [stderr]    Compiling pin-project-lite v0.2.17
[INFO] [stderr]    Compiling static_assertions v1.1.0
[INFO] [stderr]    Compiling memchr v2.8.2
[INFO] [stderr]    Compiling parking_lot v0.12.5
[INFO] [stderr]    Compiling unicode-width v0.1.14
[INFO] [stderr]    Compiling ryu v1.0.23
[INFO] [stderr]    Compiling unicode-segmentation v1.13.3
[INFO] [stderr]    Compiling tracing-core v0.1.36
[INFO] [stderr]    Compiling indoc v2.0.7
[INFO] [stderr]    Compiling socket2 v0.6.4
[INFO] [stderr]    Compiling compact_str v0.8.2
[INFO] [stderr]    Compiling hashbrown v0.15.5
[INFO] [stderr]    Compiling signal-hook-mio v0.2.5
[INFO] [stderr]    Compiling unicode-width v0.2.0
[INFO] [stderr]    Compiling cassowary v0.3.0
[INFO] [stderr]    Compiling lazy_static v1.5.0
[INFO] [stderr]    Compiling bytes v1.12.0
[INFO] [stderr]    Compiling sharded-slab v0.1.7
[INFO] [stderr]    Compiling syn v2.0.118
[INFO] [stderr]    Compiling tracing-log v0.2.0
[INFO] [stderr]    Compiling serde_json v1.0.150
[INFO] [stderr]    Compiling thread_local v1.1.9
[INFO] [stderr]    Compiling nu-ansi-term v0.50.3
[INFO] [stderr]    Compiling crossterm v0.28.1
[INFO] [stderr]    Compiling tracing-subscriber v0.3.23
[INFO] [stderr]    Compiling lru v0.12.5
[INFO] [stderr]    Compiling unicode-truncate v1.1.0
[INFO] [stderr]    Compiling darling_core v0.23.0
[INFO] [stderr]    Compiling strum_macros v0.26.4
[INFO] [stderr]    Compiling thiserror-impl v1.0.69
[INFO] [stderr]    Compiling serde_derive v1.0.228
[INFO] [stderr]    Compiling tracing-attributes v0.1.31
[INFO] [stderr]    Compiling tokio-macros v2.7.0
[INFO] [stderr]    Compiling tokio v1.52.3
[INFO] [stderr]    Compiling tracing v0.1.44
[INFO] [stderr]    Compiling strum v0.26.3
[INFO] [stderr]    Compiling serde v1.0.228
[INFO] [stderr]    Compiling darling_macro v0.23.0
[INFO] [stderr]    Compiling darling v0.23.0
[INFO] [stderr]    Compiling sleipnir-core v0.1.0 (/opt/rustwide/workdir/sleipnir-core)
[INFO] [stderr]    Compiling ratatui v0.29.0
[INFO] [stderr]    Compiling tui-textarea v0.7.0
[INFO] [stderr]    Compiling sleipnir-client v0.1.0 (/opt/rustwide/workdir/sleipnir-client)
[INFO] [stderr]    Compiling sleipnir-daemon v0.1.0 (/opt/rustwide/workdir/sleipnir-daemon)
[INFO] [stdout] error[E0583]: file not found for module `policy`
[INFO] [stdout]  --> sleipnir-daemon/src/main.rs:3:1
[INFO] [stdout]   |
[INFO] [stdout] 3 | pub mod policy;
[INFO] [stdout]   | ^^^^^^^^^^^^^^^
[INFO] [stdout]   |
[INFO] [stdout]   = help: to create the module `policy`, create file "sleipnir-daemon/src/policy.rs" or "sleipnir-daemon/src/policy/mod.rs"
[INFO] [stdout]   = note: if there is a `mod policy` elsewhere in the crate already, import it with `use crate::...` instead
[INFO] [stdout] 
[INFO] [stdout] 
[INFO] [stdout] error[E0432]: unresolved import `notify`
[INFO] [stdout]   --> sleipnir-daemon/src/main.rs:66:9
[INFO] [stdout]    |
[INFO] [stdout] 66 |     use notify::{Watcher, RecursiveMode, EventKind};
[INFO] [stdout]    |         ^^^^^^ use of unresolved module or unlinked crate `notify`
[INFO] [stdout]    |
[INFO] [stdout]    = help: if you wanted to use a crate named `notify`, use `cargo add notify` to add it to your `Cargo.toml`
[INFO] [stdout] 
[INFO] [stdout] 
[INFO] [stdout] error[E0433]: cannot find module or crate `notify` in this scope
[INFO] [stdout]   --> sleipnir-daemon/src/main.rs:85:27
[INFO] [stdout]    |
[INFO] [stdout] 85 |         let mut watcher = notify::recommended_watcher(move |res| {
[INFO] [stdout]    |                           ^^^^^^ use of unresolved module or unlinked crate `notify`
[INFO] [stdout]    |
[INFO] [stdout]    = help: if you wanted to use a crate named `notify`, use `cargo add notify` to add it to your `Cargo.toml`
[INFO] [stdout] 
[INFO] [stdout] 
[INFO] [stdout] error[E0433]: cannot find module or crate `notify` in this scope
[INFO] [stdout]   --> sleipnir-daemon/src/main.rs:94:20
[INFO] [stdout]    |
[INFO] [stdout] 94 |             if let notify::Event { kind: EventKind::Modify(_), .. } = event {
[INFO] [stdout]    |                    ^^^^^^ use of unresolved module or unlinked crate `notify`
[INFO] [stdout]    |
[INFO] [stdout]    = help: if you wanted to use a crate named `notify`, use `cargo add notify` to add it to your `Cargo.toml`
[INFO] [stdout] 
[INFO] [stdout] 
[INFO] [stdout] Some errors have detailed explanations: E0432, E0433, E0583.
[INFO] [stdout] 
[INFO] [stdout] For more information about an error, try `rustc --explain E0432`.
[INFO] [stdout] 
[INFO] [stderr] error: could not compile `sleipnir-daemon` (bin "sleipnir-daemon") due to 4 previous errors
[INFO] running `Command { std: "docker" "inspect" "425c29974fa64a939243f37c6eeaca3fba99e2c1c42461a0638f9a68542a2adf", kill_on_drop: false }`
[INFO] running `Command { std: "docker" "rm" "-f" "425c29974fa64a939243f37c6eeaca3fba99e2c1c42461a0638f9a68542a2adf", kill_on_drop: false }`
[INFO] [stdout] 425c29974fa64a939243f37c6eeaca3fba99e2c1c42461a0638f9a68542a2adf
