[INFO] fetching crate reaktiv 0.1.1...
[INFO] testing reaktiv-0.1.1 against 1.98.0-beta.8+cargoflags=--release for beta-release-1.99-2
[INFO] extracting crate reaktiv 0.1.1 into /workspace/builds/worker-2-tc1/source
[INFO] removed /workspace/builds/worker-2-tc1/source/.cargo/config.toml
[INFO] started tweaking crates.io crate reaktiv 0.1.1
[INFO] finished tweaking crates.io crate reaktiv 0.1.1
[INFO] tweaked toml for crates.io crate reaktiv 0.1.1 written to /workspace/builds/worker-2-tc1/source/Cargo.toml
[INFO] validating manifest of crates.io crate reaktiv 0.1.1 on toolchain 1.98.0-beta.8
[INFO] running `Command { std: CARGO_HOME="/workspace/cargo-home" RUSTUP_HOME="/workspace/rustup-home" "/workspace/cargo-home/bin/cargo" "+1.98.0-beta.8" "metadata" "--manifest-path" "Cargo.toml" "--no-deps", kill_on_drop: false }`
[INFO] crate crates.io crate reaktiv 0.1.1 already has a lockfile, it will not be regenerated
[INFO] running `Command { std: CARGO_HOME="/workspace/cargo-home" RUSTUP_HOME="/workspace/rustup-home" "/workspace/cargo-home/bin/cargo" "+1.98.0-beta.8" "fetch" "--manifest-path" "Cargo.toml", kill_on_drop: false }`
[INFO] [stderr]     Blocking waiting for file lock on package cache
[INFO] [stderr]     Updating crates.io index
[INFO] [stderr]     Blocking waiting for file lock on package cache
[INFO] [stderr]  Downloading crates ...
[INFO] [stderr]   Downloaded cov-mark v2.2.0
[INFO] [stderr]   Downloaded papaya v0.1.9
[INFO] [stderr]   Downloaded seize v0.4.9
[INFO] running `Command { std: "docker" "create" "-v" "/var/lib/crater-agent-workspace/builds/worker-2-tc1/source:/opt/rustwide/workdir:ro,Z" "-v" "/var/lib/crater-agent-workspace/builds/worker-2-tc1/target:/opt/rustwide/target:rw,Z" "-v" "/var/lib/crater-agent-workspace/cargo-home:/opt/rustwide/cargo-home:ro,Z" "-v" "/var/lib/crater-agent-workspace/rustup-home:/opt/rustwide/rustup-home:ro,Z" "-m" "1610612736" "--network" "none" "ghcr.io/rust-lang/crates-build-env/linux@sha256:8683fc1fc2eb5c9ac98e0d076ab094b2ffac7f99da555d2b6a2e27f346de2ec7" "sleep" "infinity", kill_on_drop: false }`
[INFO] [stdout] d8d7e276f65b94063b1914fe77a6f09325185c92c660ed31282c8ae683ec2af6
[INFO] running `Command { std: "docker" "start" "d8d7e276f65b94063b1914fe77a6f09325185c92c660ed31282c8ae683ec2af6", kill_on_drop: false }`
[INFO] running `Command { std: "docker" "inspect" "d8d7e276f65b94063b1914fe77a6f09325185c92c660ed31282c8ae683ec2af6", kill_on_drop: false }`
[INFO] running `Command { std: "docker" "exec" "-e" "SOURCE_DIR=/opt/rustwide/workdir" "-e" "CARGO_HOME=/opt/rustwide/cargo-home" "-e" "RUSTUP_HOME=/opt/rustwide/rustup-home" "-e" "CARGO_TARGET_DIR=/opt/rustwide/target" "-w" "/opt/rustwide/workdir" "--user" "0:0" "d8d7e276f65b94063b1914fe77a6f09325185c92c660ed31282c8ae683ec2af6" "/opt/rustwide/cargo-home/bin/cargo" "+1.98.0-beta.8" "metadata" "--no-deps" "--format-version=1", kill_on_drop: false }`
[INFO] running `Command { std: "docker" "inspect" "d8d7e276f65b94063b1914fe77a6f09325185c92c660ed31282c8ae683ec2af6", kill_on_drop: false }`
[INFO] running `Command { std: "docker" "exec" "-e" "SOURCE_DIR=/opt/rustwide/workdir" "-e" "CARGO_HOME=/opt/rustwide/cargo-home" "-e" "RUSTUP_HOME=/opt/rustwide/rustup-home" "-e" "CARGO_TARGET_DIR=/opt/rustwide/target" "-e" "CARGO_INCREMENTAL=0" "-e" "RUST_BACKTRACE=full" "-e" "RUSTFLAGS=--cap-lints=warn" "-e" "RUSTDOCFLAGS=--cap-lints=warn" "-w" "/opt/rustwide/workdir" "--user" "0:0" "d8d7e276f65b94063b1914fe77a6f09325185c92c660ed31282c8ae683ec2af6" "/opt/rustwide/cargo-home/bin/cargo" "+1.98.0-beta.8" "build" "--frozen" "--message-format=json" "--release", kill_on_drop: false }`
[INFO] [stderr]    Compiling libc v0.2.178
[INFO] [stderr]    Compiling hashbrown v0.16.1
[INFO] [stderr]    Compiling foldhash v0.2.0
[INFO] [stderr]    Compiling cov-mark v2.2.0
[INFO] [stderr]    Compiling indexmap v2.12.1
[INFO] [stderr]    Compiling seize v0.4.9
[INFO] [stderr]    Compiling parking_lot_core v0.9.12
[INFO] [stderr]    Compiling parking_lot v0.12.5
[INFO] [stderr]    Compiling papaya v0.1.9
[INFO] [stderr]    Compiling reaktiv v0.1.1 (/opt/rustwide/workdir)
[INFO] [stderr]     Finished `release` profile [optimized] target(s) in 6.26s
[INFO] running `Command { std: "docker" "inspect" "d8d7e276f65b94063b1914fe77a6f09325185c92c660ed31282c8ae683ec2af6", kill_on_drop: false }`
[INFO] running `Command { std: "docker" "exec" "-e" "SOURCE_DIR=/opt/rustwide/workdir" "-e" "CARGO_HOME=/opt/rustwide/cargo-home" "-e" "RUSTUP_HOME=/opt/rustwide/rustup-home" "-e" "CARGO_TARGET_DIR=/opt/rustwide/target" "-e" "CARGO_INCREMENTAL=0" "-e" "RUST_BACKTRACE=full" "-e" "RUSTFLAGS=--cap-lints=warn" "-e" "RUSTDOCFLAGS=--cap-lints=warn" "-w" "/opt/rustwide/workdir" "--user" "0:0" "d8d7e276f65b94063b1914fe77a6f09325185c92c660ed31282c8ae683ec2af6" "/opt/rustwide/cargo-home/bin/cargo" "+1.98.0-beta.8" "test" "--frozen" "--no-run" "--message-format=json" "--release", kill_on_drop: false }`
[INFO] [stderr]    Compiling reaktiv v0.1.1 (/opt/rustwide/workdir)
[INFO] [stderr]     Finished `release` profile [optimized] target(s) in 5.68s
[INFO] running `Command { std: "docker" "inspect" "d8d7e276f65b94063b1914fe77a6f09325185c92c660ed31282c8ae683ec2af6", kill_on_drop: false }`
[INFO] running `Command { std: "docker" "exec" "-e" "SOURCE_DIR=/opt/rustwide/workdir" "-e" "CARGO_HOME=/opt/rustwide/cargo-home" "-e" "RUSTUP_HOME=/opt/rustwide/rustup-home" "-e" "CARGO_TARGET_DIR=/opt/rustwide/target" "-e" "CARGO_INCREMENTAL=0" "-e" "RUST_BACKTRACE=full" "-e" "RUSTFLAGS=--cap-lints=warn" "-e" "RUSTDOCFLAGS=--cap-lints=warn" "-w" "/opt/rustwide/workdir" "--user" "0:0" "d8d7e276f65b94063b1914fe77a6f09325185c92c660ed31282c8ae683ec2af6" "/opt/rustwide/cargo-home/bin/cargo" "+1.98.0-beta.8" "test" "--frozen" "--release", kill_on_drop: false }`
[INFO] [stderr]     Finished `release` profile [optimized] target(s) in 0.05s
[INFO] [stderr]      Running unittests src/lib.rs (/opt/rustwide/target/release/deps/reaktiv-4e276d7eecf9d1c4)
[INFO] [stdout] 
[INFO] [stdout] running 82 tests
[INFO] [stdout] test arena::effect_arena::tests::current_effect_guard_restores_on_panic ... ok
[INFO] [stdout] test arena::signal_arena::tests::stale_access_returns_none ... ok
[INFO] [stdout] test computed::tests::test_computed_lazy_with_dependencies ... FAILED
[INFO] [stdout] test computed::tests::skippable_computed_flag_set_correctly ... ok
[INFO] [stdout] test computed::tests::test_computed_lazy_defers_computation ... ok
[INFO] [stdout] test computed::tests::computed_caches_value ... ok
[INFO] [stdout] test computed::tests::test_computed_auto_recompute_on_stale_access ... ok
[INFO] [stdout] test arena::effect_arena::tests::effect_callback_restored_on_panic ... ok
[INFO] [stdout] test effect::tests::effect_debounces_rapid_invalidations ... ok
[INFO] [stdout] test arena::effect_arena::tests::stale_access_returns_none ... ok
[INFO] [stdout] test effect::tests::effect_automatic_reactivity ... ok
[INFO] [stdout] test computed::tests::computed_recomputes_when_invalidated ... ok
[INFO] [stdout] test computed::tests::computed_only_notifies_on_change ... ok
[INFO] [stdout] test computed::tests::computed_notifies_on_actual_change ... ok
[INFO] [stdout] test effect::tests::effect_ui_origin_filtering ... ok
[INFO] [stdout] test hash::tests::fast_hash_builder_is_deterministic ... ok
[INFO] [stdout] test hash::tests::fast_hash_builder_is_zero_sized ... ok
[INFO] [stdout] test computed::tests::test_combined_lazy_and_auto_recompute ... ok
[INFO] [stdout] test signal::tests::signal_tracks_multiple_accesses_deduplicated ... ok
[INFO] [stdout] test tests::check_state_propagation_through_chain ... ok
[INFO] [stdout] test tests::children_destroyed_immediately_on_parent_invalidation ... ok
[INFO] [stdout] test tests::check_state_effects_added_to_pending ... ok
[INFO] [stdout] test tests::computed_caches_until_invalidated ... ok
[INFO] [stdout] test tests::computed_chain_propagates ... ok
[INFO] [stdout] test effect::tests::debounce_multiple_emissions ... ok
[INFO] [stdout] test tests::debouncing_batches_rapid_emissions ... ok
[INFO] [stdout] test effect::tests::effect_automatic_reactivity_via_track_dependency ... ok
[INFO] [stdout] test tests::effect_created_in_effect_becomes_child ... ok
[INFO] [stdout] test tests::effect_drop_while_pending_does_not_run ... ok
[INFO] [stdout] test tests::computed_recomputes_on_dependency_change ... ok
[INFO] [stdout] test tests::complex_chain_propagates_correctly ... ok
[INFO] [stdout] test tests::effect_debouncing_batches_invalidations ... ok
[INFO] [stdout] test tests::effect_creates_sibling_effects ... ok
[INFO] [stdout] test tests::effect_drop_cleanup_is_safe ... ok
[INFO] [stdout] test tests::diamond_with_pull_gets_fresh_values ... ok
[INFO] [stdout] test tests::deeply_nested_hierarchy_tracked_correctly ... ok
[INFO] [stdout] test tests::effect_emit_tracked_as_output ... ok
[INFO] [stdout] test tests::children_destroyed_when_parent_reruns ... ok
[INFO] [stdout] test tests::deeply_nested_hierarchy_stress ... ok
[INFO] [stdout] test tests::diamond_dependency_updates_correctly ... ok
[INFO] [stdout] test tests::debouncing_batches_rapid_signal_changes ... ok
[INFO] [stdout] test tests::effect_rerun_clears_outputs ... ok
[INFO] [stdout] test tests::effect_resubscribes_on_each_run ... ok
[INFO] [stdout] test tests::effect_writing_tracked_as_output ... ok
[INFO] [stdout] test tests::fixed_point_iteration_processes_cascades ... ok
[INFO] [stdout] test tests::flush_with_budget_defers_skippable ... ok
[INFO] [stdout] test tests::nested_transactions_defer_until_outermost_exits ... ok
[INFO] [stdout] test tests::many_effects_process_correctly ... ok
[INFO] [stdout] test tests::multiple_effects_debounce_independently ... ok
[INFO] [stdout] test tests::pull_ensures_fresh_values ... ok
[INFO] [stdout] test tests::pull_skips_skippable_when_flag_set ... ok
[INFO] [stdout] test tests::rapid_emissions_debounced ... ok
[INFO] [stdout] test tests::read_write_cycle_detection ... ok
[INFO] [stdout] test tests::signal_drop_cleanup_is_safe ... ok
[INFO] [stdout] test tests::read_write_different_signals_allowed ... ok
[INFO] [stdout] test tests::signal_emit_in_transaction_defers_effect ... ok
[INFO] [stdout] test tests::signal_emit_origin_tracking ... ok
[INFO] [stdout] test tests::signal_drop_with_pending_effect_cleans_up ... ok
[INFO] [stdout] test tests::signal_emit_schedules_processing_when_not_in_transaction ... ok
[INFO] [stdout] test tests::skippable_effect_flag_set_correctly ... ok
[INFO] [stdout] test tests::skippable_effects_integrate_with_budget_system ... ok
[INFO] [stdout] test tests::stale_effect_id_does_not_panic ... ok
[INFO] [stdout] test tests::stale_signal_id_returns_none ... ok
[INFO] [stdout] test tests::transaction_active_flag_works ... ok
[INFO] [stdout] test tests::transaction_returns_value_correctly ... ok
[INFO] [stdout] test tests::transaction_cleans_up_on_panic ... ok
[INFO] [stdout] test tests::stress_test_many_signals ... ok
[INFO] [stdout] test tests::transaction_nesting_preserves_state ... ok
[INFO] [stdout] test tests::ui_origin_filtering_with_track_ui_only ... ok
[INFO] [stdout] test tests::untracked_prevents_dependency ... ok
[INFO] [stdout] test tests::untracked_returns_value ... ok
[INFO] [stdout] test effect::tests::flush_effects_processes_pending ... ok
[INFO] [stdout] test transaction::tests::transaction_nesting_preserves_state ... ok
[INFO] [stdout] test computed::tests::test_computed_recompute_inside_effect_first_access ... ok
[INFO] [stdout] test tests::stress_test_many_effects ... ok
[INFO] [stdout] test transaction::tests::transaction_no_ui_updates_returns_value ... ok
[INFO] [stdout] test tests::transaction_batches_multiple_emissions ... ok
[INFO] [stdout] test tests::transaction_suppresses_ui_updates ... ok
[INFO] [stdout] test tests::ui_origin_filtering_behavior ... ok
[INFO] [stdout] test transaction::tests::transaction_suppresses_ui_updates ... ok
[INFO] [stdout] test transaction::tests::transaction_returns_value ... ok
[INFO] [stdout] test transaction::tests::transaction_run_allows_ui_updates ... ok
[INFO] [stdout] 
[INFO] [stdout] failures:
[INFO] [stdout] 
[INFO] [stdout] ---- computed::tests::test_computed_lazy_with_dependencies stdout ----
[INFO] [stdout] 
[INFO] [stdout] thread 'computed::tests::test_computed_lazy_with_dependencies' (352) panicked at src/computed.rs:499:9:
[INFO] [stdout] assertion `left == right` failed
[INFO] [stdout]   left: 1
[INFO] [stdout]  right: 2
[INFO] [stdout] stack backtrace:
[INFO] [stdout]    0:     0x64093f7a1841 - <<std[97b98282bc616a66]::sys::backtrace::BacktraceLock>::print::DisplayBacktrace as core[832e9a552fc17241]::fmt::Display>::fmt
[INFO] [stdout]    1:     0x64093f7b5c3a - core[832e9a552fc17241]::fmt::write
[INFO] [stdout]    2:     0x64093f7a5cfc - <alloc[3ecab9f82c41dc7d]::vec::Vec<u8> as std[97b98282bc616a66]::io::Write>::write_fmt
[INFO] [stdout]    3:     0x64093f77fda6 - std[97b98282bc616a66]::panicking::default_hook::{closure#0}
[INFO] [stdout]    4:     0x64093f7998c9 - std[97b98282bc616a66]::panicking::default_hook
[INFO] [stdout]    5:     0x64093f72ec10 - test[39766f3d73431624]::test_main_inner::<test[39766f3d73431624]::test_main_static::{closure#0}>::{closure#0}
[INFO] [stdout]    6:     0x64093f799a82 - std[97b98282bc616a66]::panicking::panic_with_hook
[INFO] [stdout]    7:     0x64093f77fe52 - std[97b98282bc616a66]::panicking::panic_handler::{closure#0}
[INFO] [stdout]    8:     0x64093f7777a9 - std[97b98282bc616a66]::sys::backtrace::__rust_end_short_backtrace::<std[97b98282bc616a66]::panicking::panic_handler::{closure#0}, !>
[INFO] [stdout]    9:     0x64093f780a4d - __rustc[e3d8617bb01b7f69]::rust_begin_unwind
[INFO] [stdout]   10:     0x64093f7b639c - core[832e9a552fc17241]::panicking::panic_fmt
[INFO] [stdout]   11:     0x64093f7b62b3 - core[832e9a552fc17241]::panicking::assert_failed_inner
[INFO] [stdout]   12:     0x64093f7b2418 - core[832e9a552fc17241]::panicking::assert_failed::<usize, usize>
[INFO] [stdout]   13:     0x64093f71fffb - reaktiv[7e81b6f80ecb7ae2]::computed::tests::test_computed_lazy_with_dependencies
[INFO] [stdout]   14:     0x64093f71a6b9 - <reaktiv[7e81b6f80ecb7ae2]::computed::tests::test_computed_lazy_with_dependencies::{closure#0} as core[832e9a552fc17241]::ops::function::FnOnce<()>>::call_once
[INFO] [stdout]   15:     0x64093f721f4b - test[39766f3d73431624]::__rust_begin_short_backtrace::<core[832e9a552fc17241]::result::Result<(), alloc[3ecab9f82c41dc7d]::string::String>, fn() -> core[832e9a552fc17241]::result::Result<(), alloc[3ecab9f82c41dc7d]::string::String>>
[INFO] [stdout]   16:     0x64093f72f595 - test[39766f3d73431624]::run_test::{closure#0}
[INFO] [stdout]   17:     0x64093f72a044 - std[97b98282bc616a66]::sys::backtrace::__rust_begin_short_backtrace::<test[39766f3d73431624]::run_test::{closure#1}, ()>
[INFO] [stdout]   18:     0x64093f7326e2 - <std[97b98282bc616a66]::thread::lifecycle::spawn_unchecked<test[39766f3d73431624]::run_test::{closure#1}, ()>::{closure#1} as core[832e9a552fc17241]::ops::function::FnOnce<()>>::call_once::{shim:vtable#0}
[INFO] [stdout]   19:     0x64093f7a109f - <std[97b98282bc616a66]::sys::thread::unix::Thread>::new::thread_start
[INFO] [stdout]   20:     0x7fa2f1bad07a - <unknown>
[INFO] [stdout]   21:     0x7fa2f1c40534 - clone
[INFO] [stdout]   22:                0x0 - <unknown>
[INFO] [stdout] 
[INFO] [stdout] 
[INFO] [stdout] failures:
[INFO] [stdout]     computed::tests::test_computed_lazy_with_dependencies
[INFO] [stdout] 
[INFO] [stdout] test result: FAILED. 81 passed; 1 failed; 0 ignored; 0 measured; 0 filtered out; finished in 0.02s
[INFO] [stdout] 
[INFO] [stderr] error: test failed, to rerun pass `--lib`
[INFO] running `Command { std: "docker" "inspect" "d8d7e276f65b94063b1914fe77a6f09325185c92c660ed31282c8ae683ec2af6", kill_on_drop: false }`
[INFO] running `Command { std: "docker" "rm" "-f" "d8d7e276f65b94063b1914fe77a6f09325185c92c660ed31282c8ae683ec2af6", kill_on_drop: false }`
[INFO] [stdout] d8d7e276f65b94063b1914fe77a6f09325185c92c660ed31282c8ae683ec2af6
