[INFO] fetching crate kuma 0.0.1...
[INFO] testing kuma-0.0.1 against 1.98.0-beta.8+cargoflags=--release for beta-release-1.99-2
[INFO] extracting crate kuma 0.0.1 into /workspace/builds/worker-3-tc1/source
[INFO] started tweaking crates.io crate kuma 0.0.1
[INFO] removed 0 missing tests
[INFO] finished tweaking crates.io crate kuma 0.0.1
[INFO] tweaked toml for crates.io crate kuma 0.0.1 written to /workspace/builds/worker-3-tc1/source/Cargo.toml
[INFO] validating manifest of crates.io crate kuma 0.0.1 on toolchain 1.98.0-beta.8
[INFO] running `Command { std: CARGO_HOME="/workspace/cargo-home" RUSTUP_HOME="/workspace/rustup-home" "/workspace/cargo-home/bin/cargo" "+1.98.0-beta.8" "metadata" "--manifest-path" "Cargo.toml" "--no-deps", kill_on_drop: false }`
[INFO] crate crates.io crate kuma 0.0.1 already has a lockfile, it will not be regenerated
[INFO] running `Command { std: CARGO_HOME="/workspace/cargo-home" RUSTUP_HOME="/workspace/rustup-home" "/workspace/cargo-home/bin/cargo" "+1.98.0-beta.8" "fetch" "--manifest-path" "Cargo.toml", kill_on_drop: false }`
[INFO] [stderr]     Blocking waiting for file lock on package cache
[INFO] [stderr]     Blocking waiting for file lock on package cache
[INFO] running `Command { std: "docker" "create" "-v" "/var/lib/crater-agent-workspace/builds/worker-3-tc1/source:/opt/rustwide/workdir:ro,Z" "-v" "/var/lib/crater-agent-workspace/builds/worker-3-tc1/target:/opt/rustwide/target:rw,Z" "-v" "/var/lib/crater-agent-workspace/cargo-home:/opt/rustwide/cargo-home:ro,Z" "-v" "/var/lib/crater-agent-workspace/rustup-home:/opt/rustwide/rustup-home:ro,Z" "-m" "1610612736" "--network" "none" "ghcr.io/rust-lang/crates-build-env/linux@sha256:8683fc1fc2eb5c9ac98e0d076ab094b2ffac7f99da555d2b6a2e27f346de2ec7" "sleep" "infinity", kill_on_drop: false }`
[INFO] [stdout] d2114bd3e538dac07554948a5833565f2a71c236e1ec790141626bb3d03e944c
[INFO] running `Command { std: "docker" "start" "d2114bd3e538dac07554948a5833565f2a71c236e1ec790141626bb3d03e944c", kill_on_drop: false }`
[INFO] running `Command { std: "docker" "inspect" "d2114bd3e538dac07554948a5833565f2a71c236e1ec790141626bb3d03e944c", kill_on_drop: false }`
[INFO] running `Command { std: "docker" "exec" "-e" "SOURCE_DIR=/opt/rustwide/workdir" "-e" "CARGO_HOME=/opt/rustwide/cargo-home" "-e" "RUSTUP_HOME=/opt/rustwide/rustup-home" "-e" "CARGO_TARGET_DIR=/opt/rustwide/target" "-w" "/opt/rustwide/workdir" "--user" "0:0" "d2114bd3e538dac07554948a5833565f2a71c236e1ec790141626bb3d03e944c" "/opt/rustwide/cargo-home/bin/cargo" "+1.98.0-beta.8" "metadata" "--no-deps" "--format-version=1", kill_on_drop: false }`
[INFO] running `Command { std: "docker" "inspect" "d2114bd3e538dac07554948a5833565f2a71c236e1ec790141626bb3d03e944c", kill_on_drop: false }`
[INFO] running `Command { std: "docker" "exec" "-e" "SOURCE_DIR=/opt/rustwide/workdir" "-e" "CARGO_HOME=/opt/rustwide/cargo-home" "-e" "RUSTUP_HOME=/opt/rustwide/rustup-home" "-e" "CARGO_TARGET_DIR=/opt/rustwide/target" "-e" "CARGO_INCREMENTAL=0" "-e" "RUST_BACKTRACE=full" "-e" "RUSTFLAGS=--cap-lints=warn" "-e" "RUSTDOCFLAGS=--cap-lints=warn" "-w" "/opt/rustwide/workdir" "--user" "0:0" "d2114bd3e538dac07554948a5833565f2a71c236e1ec790141626bb3d03e944c" "/opt/rustwide/cargo-home/bin/cargo" "+1.98.0-beta.8" "build" "--frozen" "--message-format=json" "--release", kill_on_drop: false }`
[INFO] [stderr]    Compiling kuma v0.0.1 (/opt/rustwide/workdir)
[INFO] [stderr]     Finished `release` profile [optimized] target(s) in 9.44s
[INFO] running `Command { std: "docker" "inspect" "d2114bd3e538dac07554948a5833565f2a71c236e1ec790141626bb3d03e944c", kill_on_drop: false }`
[INFO] running `Command { std: "docker" "exec" "-e" "SOURCE_DIR=/opt/rustwide/workdir" "-e" "CARGO_HOME=/opt/rustwide/cargo-home" "-e" "RUSTUP_HOME=/opt/rustwide/rustup-home" "-e" "CARGO_TARGET_DIR=/opt/rustwide/target" "-e" "CARGO_INCREMENTAL=0" "-e" "RUST_BACKTRACE=full" "-e" "RUSTFLAGS=--cap-lints=warn" "-e" "RUSTDOCFLAGS=--cap-lints=warn" "-w" "/opt/rustwide/workdir" "--user" "0:0" "d2114bd3e538dac07554948a5833565f2a71c236e1ec790141626bb3d03e944c" "/opt/rustwide/cargo-home/bin/cargo" "+1.98.0-beta.8" "test" "--frozen" "--no-run" "--message-format=json" "--release", kill_on_drop: false }`
[INFO] [stderr]    Compiling kuma v0.0.1 (/opt/rustwide/workdir)
[INFO] [stderr]     Finished `release` profile [optimized] target(s) in 5.49s
[INFO] running `Command { std: "docker" "inspect" "d2114bd3e538dac07554948a5833565f2a71c236e1ec790141626bb3d03e944c", kill_on_drop: false }`
[INFO] running `Command { std: "docker" "exec" "-e" "SOURCE_DIR=/opt/rustwide/workdir" "-e" "CARGO_HOME=/opt/rustwide/cargo-home" "-e" "RUSTUP_HOME=/opt/rustwide/rustup-home" "-e" "CARGO_TARGET_DIR=/opt/rustwide/target" "-e" "CARGO_INCREMENTAL=0" "-e" "RUST_BACKTRACE=full" "-e" "RUSTFLAGS=--cap-lints=warn" "-e" "RUSTDOCFLAGS=--cap-lints=warn" "-w" "/opt/rustwide/workdir" "--user" "0:0" "d2114bd3e538dac07554948a5833565f2a71c236e1ec790141626bb3d03e944c" "/opt/rustwide/cargo-home/bin/cargo" "+1.98.0-beta.8" "test" "--frozen" "--release", kill_on_drop: false }`
[INFO] [stderr]     Finished `release` profile [optimized] target(s) in 0.01s
[INFO] [stderr]      Running unittests src/lib.rs (/opt/rustwide/target/release/deps/kuma-46897f8baea387b6)
[INFO] [stdout] 
[INFO] [stdout] running 41 tests
[INFO] [stdout] test analysis::state::tests::control_flow_mutation_invalidates_all_derived_results ... ok
[INFO] [stdout] test analysis::state::tests::instruction_mutation_preserves_graph_analyses ... ok
[INFO] [stdout] test codegen::emission::tests::test_dbgfile_loc ... ok
[INFO] [stdout] test codegen::emission::tests::test_elf_emitfin ... ok
[INFO] [stdout] test codegen::emission::tests::test_emitdat_bss ... ok
[INFO] [stdout] test codegen::emission::tests::test_emitdat_data ... ok
[INFO] [stdout] test codegen::emission::tests::test_emitfnlnk_basic ... ok
[INFO] [stdout] test codegen::emission::tests::test_fpstash_dedup ... ok
[INFO] [stdout] test codegen::emission::tests::test_macho_emitfin ... ok
[INFO] [stdout] test codegen::emission::tests::test_ktoc ... ok
[INFO] [stdout] test codegen::emission::tests::test_fpstash_size_dedup ... ok
[INFO] [stdout] test frontend::parser::tests::test_parse_empty ... ok
[INFO] [stdout] test frontend::parser::tests::test_parse_data ... ok
[INFO] [stdout] test frontend::parser::tests::test_parse_function ... ok
[INFO] [stdout] test ir::builder::tests::test_addcon ... ok
[INFO] [stdout] test frontend::parser::tests::test_printfn_roundtrip ... ok
[INFO] [stdout] test ir::builder::tests::test_clsmerge ... ok
[INFO] [stdout] test ir::builder::tests::test_getcon ... ok
[INFO] [stdout] test ir::builder::tests::test_hash_basic ... ok
[INFO] [stdout] test ir::builder::tests::test_idup ... ok
[INFO] [stdout] test ir::builder::tests::test_ins_buffer ... ok
[INFO] [stdout] test ir::builder::tests::test_phicls ... ok
[INFO] [stdout] test ir::builder::tests::test_newcon ... ok
[INFO] [stdout] test ir::builder::tests::test_newtmp ... ok
[INFO] [stdout] test ir::internal::tests::test_cls ... ok
[INFO] [stdout] test ir::internal::tests::test_con_bits ... ok
[INFO] [stdout] test ir::builder::tests::test_string_interner ... ok
[INFO] [stdout] test ir::internal::tests::test_bset ... ok
[INFO] [stdout] test ir::internal::tests::test_isreg ... ok
[INFO] [stdout] test ir::internal::tests::test_jmp_ranges ... ok
[INFO] [stdout] test ir::builder::tests::test_salloc_constant ... ok
[INFO] [stdout] test frontend::parser::tests::test_parse_type ... ok
[INFO] [stdout] test ir::internal::tests::test_op_table_names ... ok
[INFO] [stdout] test ir::internal::tests::test_ref_basics ... ok
[INFO] [stdout] test ir::internal::tests::test_width_default ... ok
[INFO] [stdout] test ir::internal::tests::test_id_newtypes ... ok
[INFO] [stdout] test ir::internal::tests::test_op_count ... ok
[INFO] [stdout] test ir::builder::tests::test_chuse ... ok
[INFO] [stdout] test frontend::parser::tests::test_parse_void_function ... ok
[INFO] [stdout] test ir::internal::tests::test_op_ranges ... ok
[INFO] [stdout] test ir::builder::tests::test_iscmp ... ok
[INFO] [stdout] 
[INFO] [stdout] test result: ok. 41 passed; 0 failed; 0 ignored; 0 measured; 0 filtered out; finished in 0.01s
[INFO] [stdout] 
[INFO] [stderr]      Running tests/goldens.rs (/opt/rustwide/target/release/deps/goldens-c3f367b5c4eb0b69)
[INFO] [stdout] 
[INFO] [stdout] running 1 test
[INFO] [stderr]      Running tests/integration.rs (/opt/rustwide/target/release/deps/integration-f85639bf53a41758)
[INFO] [stdout] test representative_assembly_is_characterized_for_every_target ... ok
[INFO] [stdout] 
[INFO] [stdout] test result: ok. 1 passed; 0 failed; 0 ignored; 0 measured; 0 filtered out; finished in 0.04s
[INFO] [stdout] 
[INFO] [stdout] 
[INFO] [stdout] running 55 tests
[INFO] [stdout] test test_cprime ... ok
[INFO] [stdout] test test_abi6 ... ok
[INFO] [stdout] test test_dark ... ok
[INFO] [stdout] test test_conaddr ... FAILED
[INFO] [stdout] test test_abi3 ... FAILED
[INFO] [stdout] test test_cmp1 ... ok
[INFO] [stdout] test test_abi7 ... ok
[INFO] [stdout] test test_env ... ok
[INFO] [stdout] test test_collatz ... FAILED
[INFO] [stdout] test test_abi2 ... ok
[INFO] [stdout] test test_align ... FAILED
[INFO] [stdout] test test_double ... ok
[INFO] [stdout] test test_cup ... ok
[INFO] [stdout] test test_echo ... FAILED
[INFO] [stdout] test test_abi5 ... FAILED
[INFO] [stdout] test test_fpcnv ... ok
[INFO] [stdout] test test_abi4 ... FAILED
[INFO] [stdout] test test_isel1 ... FAILED
[INFO] [stdout] test test_fold1 ... ok
[INFO] [stdout] test test_euclc ... ok
[INFO] [stdout] test test_abi8 ... FAILED
[INFO] [stdout] test test_load3 ... ok
[INFO] [stdout] test test_dynalloc ... FAILED
[INFO] [stdout] test test_parse_ssa_file_format ... ok
[INFO] [stdout] test test_parse_ssa_file_no_driver ... ok
[INFO] [stdout] test test_parse_ssa_file_no_output ... ok
[INFO] [stdout] test test_loop ... ok
[INFO] [stdout] test test_fixarg ... ok
[INFO] [stdout] test test_abi1 ... FAILED
[INFO] [stdout] test test_mandel ... FAILED
[INFO] [stdout] test test_puts10 ... ok
[INFO] [stdout] test test_showcase_coro ... ok
[INFO] [stdout] test test_philv ... ok
[INFO] [stdout] test test_ssa_test_files_exist ... ok
[INFO] [stdout] test test_load1 ... ok
[INFO] [stdout] test test_ldhoist ... ok
[INFO] [stdout] test test_prime ... ok
[INFO] [stdout] test test_eucl ... ok
[INFO] [stdout] test test_tls ... FAILED
[INFO] [stdout] test test_max ... ok
[INFO] [stdout] test test_spill1 ... ok
[INFO] [stdout] test test_rega1 ... ok
[INFO] [stdout] test test_mem3 ... FAILED
[INFO] [stdout] test test_sum ... ok
[INFO] [stdout] test test_load2 ... FAILED
[INFO] [stdout] test test_isel2 ... ok
[INFO] [stdout] test test_mem1 ... FAILED
[INFO] [stdout] test test_ldbits ... ok
[INFO] [stdout] test test_strspn ... ok
[INFO] [stdout] test test_mem2 ... FAILED
[INFO] [stdout] test test_strcmp ... ok
[INFO] [stdout] test test_queen ... FAILED
[INFO] [stdout] test test_isel3 ... ok
[INFO] [stdout] test test_vararg1 ... FAILED
[INFO] [stdout] test test_vararg2 ... FAILED
[INFO] [stdout] 
[INFO] [stdout] failures:
[INFO] [stdout] 
[INFO] [stdout] ---- test_conaddr stdout ----
[INFO] [stdout] 
[INFO] [stdout] thread 'test_conaddr' (412) panicked at tests/integration.rs:159:5:
[INFO] [stdout] cc failed for conaddr:
[INFO] [stdout] stdout: 
[INFO] [stdout] stderr: /usr/bin/x86_64-linux-gnu-ld.bfd: /tmp/ccuiQFyT.o: relocation R_X86_64_32S against symbol `a' can not be used when making a PIE object; recompile with -fPIE
[INFO] [stdout] /usr/bin/x86_64-linux-gnu-ld.bfd: failed to set dynamic section sizes: bad value
[INFO] [stdout] collect2: error: ld returned 1 exit status
[INFO] [stdout] 
[INFO] [stdout] stack backtrace:
[INFO] [stdout]    0:     0x5c484a116511 - <<std[97b98282bc616a66]::sys::backtrace::BacktraceLock>::print::DisplayBacktrace as core[832e9a552fc17241]::fmt::Display>::fmt
[INFO] [stdout]    1:     0x5c484a12acba - core[832e9a552fc17241]::fmt::write
[INFO] [stdout]    2:     0x5c484a11a9ec - <alloc[3ecab9f82c41dc7d]::vec::Vec<u8> as std[97b98282bc616a66]::io::Write>::write_fmt
[INFO] [stdout]    3:     0x5c484a0f3a76 - std[97b98282bc616a66]::panicking::default_hook::{closure#0}
[INFO] [stdout]    4:     0x5c484a10e1c9 - std[97b98282bc616a66]::panicking::default_hook
[INFO] [stdout]    5:     0x5c484a043c70 - test[39766f3d73431624]::test_main_inner::<test[39766f3d73431624]::test_main_static::{closure#0}>::{closure#0}
[INFO] [stdout]    6:     0x5c484a10e382 - std[97b98282bc616a66]::panicking::panic_with_hook
[INFO] [stdout]    7:     0x5c484a0f3b22 - std[97b98282bc616a66]::panicking::panic_handler::{closure#0}
[INFO] [stdout]    8:     0x5c484a0eb1c9 - std[97b98282bc616a66]::sys::backtrace::__rust_end_short_backtrace::<std[97b98282bc616a66]::panicking::panic_handler::{closure#0}, !>
[INFO] [stdout]    9:     0x5c484a0f471d - __rustc[e3d8617bb01b7f69]::rust_begin_unwind
[INFO] [stdout]   10:     0x5c484a12b3ec - core[832e9a552fc17241]::panicking::panic_fmt
[INFO] [stdout]   11:     0x5c484a0330d7 - integration[92e4ee1e81254495]::run_ssa_test
[INFO] [stdout]   12:     0x5c484a0347d5 - <integration[92e4ee1e81254495]::test_conaddr::{closure#0} as core[832e9a552fc17241]::ops::function::FnOnce<()>>::call_once
[INFO] [stdout]   13:     0x5c484a036fab - test[39766f3d73431624]::__rust_begin_short_backtrace::<core[832e9a552fc17241]::result::Result<(), alloc[3ecab9f82c41dc7d]::string::String>, fn() -> core[832e9a552fc17241]::result::Result<(), alloc[3ecab9f82c41dc7d]::string::String>>
[INFO] [stdout]   14:     0x5c484a0445f5 - test[39766f3d73431624]::run_test::{closure#0}
[INFO] [stdout]   15:     0x5c484a03f0a4 - std[97b98282bc616a66]::sys::backtrace::__rust_begin_short_backtrace::<test[39766f3d73431624]::run_test::{closure#1}, ()>
[INFO] [stdout]   16:     0x5c484a047742 - <std[97b98282bc616a66]::thread::lifecycle::spawn_unchecked<test[39766f3d73431624]::run_test::{closure#1}, ()>::{closure#1} as core[832e9a552fc17241]::ops::function::FnOnce<()>>::call_once::{shim:vtable#0}
[INFO] [stdout]   17:     0x5c484a11582f - <std[97b98282bc616a66]::sys::thread::unix::Thread>::new::thread_start
[INFO] [stdout]   18:     0x7b97475cf07a - <unknown>
[INFO] [stdout]   19:     0x7b9747662534 - clone
[INFO] [stdout]   20:                0x0 - <unknown>
[INFO] [stdout] 
[INFO] [stdout] ---- test_abi3 stdout ----
[INFO] [stdout] 
[INFO] [stdout] thread 'test_abi3' (394) panicked at tests/integration.rs:159:5:
[INFO] [stdout] cc failed for abi3:
[INFO] [stdout] stdout: 
[INFO] [stdout] stderr: /usr/bin/x86_64-linux-gnu-ld.bfd: /tmp/ccIw1ziC.o: relocation R_X86_64_32S against symbol `F' can not be used when making a PIE object; recompile with -fPIE
[INFO] [stdout] /usr/bin/x86_64-linux-gnu-ld.bfd: failed to set dynamic section sizes: bad value
[INFO] [stdout] collect2: error: ld returned 1 exit status
[INFO] [stdout] 
[INFO] [stdout] stack backtrace:
[INFO] [stdout]    0:     0x5c484a116511 - <<std[97b98282bc616a66]::sys::backtrace::BacktraceLock>::print::DisplayBacktrace as core[832e9a552fc17241]::fmt::Display>::fmt
[INFO] [stdout]    1:     0x5c484a12acba - core[832e9a552fc17241]::fmt::write
[INFO] [stdout]    2:     0x5c484a11a9ec - <alloc[3ecab9f82c41dc7d]::vec::Vec<u8> as std[97b98282bc616a66]::io::Write>::write_fmt
[INFO] [stdout]    3:     0x5c484a0f3a76 - std[97b98282bc616a66]::panicking::default_hook::{closure#0}
[INFO] [stdout]    4:     0x5c484a10e1c9 - std[97b98282bc616a66]::panicking::default_hook
[INFO] [stdout]    5:     0x5c484a043c70 - test[39766f3d73431624]::test_main_inner::<test[39766f3d73431624]::test_main_static::{closure#0}>::{closure#0}
[INFO] [stdout]    6:     0x5c484a10e382 - std[97b98282bc616a66]::panicking::panic_with_hook
[INFO] [stdout]    7:     0x5c484a0f3b22 - std[97b98282bc616a66]::panicking::panic_handler::{closure#0}
[INFO] [stdout]    8:     0x5c484a0eb1c9 - std[97b98282bc616a66]::sys::backtrace::__rust_end_short_backtrace::<std[97b98282bc616a66]::panicking::panic_handler::{closure#0}, !>
[INFO] [stdout]    9:     0x5c484a0f471d - __rustc[e3d8617bb01b7f69]::rust_begin_unwind
[INFO] [stdout]   10:     0x5c484a12b3ec - core[832e9a552fc17241]::panicking::panic_fmt
[INFO] [stdout]   11:     0x5c484a0330d7 - integration[92e4ee1e81254495]::run_ssa_test
[INFO] [stdout]   12:     0x5c484a0355b5 - <integration[92e4ee1e81254495]::test_abi3::{closure#0} as core[832e9a552fc17241]::ops::function::FnOnce<()>>::call_once
[INFO] [stdout]   13:     0x5c484a036fab - test[39766f3d73431624]::__rust_begin_short_backtrace::<core[832e9a552fc17241]::result::Result<(), alloc[3ecab9f82c41dc7d]::string::String>, fn() -> core[832e9a552fc17241]::result::Result<(), alloc[3ecab9f82c41dc7d]::string::String>>
[INFO] [stdout]   14:     0x5c484a0445f5 - test[39766f3d73431624]::run_test::{closure#0}
[INFO] [stdout]   15:     0x5c484a03f0a4 - std[97b98282bc616a66]::sys::backtrace::__rust_begin_short_backtrace::<test[39766f3d73431624]::run_test::{closure#1}, ()>
[INFO] [stdout]   16:     0x5c484a047742 - <std[97b98282bc616a66]::thread::lifecycle::spawn_unchecked<test[39766f3d73431624]::run_test::{closure#1}, ()>::{closure#1} as core[832e9a552fc17241]::ops::function::FnOnce<()>>::call_once::{shim:vtable#0}
[INFO] [stdout]   17:     0x5c484a11582f - <std[97b98282bc616a66]::sys::thread::unix::Thread>::new::thread_start
[INFO] [stdout]   18:     0x7b97475cf07a - <unknown>
[INFO] [stdout]   19:     0x7b9747662534 - clone
[INFO] [stdout]   20:                0x0 - <unknown>
[INFO] [stdout] 
[INFO] [stdout] ---- test_collatz stdout ----
[INFO] [stdout] 
[INFO] [stdout] thread 'test_collatz' (411) panicked at tests/integration.rs:186:9:
[INFO] [stdout] assertion `left == right` failed: Test 'collatz' exited with code 1 (expected 0)
[INFO] [stdout] stdout: 
[INFO] [stdout]   left: 1
[INFO] [stdout]  right: 0
[INFO] [stdout] stack backtrace:
[INFO] [stdout]    0:     0x5c484a116511 - <<std[97b98282bc616a66]::sys::backtrace::BacktraceLock>::print::DisplayBacktrace as core[832e9a552fc17241]::fmt::Display>::fmt
[INFO] [stdout]    1:     0x5c484a12acba - core[832e9a552fc17241]::fmt::write
[INFO] [stdout]    2:     0x5c484a11a9ec - <alloc[3ecab9f82c41dc7d]::vec::Vec<u8> as std[97b98282bc616a66]::io::Write>::write_fmt
[INFO] [stdout]    3:     0x5c484a0f3a76 - std[97b98282bc616a66]::panicking::default_hook::{closure#0}
[INFO] [stdout]    4:     0x5c484a10e1c9 - std[97b98282bc616a66]::panicking::default_hook
[INFO] [stdout]    5:     0x5c484a043c70 - test[39766f3d73431624]::test_main_inner::<test[39766f3d73431624]::test_main_static::{closure#0}>::{closure#0}
[INFO] [stdout]    6:     0x5c484a10e382 - std[97b98282bc616a66]::panicking::panic_with_hook
[INFO] [stdout]    7:     0x5c484a0f3b22 - std[97b98282bc616a66]::panicking::panic_handler::{closure#0}
[INFO] [stdout]    8:     0x5c484a0eb1c9 - std[97b98282bc616a66]::sys::backtrace::__rust_end_short_backtrace::<std[97b98282bc616a66]::panicking::panic_handler::{closure#0}, !>
[INFO] [stdout]    9:     0x5c484a0f471d - __rustc[e3d8617bb01b7f69]::rust_begin_unwind
[INFO] [stdout]   10:     0x5c484a12b3ec - core[832e9a552fc17241]::panicking::panic_fmt
[INFO] [stdout]   11:     0x5c484a12b363 - core[832e9a552fc17241]::panicking::assert_failed_inner
[INFO] [stdout]   12:     0x5c484a0e83b5 - core[832e9a552fc17241]::panicking::assert_failed::<i32, i32>
[INFO] [stdout]   13:     0x5c484a032f43 - integration[92e4ee1e81254495]::run_ssa_test
[INFO] [stdout]   14:     0x5c484a0347a5 - <integration[92e4ee1e81254495]::test_collatz::{closure#0} as core[832e9a552fc17241]::ops::function::FnOnce<()>>::call_once
[INFO] [stdout]   15:     0x5c484a036fab - test[39766f3d73431624]::__rust_begin_short_backtrace::<core[832e9a552fc17241]::result::Result<(), alloc[3ecab9f82c41dc7d]::string::String>, fn() -> core[832e9a552fc17241]::result::Result<(), alloc[3ecab9f82c41dc7d]::string::String>>
[INFO] [stdout]   16:     0x5c484a0445f5 - test[39766f3d73431624]::run_test::{closure#0}
[INFO] [stdout]   17:     0x5c484a03f0a4 - std[97b98282bc616a66]::sys::backtrace::__rust_begin_short_backtrace::<test[39766f3d73431624]::run_test::{closure#1}, ()>
[INFO] [stdout]   18:     0x5c484a047742 - <std[97b98282bc616a66]::thread::lifecycle::spawn_unchecked<test[39766f3d73431624]::run_test::{closure#1}, ()>::{closure#1} as core[832e9a552fc17241]::ops::function::FnOnce<()>>::call_once::{shim:vtable#0}
[INFO] [stdout]   19:     0x5c484a11582f - <std[97b98282bc616a66]::sys::thread::unix::Thread>::new::thread_start
[INFO] [stdout]   20:     0x7b97475cf07a - <unknown>
[INFO] [stdout]   21:     0x7b9747662534 - clone
[INFO] [stdout]   22:                0x0 - <unknown>
[INFO] [stdout] 
[INFO] [stdout] ---- test_align stdout ----
[INFO] [stdout] 
[INFO] [stdout] thread 'test_align' (406) panicked at tests/integration.rs:186:9:
[INFO] [stdout] assertion `left == right` failed: Test 'align' exited with code -1 (expected 0)
[INFO] [stdout] stdout: 
[INFO] [stdout]   left: -1
[INFO] [stdout]  right: 0
[INFO] [stdout] stack backtrace:
[INFO] [stdout]    0:     0x5c484a116511 - <<std[97b98282bc616a66]::sys::backtrace::BacktraceLock>::print::DisplayBacktrace as core[832e9a552fc17241]::fmt::Display>::fmt
[INFO] [stdout]    1:     0x5c484a12acba - core[832e9a552fc17241]::fmt::write
[INFO] [stdout]    2:     0x5c484a11a9ec - <alloc[3ecab9f82c41dc7d]::vec::Vec<u8> as std[97b98282bc616a66]::io::Write>::write_fmt
[INFO] [stdout]    3:     0x5c484a0f3a76 - std[97b98282bc616a66]::panicking::default_hook::{closure#0}
[INFO] [stdout]    4:     0x5c484a10e1c9 - std[97b98282bc616a66]::panicking::default_hook
[INFO] [stdout]    5:     0x5c484a043c70 - test[39766f3d73431624]::test_main_inner::<test[39766f3d73431624]::test_main_static::{closure#0}>::{closure#0}
[INFO] [stdout]    6:     0x5c484a10e382 - std[97b98282bc616a66]::panicking::panic_with_hook
[INFO] [stdout]    7:     0x5c484a0f3b22 - std[97b98282bc616a66]::panicking::panic_handler::{closure#0}
[INFO] [stdout]    8:     0x5c484a0eb1c9 - std[97b98282bc616a66]::sys::backtrace::__rust_end_short_backtrace::<std[97b98282bc616a66]::panicking::panic_handler::{closure#0}, !>
[INFO] [stdout]    9:     0x5c484a0f471d - __rustc[e3d8617bb01b7f69]::rust_begin_unwind
[INFO] [stdout]   10:     0x5c484a12b3ec - core[832e9a552fc17241]::panicking::panic_fmt
[INFO] [stdout]   11:     0x5c484a12b363 - core[832e9a552fc17241]::panicking::assert_failed_inner
[INFO] [stdout]   12:     0x5c484a0e83b5 - core[832e9a552fc17241]::panicking::assert_failed::<i32, i32>
[INFO] [stdout]   13:     0x5c484a032f43 - integration[92e4ee1e81254495]::run_ssa_test
[INFO] [stdout]   14:     0x5c484a034355 - <integration[92e4ee1e81254495]::test_align::{closure#0} as core[832e9a552fc17241]::ops::function::FnOnce<()>>::call_once
[INFO] [stdout]   15:     0x5c484a036fab - test[39766f3d73431624]::__rust_begin_short_backtrace::<core[832e9a552fc17241]::result::Result<(), alloc[3ecab9f82c41dc7d]::string::String>, fn() -> core[832e9a552fc17241]::result::Result<(), alloc[3ecab9f82c41dc7d]::string::String>>
[INFO] [stdout]   16:     0x5c484a0445f5 - test[39766f3d73431624]::run_test::{closure#0}
[INFO] [stdout]   17:     0x5c484a03f0a4 - std[97b98282bc616a66]::sys::backtrace::__rust_begin_short_backtrace::<test[39766f3d73431624]::run_test::{closure#1}, ()>
[INFO] [stdout]   18:     0x5c484a047742 - <std[97b98282bc616a66]::thread::lifecycle::spawn_unchecked<test[39766f3d73431624]::run_test::{closure#1}, ()>::{closure#1} as core[832e9a552fc17241]::ops::function::FnOnce<()>>::call_once::{shim:vtable#0}
[INFO] [stdout]   19:     0x5c484a11582f - <std[97b98282bc616a66]::sys::thread::unix::Thread>::new::thread_start
[INFO] [stdout]   20:     0x7b97475cf07a - <unknown>
[INFO] [stdout]   21:     0x7b9747662534 - clone
[INFO] [stdout]   22:                0x0 - <unknown>
[INFO] [stdout] 
[INFO] [stdout] ---- test_echo stdout ----
[INFO] [stdout] 
[INFO] [stdout] thread 'test_echo' (453) panicked at tests/integration.rs:180:9:
[INFO] [stdout] assertion `left == right` failed: Output mismatch for test 'echo'
[INFO] [stdout] --- expected ---
[INFO] [stdout] a b c
[INFO] [stdout] --- actual ---
[INFO] [stdout] 
[INFO] [stdout]   left: ""
[INFO] [stdout]  right: "a b c"
[INFO] [stdout] stack backtrace:
[INFO] [stdout]    0:     0x5c484a116511 - <<std[97b98282bc616a66]::sys::backtrace::BacktraceLock>::print::DisplayBacktrace as core[832e9a552fc17241]::fmt::Display>::fmt
[INFO] [stdout]    1:     0x5c484a12acba - core[832e9a552fc17241]::fmt::write
[INFO] [stdout]    2:     0x5c484a11a9ec - <alloc[3ecab9f82c41dc7d]::vec::Vec<u8> as std[97b98282bc616a66]::io::Write>::write_fmt
[INFO] [stdout]    3:     0x5c484a0f3a76 - std[97b98282bc616a66]::panicking::default_hook::{closure#0}
[INFO] [stdout]    4:     0x5c484a10e1c9 - std[97b98282bc616a66]::panicking::default_hook
[INFO] [stdout]    5:     0x5c484a043c70 - test[39766f3d73431624]::test_main_inner::<test[39766f3d73431624]::test_main_static::{closure#0}>::{closure#0}
[INFO] [stdout]    6:     0x5c484a10e382 - std[97b98282bc616a66]::panicking::panic_with_hook
[INFO] [stdout]    7:     0x5c484a0f3b22 - std[97b98282bc616a66]::panicking::panic_handler::{closure#0}
[INFO] [stdout]    8:     0x5c484a0eb1c9 - std[97b98282bc616a66]::sys::backtrace::__rust_end_short_backtrace::<std[97b98282bc616a66]::panicking::panic_handler::{closure#0}, !>
[INFO] [stdout]    9:     0x5c484a0f471d - __rustc[e3d8617bb01b7f69]::rust_begin_unwind
[INFO] [stdout]   10:     0x5c484a12b3ec - core[832e9a552fc17241]::panicking::panic_fmt
[INFO] [stdout]   11:     0x5c484a12b363 - core[832e9a552fc17241]::panicking::assert_failed_inner
[INFO] [stdout]   12:     0x5c484a03617b - core[832e9a552fc17241]::panicking::assert_failed::<&str, &str>
[INFO] [stdout]   13:     0x5c484a032c1a - integration[92e4ee1e81254495]::run_ssa_test
[INFO] [stdout]   14:     0x5c484a035735 - <integration[92e4ee1e81254495]::test_echo::{closure#0} as core[832e9a552fc17241]::ops::function::FnOnce<()>>::call_once
[INFO] [stdout]   15:     0x5c484a036fab - test[39766f3d73431624]::__rust_begin_short_backtrace::<core[832e9a552fc17241]::result::Result<(), alloc[3ecab9f82c41dc7d]::string::String>, fn() -> core[832e9a552fc17241]::result::Result<(), alloc[3ecab9f82c41dc7d]::string::String>>
[INFO] [stdout]   16:     0x5c484a0445f5 - test[39766f3d73431624]::run_test::{closure#0}
[INFO] [stdout]   17:     0x5c484a03f0a4 - std[97b98282bc616a66]::sys::backtrace::__rust_begin_short_backtrace::<test[39766f3d73431624]::run_test::{closure#1}, ()>
[INFO] [stdout]   18:     0x5c484a047742 - <std[97b98282bc616a66]::thread::lifecycle::spawn_unchecked<test[39766f3d73431624]::run_test::{closure#1}, ()>::{closure#1} as core[832e9a552fc17241]::ops::function::FnOnce<()>>::call_once::{shim:vtable#0}
[INFO] [stdout]   19:     0x5c484a11582f - <std[97b98282bc616a66]::sys::thread::unix::Thread>::new::thread_start
[INFO] [stdout]   20:     0x7b97475cf07a - <unknown>
[INFO] [stdout]   21:     0x7b9747662534 - clone
[INFO] [stdout]   22:                0x0 - <unknown>
[INFO] [stdout] 
[INFO] [stdout] ---- test_abi5 stdout ----
[INFO] [stdout] 
[INFO] [stdout] thread 'test_abi5' (396) panicked at tests/integration.rs:180:9:
[INFO] [stdout] assertion `left == right` failed: Output mismatch for test 'abi5'
[INFO] [stdout] --- expected ---
[INFO] [stdout] t1: abcdefghijklmnop
[INFO] [stdout] t2: 2
[INFO] [stdout] t3: 3.000000 30
[INFO] [stdout] t4: 4 -40.000000
[INFO] [stdout] t5: 5.500000 -55
[INFO] [stdout] t6: abcdefghijklmno
[INFO] [stdout] t7: 7.770000 77.700000
[INFO] [stdout] t8: -8 88 -888 8888
[INFO] [stdout] t9: 9 9.900000
[INFO] [stdout] ta: -10 10.100000
[INFO] [stdout] tb: -1 11 11.110000
[INFO] [stdout] --- actual ---
[INFO] [stdout] 
[INFO] [stdout]   left: ""
[INFO] [stdout]  right: "t1: abcdefghijklmnop\nt2: 2\nt3: 3.000000 30\nt4: 4 -40.000000\nt5: 5.500000 -55\nt6: abcdefghijklmno\nt7: 7.770000 77.700000\nt8: -8 88 -888 8888\nt9: 9 9.900000\nta: -10 10.100000\ntb: -1 11 11.110000"
[INFO] [stdout] stack backtrace:
[INFO] [stdout]    0:     0x5c484a116511 - <<std[97b98282bc616a66]::sys::backtrace::BacktraceLock>::print::DisplayBacktrace as core[832e9a552fc17241]::fmt::Display>::fmt
[INFO] [stdout]    1:     0x5c484a12acba - core[832e9a552fc17241]::fmt::write
[INFO] [stdout]    2:     0x5c484a11a9ec - <alloc[3ecab9f82c41dc7d]::vec::Vec<u8> as std[97b98282bc616a66]::io::Write>::write_fmt
[INFO] [stdout]    3:     0x5c484a0f3a76 - std[97b98282bc616a66]::panicking::default_hook::{closure#0}
[INFO] [stdout]    4:     0x5c484a10e1c9 - std[97b98282bc616a66]::panicking::default_hook
[INFO] [stdout]    5:     0x5c484a043c70 - test[39766f3d73431624]::test_main_inner::<test[39766f3d73431624]::test_main_static::{closure#0}>::{closure#0}
[INFO] [stdout]    6:     0x5c484a10e382 - std[97b98282bc616a66]::panicking::panic_with_hook
[INFO] [stdout]    7:     0x5c484a0f3b22 - std[97b98282bc616a66]::panicking::panic_handler::{closure#0}
[INFO] [stdout]    8:     0x5c484a0eb1c9 - std[97b98282bc616a66]::sys::backtrace::__rust_end_short_backtrace::<std[97b98282bc616a66]::panicking::panic_handler::{closure#0}, !>
[INFO] [stdout]    9:     0x5c484a0f471d - __rustc[e3d8617bb01b7f69]::rust_begin_unwind
[INFO] [stdout]   10:     0x5c484a12b3ec - core[832e9a552fc17241]::panicking::panic_fmt
[INFO] [stdout]   11:     0x5c484a12b363 - core[832e9a552fc17241]::panicking::assert_failed_inner
[INFO] [stdout]   12:     0x5c484a03617b - core[832e9a552fc17241]::panicking::assert_failed::<&str, &str>
[INFO] [stdout]   13:     0x5c484a032c1a - integration[92e4ee1e81254495]::run_ssa_test
[INFO] [stdout]   14:     0x5c484a035615 - <integration[92e4ee1e81254495]::test_abi5::{closure#0} as core[832e9a552fc17241]::ops::function::FnOnce<()>>::call_once
[INFO] [stdout]   15:     0x5c484a036fab - test[39766f3d73431624]::__rust_begin_short_backtrace::<core[832e9a552fc17241]::result::Result<(), alloc[3ecab9f82c41dc7d]::string::String>, fn() -> core[832e9a552fc17241]::result::Result<(), alloc[3ecab9f82c41dc7d]::string::String>>
[INFO] [stdout]   16:     0x5c484a0445f5 - test[39766f3d73431624]::run_test::{closure#0}
[INFO] [stdout]   17:     0x5c484a03f0a4 - std[97b98282bc616a66]::sys::backtrace::__rust_begin_short_backtrace::<test[39766f3d73431624]::run_test::{closure#1}, ()>
[INFO] [stdout]   18:     0x5c484a047742 - <std[97b98282bc616a66]::thread::lifecycle::spawn_unchecked<test[39766f3d73431624]::run_test::{closure#1}, ()>::{closure#1} as core[832e9a552fc17241]::ops::function::FnOnce<()>>::call_once::{shim:vtable#0}
[INFO] [stdout]   19:     0x5c484a11582f - <std[97b98282bc616a66]::sys::thread::unix::Thread>::new::thread_start
[INFO] [stdout]   20:     0x7b97475cf07a - <unknown>
[INFO] [stdout]   21:     0x7b9747662534 - clone
[INFO] [stdout]   22:                0x0 - <unknown>
[INFO] [stdout] 
[INFO] [stdout] ---- test_abi4 stdout ----
[INFO] [stdout] 
[INFO] [stdout] thread 'test_abi4' (395) panicked at tests/integration.rs:180:9:
[INFO] [stdout] assertion `left == right` failed: Output mismatch for test 'abi4'
[INFO] [stdout] --- expected ---
[INFO] [stdout] ABCDEFGHIJKLMNOP
[INFO] [stdout] --- actual ---
[INFO] [stdout] 
[INFO] [stdout]   left: ""
[INFO] [stdout]  right: "ABCDEFGHIJKLMNOP"
[INFO] [stdout] stack backtrace:
[INFO] [stdout]    0:     0x5c484a116511 - <<std[97b98282bc616a66]::sys::backtrace::BacktraceLock>::print::DisplayBacktrace as core[832e9a552fc17241]::fmt::Display>::fmt
[INFO] [stdout]    1:     0x5c484a12acba - core[832e9a552fc17241]::fmt::write
[INFO] [stdout]    2:     0x5c484a11a9ec - <alloc[3ecab9f82c41dc7d]::vec::Vec<u8> as std[97b98282bc616a66]::io::Write>::write_fmt
[INFO] [stdout]    3:     0x5c484a0f3a76 - std[97b98282bc616a66]::panicking::default_hook::{closure#0}
[INFO] [stdout]    4:     0x5c484a10e1c9 - std[97b98282bc616a66]::panicking::default_hook
[INFO] [stdout]    5:     0x5c484a043c70 - test[39766f3d73431624]::test_main_inner::<test[39766f3d73431624]::test_main_static::{closure#0}>::{closure#0}
[INFO] [stdout]    6:     0x5c484a10e382 - std[97b98282bc616a66]::panicking::panic_with_hook
[INFO] [stdout]    7:     0x5c484a0f3b22 - std[97b98282bc616a66]::panicking::panic_handler::{closure#0}
[INFO] [stdout]    8:     0x5c484a0eb1c9 - std[97b98282bc616a66]::sys::backtrace::__rust_end_short_backtrace::<std[97b98282bc616a66]::panicking::panic_handler::{closure#0}, !>
[INFO] [stdout]    9:     0x5c484a0f471d - __rustc[e3d8617bb01b7f69]::rust_begin_unwind
[INFO] [stdout]   10:     0x5c484a12b3ec - core[832e9a552fc17241]::panicking::panic_fmt
[INFO] [stdout]   11:     0x5c484a12b363 - core[832e9a552fc17241]::panicking::assert_failed_inner
[INFO] [stdout]   12:     0x5c484a03617b - core[832e9a552fc17241]::panicking::assert_failed::<&str, &str>
[INFO] [stdout]   13:     0x5c484a032c1a - integration[92e4ee1e81254495]::run_ssa_test
[INFO] [stdout]   14:     0x5c484a0355e5 - <integration[92e4ee1e81254495]::test_abi4::{closure#0} as core[832e9a552fc17241]::ops::function::FnOnce<()>>::call_once
[INFO] [stdout]   15:     0x5c484a036fab - test[39766f3d73431624]::__rust_begin_short_backtrace::<core[832e9a552fc17241]::result::Result<(), alloc[3ecab9f82c41dc7d]::string::String>, fn() -> core[832e9a552fc17241]::result::Result<(), alloc[3ecab9f82c41dc7d]::string::String>>
[INFO] [stdout]   16:     0x5c484a0445f5 - test[39766f3d73431624]::run_test::{closure#0}
[INFO] [stdout]   17:     0x5c484a03f0a4 - std[97b98282bc616a66]::sys::backtrace::__rust_begin_short_backtrace::<test[39766f3d73431624]::run_test::{closure#1}, ()>
[INFO] [stdout]   18:     0x5c484a047742 - <std[97b98282bc616a66]::thread::lifecycle::spawn_unchecked<test[39766f3d73431624]::run_test::{closure#1}, ()>::{closure#1} as core[832e9a552fc17241]::ops::function::FnOnce<()>>::call_once::{shim:vtable#0}
[INFO] [stdout]   19:     0x5c484a11582f - <std[97b98282bc616a66]::sys::thread::unix::Thread>::new::thread_start
[INFO] [stdout]   20:     0x7b97475cf07a - <unknown>
[INFO] [stdout]   21:     0x7b9747662534 - clone
[INFO] [stdout]   22:                0x0 - <unknown>
[INFO] [stdout] 
[INFO] [stdout] ---- test_isel1 stdout ----
[INFO] [stdout] 
[INFO] [stdout] thread 'test_isel1' (559) panicked at tests/integration.rs:159:5:
[INFO] [stdout] cc failed for isel1:
[INFO] [stdout] stdout: 
[INFO] [stdout] stderr: /usr/bin/x86_64-linux-gnu-ld.bfd: /tmp/ccJriVSV.o: relocation R_X86_64_32S against symbol `a' can not be used when making a PIE object; recompile with -fPIE
[INFO] [stdout] /usr/bin/x86_64-linux-gnu-ld.bfd: failed to set dynamic section sizes: bad value
[INFO] [stdout] collect2: error: ld returned 1 exit status
[INFO] [stdout] 
[INFO] [stdout] stack backtrace:
[INFO] [stdout]    0:     0x5c484a116511 - <<std[97b98282bc616a66]::sys::backtrace::BacktraceLock>::print::DisplayBacktrace as core[832e9a552fc17241]::fmt::Display>::fmt
[INFO] [stdout]    1:     0x5c484a12acba - core[832e9a552fc17241]::fmt::write
[INFO] [stdout]    2:     0x5c484a11a9ec - <alloc[3ecab9f82c41dc7d]::vec::Vec<u8> as std[97b98282bc616a66]::io::Write>::write_fmt
[INFO] [stdout]    3:     0x5c484a0f3a76 - std[97b98282bc616a66]::panicking::default_hook::{closure#0}
[INFO] [stdout]    4:     0x5c484a10e1c9 - std[97b98282bc616a66]::panicking::default_hook
[INFO] [stdout]    5:     0x5c484a043c70 - test[39766f3d73431624]::test_main_inner::<test[39766f3d73431624]::test_main_static::{closure#0}>::{closure#0}
[INFO] [stdout]    6:     0x5c484a10e382 - std[97b98282bc616a66]::panicking::panic_with_hook
[INFO] [stdout]    7:     0x5c484a0f3b22 - std[97b98282bc616a66]::panicking::panic_handler::{closure#0}
[INFO] [stdout]    8:     0x5c484a0eb1c9 - std[97b98282bc616a66]::sys::backtrace::__rust_end_short_backtrace::<std[97b98282bc616a66]::panicking::panic_handler::{closure#0}, !>
[INFO] [stdout]    9:     0x5c484a0f471d - __rustc[e3d8617bb01b7f69]::rust_begin_unwind
[INFO] [stdout]   10:     0x5c484a12b3ec - core[832e9a552fc17241]::panicking::panic_fmt
[INFO] [stdout]   11:     0x5c484a0330d7 - integration[92e4ee1e81254495]::run_ssa_test
[INFO] [stdout]   12:     0x5c484a034415 - <integration[92e4ee1e81254495]::test_isel1::{closure#0} as core[832e9a552fc17241]::ops::function::FnOnce<()>>::call_once
[INFO] [stdout]   13:     0x5c484a036fab - test[39766f3d73431624]::__rust_begin_short_backtrace::<core[832e9a552fc17241]::result::Result<(), alloc[3ecab9f82c41dc7d]::string::String>, fn() -> core[832e9a552fc17241]::result::Result<(), alloc[3ecab9f82c41dc7d]::string::String>>
[INFO] [stdout]   14:     0x5c484a0445f5 - test[39766f3d73431624]::run_test::{closure#0}
[INFO] [stdout]   15:     0x5c484a03f0a4 - std[97b98282bc616a66]::sys::backtrace::__rust_begin_short_backtrace::<test[39766f3d73431624]::run_test::{closure#1}, ()>
[INFO] [stdout]   16:     0x5c484a047742 - <std[97b98282bc616a66]::thread::lifecycle::spawn_unchecked<test[39766f3d73431624]::run_test::{closure#1}, ()>::{closure#1} as core[832e9a552fc17241]::ops::function::FnOnce<()>>::call_once::{shim:vtable#0}
[INFO] [stdout]   17:     0x5c484a11582f - <std[97b98282bc616a66]::sys::thread::unix::Thread>::new::thread_start
[INFO] [stdout]   18:     0x7b97475cf07a - <unknown>
[INFO] [stdout]   19:     0x7b9747662534 - clone
[INFO] [stdout]   20:                0x0 - <unknown>
[INFO] [stdout] 
[INFO] [stdout] ---- test_abi8 stdout ----
[INFO] [stdout] 
[INFO] [stdout] thread 'test_abi8' (401) panicked at tests/integration.rs:180:9:
[INFO] [stdout] assertion `left == right` failed: Output mismatch for test 'abi8'
[INFO] [stdout] --- expected ---
[INFO] [stdout] kuma->c(0) 9.9
[INFO] [stdout] c->kuma(0) 9.9
[INFO] [stdout] kuma->c(1) 1 2.2 { -123, 4.56 }
[INFO] [stdout] c->kuma(1) 1 2.2 { -123, 4.56 }
[INFO] [stdout] kuma->c(2) 1 { 1.23, 456 } 3.3
[INFO] [stdout] c->kuma(2) 1 { 1.23, 456 } 3.3
[INFO] [stdout] kuma->c(3) 1 2.2 { 3.45, 567 }
[INFO] [stdout] c->kuma(3) 1 2.2 { 3.45, 567 }
[INFO] [stdout] kuma->c(4) { 1.23, 45.6 }
[INFO] [stdout] c->kuma(4) { 1.23, 45.6 }
[INFO] [stdout] kuma->c(5) { 1.23, 45.6 } 9.9 10
[INFO] [stdout] c->kuma(5) { 1.23, 45.6 } 9.9 10
[INFO] [stdout] kuma->c(6) { 123, 'z' }
[INFO] [stdout] c->kuma(6) { 123, 'z' }
[INFO] [stdout] kuma->c(7) { 123, 'z' }
[INFO] [stdout] c->kuma(7) { 123, 'z' }
[INFO] [stdout] kuma->c(8) { 123, 'z' }
[INFO] [stdout] c->kuma(8) { 123, 'z' }
[INFO] [stdout] kuma->c(9) "abcdefhijklmnopqr"
[INFO] [stdout] c->kuma(9) "abcdefhijklmnopqr"
[INFO] [stdout] kuma->c(10) "abcdefhijklmnopqr" 10.1 11
[INFO] [stdout] c->kuma(10) "abcdefhijklmnopqr" 10.1 11
[INFO] [stdout] --- actual ---
[INFO] [stdout] 
[INFO] [stdout]   left: ""
[INFO] [stdout]  right: "kuma->c(0) 9.9\nc->kuma(0) 9.9\nkuma->c(1) 1 2.2 { -123, 4.56 }\nc->kuma(1) 1 2.2 { -123, 4.56 }\nkuma->c(2) 1 { 1.23, 456 } 3.3\nc->kuma(2) 1 { 1.23, 456 } 3.3\nkuma->c(3) 1 2.2 { 3.45, 567 }\nc->kuma(3) 1 2.2 { 3.45, 567 }\nkuma->c(4) { 1.23, 45.6 }\nc->kuma(4) { 1.23, 45.6 }\nkuma->c(5) { 1.23, 45.6 } 9.9 10\nc->kuma(5) { 1.23, 45.6 } 9.9 10\nkuma->c(6) { 123, 'z' }\nc->kuma(6) { 123, 'z' }\nkuma->c(7) { 123, 'z' }\nc->kuma(7) { 123, 'z' }\nkuma->c(8) { 123, 'z' }\nc->kuma(8) { 123, 'z' }\nkuma->c(9) \"abcdefhijklmnopqr\"\nc->kuma(9) \"abcdefhijklmnopqr\"\nkuma->c(10) \"abcdefhijklmnopqr\" 10.1 11\nc->kuma(10) \"abcdefhijklmnopqr\" 10.1 11"
[INFO] [stdout] stack backtrace:
[INFO] [stdout]    0:     0x5c484a116511 - <<std[97b98282bc616a66]::sys::backtrace::BacktraceLock>::print::DisplayBacktrace as core[832e9a552fc17241]::fmt::Display>::fmt
[INFO] [stdout]    1:     0x5c484a12acba - core[832e9a552fc17241]::fmt::write
[INFO] [stdout]    2:     0x5c484a11a9ec - <alloc[3ecab9f82c41dc7d]::vec::Vec<u8> as std[97b98282bc616a66]::io::Write>::write_fmt
[INFO] [stdout]    3:     0x5c484a0f3a76 - std[97b98282bc616a66]::panicking::default_hook::{closure#0}
[INFO] [stdout]    4:     0x5c484a10e1c9 - std[97b98282bc616a66]::panicking::default_hook
[INFO] [stdout]    5:     0x5c484a043c70 - test[39766f3d73431624]::test_main_inner::<test[39766f3d73431624]::test_main_static::{closure#0}>::{closure#0}
[INFO] [stdout]    6:     0x5c484a10e382 - std[97b98282bc616a66]::panicking::panic_with_hook
[INFO] [stdout]    7:     0x5c484a0f3b22 - std[97b98282bc616a66]::panicking::panic_handler::{closure#0}
[INFO] [stdout]    8:     0x5c484a0eb1c9 - std[97b98282bc616a66]::sys::backtrace::__rust_end_short_backtrace::<std[97b98282bc616a66]::panicking::panic_handler::{closure#0}, !>
[INFO] [stdout]    9:     0x5c484a0f471d - __rustc[e3d8617bb01b7f69]::rust_begin_unwind
[INFO] [stdout]   10:     0x5c484a12b3ec - core[832e9a552fc17241]::panicking::panic_fmt
[INFO] [stdout]   11:     0x5c484a12b363 - core[832e9a552fc17241]::panicking::assert_failed_inner
[INFO] [stdout]   12:     0x5c484a03617b - core[832e9a552fc17241]::panicking::assert_failed::<&str, &str>
[INFO] [stdout]   13:     0x5c484a032c1a - integration[92e4ee1e81254495]::run_ssa_test
[INFO] [stdout]   14:     0x5c484a0356a5 - <integration[92e4ee1e81254495]::test_abi8::{closure#0} as core[832e9a552fc17241]::ops::function::FnOnce<()>>::call_once
[INFO] [stdout]   15:     0x5c484a036fab - test[39766f3d73431624]::__rust_begin_short_backtrace::<core[832e9a552fc17241]::result::Result<(), alloc[3ecab9f82c41dc7d]::string::String>, fn() -> core[832e9a552fc17241]::result::Result<(), alloc[3ecab9f82c41dc7d]::string::String>>
[INFO] [stdout]   16:     0x5c484a0445f5 - test[39766f3d73431624]::run_test::{closure#0}
[INFO] [stdout]   17:     0x5c484a03f0a4 - std[97b98282bc616a66]::sys::backtrace::__rust_begin_short_backtrace::<test[39766f3d73431624]::run_test::{closure#1}, ()>
[INFO] [stdout]   18:     0x5c484a047742 - <std[97b98282bc616a66]::thread::lifecycle::spawn_unchecked<test[39766f3d73431624]::run_test::{closure#1}, ()>::{closure#1} as core[832e9a552fc17241]::ops::function::FnOnce<()>>::call_once::{shim:vtable#0}
[INFO] [stdout]   19:     0x5c484a11582f - <std[97b98282bc616a66]::sys::thread::unix::Thread>::new::thread_start
[INFO] [stdout]   20:     0x7b97475cf07a - <unknown>
[INFO] [stdout]   21:     0x7b9747662534 - clone
[INFO] [stdout]   22:                0x0 - <unknown>
[INFO] [stdout] 
[INFO] [stdout] ---- test_dynalloc stdout ----
[INFO] [stdout] 
[INFO] [stdout] thread 'test_dynalloc' (451) panicked at tests/integration.rs:186:9:
[INFO] [stdout] assertion `left == right` failed: Test 'dynalloc' exited with code -1 (expected 0)
[INFO] [stdout] stdout: 
[INFO] [stdout]   left: -1
[INFO] [stdout]  right: 0
[INFO] [stdout] stack backtrace:
[INFO] [stdout]    0:     0x5c484a116511 - <<std[97b98282bc616a66]::sys::backtrace::BacktraceLock>::print::DisplayBacktrace as core[832e9a552fc17241]::fmt::Display>::fmt
[INFO] [stdout]    1:     0x5c484a12acba - core[832e9a552fc17241]::fmt::write
[INFO] [stdout]    2:     0x5c484a11a9ec - <alloc[3ecab9f82c41dc7d]::vec::Vec<u8> as std[97b98282bc616a66]::io::Write>::write_fmt
[INFO] [stdout]    3:     0x5c484a0f3a76 - std[97b98282bc616a66]::panicking::default_hook::{closure#0}
[INFO] [stdout]    4:     0x5c484a10e1c9 - std[97b98282bc616a66]::panicking::default_hook
[INFO] [stdout]    5:     0x5c484a043c70 - test[39766f3d73431624]::test_main_inner::<test[39766f3d73431624]::test_main_static::{closure#0}>::{closure#0}
[INFO] [stdout]    6:     0x5c484a10e382 - std[97b98282bc616a66]::panicking::panic_with_hook
[INFO] [stdout]    7:     0x5c484a0f3b22 - std[97b98282bc616a66]::panicking::panic_handler::{closure#0}
[INFO] [stdout]    8:     0x5c484a0eb1c9 - std[97b98282bc616a66]::sys::backtrace::__rust_end_short_backtrace::<std[97b98282bc616a66]::panicking::panic_handler::{closure#0}, !>
[INFO] [stdout]    9:     0x5c484a0f471d - __rustc[e3d8617bb01b7f69]::rust_begin_unwind
[INFO] [stdout]   10:     0x5c484a12b3ec - core[832e9a552fc17241]::panicking::panic_fmt
[INFO] [stdout]   11:     0x5c484a12b363 - core[832e9a552fc17241]::panicking::assert_failed_inner
[INFO] [stdout]   12:     0x5c484a0e83b5 - core[832e9a552fc17241]::panicking::assert_failed::<i32, i32>
[INFO] [stdout]   13:     0x5c484a032f43 - integration[92e4ee1e81254495]::run_ssa_test
[INFO] [stdout]   14:     0x5c484a034895 - <integration[92e4ee1e81254495]::test_dynalloc::{closure#0} as core[832e9a552fc17241]::ops::function::FnOnce<()>>::call_once
[INFO] [stdout]   15:     0x5c484a036fab - test[39766f3d73431624]::__rust_begin_short_backtrace::<core[832e9a552fc17241]::result::Result<(), alloc[3ecab9f82c41dc7d]::string::String>, fn() -> core[832e9a552fc17241]::result::Result<(), alloc[3ecab9f82c41dc7d]::string::String>>
[INFO] [stdout]   16:     0x5c484a0445f5 - test[39766f3d73431624]::run_test::{closure#0}
[INFO] [stdout]   17:     0x5c484a03f0a4 - std[97b98282bc616a66]::sys::backtrace::__rust_begin_short_backtrace::<test[39766f3d73431624]::run_test::{closure#1}, ()>
[INFO] [stdout]   18:     0x5c484a047742 - <std[97b98282bc616a66]::thread::lifecycle::spawn_unchecked<test[39766f3d73431624]::run_test::{closure#1}, ()>::{closure#1} as core[832e9a552fc17241]::ops::function::FnOnce<()>>::call_once::{shim:vtable#0}
[INFO] [stdout]   19:     0x5c484a11582f - <std[97b98282bc616a66]::sys::thread::unix::Thread>::new::thread_start
[INFO] [stdout]   20:     0x7b97475cf07a - <unknown>
[INFO] [stdout]   21:     0x7b9747662534 - clone
[INFO] [stdout]   22:                0x0 - <unknown>
[INFO] [stdout] 
[INFO] [stdout] ---- test_abi1 stdout ----
[INFO] [stdout] 
[INFO] [stdout] thread 'test_abi1' (392) panicked at tests/integration.rs:180:9:
[INFO] [stdout] assertion `left == right` failed: Output mismatch for test 'abi1'
[INFO] [stdout] --- expected ---
[INFO] [stdout] fcb: m = (mem){ t = "ABCDEFGHIJKLMNOP" }
[INFO] [stdout]      n = (mem){ t = "abcdefghijklmnop" }
[INFO] [stdout]      i1 = 1
[INFO] [stdout]      i2 = 2
[INFO] [stdout]      i3 = 3
[INFO] [stdout]      i4 = 4
[INFO] [stdout]      i5 = 5
[INFO] [stdout]      i6 = 6
[INFO] [stdout]      i7 = 7
[INFO] [stdout]      i8 = 8
[INFO] [stdout]      i9 = 9
[INFO] [stdout] --- actual ---
[INFO] [stdout] 
[INFO] [stdout]   left: ""
[INFO] [stdout]  right: "fcb: m = (mem){ t = \"ABCDEFGHIJKLMNOP\" }\n     n = (mem){ t = \"abcdefghijklmnop\" }\n     i1 = 1\n     i2 = 2\n     i3 = 3\n     i4 = 4\n     i5 = 5\n     i6 = 6\n     i7 = 7\n     i8 = 8\n     i9 = 9"
[INFO] [stdout] stack backtrace:
[INFO] [stdout]    0:     0x5c484a116511 - <<std[97b98282bc616a66]::sys::backtrace::BacktraceLock>::print::DisplayBacktrace as core[832e9a552fc17241]::fmt::Display>::fmt
[INFO] [stdout]    1:     0x5c484a12acba - core[832e9a552fc17241]::fmt::write
[INFO] [stdout]    2:     0x5c484a11a9ec - <alloc[3ecab9f82c41dc7d]::vec::Vec<u8> as std[97b98282bc616a66]::io::Write>::write_fmt
[INFO] [stdout]    3:     0x5c484a0f3a76 - std[97b98282bc616a66]::panicking::default_hook::{closure#0}
[INFO] [stdout]    4:     0x5c484a10e1c9 - std[97b98282bc616a66]::panicking::default_hook
[INFO] [stdout]    5:     0x5c484a043c70 - test[39766f3d73431624]::test_main_inner::<test[39766f3d73431624]::test_main_static::{closure#0}>::{closure#0}
[INFO] [stdout]    6:     0x5c484a10e382 - std[97b98282bc616a66]::panicking::panic_with_hook
[INFO] [stdout]    7:     0x5c484a0f3b22 - std[97b98282bc616a66]::panicking::panic_handler::{closure#0}
[INFO] [stdout]    8:     0x5c484a0eb1c9 - std[97b98282bc616a66]::sys::backtrace::__rust_end_short_backtrace::<std[97b98282bc616a66]::panicking::panic_handler::{closure#0}, !>
[INFO] [stdout]    9:     0x5c484a0f471d - __rustc[e3d8617bb01b7f69]::rust_begin_unwind
[INFO] [stdout]   10:     0x5c484a12b3ec - core[832e9a552fc17241]::panicking::panic_fmt
[INFO] [stdout]   11:     0x5c484a12b363 - core[832e9a552fc17241]::panicking::assert_failed_inner
[INFO] [stdout]   12:     0x5c484a03617b - core[832e9a552fc17241]::panicking::assert_failed::<&str, &str>
[INFO] [stdout]   13:     0x5c484a032c1a - integration[92e4ee1e81254495]::run_ssa_test
[INFO] [stdout]   14:     0x5c484a035555 - <integration[92e4ee1e81254495]::test_abi1::{closure#0} as core[832e9a552fc17241]::ops::function::FnOnce<()>>::call_once
[INFO] [stdout]   15:     0x5c484a036fab - test[39766f3d73431624]::__rust_begin_short_backtrace::<core[832e9a552fc17241]::result::Result<(), alloc[3ecab9f82c41dc7d]::string::String>, fn() -> core[832e9a552fc17241]::result::Result<(), alloc[3ecab9f82c41dc7d]::string::String>>
[INFO] [stdout]   16:     0x5c484a0445f5 - test[39766f3d73431624]::run_test::{closure#0}
[INFO] [stdout]   17:     0x5c484a03f0a4 - std[97b98282bc616a66]::sys::backtrace::__rust_begin_short_backtrace::<test[39766f3d73431624]::run_test::{closure#1}, ()>
[INFO] [stdout]   18:     0x5c484a047742 - <std[97b98282bc616a66]::thread::lifecycle::spawn_unchecked<test[39766f3d73431624]::run_test::{closure#1}, ()>::{closure#1} as core[832e9a552fc17241]::ops::function::FnOnce<()>>::call_once::{shim:vtable#0}
[INFO] [stdout]   19:     0x5c484a11582f - <std[97b98282bc616a66]::sys::thread::unix::Thread>::new::thread_start
[INFO] [stdout]   20:     0x7b97475cf07a - <unknown>
[INFO] [stdout]   21:     0x7b9747662534 - clone
[INFO] [stdout]   22:                0x0 - <unknown>
[INFO] [stdout] 
[INFO] [stdout] ---- test_mandel stdout ----
[INFO] [stdout] 
[INFO] [stdout] thread 'test_mandel' (606) panicked at tests/integration.rs:180:9:
[INFO] [stdout] assertion `left == right` failed: Output mismatch for test 'mandel'
[INFO] [stdout] --- expected ---
[INFO] [stdout]                                                                
[INFO] [stdout]                                                                
[INFO] [stdout]                                                                
[INFO] [stdout]                                                                
[INFO] [stdout]                                *                               
[INFO] [stdout]                               ****                             
[INFO] [stdout]                               ****                             
[INFO] [stdout]                               ***                              
[INFO] [stdout]                              *****                             
[INFO] [stdout]                             *********                          
[INFO] [stdout]                           ************                         
[INFO] [stdout]                        *****************                       
[INFO] [stdout]                         ****************                       
[INFO] [stdout]                         ***************                        
[INFO] [stdout]                         ****************                       
[INFO] [stdout]                         ****************                       
[INFO] [stdout]                        *****************                       
[INFO] [stdout]                         ****************                       
[INFO] [stdout]                         ****************                       
[INFO] [stdout]                          **************                        
[INFO] [stdout]                          *************                         
[INFO] [stdout]                           ************                         
[INFO] [stdout]                            *********                           
[INFO] [stdout]                              *****                             
[INFO] [stdout]                            ***********                         
[INFO] [stdout]                         *****************                      
[INFO] [stdout]                      **********************                    
[INFO] [stdout]                   * *********************** **                 
[INFO] [stdout]                   ***************************                  
[INFO] [stdout]                  *****************************                 
[INFO] [stdout]               * *******************************  **            
[INFO] [stdout]              ** ***********************************            
[INFO] [stdout]              *********************************** *             
[INFO] [stdout]               ***********************************              
[INFO] [stdout]              *************************************             
[INFO] [stdout]              *************************************             
[INFO] [stdout]             ***************************************            
[INFO] [stdout]             ***************************************            
[INFO] [stdout]             ***************************************            
[INFO] [stdout]             ****************************************           
[INFO] [stdout]       *     ****************************************           
[INFO] [stdout]       ********************************************** ****      
[INFO] [stdout]       ****************************************************     
[INFO] [stdout]     * *****************************************************    
[INFO] [stdout]     * *****************************************************    
[INFO] [stdout]       ***** **************************************** ****      
[INFO] [stdout]         *   ****************************************    *      
[INFO] [stdout]             ****************************************           
[INFO] [stdout]             ***************************************            
[INFO] [stdout]            ****************************************            
[INFO] [stdout]              ***************************************           
[INFO] [stdout]             ****************************************           
[INFO] [stdout]               ************************************             
[INFO] [stdout]               ***********************************              
[INFO] [stdout]                *********************************               
[INFO] [stdout]               ************************************             
[INFO] [stdout]               *** ************* ************** ***             
[INFO] [stdout]                    ***********   ************   **             
[INFO] [stdout]                      ********      ********                    
[INFO] [stdout]                     **                *   *
[INFO] [stdout] --- actual ---
[INFO] [stdout]                            *********                           
[INFO] [stdout]                           **********                           
[INFO] [stdout]                           **********                           
[INFO] [stdout]                          ***********                           
[INFO] [stdout]                   *      ***********                           
[INFO] [stdout]                          ***********                           
[INFO] [stdout]                         ************                           
[INFO] [stdout]                         ************                           
[INFO] [stdout]                         ************                           
[INFO] [stdout]                        *************                           
[INFO] [stdout]                        *************                           
[INFO] [stdout]                       **************                           
[INFO] [stdout]                       **************                           
[INFO] [stdout]                      ***************                           
[INFO] [stdout]                      ***************                           
[INFO] [stdout]                     ****************                           
[INFO] [stdout]                     ****************                           
[INFO] [stdout]                    *****************                           
[INFO] [stdout]                    *****************                           
[INFO] [stdout]                   ******************                           
[INFO] [stdout]                 ********************                           
[INFO] [stdout]               **********************                           
[INFO] [stdout]               **********************                           
[INFO] [stdout]              ***********************                           
[INFO] [stdout] *           ************************                           
[INFO] [stdout] *           ************************                           
[INFO] [stdout] *          *************************                           
[INFO] [stdout] *          *************************                           
[INFO] [stdout] *         **************************                           
[INFO] [stdout] *        ***************************                           
[INFO] [stdout] *        ***************************                           
[INFO] [stdout] *       ****************************                           
[INFO] [stdout]         ****************************                           
[INFO] [stdout]        *****************************                           
[INFO] [stdout]       ******************************                           
[INFO] [stdout]   * ********************************                           
[INFO] [stdout]   **********************************                           
[INFO] [stdout]  ***********************************                           
[INFO] [stdout]  ***********************************                           
[INFO] [stdout]  ***********************************                           
[INFO] [stdout]  ***********************************                           
[INFO] [stdout]  ***********************************                           
[INFO] [stdout]  ***********************************                           
[INFO] [stdout]  ***********************************                           
[INFO] [stdout]  ***********************************                           
[INFO] [stdout]  ***********************************                           
[INFO] [stdout]  ***********************************                           
[INFO] [stdout] ************************************                           
[INFO] [stdout]  ***********************************                           
[INFO] [stdout]  ***********************************                           
[INFO] [stdout]  ***********************************                           
[INFO] [stdout]  ***********************************                           
[INFO] [stdout]  ***********************************                           
[INFO] [stdout]  ***********************************                           
[INFO] [stdout]  ***********************************                           
[INFO] [stdout]  ***********************************                           
[INFO] [stdout]  ***********************************                           
[INFO] [stdout]  ***********************************                           
[INFO] [stdout]  ***********************************                           
[INFO] [stdout]  ***********************************                           
[INFO] [stdout]  ***********************************                           
[INFO] [stdout]  ***********************************                           
[INFO] [stdout]  ***********************************
[INFO] [stdout]   left: "                           *********                           \n                          **********                           \n                          **********                           \n                         ***********                           \n                  *      ***********                           \n                         ***********                           \n                        ************                           \n                        ************                           \n                        ************                           \n                       *************                           \n                       *************                           \n                      **************                           \n                      **************                           \n                     ***************                           \n                     ***************                           \n                    ****************                           \n                    ****************                           \n                   *****************                           \n                   *****************                           \n                  ******************                           \n                ********************                           \n              **********************                           \n              **********************                           \n             ***********************                           \n*           ************************                           \n*           ************************                           \n*          *************************                           \n*          *************************                           \n*         **************************                           \n*        ***************************                           \n*        ***************************                           \n*       ****************************                           \n        ****************************                           \n       *****************************                           \n      ******************************                           \n  * ********************************                           \n  **********************************                           \n ***********************************                           \n ***********************************                           \n ***********************************                           \n ***********************************                           \n ***********************************                           \n ***********************************                           \n ***********************************                           \n ***********************************                           \n ***********************************                           \n ***********************************                           \n************************************                           \n ***********************************                           \n ***********************************                           \n ***********************************                           \n ***********************************                           \n ***********************************                           \n ***********************************                           \n ***********************************                           \n ***********************************                           \n ***********************************                           \n ***********************************                           \n ***********************************                           \n ***********************************                           \n ***********************************                           \n ***********************************                           \n ***********************************"
[INFO] [stdout]  right: "                                                               \n                                                               \n                                                               \n                                                               \n                               *                               \n                              ****                             \n                              ****                             \n                              ***                              \n                             *****                             \n                            *********                          \n                          ************                         \n                       *****************                       \n                        ****************                       \n                        ***************                        \n                        ****************                       \n                        ****************                       \n                       *****************                       \n                        ****************                       \n                        ****************                       \n                         **************                        \n                         *************                         \n                          ************                         \n                           *********                           \n                             *****                             \n                           ***********                         \n                        *****************                      \n                     **********************                    \n                  * *********************** **                 \n                  ***************************                  \n                 *****************************                 \n              * *******************************  **            \n             ** ***********************************            \n             *********************************** *             \n              ***********************************              \n             *************************************             \n             *************************************             \n            ***************************************            \n            ***************************************            \n            ***************************************            \n            ****************************************           \n      *     ****************************************           \n      ********************************************** ****      \n      ****************************************************     \n    * *****************************************************    \n    * *****************************************************    \n      ***** **************************************** ****      \n        *   ****************************************    *      \n            ****************************************           \n            ***************************************            \n           ****************************************            \n             ***************************************           \n            ****************************************           \n              ************************************             \n              ***********************************              \n               *********************************               \n              ************************************             \n              *** ************* ************** ***             \n                   ***********   ************   **             \n                     ********      ********                    \n                    **                *   *"
[INFO] [stdout] stack backtrace:
[INFO] [stdout]    0:     0x5c484a116511 - <<std[97b98282bc616a66]::sys::backtrace::BacktraceLock>::print::DisplayBacktrace as core[832e9a552fc17241]::fmt::Display>::fmt
[INFO] [stdout]    1:     0x5c484a12acba - core[832e9a552fc17241]::fmt::write
[INFO] [stdout]    2:     0x5c484a11a9ec - <alloc[3ecab9f82c41dc7d]::vec::Vec<u8> as std[97b98282bc616a66]::io::Write>::write_fmt
[INFO] [stdout]    3:     0x5c484a0f3a76 - std[97b98282bc616a66]::panicking::default_hook::{closure#0}
[INFO] [stdout]    4:     0x5c484a10e1c9 - std[97b98282bc616a66]::panicking::default_hook
[INFO] [stdout]    5:     0x5c484a043c70 - test[39766f3d73431624]::test_main_inner::<test[39766f3d73431624]::test_main_static::{closure#0}>::{closure#0}
[INFO] [stdout]    6:     0x5c484a10e382 - std[97b98282bc616a66]::panicking::panic_with_hook
[INFO] [stdout]    7:     0x5c484a0f3b22 - std[97b98282bc616a66]::panicking::panic_handler::{closure#0}
[INFO] [stdout]    8:     0x5c484a0eb1c9 - std[97b98282bc616a66]::sys::backtrace::__rust_end_short_backtrace::<std[97b98282bc616a66]::panicking::panic_handler::{closure#0}, !>
[INFO] [stdout]    9:     0x5c484a0f471d - __rustc[e3d8617bb01b7f69]::rust_begin_unwind
[INFO] [stdout]   10:     0x5c484a12b3ec - core[832e9a552fc17241]::panicking::panic_fmt
[INFO] [stdout]   11:     0x5c484a12b363 - core[832e9a552fc17241]::panicking::assert_failed_inner
[INFO] [stdout]   12:     0x5c484a03617b - core[832e9a552fc17241]::panicking::assert_failed::<&str, &str>
[INFO] [stdout]   13:     0x5c484a032c1a - integration[92e4ee1e81254495]::run_ssa_test
[INFO] [stdout]   14:     0x5c484a0346b5 - <integration[92e4ee1e81254495]::test_mandel::{closure#0} as core[832e9a552fc17241]::ops::function::FnOnce<()>>::call_once
[INFO] [stdout]   15:     0x5c484a036fab - test[39766f3d73431624]::__rust_begin_short_backtrace::<core[832e9a552fc17241]::result::Result<(), alloc[3ecab9f82c41dc7d]::string::String>, fn() -> core[832e9a552fc17241]::result::Result<(), alloc[3ecab9f82c41dc7d]::string::String>>
[INFO] [stdout]   16:     0x5c484a0445f5 - test[39766f3d73431624]::run_test::{closure#0}
[INFO] [stdout]   17:     0x5c484a03f0a4 - std[97b98282bc616a66]::sys::backtrace::__rust_begin_short_backtrace::<test[39766f3d73431624]::run_test::{closure#1}, ()>
[INFO] [stdout]   18:     0x5c484a047742 - <std[97b98282bc616a66]::thread::lifecycle::spawn_unchecked<test[39766f3d73431624]::run_test::{closure#1}, ()>::{closure#1} as core[832e9a552fc17241]::ops::function::FnOnce<()>>::call_once::{shim:vtable#0}
[INFO] [stdout]   19:     0x5c484a11582f - <std[97b98282bc616a66]::sys::thread::unix::Thread>::new::thread_start
[INFO] [stdout]   20:     0x7b97475cf07a - <unknown>
[INFO] [stdout]   21:     0x7b9747662534 - clone
[INFO] [stdout]   22:                0x0 - <unknown>
[INFO] [stdout] 
[INFO] [stdout] ---- test_tls stdout ----
[INFO] [stdout] 
[INFO] [stdout] thread 'test_tls' (715) panicked at tests/integration.rs:159:5:
[INFO] [stdout] cc failed for tls:
[INFO] [stdout] stdout: 
[INFO] [stdout] stderr: /tmp/kuma_test_tls/out.s: Assembler messages:
[INFO] [stdout] /tmp/kuma_test_tls/out.s:129: Error: junk `:x ' after expression
[INFO] [stdout] /tmp/kuma_test_tls/out.s:129: Error: illegal immediate register operand %fs:x@tpoff
[INFO] [stdout] 
[INFO] [stdout] stack backtrace:
[INFO] [stdout]    0:     0x5c484a116511 - <<std[97b98282bc616a66]::sys::backtrace::BacktraceLock>::print::DisplayBacktrace as core[832e9a552fc17241]::fmt::Display>::fmt
[INFO] [stdout]    1:     0x5c484a12acba - core[832e9a552fc17241]::fmt::write
[INFO] [stdout]    2:     0x5c484a11a9ec - <alloc[3ecab9f82c41dc7d]::vec::Vec<u8> as std[97b98282bc616a66]::io::Write>::write_fmt
[INFO] [stdout]    3:     0x5c484a0f3a76 - std[97b98282bc616a66]::panicking::default_hook::{closure#0}
[INFO] [stdout]    4:     0x5c484a10e1c9 - std[97b98282bc616a66]::panicking::default_hook
[INFO] [stdout]    5:     0x5c484a043c70 - test[39766f3d73431624]::test_main_inner::<test[39766f3d73431624]::test_main_static::{closure#0}>::{closure#0}
[INFO] [stdout]    6:     0x5c484a10e382 - std[97b98282bc616a66]::panicking::panic_with_hook
[INFO] [stdout]    7:     0x5c484a0f3b22 - std[97b98282bc616a66]::panicking::panic_handler::{closure#0}
[INFO] [stdout]    8:     0x5c484a0eb1c9 - std[97b98282bc616a66]::sys::backtrace::__rust_end_short_backtrace::<std[97b98282bc616a66]::panicking::panic_handler::{closure#0}, !>
[INFO] [stdout]    9:     0x5c484a0f471d - __rustc[e3d8617bb01b7f69]::rust_begin_unwind
[INFO] [stdout]   10:     0x5c484a12b3ec - core[832e9a552fc17241]::panicking::panic_fmt
[INFO] [stdout]   11:     0x5c484a0330d7 - integration[92e4ee1e81254495]::run_ssa_test
[INFO] [stdout]   12:     0x5c484a035525 - <integration[92e4ee1e81254495]::test_tls::{closure#0} as core[832e9a552fc17241]::ops::function::FnOnce<()>>::call_once
[INFO] [stdout]   13:     0x5c484a036fab - test[39766f3d73431624]::__rust_begin_short_backtrace::<core[832e9a552fc17241]::result::Result<(), alloc[3ecab9f82c41dc7d]::string::String>, fn() -> core[832e9a552fc17241]::result::Result<(), alloc[3ecab9f82c41dc7d]::string::String>>
[INFO] [stdout]   14:     0x5c484a0445f5 - test[39766f3d73431624]::run_test::{closure#0}
[INFO] [stdout]   15:     0x5c484a03f0a4 - std[97b98282bc616a66]::sys::backtrace::__rust_begin_short_backtrace::<test[39766f3d73431624]::run_test::{closure#1}, ()>
[INFO] [stdout]   16:     0x5c484a047742 - <std[97b98282bc616a66]::thread::lifecycle::spawn_unchecked<test[39766f3d73431624]::run_test::{closure#1}, ()>::{closure#1} as core[832e9a552fc17241]::ops::function::FnOnce<()>>::call_once::{shim:vtable#0}
[INFO] [stdout]   17:     0x5c484a11582f - <std[97b98282bc616a66]::sys::thread::unix::Thread>::new::thread_start
[INFO] [stdout]   18:     0x7b97475cf07a - <unknown>
[INFO] [stdout]   19:     0x7b9747662534 - clone
[INFO] [stdout]   20:                0x0 - <unknown>
[INFO] [stdout] 
[INFO] [stdout] ---- test_mem3 stdout ----
[INFO] [stdout] 
[INFO] [stdout] thread 'test_mem3' (631) panicked at tests/integration.rs:186:9:
[INFO] [stdout] assertion `left == right` failed: Test 'mem3' exited with code -1 (expected 0)
[INFO] [stdout] stdout: 
[INFO] [stdout]   left: -1
[INFO] [stdout]  right: 0
[INFO] [stdout] stack backtrace:
[INFO] [stdout]    0:     0x5c484a116511 - <<std[97b98282bc616a66]::sys::backtrace::BacktraceLock>::print::DisplayBacktrace as core[832e9a552fc17241]::fmt::Display>::fmt
[INFO] [stdout]    1:     0x5c484a12acba - core[832e9a552fc17241]::fmt::write
[INFO] [stdout]    2:     0x5c484a11a9ec - <alloc[3ecab9f82c41dc7d]::vec::Vec<u8> as std[97b98282bc616a66]::io::Write>::write_fmt
[INFO] [stdout]    3:     0x5c484a0f3a76 - std[97b98282bc616a66]::panicking::default_hook::{closure#0}
[INFO] [stdout]    4:     0x5c484a10e1c9 - std[97b98282bc616a66]::panicking::default_hook
[INFO] [stdout]    5:     0x5c484a043c70 - test[39766f3d73431624]::test_main_inner::<test[39766f3d73431624]::test_main_static::{closure#0}>::{closure#0}
[INFO] [stdout]    6:     0x5c484a10e382 - std[97b98282bc616a66]::panicking::panic_with_hook
[INFO] [stdout]    7:     0x5c484a0f3b22 - std[97b98282bc616a66]::panicking::panic_handler::{closure#0}
[INFO] [stdout]    8:     0x5c484a0eb1c9 - std[97b98282bc616a66]::sys::backtrace::__rust_end_short_backtrace::<std[97b98282bc616a66]::panicking::panic_handler::{closure#0}, !>
[INFO] [stdout]    9:     0x5c484a0f471d - __rustc[e3d8617bb01b7f69]::rust_begin_unwind
[INFO] [stdout]   10:     0x5c484a12b3ec - core[832e9a552fc17241]::panicking::panic_fmt
[INFO] [stdout]   11:     0x5c484a12b363 - core[832e9a552fc17241]::panicking::assert_failed_inner
[INFO] [stdout]   12:     0x5c484a0e83b5 - core[832e9a552fc17241]::panicking::assert_failed::<i32, i32>
[INFO] [stdout]   13:     0x5c484a032f43 - integration[92e4ee1e81254495]::run_ssa_test
[INFO] [stdout]   14:     0x5c484a035825 - <integration[92e4ee1e81254495]::test_mem3::{closure#0} as core[832e9a552fc17241]::ops::function::FnOnce<()>>::call_once
[INFO] [stdout]   15:     0x5c484a036fab - test[39766f3d73431624]::__rust_begin_short_backtrace::<core[832e9a552fc17241]::result::Result<(), alloc[3ecab9f82c41dc7d]::string::String>, fn() -> core[832e9a552fc17241]::result::Result<(), alloc[3ecab9f82c41dc7d]::string::String>>
[INFO] [stdout]   16:     0x5c484a0445f5 - test[39766f3d73431624]::run_test::{closure#0}
[INFO] [stdout]   17:     0x5c484a03f0a4 - std[97b98282bc616a66]::sys::backtrace::__rust_begin_short_backtrace::<test[39766f3d73431624]::run_test::{closure#1}, ()>
[INFO] [stderr] error: test failed, to rerun pass `--test integration`
[INFO] [stdout]   18:     0x5c484a047742 - <std[97b98282bc616a66]::thread::lifecycle::spawn_unchecked<test[39766f3d73431624]::run_test::{closure#1}, ()>::{closure#1} as core[832e9a552fc17241]::ops::function::FnOnce<()>>::call_once::{shim:vtable#0}
[INFO] [stdout]   19:     0x5c484a11582f - <std[97b98282bc616a66]::sys::thread::unix::Thread>::new::thread_start
[INFO] [stdout]   20:     0x7b97475cf07a - <unknown>
[INFO] [stdout]   21:     0x7b9747662534 - clone
[INFO] [stdout]   22:                0x0 - <unknown>
[INFO] [stdout] 
[INFO] [stdout] ---- test_load2 stdout ----
[INFO] [stdout] 
[INFO] [stdout] thread 'test_load2' (596) panicked at tests/integration.rs:180:9:
[INFO] [stdout] assertion `left == right` failed: Output mismatch for test 'load2'
[INFO] [stdout] --- expected ---
[INFO] [stdout] 0x11228844
[INFO] [stdout] 0x11778844
[INFO] [stdout] 0x66778844
[INFO] [stdout] 0x11225566
[INFO] [stdout] 0x66778800
[INFO] [stdout] --- actual ---
[INFO] [stdout] 
[INFO] [stdout]   left: ""
[INFO] [stdout]  right: "0x11228844\n0x11778844\n0x66778844\n0x11225566\n0x66778800"
[INFO] [stdout] stack backtrace:
[INFO] [stdout]    0:     0x5c484a116511 - <<std[97b98282bc616a66]::sys::backtrace::BacktraceLock>::print::DisplayBacktrace as core[832e9a552fc17241]::fmt::Display>::fmt
[INFO] [stdout]    1:     0x5c484a12acba - core[832e9a552fc17241]::fmt::write
[INFO] [stdout]    2:     0x5c484a11a9ec - <alloc[3ecab9f82c41dc7d]::vec::Vec<u8> as std[97b98282bc616a66]::io::Write>::write_fmt
[INFO] [stdout]    3:     0x5c484a0f3a76 - std[97b98282bc616a66]::panicking::default_hook::{closure#0}
[INFO] [stdout]    4:     0x5c484a10e1c9 - std[97b98282bc616a66]::panicking::default_hook
[INFO] [stdout]    5:     0x5c484a043c70 - test[39766f3d73431624]::test_main_inner::<test[39766f3d73431624]::test_main_static::{closure#0}>::{closure#0}
[INFO] [stdout]    6:     0x5c484a10e382 - std[97b98282bc616a66]::panicking::panic_with_hook
[INFO] [stdout]    7:     0x5c484a0f3b22 - std[97b98282bc616a66]::panicking::panic_handler::{closure#0}
[INFO] [stdout]    8:     0x5c484a0eb1c9 - std[97b98282bc616a66]::sys::backtrace::__rust_end_short_backtrace::<std[97b98282bc616a66]::panicking::panic_handler::{closure#0}, !>
[INFO] [stdout]    9:     0x5c484a0f471d - __rustc[e3d8617bb01b7f69]::rust_begin_unwind
[INFO] [stdout]   10:     0x5c484a12b3ec - core[832e9a552fc17241]::panicking::panic_fmt
[INFO] [stdout]   11:     0x5c484a12b363 - core[832e9a552fc17241]::panicking::assert_failed_inner
[INFO] [stdout]   12:     0x5c484a03617b - core[832e9a552fc17241]::panicking::assert_failed::<&str, &str>
[INFO] [stdout]   13:     0x5c484a032c1a - integration[92e4ee1e81254495]::run_ssa_test
[INFO] [stdout]   14:     0x5c484a0344d5 - <integration[92e4ee1e81254495]::test_load2::{closure#0} as core[832e9a552fc17241]::ops::function::FnOnce<()>>::call_once
[INFO] [stdout]   15:     0x5c484a036fab - test[39766f3d73431624]::__rust_begin_short_backtrace::<core[832e9a552fc17241]::result::Result<(), alloc[3ecab9f82c41dc7d]::string::String>, fn() -> core[832e9a552fc17241]::result::Result<(), alloc[3ecab9f82c41dc7d]::string::String>>
[INFO] [stdout]   16:     0x5c484a0445f5 - test[39766f3d73431624]::run_test::{closure#0}
[INFO] [stdout]   17:     0x5c484a03f0a4 - std[97b98282bc616a66]::sys::backtrace::__rust_begin_short_backtrace::<test[39766f3d73431624]::run_test::{closure#1}, ()>
[INFO] [stdout]   18:     0x5c484a047742 - <std[97b98282bc616a66]::thread::lifecycle::spawn_unchecked<test[39766f3d73431624]::run_test::{closure#1}, ()>::{closure#1} as core[832e9a552fc17241]::ops::function::FnOnce<()>>::call_once::{shim:vtable#0}
[INFO] [stdout]   19:     0x5c484a11582f - <std[97b98282bc616a66]::sys::thread::unix::Thread>::new::thread_start
[INFO] [stdout]   20:     0x7b97475cf07a - <unknown>
[INFO] [stdout]   21:     0x7b9747662534 - clone
[INFO] [stdout]   22:                0x0 - <unknown>
[INFO] [stdout] 
[INFO] [stdout] ---- test_mem1 stdout ----
[INFO] [stdout] 
[INFO] [stdout] thread 'test_mem1' (620) panicked at tests/integration.rs:186:9:
[INFO] [stdout] assertion `left == right` failed: Test 'mem1' exited with code -1 (expected 0)
[INFO] [stdout] stdout: 
[INFO] [stdout]   left: -1
[INFO] [stdout]  right: 0
[INFO] [stdout] stack backtrace:
[INFO] [stdout]    0:     0x5c484a116511 - <<std[97b98282bc616a66]::sys::backtrace::BacktraceLock>::print::DisplayBacktrace as core[832e9a552fc17241]::fmt::Display>::fmt
[INFO] [stdout]    1:     0x5c484a12acba - core[832e9a552fc17241]::fmt::write
[INFO] [stdout]    2:     0x5c484a11a9ec - <alloc[3ecab9f82c41dc7d]::vec::Vec<u8> as std[97b98282bc616a66]::io::Write>::write_fmt
[INFO] [stdout]    3:     0x5c484a0f3a76 - std[97b98282bc616a66]::panicking::default_hook::{closure#0}
[INFO] [stdout]    4:     0x5c484a10e1c9 - std[97b98282bc616a66]::panicking::default_hook
[INFO] [stdout]    5:     0x5c484a043c70 - test[39766f3d73431624]::test_main_inner::<test[39766f3d73431624]::test_main_static::{closure#0}>::{closure#0}
[INFO] [stdout]    6:     0x5c484a10e382 - std[97b98282bc616a66]::panicking::panic_with_hook
[INFO] [stdout]    7:     0x5c484a0f3b22 - std[97b98282bc616a66]::panicking::panic_handler::{closure#0}
[INFO] [stdout]    8:     0x5c484a0eb1c9 - std[97b98282bc616a66]::sys::backtrace::__rust_end_short_backtrace::<std[97b98282bc616a66]::panicking::panic_handler::{closure#0}, !>
[INFO] [stdout]    9:     0x5c484a0f471d - __rustc[e3d8617bb01b7f69]::rust_begin_unwind
[INFO] [stdout]   10:     0x5c484a12b3ec - core[832e9a552fc17241]::panicking::panic_fmt
[INFO] [stdout]   11:     0x5c484a12b363 - core[832e9a552fc17241]::panicking::assert_failed_inner
[INFO] [stdout]   12:     0x5c484a0e83b5 - core[832e9a552fc17241]::panicking::assert_failed::<i32, i32>
[INFO] [stdout]   13:     0x5c484a032f43 - integration[92e4ee1e81254495]::run_ssa_test
[INFO] [stdout]   14:     0x5c484a0357c5 - <integration[92e4ee1e81254495]::test_mem1::{closure#0} as core[832e9a552fc17241]::ops::function::FnOnce<()>>::call_once
[INFO] [stdout]   15:     0x5c484a036fab - test[39766f3d73431624]::__rust_begin_short_backtrace::<core[832e9a552fc17241]::result::Result<(), alloc[3ecab9f82c41dc7d]::string::String>, fn() -> core[832e9a552fc17241]::result::Result<(), alloc[3ecab9f82c41dc7d]::string::String>>
[INFO] [stdout]   16:     0x5c484a0445f5 - test[39766f3d73431624]::run_test::{closure#0}
[INFO] [stdout]   17:     0x5c484a03f0a4 - std[97b98282bc616a66]::sys::backtrace::__rust_begin_short_backtrace::<test[39766f3d73431624]::run_test::{closure#1}, ()>
[INFO] [stdout]   18:     0x5c484a047742 - <std[97b98282bc616a66]::thread::lifecycle::spawn_unchecked<test[39766f3d73431624]::run_test::{closure#1}, ()>::{closure#1} as core[832e9a552fc17241]::ops::function::FnOnce<()>>::call_once::{shim:vtable#0}
[INFO] [stdout]   19:     0x5c484a11582f - <std[97b98282bc616a66]::sys::thread::unix::Thread>::new::thread_start
[INFO] [stdout]   20:     0x7b97475cf07a - <unknown>
[INFO] [stdout]   21:     0x7b9747662534 - clone
[INFO] [stdout]   22:                0x0 - <unknown>
[INFO] [stdout] 
[INFO] [stdout] ---- test_mem2 stdout ----
[INFO] [stdout] 
[INFO] [stdout] thread 'test_mem2' (623) panicked at tests/integration.rs:186:9:
[INFO] [stdout] assertion `left == right` failed: Test 'mem2' exited with code -1 (expected 0)
[INFO] [stdout] stdout: 
[INFO] [stdout]   left: -1
[INFO] [stdout]  right: 0
[INFO] [stdout] stack backtrace:
[INFO] [stdout]    0:     0x5c484a116511 - <<std[97b98282bc616a66]::sys::backtrace::BacktraceLock>::print::DisplayBacktrace as core[832e9a552fc17241]::fmt::Display>::fmt
[INFO] [stdout]    1:     0x5c484a12acba - core[832e9a552fc17241]::fmt::write
[INFO] [stdout]    2:     0x5c484a11a9ec - <alloc[3ecab9f82c41dc7d]::vec::Vec<u8> as std[97b98282bc616a66]::io::Write>::write_fmt
[INFO] [stdout]    3:     0x5c484a0f3a76 - std[97b98282bc616a66]::panicking::default_hook::{closure#0}
[INFO] [stdout]    4:     0x5c484a10e1c9 - std[97b98282bc616a66]::panicking::default_hook
[INFO] [stdout]    5:     0x5c484a043c70 - test[39766f3d73431624]::test_main_inner::<test[39766f3d73431624]::test_main_static::{closure#0}>::{closure#0}
[INFO] [stdout]    6:     0x5c484a10e382 - std[97b98282bc616a66]::panicking::panic_with_hook
[INFO] [stdout]    7:     0x5c484a0f3b22 - std[97b98282bc616a66]::panicking::panic_handler::{closure#0}
[INFO] [stdout]    8:     0x5c484a0eb1c9 - std[97b98282bc616a66]::sys::backtrace::__rust_end_short_backtrace::<std[97b98282bc616a66]::panicking::panic_handler::{closure#0}, !>
[INFO] [stdout]    9:     0x5c484a0f471d - __rustc[e3d8617bb01b7f69]::rust_begin_unwind
[INFO] [stdout]   10:     0x5c484a12b3ec - core[832e9a552fc17241]::panicking::panic_fmt
[INFO] [stdout]   11:     0x5c484a12b363 - core[832e9a552fc17241]::panicking::assert_failed_inner
[INFO] [stdout]   12:     0x5c484a0e83b5 - core[832e9a552fc17241]::panicking::assert_failed::<i32, i32>
[INFO] [stdout]   13:     0x5c484a032f43 - integration[92e4ee1e81254495]::run_ssa_test
[INFO] [stdout]   14:     0x5c484a0357f5 - <integration[92e4ee1e81254495]::test_mem2::{closure#0} as core[832e9a552fc17241]::ops::function::FnOnce<()>>::call_once
[INFO] [stdout]   15:     0x5c484a036fab - test[39766f3d73431624]::__rust_begin_short_backtrace::<core[832e9a552fc17241]::result::Result<(), alloc[3ecab9f82c41dc7d]::string::String>, fn() -> core[832e9a552fc17241]::result::Result<(), alloc[3ecab9f82c41dc7d]::string::String>>
[INFO] [stdout]   16:     0x5c484a0445f5 - test[39766f3d73431624]::run_test::{closure#0}
[INFO] [stdout]   17:     0x5c484a03f0a4 - std[97b98282bc616a66]::sys::backtrace::__rust_begin_short_backtrace::<test[39766f3d73431624]::run_test::{closure#1}, ()>
[INFO] [stdout]   18:     0x5c484a047742 - <std[97b98282bc616a66]::thread::lifecycle::spawn_unchecked<test[39766f3d73431624]::run_test::{closure#1}, ()>::{closure#1} as core[832e9a552fc17241]::ops::function::FnOnce<()>>::call_once::{shim:vtable#0}
[INFO] [stdout]   19:     0x5c484a11582f - <std[97b98282bc616a66]::sys::thread::unix::Thread>::new::thread_start
[INFO] [stdout]   20:     0x7b97475cf07a - <unknown>
[INFO] [stdout]   21:     0x7b9747662534 - clone
[INFO] [stdout]   22:                0x0 - <unknown>
[INFO] [stdout] 
[INFO] [stdout] ---- test_queen stdout ----
[INFO] [stdout] 
[INFO] [stdout] thread 'test_queen' (654) panicked at tests/integration.rs:186:9:
[INFO] [stdout] assertion `left == right` failed: Test 'queen' exited with code -1 (expected 0)
[INFO] [stdout] stdout: 
[INFO] [stdout]   left: -1
[INFO] [stdout]  right: 0
[INFO] [stdout] stack backtrace:
[INFO] [stdout]    0:     0x5c484a116511 - <<std[97b98282bc616a66]::sys::backtrace::BacktraceLock>::print::DisplayBacktrace as core[832e9a552fc17241]::fmt::Display>::fmt
[INFO] [stdout]    1:     0x5c484a12acba - core[832e9a552fc17241]::fmt::write
[INFO] [stdout]    2:     0x5c484a11a9ec - <alloc[3ecab9f82c41dc7d]::vec::Vec<u8> as std[97b98282bc616a66]::io::Write>::write_fmt
[INFO] [stdout]    3:     0x5c484a0f3a76 - std[97b98282bc616a66]::panicking::default_hook::{closure#0}
[INFO] [stdout]    4:     0x5c484a10e1c9 - std[97b98282bc616a66]::panicking::default_hook
[INFO] [stdout]    5:     0x5c484a043c70 - test[39766f3d73431624]::test_main_inner::<test[39766f3d73431624]::test_main_static::{closure#0}>::{closure#0}
[INFO] [stdout]    6:     0x5c484a10e382 - std[97b98282bc616a66]::panicking::panic_with_hook
[INFO] [stdout]    7:     0x5c484a0f3b22 - std[97b98282bc616a66]::panicking::panic_handler::{closure#0}
[INFO] [stdout]    8:     0x5c484a0eb1c9 - std[97b98282bc616a66]::sys::backtrace::__rust_end_short_backtrace::<std[97b98282bc616a66]::panicking::panic_handler::{closure#0}, !>
[INFO] [stdout]    9:     0x5c484a0f471d - __rustc[e3d8617bb01b7f69]::rust_begin_unwind
[INFO] [stdout]   10:     0x5c484a12b3ec - core[832e9a552fc17241]::panicking::panic_fmt
[INFO] [stdout]   11:     0x5c484a12b363 - core[832e9a552fc17241]::panicking::assert_failed_inner
[INFO] [stdout]   12:     0x5c484a0e83b5 - core[832e9a552fc17241]::panicking::assert_failed::<i32, i32>
[INFO] [stdout]   13:     0x5c484a032f43 - integration[92e4ee1e81254495]::run_ssa_test
[INFO] [stdout]   14:     0x5c484a034595 - <integration[92e4ee1e81254495]::test_queen::{closure#0} as core[832e9a552fc17241]::ops::function::FnOnce<()>>::call_once
[INFO] [stdout]   15:     0x5c484a036fab - test[39766f3d73431624]::__rust_begin_short_backtrace::<core[832e9a552fc17241]::result::Result<(), alloc[3ecab9f82c41dc7d]::string::String>, fn() -> core[832e9a552fc17241]::result::Result<(), alloc[3ecab9f82c41dc7d]::string::String>>
[INFO] [stdout]   16:     0x5c484a0445f5 - test[39766f3d73431624]::run_test::{closure#0}
[INFO] [stdout]   17:     0x5c484a03f0a4 - std[97b98282bc616a66]::sys::backtrace::__rust_begin_short_backtrace::<test[39766f3d73431624]::run_test::{closure#1}, ()>
[INFO] [stdout]   18:     0x5c484a047742 - <std[97b98282bc616a66]::thread::lifecycle::spawn_unchecked<test[39766f3d73431624]::run_test::{closure#1}, ()>::{closure#1} as core[832e9a552fc17241]::ops::function::FnOnce<()>>::call_once::{shim:vtable#0}
[INFO] [stdout]   19:     0x5c484a11582f - <std[97b98282bc616a66]::sys::thread::unix::Thread>::new::thread_start
[INFO] [stdout]   20:     0x7b97475cf07a - <unknown>
[INFO] [stdout]   21:     0x7b9747662534 - clone
[INFO] [stdout]   22:                0x0 - <unknown>
[INFO] [stdout] 
[INFO] [stdout] ---- test_vararg1 stdout ----
[INFO] [stdout] 
[INFO] [stdout] thread 'test_vararg1' (728) panicked at tests/integration.rs:180:9:
[INFO] [stdout] assertion `left == right` failed: Output mismatch for test 'vararg1'
[INFO] [stdout] --- expected ---
[INFO] [stdout] Hello world 42!
[INFO] [stdout] --- actual ---
[INFO] [stdout] 
[INFO] [stdout]   left: ""
[INFO] [stdout]  right: "Hello world 42!"
[INFO] [stdout] stack backtrace:
[INFO] [stdout]    0:     0x5c484a116511 - <<std[97b98282bc616a66]::sys::backtrace::BacktraceLock>::print::DisplayBacktrace as core[832e9a552fc17241]::fmt::Display>::fmt
[INFO] [stdout]    1:     0x5c484a12acba - core[832e9a552fc17241]::fmt::write
[INFO] [stdout]    2:     0x5c484a11a9ec - <alloc[3ecab9f82c41dc7d]::vec::Vec<u8> as std[97b98282bc616a66]::io::Write>::write_fmt
[INFO] [stdout]    3:     0x5c484a0f3a76 - std[97b98282bc616a66]::panicking::default_hook::{closure#0}
[INFO] [stdout]    4:     0x5c484a10e1c9 - std[97b98282bc616a66]::panicking::default_hook
[INFO] [stdout]    5:     0x5c484a043c70 - test[39766f3d73431624]::test_main_inner::<test[39766f3d73431624]::test_main_static::{closure#0}>::{closure#0}
[INFO] [stdout]    6:     0x5c484a10e382 - std[97b98282bc616a66]::panicking::panic_with_hook
[INFO] [stdout]    7:     0x5c484a0f3b22 - std[97b98282bc616a66]::panicking::panic_handler::{closure#0}
[INFO] [stdout]    8:     0x5c484a0eb1c9 - std[97b98282bc616a66]::sys::backtrace::__rust_end_short_backtrace::<std[97b98282bc616a66]::panicking::panic_handler::{closure#0}, !>
[INFO] [stdout]    9:     0x5c484a0f471d - __rustc[e3d8617bb01b7f69]::rust_begin_unwind
[INFO] [stdout]   10:     0x5c484a12b3ec - core[832e9a552fc17241]::panicking::panic_fmt
[INFO] [stdout]   11:     0x5c484a12b363 - core[832e9a552fc17241]::panicking::assert_failed_inner
[INFO] [stdout]   12:     0x5c484a03617b - core[832e9a552fc17241]::panicking::assert_failed::<&str, &str>
[INFO] [stdout]   13:     0x5c484a032c1a - integration[92e4ee1e81254495]::run_ssa_test
[INFO] [stdout]   14:     0x5c484a034835 - <integration[92e4ee1e81254495]::test_vararg1::{closure#0} as core[832e9a552fc17241]::ops::function::FnOnce<()>>::call_once
[INFO] [stdout]   15:     0x5c484a036fab - test[39766f3d73431624]::__rust_begin_short_backtrace::<core[832e9a552fc17241]::result::Result<(), alloc[3ecab9f82c41dc7d]::string::String>, fn() -> core[832e9a552fc17241]::result::Result<(), alloc[3ecab9f82c41dc7d]::string::String>>
[INFO] [stdout]   16:     0x5c484a0445f5 - test[39766f3d73431624]::run_test::{closure#0}
[INFO] [stdout]   17:     0x5c484a03f0a4 - std[97b98282bc616a66]::sys::backtrace::__rust_begin_short_backtrace::<test[39766f3d73431624]::run_test::{closure#1}, ()>
[INFO] [stdout]   18:     0x5c484a047742 - <std[97b98282bc616a66]::thread::lifecycle::spawn_unchecked<test[39766f3d73431624]::run_test::{closure#1}, ()>::{closure#1} as core[832e9a552fc17241]::ops::function::FnOnce<()>>::call_once::{shim:vtable#0}
[INFO] [stdout]   19:     0x5c484a11582f - <std[97b98282bc616a66]::sys::thread::unix::Thread>::new::thread_start
[INFO] [stdout]   20:     0x7b97475cf07a - <unknown>
[INFO] [stdout]   21:     0x7b9747662534 - clone
[INFO] [stdout]   22:                0x0 - <unknown>
[INFO] [stdout] 
[INFO] [stdout] ---- test_vararg2 stdout ----
[INFO] [stdout] 
[INFO] [stdout] thread 'test_vararg2' (730) panicked at tests/integration.rs:180:9:
[INFO] [stdout] assertion `left == right` failed: Output mismatch for test 'vararg2'
[INFO] [stdout] --- expected ---
[INFO] [stdout] # (0 int, 0 double)
[INFO] [stdout] 3 
[INFO] [stdout] 3 
[INFO] [stdout] -9.5 
[INFO] [stdout] -9.5 
[INFO] [stdout] -5 -5.536 
[INFO] [stdout] -5 -5.536 
[INFO] [stdout] 4.729 3.534 
[INFO] [stdout] 4.729 3.534 
[INFO] [stdout] 8 -9 -2 -10 
[INFO] [stdout] 8 -9 -2 -10 
[INFO] [stdout] -5.627 0.1071 -9.469 -6.023 
[INFO] [stdout] -5.627 0.1071 -9.469 -6.023 
[INFO] [stdout] 3 0.8988 -6 1.785 
[INFO] [stdout] 3 0.8988 -6 1.785 
[INFO] [stdout] 6.189 -9.87 6 4 
[INFO] [stdout] 6.189 -9.87 6 4 
[INFO] [stdout] -3 -7 9.144 -3.268 
[INFO] [stdout] -3 -7 9.144 -3.268 
[INFO] [stdout] 
[INFO] [stdout] 
[INFO] [stdout] # (1 int, 0 double)
[INFO] [stdout] -9 
[INFO] [stdout] -9 
[INFO] [stdout] -8.066 
[INFO] [stdout] -8.066 
[INFO] [stdout] 7 2.075 
[INFO] [stdout] 7 2.075 
[INFO] [stdout] 6.143 4.595 
[INFO] [stdout] 6.143 4.595 
[INFO] [stdout] 1 10 -3 1 
[INFO] [stdout] 1 10 -3 1 
[INFO] [stdout] 6.588 2.37 7.234 1.547 
[INFO] [stdout] 6.588 2.37 7.234 1.547 
[INFO] [stdout] 4 -9.084 -6 -4.212 
[INFO] [stdout] 4 -9.084 -6 -4.212 
[INFO] [stdout] -8.404 -5.344 -8 -5 
[INFO] [stdout] -8.404 -5.344 -8 -5 
[INFO] [stdout] 3 -3 -2.596 -5.81 
[INFO] [stdout] 3 -3 -2.596 -5.81 
[INFO] [stdout] 
[INFO] [stdout] 
[INFO] [stdout] # (0 int, 1 double)
[INFO] [stdout] -5 
[INFO] [stdout] -5 
[INFO] [stdout] 8.733 
[INFO] [stdout] 8.733 
[INFO] [stdout] 3 2.183 
[INFO] [stdout] 3 2.183 
[INFO] [stdout] -6.577 4.583 
[INFO] [stdout] -6.577 4.583 
[INFO] [stdout] -7 -3 10 3 
[INFO] [stdout] -7 -3 10 3 
[INFO] [stdout] 1.139 3.692 6.857 5.52 
[INFO] [stdout] 1.139 3.692 6.857 5.52 
[INFO] [stdout] -6 -9.358 -4 -4.645 
[INFO] [stdout] -6 -9.358 -4 -4.645 
[INFO] [stdout] -5.78 8.858 8 -4 
[INFO] [stdout] -5.78 8.858 8 -4 
[INFO] [stdout] 3 -2 8.291 -0.823 
[INFO] [stdout] 3 -2 8.291 -0.823 
[INFO] [stdout] 
[INFO] [stdout] 
[INFO] [stdout] # (4 int, 0 double)
[INFO] [stdout] -5 
[INFO] [stdout] -5 
[INFO] [stdout] -5.067 
[INFO] [stdout] -5.067 
[INFO] [stdout] 1 -4.745 
[INFO] [stdout] 1 -4.745 
[INFO] [stdout] 1.692 7.956 
[INFO] [stdout] 1.692 7.956 
[INFO] [stdout] -2 -6 10 0 
[INFO] [stdout] -2 -6 10 0 
[INFO] [stdout] -8.182 -9.058 -7.807 2.549 
[INFO] [stdout] -8.182 -9.058 -7.807 2.549 
[INFO] [stdout] 6 -1.557 -9 -2.368 
[INFO] [stdout] 6 -1.557 -9 -2.368 
[INFO] [stdout] 9.922 0.5823 10 8 
[INFO] [stdout] 9.922 0.5823 10 8 
[INFO] [stdout] -10 5 3.634 0.7394 
[INFO] [stdout] -10 5 3.634 0.7394 
[INFO] [stdout] 
[INFO] [stdout] 
[INFO] [stdout] # (0 int, 6 double)
[INFO] [stdout] -5 
[INFO] [stdout] -5 
[INFO] [stdout] 2.819 
[INFO] [stdout] 2.819 
[INFO] [stdout] -8 -1.305 
[INFO] [stdout] -8 -1.305 
[INFO] [stdout] -0.9255 9.076 
[INFO] [stdout] -0.9255 9.076 
[INFO] [stdout] 8 -5 0 -7 
[INFO] [stdout] 8 -5 0 -7 
[INFO] [stdout] 8.253 7.41 -4.031 2.779 
[INFO] [stdout] 8.253 7.41 -4.031 2.779 
[INFO] [stdout] 2 -6.943 6 0.7876 
[INFO] [stdout] 2 -6.943 6 0.7876 
[INFO] [stdout] 5.573 0.6071 -10 -4 
[INFO] [stdout] 5.573 0.6071 -10 -4 
[INFO] [stdout] -10 9 7.574 6.633 
[INFO] [stdout] -10 9 7.574 6.633 
[INFO] [stdout] 
[INFO] [stdout] 
[INFO] [stdout] # (5 int, 7 double)
[INFO] [stdout] -4 
[INFO] [stdout] -4 
[INFO] [stdout] -8.841 
[INFO] [stdout] -8.841 
[INFO] [stdout] 8 8.939 
[INFO] [stdout] 8 8.939 
[INFO] [stdout] -8.287 -0.2802 
[INFO] [stdout] -8.287 -0.2802 
[INFO] [stdout] -9 5 6 -8 
[INFO] [stdout] -9 5 6 -8 
[INFO] [stdout] -0.4944 0.9961 -4.699 7.449 
[INFO] [stdout] -0.4944 0.9961 -4.699 7.449 
[INFO] [stdout] -2 -5.764 1 4.599 
[INFO] [stdout] -2 -5.764 1 4.599 
[INFO] [stdout] -5.977 -3.766 10 3 
[INFO] [stdout] -5.977 -3.766 10 3 
[INFO] [stdout] -1 0 -7.58 -5.506 
[INFO] [stdout] -1 0 -7.58 -5.506 
[INFO] [stdout] 
[INFO] [stdout] 
[INFO] [stdout] # (10 int, 10 double)
[INFO] [stdout] -3 
[INFO] [stdout] -3 
[INFO] [stdout] 1.766 
[INFO] [stdout] 1.766 
[INFO] [stdout] -6 -5.596 
[INFO] [stdout] -6 -5.596 
[INFO] [stdout] -8.58 2.622 
[INFO] [stdout] -8.58 2.622 
[INFO] [stdout] -6 9 8 -9 
[INFO] [stdout] -6 9 8 -9 
[INFO] [stdout] -5.24 3.38 -5.715 -7.354 
[INFO] [stdout] -5.24 3.38 -5.715 -7.354 
[INFO] [stdout] 9 1.421 -1 5.692 
[INFO] [stdout] 9 1.421 -1 5.692 
[INFO] [stdout] 6.15 -6.192 -8 -1 
[INFO] [stdout] 6.15 -6.192 -8 -1 
[INFO] [stdout] -2 -1 4.582 3.467 
[INFO] [stdout] -2 -1 4.582 3.467 
[INFO] [stdout] 
[INFO] [stdout] 
[INFO] [stdout] # (9 int, 0 double)
[INFO] [stdout] 10 
[INFO] [stdout] 10 
[INFO] [stdout] -8.032 
[INFO] [stdout] -8.032 
[INFO] [stdout] -2 -3.214 
[INFO] [stdout] -2 -3.214 
[INFO] [stdout] 7.233 -5.027 
[INFO] [stdout] 7.233 -5.027 
[INFO] [stdout] -7 -1 -2 -5 
[INFO] [stdout] -7 -1 -2 -5 
[INFO] [stdout] -5.004 8.465 -1.137 7.227 
[INFO] [stdout] -5.004 8.465 -1.137 7.227 
[INFO] [stdout] 1 -8.988 10 6.721 
[INFO] [stdout] 1 -8.988 10 6.721 
[INFO] [stdout] 9.38 8.527 7 -7 
[INFO] [stdout] 9.38 8.527 7 -7 
[INFO] [stdout] 0 -6 -1.979 -8.827 
[INFO] [stdout] 0 -6 -1.979 -8.827
[INFO] [stdout] --- actual ---
[INFO] [stdout] 
[INFO] [stdout]   left: ""
[INFO] [stdout]  right: "# (0 int, 0 double)\n3 \n3 \n-9.5 \n-9.5 \n-5 -5.536 \n-5 -5.536 \n4.729 3.534 \n4.729 3.534 \n8 -9 -2 -10 \n8 -9 -2 -10 \n-5.627 0.1071 -9.469 -6.023 \n-5.627 0.1071 -9.469 -6.023 \n3 0.8988 -6 1.785 \n3 0.8988 -6 1.785 \n6.189 -9.87 6 4 \n6.189 -9.87 6 4 \n-3 -7 9.144 -3.268 \n-3 -7 9.144 -3.268 \n\n\n# (1 int, 0 double)\n-9 \n-9 \n-8.066 \n-8.066 \n7 2.075 \n7 2.075 \n6.143 4.595 \n6.143 4.595 \n1 10 -3 1 \n1 10 -3 1 \n6.588 2.37 7.234 1.547 \n6.588 2.37 7.234 1.547 \n4 -9.084 -6 -4.212 \n4 -9.084 -6 -4.212 \n-8.404 -5.344 -8 -5 \n-8.404 -5.344 -8 -5 \n3 -3 -2.596 -5.81 \n3 -3 -2.596 -5.81 \n\n\n# (0 int, 1 double)\n-5 \n-5 \n8.733 \n8.733 \n3 2.183 \n3 2.183 \n-6.577 4.583 \n-6.577 4.583 \n-7 -3 10 3 \n-7 -3 10 3 \n1.139 3.692 6.857 5.52 \n1.139 3.692 6.857 5.52 \n-6 -9.358 -4 -4.645 \n-6 -9.358 -4 -4.645 \n-5.78 8.858 8 -4 \n-5.78 8.858 8 -4 \n3 -2 8.291 -0.823 \n3 -2 8.291 -0.823 \n\n\n# (4 int, 0 double)\n-5 \n-5 \n-5.067 \n-5.067 \n1 -4.745 \n1 -4.745 \n1.692 7.956 \n1.692 7.956 \n-2 -6 10 0 \n-2 -6 10 0 \n-8.182 -9.058 -7.807 2.549 \n-8.182 -9.058 -7.807 2.549 \n6 -1.557 -9 -2.368 \n6 -1.557 -9 -2.368 \n9.922 0.5823 10 8 \n9.922 0.5823 10 8 \n-10 5 3.634 0.7394 \n-10 5 3.634 0.7394 \n\n\n# (0 int, 6 double)\n-5 \n-5 \n2.819 \n2.819 \n-8 -1.305 \n-8 -1.305 \n-0.9255 9.076 \n-0.9255 9.076 \n8 -5 0 -7 \n8 -5 0 -7 \n8.253 7.41 -4.031 2.779 \n8.253 7.41 -4.031 2.779 \n2 -6.943 6 0.7876 \n2 -6.943 6 0.7876 \n5.573 0.6071 -10 -4 \n5.573 0.6071 -10 -4 \n-10 9 7.574 6.633 \n-10 9 7.574 6.633 \n\n\n# (5 int, 7 double)\n-4 \n-4 \n-8.841 \n-8.841 \n8 8.939 \n8 8.939 \n-8.287 -0.2802 \n-8.287 -0.2802 \n-9 5 6 -8 \n-9 5 6 -8 \n-0.4944 0.9961 -4.699 7.449 \n-0.4944 0.9961 -4.699 7.449 \n-2 -5.764 1 4.599 \n-2 -5.764 1 4.599 \n-5.977 -3.766 10 3 \n-5.977 -3.766 10 3 \n-1 0 -7.58 -5.506 \n-1 0 -7.58 -5.506 \n\n\n# (10 int, 10 double)\n-3 \n-3 \n1.766 \n1.766 \n-6 -5.596 \n-6 -5.596 \n-8.58 2.622 \n-8.58 2.622 \n-6 9 8 -9 \n-6 9 8 -9 \n-5.24 3.38 -5.715 -7.354 \n-5.24 3.38 -5.715 -7.354 \n9 1.421 -1 5.692 \n9 1.421 -1 5.692 \n6.15 -6.192 -8 -1 \n6.15 -6.192 -8 -1 \n-2 -1 4.582 3.467 \n-2 -1 4.582 3.467 \n\n\n# (9 int, 0 double)\n10 \n10 \n-8.032 \n-8.032 \n-2 -3.214 \n-2 -3.214 \n7.233 -5.027 \n7.233 -5.027 \n-7 -1 -2 -5 \n-7 -1 -2 -5 \n-5.004 8.465 -1.137 7.227 \n-5.004 8.465 -1.137 7.227 \n1 -8.988 10 6.721 \n1 -8.988 10 6.721 \n9.38 8.527 7 -7 \n9.38 8.527 7 -7 \n0 -6 -1.979 -8.827 \n0 -6 -1.979 -8.827"
[INFO] [stdout] stack backtrace:
[INFO] [stdout]    0:     0x5c484a116511 - <<std[97b98282bc616a66]::sys::backtrace::BacktraceLock>::print::DisplayBacktrace as core[832e9a552fc17241]::fmt::Display>::fmt
[INFO] [stdout]    1:     0x5c484a12acba - core[832e9a552fc17241]::fmt::write
[INFO] [stdout]    2:     0x5c484a11a9ec - <alloc[3ecab9f82c41dc7d]::vec::Vec<u8> as std[97b98282bc616a66]::io::Write>::write_fmt
[INFO] [stdout]    3:     0x5c484a0f3a76 - std[97b98282bc616a66]::panicking::default_hook::{closure#0}
[INFO] [stdout]    4:     0x5c484a10e1c9 - std[97b98282bc616a66]::panicking::default_hook
[INFO] [stdout]    5:     0x5c484a043c70 - test[39766f3d73431624]::test_main_inner::<test[39766f3d73431624]::test_main_static::{closure#0}>::{closure#0}
[INFO] [stdout]    6:     0x5c484a10e382 - std[97b98282bc616a66]::panicking::panic_with_hook
[INFO] [stdout]    7:     0x5c484a0f3b22 - std[97b98282bc616a66]::panicking::panic_handler::{closure#0}
[INFO] [stdout]    8:     0x5c484a0eb1c9 - std[97b98282bc616a66]::sys::backtrace::__rust_end_short_backtrace::<std[97b98282bc616a66]::panicking::panic_handler::{closure#0}, !>
[INFO] [stdout]    9:     0x5c484a0f471d - __rustc[e3d8617bb01b7f69]::rust_begin_unwind
[INFO] [stdout]   10:     0x5c484a12b3ec - core[832e9a552fc17241]::panicking::panic_fmt
[INFO] [stdout]   11:     0x5c484a12b363 - core[832e9a552fc17241]::panicking::assert_failed_inner
[INFO] [stdout]   12:     0x5c484a03617b - core[832e9a552fc17241]::panicking::assert_failed::<&str, &str>
[INFO] [stdout]   13:     0x5c484a032c1a - integration[92e4ee1e81254495]::run_ssa_test
[INFO] [stdout]   14:     0x5c484a034865 - <integration[92e4ee1e81254495]::test_vararg2::{closure#0} as core[832e9a552fc17241]::ops::function::FnOnce<()>>::call_once
[INFO] [stdout]   15:     0x5c484a036fab - test[39766f3d73431624]::__rust_begin_short_backtrace::<core[832e9a552fc17241]::result::Result<(), alloc[3ecab9f82c41dc7d]::string::String>, fn() -> core[832e9a552fc17241]::result::Result<(), alloc[3ecab9f82c41dc7d]::string::String>>
[INFO] [stdout]   16:     0x5c484a0445f5 - test[39766f3d73431624]::run_test::{closure#0}
[INFO] [stdout]   17:     0x5c484a03f0a4 - std[97b98282bc616a66]::sys::backtrace::__rust_begin_short_backtrace::<test[39766f3d73431624]::run_test::{closure#1}, ()>
[INFO] [stdout]   18:     0x5c484a047742 - <std[97b98282bc616a66]::thread::lifecycle::spawn_unchecked<test[39766f3d73431624]::run_test::{closure#1}, ()>::{closure#1} as core[832e9a552fc17241]::ops::function::FnOnce<()>>::call_once::{shim:vtable#0}
[INFO] [stdout]   19:     0x5c484a11582f - <std[97b98282bc616a66]::sys::thread::unix::Thread>::new::thread_start
[INFO] [stdout]   20:     0x7b97475cf07a - <unknown>
[INFO] [stdout]   21:     0x7b9747662534 - clone
[INFO] [stdout]   22:                0x0 - <unknown>
[INFO] [stdout] 
[INFO] [stdout] 
[INFO] [stdout] failures:
[INFO] [stdout]     test_abi1
[INFO] [stdout]     test_abi3
[INFO] [stdout]     test_abi4
[INFO] [stdout]     test_abi5
[INFO] [stdout]     test_abi8
[INFO] [stdout]     test_align
[INFO] [stdout]     test_collatz
[INFO] [stdout]     test_conaddr
[INFO] [stdout]     test_dynalloc
[INFO] [stdout]     test_echo
[INFO] [stdout]     test_isel1
[INFO] [stdout]     test_load2
[INFO] [stdout]     test_mandel
[INFO] [stdout]     test_mem1
[INFO] [stdout]     test_mem2
[INFO] [stdout]     test_mem3
[INFO] [stdout]     test_queen
[INFO] [stdout]     test_tls
[INFO] [stdout]     test_vararg1
[INFO] [stdout]     test_vararg2
[INFO] [stdout] 
[INFO] [stdout] test result: FAILED. 35 passed; 20 failed; 0 ignored; 0 measured; 0 filtered out; finished in 1.57s
[INFO] [stdout] 
[INFO] running `Command { std: "docker" "inspect" "d2114bd3e538dac07554948a5833565f2a71c236e1ec790141626bb3d03e944c", kill_on_drop: false }`
[INFO] running `Command { std: "docker" "rm" "-f" "d2114bd3e538dac07554948a5833565f2a71c236e1ec790141626bb3d03e944c", kill_on_drop: false }`
[INFO] [stdout] d2114bd3e538dac07554948a5833565f2a71c236e1ec790141626bb3d03e944c
