[INFO] fetching crate karbon-cli 0.3.1...
[INFO] testing karbon-cli-0.3.1 against 1.98.0-beta.8+cargoflags=--release for beta-release-1.99-2
[INFO] extracting crate karbon-cli 0.3.1 into /workspace/builds/worker-7-tc1/source
[INFO] started tweaking crates.io crate karbon-cli 0.3.1
[INFO] removed 0 missing tests
[INFO] finished tweaking crates.io crate karbon-cli 0.3.1
[INFO] tweaked toml for crates.io crate karbon-cli 0.3.1 written to /workspace/builds/worker-7-tc1/source/Cargo.toml
[INFO] validating manifest of crates.io crate karbon-cli 0.3.1 on toolchain 1.98.0-beta.8
[INFO] running `Command { std: CARGO_HOME="/workspace/cargo-home" RUSTUP_HOME="/workspace/rustup-home" "/workspace/cargo-home/bin/cargo" "+1.98.0-beta.8" "metadata" "--manifest-path" "Cargo.toml" "--no-deps", kill_on_drop: false }`
[INFO] crate crates.io crate karbon-cli 0.3.1 already has a lockfile, it will not be regenerated
[INFO] running `Command { std: CARGO_HOME="/workspace/cargo-home" RUSTUP_HOME="/workspace/rustup-home" "/workspace/cargo-home/bin/cargo" "+1.98.0-beta.8" "fetch" "--manifest-path" "Cargo.toml", kill_on_drop: false }`
[INFO] [stderr]     Updating crates.io index
[INFO] [stderr]  Downloading crates ...
[INFO] [stderr]   Downloaded wasm-bindgen-macro v0.2.123
[INFO] [stderr]   Downloaded wasm-bindgen-shared v0.2.123
[INFO] [stderr]   Downloaded js-sys v0.3.100
[INFO] [stderr]   Downloaded wasm-bindgen v0.2.123
[INFO] [stderr]   Downloaded wasm-bindgen-futures v0.4.73
[INFO] [stderr]   Downloaded wasm-bindgen-macro-support v0.2.123
[INFO] [stderr]   Downloaded ctrlc v3.5.2
[INFO] [stderr]   Downloaded pulldown-cmark-escape v0.11.0
[INFO] [stderr]   Downloaded pulldown-cmark v0.12.2
[INFO] [stderr]   Downloaded web-sys v0.3.100
[INFO] running `Command { std: "docker" "create" "-v" "/var/lib/crater-agent-workspace/builds/worker-7-tc1/source:/opt/rustwide/workdir:ro,Z" "-v" "/var/lib/crater-agent-workspace/builds/worker-7-tc1/target:/opt/rustwide/target:rw,Z" "-v" "/var/lib/crater-agent-workspace/cargo-home:/opt/rustwide/cargo-home:ro,Z" "-v" "/var/lib/crater-agent-workspace/rustup-home:/opt/rustwide/rustup-home:ro,Z" "-m" "1610612736" "--network" "none" "ghcr.io/rust-lang/crates-build-env/linux@sha256:8683fc1fc2eb5c9ac98e0d076ab094b2ffac7f99da555d2b6a2e27f346de2ec7" "sleep" "infinity", kill_on_drop: false }`
[INFO] [stdout] 6d7c5fac7e4f3707aeca5979896078c1cacd59a195feb6bd30bbd3f806ec639b
[INFO] running `Command { std: "docker" "start" "6d7c5fac7e4f3707aeca5979896078c1cacd59a195feb6bd30bbd3f806ec639b", kill_on_drop: false }`
[INFO] running `Command { std: "docker" "inspect" "6d7c5fac7e4f3707aeca5979896078c1cacd59a195feb6bd30bbd3f806ec639b", kill_on_drop: false }`
[INFO] running `Command { std: "docker" "exec" "-e" "SOURCE_DIR=/opt/rustwide/workdir" "-e" "CARGO_HOME=/opt/rustwide/cargo-home" "-e" "RUSTUP_HOME=/opt/rustwide/rustup-home" "-e" "CARGO_TARGET_DIR=/opt/rustwide/target" "-w" "/opt/rustwide/workdir" "--user" "0:0" "6d7c5fac7e4f3707aeca5979896078c1cacd59a195feb6bd30bbd3f806ec639b" "/opt/rustwide/cargo-home/bin/cargo" "+1.98.0-beta.8" "metadata" "--no-deps" "--format-version=1", kill_on_drop: false }`
[INFO] running `Command { std: "docker" "inspect" "6d7c5fac7e4f3707aeca5979896078c1cacd59a195feb6bd30bbd3f806ec639b", kill_on_drop: false }`
[INFO] running `Command { std: "docker" "exec" "-e" "SOURCE_DIR=/opt/rustwide/workdir" "-e" "CARGO_HOME=/opt/rustwide/cargo-home" "-e" "RUSTUP_HOME=/opt/rustwide/rustup-home" "-e" "CARGO_TARGET_DIR=/opt/rustwide/target" "-e" "CARGO_INCREMENTAL=0" "-e" "RUST_BACKTRACE=full" "-e" "RUSTFLAGS=--cap-lints=warn" "-e" "RUSTDOCFLAGS=--cap-lints=warn" "-w" "/opt/rustwide/workdir" "--user" "0:0" "6d7c5fac7e4f3707aeca5979896078c1cacd59a195feb6bd30bbd3f806ec639b" "/opt/rustwide/cargo-home/bin/cargo" "+1.98.0-beta.8" "build" "--frozen" "--message-format=json" "--release", kill_on_drop: false }`
[INFO] [stderr]    Compiling libc v0.2.186
[INFO] [stderr]    Compiling serde_core v1.0.228
[INFO] [stderr]    Compiling serde v1.0.228
[INFO] [stderr]    Compiling const-oid v0.9.6
[INFO] [stderr]    Compiling typenum v1.20.1
[INFO] [stderr]    Compiling rustls-pki-types v1.14.1
[INFO] [stderr]    Compiling generic-array v0.14.9
[INFO] [stderr]    Compiling aws-lc-rs v1.17.0
[INFO] [stderr]    Compiling memchr v2.8.2
[INFO] [stderr]    Compiling displaydoc v0.2.6
[INFO] [stderr]    Compiling log v0.4.32
[INFO] [stderr]    Compiling zerofrom v0.1.8
[INFO] [stderr]    Compiling futures-io v0.3.32
[INFO] [stderr]    Compiling libm v0.2.16
[INFO] [stderr]    Compiling num-traits v0.2.19
[INFO] [stderr]    Compiling rustls v0.23.40
[INFO] [stderr]    Compiling hashbrown v0.17.1
[INFO] [stderr]    Compiling yoke v0.8.3
[INFO] [stderr]    Compiling tracing v0.1.44
[INFO] [stderr]    Compiling zerocopy v0.8.52
[INFO] [stderr]    Compiling http v1.4.2
[INFO] [stderr]    Compiling zerovec v0.11.6
[INFO] [stderr]    Compiling base64ct v1.8.3
[INFO] [stderr]    Compiling spin v0.9.8
[INFO] [stderr]    Compiling serde_json v1.0.150
[INFO] [stderr]    Compiling pem-rfc7468 v0.7.0
[INFO] [stderr]    Compiling hashbrown v0.15.5
[INFO] [stderr]    Compiling concurrent-queue v2.5.0
[INFO] [stderr]    Compiling der v0.7.10
[INFO] [stderr]    Compiling webpki-roots v1.0.7
[INFO] [stderr]    Compiling indexmap v2.14.0
[INFO] [stderr]    Compiling zerotrie v0.2.4
[INFO] [stderr]    Compiling crc-catalog v2.5.0
[INFO] [stderr]    Compiling tinystr v0.8.3
[INFO] [stderr]    Compiling potential_utf v0.1.5
[INFO] [stderr]    Compiling icu_collections v2.2.0
[INFO] [stderr]    Compiling icu_locale_core v2.2.0
[INFO] [stderr]    Compiling futures-util v0.3.32
[INFO] [stderr]    Compiling event-listener v5.4.1
[INFO] [stderr]    Compiling hashlink v0.10.0
[INFO] [stderr]    Compiling crc v3.4.0
[INFO] [stderr]    Compiling webpki-roots v0.26.11
[INFO] [stderr]    Compiling crossbeam-queue v0.3.12
[INFO] [stderr]    Compiling num-bigint-dig v0.8.6
[INFO] [stderr]    Compiling http-body v1.0.1
[INFO] [stderr]    Compiling pkg-config v0.3.33
[INFO] [stderr]    Compiling unicode-normalization v0.1.25
[INFO] [stderr]    Compiling lazy_static v1.5.0
[INFO] [stderr]    Compiling unicode-properties v0.1.4
[INFO] [stderr]    Compiling icu_provider v2.2.0
[INFO] [stderr]    Compiling crypto-common v0.1.6
[INFO] [stderr]    Compiling block-buffer v0.10.4
[INFO] [stderr]    Compiling digest v0.10.7
[INFO] [stderr]    Compiling icu_properties v2.2.0
[INFO] [stderr]    Compiling spki v0.7.3
[INFO] [stderr]    Compiling sha2 v0.10.9
[INFO] [stderr]    Compiling jobserver v0.1.34
[INFO] [stderr]    Compiling pkcs8 v0.10.2
[INFO] [stderr]    Compiling hmac v0.12.1
[INFO] [stderr]    Compiling unicode-bidi v0.3.18
[INFO] [stderr]    Compiling nix v0.31.3
[INFO] [stderr]    Compiling cc v1.2.64
[INFO] [stderr]    Compiling hkdf v0.12.4
[INFO] [stderr]    Compiling pkcs1 v0.7.5
[INFO] [stderr]    Compiling stringprep v0.1.5
[INFO] [stderr]    Compiling md-5 v0.10.6
[INFO] [stderr]    Compiling dotenvy v0.15.7
[INFO] [stderr]    Compiling bitflags v2.13.0
[INFO] [stderr]    Compiling cmake v0.1.58
[INFO] [stderr]    Compiling byteorder v1.5.0
[INFO] [stderr]    Compiling whoami v1.6.1
[INFO] [stderr]    Compiling rustls-native-certs v0.8.4
[INFO] [stderr]    Compiling sha1 v0.10.6
[INFO] [stderr]    Compiling flume v0.11.1
[INFO] [stderr]    Compiling winnow v1.0.3
[INFO] [stderr]    Compiling smallvec v1.15.2
[INFO] [stderr]    Compiling either v1.16.0
[INFO] [stderr]    Compiling serde_urlencoded v0.7.1
[INFO] [stderr]    Compiling home v0.5.12
[INFO] [stderr]    Compiling num-integer v0.1.46
[INFO] [stderr]    Compiling icu_normalizer v2.2.0
[INFO] [stderr]    Compiling atoi v2.0.0
[INFO] [stderr]    Compiling pulldown-cmark v0.12.2
[INFO] [stderr]    Compiling getopts v0.2.24
[INFO] [stderr]    Compiling clap_derive v4.6.1
[INFO] [stderr]    Compiling toml_datetime v1.1.1+spec-1.1.0
[INFO] [stderr]    Compiling aws-lc-sys v0.41.0
[INFO] [stderr]    Compiling ring v0.17.14
[INFO] [stderr]    Compiling libsqlite3-sys v0.30.1
[INFO] [stderr]    Compiling toml_parser v1.1.2+spec-1.1.0
[INFO] [stderr]    Compiling num-iter v0.1.45
[INFO] [stderr]    Compiling serde_spanned v1.1.1
[INFO] [stderr]    Compiling http-body-util v0.1.3
[INFO] [stderr]    Compiling pulldown-cmark-escape v0.11.0
[INFO] [stderr]    Compiling toml_writer v1.1.1+spec-1.1.0
[INFO] [stderr]    Compiling colored v3.1.1
[INFO] [stderr]    Compiling toml v1.1.2+spec-1.1.0
[INFO] [stderr]    Compiling getrandom v0.2.17
[INFO] [stderr]    Compiling socket2 v0.6.4
[INFO] [stderr]    Compiling mio v1.2.1
[INFO] [stderr]    Compiling idna_adapter v1.2.2
[INFO] [stderr]    Compiling idna v1.1.0
[INFO] [stderr]    Compiling rand_core v0.6.4
[INFO] [stderr]    Compiling parking_lot_core v0.9.12
[INFO] [stderr]    Compiling tokio v1.52.3
[INFO] [stderr]    Compiling url v2.5.8
[INFO] [stderr]    Compiling ppv-lite86 v0.2.21
[INFO] [stderr]    Compiling parking_lot v0.12.5
[INFO] [stderr]    Compiling signature v2.2.0
[INFO] [stderr]    Compiling futures-executor v0.3.32
[INFO] [stderr]    Compiling futures-intrusive v0.5.0
[INFO] [stderr]    Compiling clap v4.6.1
[INFO] [stderr]    Compiling rand_chacha v0.3.1
[INFO] [stderr]    Compiling rand v0.8.6
[INFO] [stderr]    Compiling ctrlc v3.5.2
[INFO] [stderr]    Compiling rsa v0.9.10
[INFO] [stderr]    Compiling tokio-stream v0.1.18
[INFO] [stderr]    Compiling tokio-util v0.7.18
[INFO] [stderr]    Compiling tower v0.5.3
[INFO] [stderr]    Compiling h2 v0.4.14
[INFO] [stderr]    Compiling tower-http v0.6.11
[INFO] [stderr]    Compiling hyper v1.10.1
[INFO] [stderr]    Compiling hyper-util v0.1.20
[INFO] [stderr]    Compiling rustls-webpki v0.103.13
[INFO] [stderr]    Compiling sqlx-core v0.8.6
[INFO] [stderr]    Compiling tokio-rustls v0.26.4
[INFO] [stderr]    Compiling rustls-platform-verifier v0.7.0
[INFO] [stderr]    Compiling hyper-rustls v0.27.9
[INFO] [stderr]    Compiling reqwest v0.13.4
[INFO] [stderr]    Compiling sqlx-mysql v0.8.6
[INFO] [stderr]    Compiling sqlx-postgres v0.8.6
[INFO] [stderr]    Compiling sqlx-sqlite v0.8.6
[INFO] [stderr]    Compiling sqlx v0.8.6
[INFO] [stderr]    Compiling karbon-cli v0.3.1 (/opt/rustwide/workdir)
[INFO] [stderr]     Finished `release` profile [optimized] target(s) in 2m 29s
[INFO] running `Command { std: "docker" "inspect" "6d7c5fac7e4f3707aeca5979896078c1cacd59a195feb6bd30bbd3f806ec639b", kill_on_drop: false }`
[INFO] running `Command { std: "docker" "exec" "-e" "SOURCE_DIR=/opt/rustwide/workdir" "-e" "CARGO_HOME=/opt/rustwide/cargo-home" "-e" "RUSTUP_HOME=/opt/rustwide/rustup-home" "-e" "CARGO_TARGET_DIR=/opt/rustwide/target" "-e" "CARGO_INCREMENTAL=0" "-e" "RUST_BACKTRACE=full" "-e" "RUSTFLAGS=--cap-lints=warn" "-e" "RUSTDOCFLAGS=--cap-lints=warn" "-w" "/opt/rustwide/workdir" "--user" "0:0" "6d7c5fac7e4f3707aeca5979896078c1cacd59a195feb6bd30bbd3f806ec639b" "/opt/rustwide/cargo-home/bin/cargo" "+1.98.0-beta.8" "test" "--frozen" "--no-run" "--message-format=json" "--release", kill_on_drop: false }`
[INFO] [stderr]    Compiling karbon-cli v0.3.1 (/opt/rustwide/workdir)
[INFO] [stderr]     Finished `release` profile [optimized] target(s) in 1.84s
[INFO] running `Command { std: "docker" "inspect" "6d7c5fac7e4f3707aeca5979896078c1cacd59a195feb6bd30bbd3f806ec639b", kill_on_drop: false }`
[INFO] running `Command { std: "docker" "exec" "-e" "SOURCE_DIR=/opt/rustwide/workdir" "-e" "CARGO_HOME=/opt/rustwide/cargo-home" "-e" "RUSTUP_HOME=/opt/rustwide/rustup-home" "-e" "CARGO_TARGET_DIR=/opt/rustwide/target" "-e" "CARGO_INCREMENTAL=0" "-e" "RUST_BACKTRACE=full" "-e" "RUSTFLAGS=--cap-lints=warn" "-e" "RUSTDOCFLAGS=--cap-lints=warn" "-w" "/opt/rustwide/workdir" "--user" "0:0" "6d7c5fac7e4f3707aeca5979896078c1cacd59a195feb6bd30bbd3f806ec639b" "/opt/rustwide/cargo-home/bin/cargo" "+1.98.0-beta.8" "test" "--frozen" "--release", kill_on_drop: false }`
[INFO] [stderr]     Finished `release` profile [optimized] target(s) in 0.17s
[INFO] [stderr]      Running unittests src/main.rs (/opt/rustwide/target/release/deps/karbon-02c3813a52d212ad)
[INFO] [stdout] 
[INFO] [stdout] running 10 tests
[INFO] [stdout] test commands::docs::tests::extracts_first_heading ... ok
[INFO] [stdout] test commands::docs::tests::renders_markdown_to_html ... ok
[INFO] [stdout] test commands::doctor::tests::controller_types ... ok
[INFO] [stdout] test commands::docs::tests::slugify_and_humanize ... ok
[INFO] [stdout] test commands::doctor::tests::declared_modules_parse ... ok
[INFO] [stdout] test commands::doctor::tests::pascal_case ... ok
[INFO] [stdout] test commands::migrate::tests::no_markers_is_all_up ... ok
[INFO] [stdout] test commands::migrate::tests::parses_up_and_down ... ok
[INFO] [stdout] test commands::migrate::tests::rejects_unsafe_version ... ok
[INFO] [stdout] test commands::migrate::tests::up_only_marker_has_no_down ... ok
[INFO] [stdout] 
[INFO] [stdout] test result: ok. 10 passed; 0 failed; 0 ignored; 0 measured; 0 filtered out; finished in 0.00s
[INFO] [stdout] 
[INFO] [stderr]      Running tests/scaffold.rs (/opt/rustwide/target/release/deps/scaffold-08a8f8d85ba4ac8c)
[INFO] [stdout] 
[INFO] [stdout] running 4 tests
[INFO] [stdout] test generated_micro_project_compiles ... ignored, compiles the framework — run explicitly in CI
[INFO] [stdout] 
[INFO] [stdout] 
[INFO] [stdout] ▲ karbon  Creating project app1 (backend-only / micro)
[INFO] [stdout] 
[INFO] [stdout] ▲ karbon  Creating project demo (backend-only / micro)
[INFO] [stdout] 
[INFO] [stdout]   📁 app/src/controller
[INFO] [stdout] 
[INFO] [stdout] ▲ karbon  Creating project site (SvelteKit)
[INFO] [stdout] 
[INFO] [stdout]   📁 app/src/controller
[INFO] [stdout]   📁 app/src/entity
[INFO] [stdout]   📁 app/src/repository
[INFO] [stdout]   📁 app/src/entity
[INFO] [stdout]   📁 app/src/service
[INFO] [stdout]   📁 migration
[INFO] [stdout]   📁 app/src/repository
[INFO] [stdout]   📁 app/src/service
[INFO] [stdout]      karbon.toml
[INFO] [stdout]   📁 app/src/controller
[INFO] [stdout]   📁 migration
[INFO] [stdout]   📁 app/src/entity
[INFO] [stdout]      .env
[INFO] [stdout]      karbon.toml
[INFO] [stdout]   📁 app/src/repository
[INFO] [stdout]      .env.example
[INFO] [stdout]      .env
[INFO] [stdout]   📁 app/src/service
[INFO] [stdout]      .gitignore
[INFO] [stdout]      .env.example
[INFO] [stdout]      Cargo.toml
[INFO] [stdout]   📁 migration
[INFO] [stdout]      .gitignore
[INFO] [stdout]      app/Cargo.toml
[INFO] [stdout]      Cargo.toml
[INFO] [stdout]   📁 frontend/static
[INFO] [stdout]      app/src/main.rs
[INFO] [stdout]      app/Cargo.toml
[INFO] [stdout]   📁 frontend/src/routes
[INFO] [stdout]      app/src/controller/mod.rs
[INFO] [stdout]      app/src/main.rs
[INFO] [stdout]   📁 frontend/src/lib
[INFO] [stdout]      app/src/controller/health.rs
[INFO] [stdout]      karbon.toml
[INFO] [stdout]      app/src/controller/mod.rs
[INFO] [stdout]      .env
[INFO] [stdout]      app/src/entity/mod.rs
[INFO] [stdout]      app/src/controller/health.rs
[INFO] [stdout]      .env.example
[INFO] [stdout]      app/src/entity/mod.rs
[INFO] [stdout]      .gitignore
[INFO] [stdout]      docs/index.md
[INFO] [stdout]      Cargo.toml
[INFO] [stdout]      docs/index.md
[INFO] [stdout]      app/src/welcome.html
[INFO] [stderr] 
[INFO] [stdout]      app/Cargo.toml
[INFO] [stderr] error: --local: no `karbon-framework` crate found at /opt/rustwide/karbon-framework
[INFO] [stderr] 
[INFO] [stdout]      app/src/welcome.html
[INFO] [stderr] 
[INFO] [stdout]      app/src/main.rs
[INFO] [stderr] error: --local: no `karbon-framework` crate found at /opt/rustwide/karbon-framework
[INFO] [stdout]      app/src/controller/mod.rs
[INFO] [stderr] 
[INFO] [stdout]      app/src/controller/health.rs
[INFO] [stdout]      app/src/entity/mod.rs
[INFO] [stdout]      docs/index.md
[INFO] [stdout]      frontend/package.json
[INFO] [stdout]      frontend/svelte.config.js
[INFO] [stdout]      frontend/vite.config.ts
[INFO] [stdout]      frontend/tsconfig.json
[INFO] [stdout]      frontend/src/app.css
[INFO] [stdout]      frontend/src/app.html
[INFO] [stdout]      frontend/src/app.d.ts
[INFO] [stdout]      frontend/src/routes/+layout.svelte
[INFO] [stdout]      frontend/src/routes/+page.svelte
[INFO] [stdout]      frontend/src/lib/api.ts
[INFO] [stderr] 
[INFO] [stdout]      frontend/src/hooks.server.ts
[INFO] [stderr] error: --local: no `karbon-framework` crate found at /opt/rustwide/karbon-framework
[INFO] [stderr] 
[INFO] [stdout] test micro_scaffold_structure_and_doctor ... FAILED
[INFO] [stdout] test generators_entity_fields_and_dry_run ... FAILED
[INFO] [stdout] test full_svelte_frontend_files_and_proxy ... FAILED
[INFO] [stdout] 
[INFO] [stdout] failures:
[INFO] [stdout] 
[INFO] [stdout] ---- micro_scaffold_structure_and_doctor stdout ----
[INFO] [stdout] 
[INFO] [stdout] thread 'micro_scaffold_structure_and_doctor' (4011) panicked at tests/scaffold.rs:53:5:
[INFO] [stdout] `karbon new` failed
[INFO] [stdout] stack backtrace:
[INFO] [stdout]    0:     0x57f648918891 - <<std[97b98282bc616a66]::sys::backtrace::BacktraceLock>::print::DisplayBacktrace as core[832e9a552fc17241]::fmt::Display>::fmt
[INFO] [stdout]    1:     0x57f64892ceaa - core[832e9a552fc17241]::fmt::write
[INFO] [stdout]    2:     0x57f64891d01c - <alloc[3ecab9f82c41dc7d]::vec::Vec<u8> as std[97b98282bc616a66]::io::Write>::write_fmt
[INFO] [stdout]    3:     0x57f6488f5296 - std[97b98282bc616a66]::panicking::default_hook::{closure#0}
[INFO] [stdout]    4:     0x57f64890fe59 - std[97b98282bc616a66]::panicking::default_hook
[INFO] [stdout]    5:     0x57f6488a9680 - test[39766f3d73431624]::test_main_inner::<test[39766f3d73431624]::test_main_static::{closure#0}>::{closure#0}
[INFO] [stdout]    6:     0x57f648910012 - std[97b98282bc616a66]::panicking::panic_with_hook
[INFO] [stdout]    7:     0x57f6488f5374 - std[97b98282bc616a66]::panicking::panic_handler::{closure#0}
[INFO] [stdout]    8:     0x57f6488ec949 - std[97b98282bc616a66]::sys::backtrace::__rust_end_short_backtrace::<std[97b98282bc616a66]::panicking::panic_handler::{closure#0}, !>
[INFO] [stdout]    9:     0x57f6488f5f3d - __rustc[e3d8617bb01b7f69]::rust_begin_unwind
[INFO] [stdout]   10:     0x57f64892d5dc - core[832e9a552fc17241]::panicking::panic_fmt
[INFO] [stdout]   11:     0x57f648899caa - scaffold[cbe50877fcadf40b]::scaffold
[INFO] [stdout]   12:     0x57f64889b21b - <scaffold[cbe50877fcadf40b]::micro_scaffold_structure_and_doctor::{closure#0} as core[832e9a552fc17241]::ops::function::FnOnce<()>>::call_once
[INFO] [stdout]   13:     0x57f64889c9bb - test[39766f3d73431624]::__rust_begin_short_backtrace::<core[832e9a552fc17241]::result::Result<(), alloc[3ecab9f82c41dc7d]::string::String>, fn() -> core[832e9a552fc17241]::result::Result<(), alloc[3ecab9f82c41dc7d]::string::String>>
[INFO] [stdout]   14:     0x57f6488aa005 - test[39766f3d73431624]::run_test::{closure#0}
[INFO] [stdout]   15:     0x57f6488a4ab4 - std[97b98282bc616a66]::sys::backtrace::__rust_begin_short_backtrace::<test[39766f3d73431624]::run_test::{closure#1}, ()>
[INFO] [stdout]   16:     0x57f6488ad152 - <std[97b98282bc616a66]::thread::lifecycle::spawn_unchecked<test[39766f3d73431624]::run_test::{closure#1}, ()>::{closure#1} as core[832e9a552fc17241]::ops::function::FnOnce<()>>::call_once::{shim:vtable#0}
[INFO] [stdout]   17:     0x57f648917daf - <std[97b98282bc616a66]::sys::thread::unix::Thread>::new::thread_start
[INFO] [stdout]   18:     0x78b09a87807a - <unknown>
[INFO] [stdout]   19:     0x78b09a90b534 - clone
[INFO] [stdout]   20:                0x0 - <unknown>
[INFO] [stdout] 
[INFO] [stdout] ---- generators_entity_fields_and_dry_run stdout ----
[INFO] [stdout] 
[INFO] [stdout] thread 'generators_entity_fields_and_dry_run' (4010) panicked at tests/scaffold.rs:53:5:
[INFO] [stdout] `karbon new` failed
[INFO] [stdout] stack backtrace:
[INFO] [stdout]    0:     0x57f648918891 - <<std[97b98282bc616a66]::sys::backtrace::BacktraceLock>::print::DisplayBacktrace as core[832e9a552fc17241]::fmt::Display>::fmt
[INFO] [stdout]    1:     0x57f64892ceaa - core[832e9a552fc17241]::fmt::write
[INFO] [stdout]    2:     0x57f64891d01c - <alloc[3ecab9f82c41dc7d]::vec::Vec<u8> as std[97b98282bc616a66]::io::Write>::write_fmt
[INFO] [stdout]    3:     0x57f6488f5296 - std[97b98282bc616a66]::panicking::default_hook::{closure#0}
[INFO] [stdout]    4:     0x57f64890fe59 - std[97b98282bc616a66]::panicking::default_hook
[INFO] [stdout]    5:     0x57f6488a9680 - test[39766f3d73431624]::test_main_inner::<test[39766f3d73431624]::test_main_static::{closure#0}>::{closure#0}
[INFO] [stdout]    6:     0x57f648910012 - std[97b98282bc616a66]::panicking::panic_with_hook
[INFO] [stdout]    7:     0x57f6488f5374 - std[97b98282bc616a66]::panicking::panic_handler::{closure#0}
[INFO] [stdout]    8:     0x57f6488ec949 - std[97b98282bc616a66]::sys::backtrace::__rust_end_short_backtrace::<std[97b98282bc616a66]::panicking::panic_handler::{closure#0}, !>
[INFO] [stdout]    9:     0x57f6488f5f3d - __rustc[e3d8617bb01b7f69]::rust_begin_unwind
[INFO] [stdout]   10:     0x57f64892d5dc - core[832e9a552fc17241]::panicking::panic_fmt
[INFO] [stdout]   11:     0x57f648899caa - scaffold[cbe50877fcadf40b]::scaffold
[INFO] [stdout]   12:     0x57f64889c0ba - <scaffold[cbe50877fcadf40b]::generators_entity_fields_and_dry_run::{closure#0} as core[832e9a552fc17241]::ops::function::FnOnce<()>>::call_once
[INFO] [stdout]   13:     0x57f64889c9bb - test[39766f3d73431624]::__rust_begin_short_backtrace::<core[832e9a552fc17241]::result::Result<(), alloc[3ecab9f82c41dc7d]::string::String>, fn() -> core[832e9a552fc17241]::result::Result<(), alloc[3ecab9f82c41dc7d]::string::String>>
[INFO] [stdout]   14:     0x57f6488aa005 - test[39766f3d73431624]::run_test::{closure#0}
[INFO] [stdout]   15:     0x57f6488a4ab4 - std[97b98282bc616a66]::sys::backtrace::__rust_begin_short_backtrace::<test[39766f3d73431624]::run_test::{closure#1}, ()>
[INFO] [stdout]   16:     0x57f6488ad152 - <std[97b98282bc616a66]::thread::lifecycle::spawn_unchecked<test[39766f3d73431624]::run_test::{closure#1}, ()>::{closure#1} as core[832e9a552fc17241]::ops::function::FnOnce<()>>::call_once::{shim:vtable#0}
[INFO] [stdout]   17:     0x57f648917daf - <std[97b98282bc616a66]::sys::thread::unix::Thread>::new::thread_start
[INFO] [stdout]   18:     0x78b09a87807a - <unknown>
[INFO] [stdout]   19:     0x78b09a90b534 - clone
[INFO] [stdout]   20:                0x0 - <unknown>
[INFO] [stdout] 
[INFO] [stdout] ---- full_svelte_frontend_files_and_proxy stdout ----
[INFO] [stdout] 
[INFO] [stdout] thread 'full_svelte_frontend_files_and_proxy' (4009) panicked at tests/scaffold.rs:53:5:
[INFO] [stdout] `karbon new` failed
[INFO] [stdout] stack backtrace:
[INFO] [stdout]    0:     0x57f648918891 - <<std[97b98282bc616a66]::sys::backtrace::BacktraceLock>::print::DisplayBacktrace as core[832e9a552fc17241]::fmt::Display>::fmt
[INFO] [stdout]    1:     0x57f64892ceaa - core[832e9a552fc17241]::fmt::write
[INFO] [stdout]    2:     0x57f64891d01c - <alloc[3ecab9f82c41dc7d]::vec::Vec<u8> as std[97b98282bc616a66]::io::Write>::write_fmt
[INFO] [stdout]    3:     0x57f6488f5296 - std[97b98282bc616a66]::panicking::default_hook::{closure#0}
[INFO] [stdout]    4:     0x57f64890fe59 - std[97b98282bc616a66]::panicking::default_hook
[INFO] [stdout]    5:     0x57f6488a9680 - test[39766f3d73431624]::test_main_inner::<test[39766f3d73431624]::test_main_static::{closure#0}>::{closure#0}
[INFO] [stdout]    6:     0x57f648910012 - std[97b98282bc616a66]::panicking::panic_with_hook
[INFO] [stdout]    7:     0x57f6488f5374 - std[97b98282bc616a66]::panicking::panic_handler::{closure#0}
[INFO] [stdout]    8:     0x57f6488ec949 - std[97b98282bc616a66]::sys::backtrace::__rust_end_short_backtrace::<std[97b98282bc616a66]::panicking::panic_handler::{closure#0}, !>
[INFO] [stdout]    9:     0x57f6488f5f3d - __rustc[e3d8617bb01b7f69]::rust_begin_unwind
[INFO] [stdout]   10:     0x57f64892d5dc - core[832e9a552fc17241]::panicking::panic_fmt
[INFO] [stdout]   11:     0x57f648899caa - scaffold[cbe50877fcadf40b]::scaffold
[INFO] [stdout]   12:     0x57f64889bc9f - <scaffold[cbe50877fcadf40b]::full_svelte_frontend_files_and_proxy::{closure#0} as core[832e9a552fc17241]::ops::function::FnOnce<()>>::call_once
[INFO] [stdout]   13:     0x57f64889c9bb - test[39766f3d73431624]::__rust_begin_short_backtrace::<core[832e9a552fc17241]::result::Result<(), alloc[3ecab9f82c41dc7d]::string::String>, fn() -> core[832e9a552fc17241]::result::Result<(), alloc[3ecab9f82c41dc7d]::string::String>>
[INFO] [stdout]   14:     0x57f6488aa005 - test[39766f3d73431624]::run_test::{closure#0}
[INFO] [stdout]   15:     0x57f6488a4ab4 - std[97b98282bc616a66]::sys::backtrace::__rust_begin_short_backtrace::<test[39766f3d73431624]::run_test::{closure#1}, ()>
[INFO] [stdout]   16:     0x57f6488ad152 - <std[97b98282bc616a66]::thread::lifecycle::spawn_unchecked<test[39766f3d73431624]::run_test::{closure#1}, ()>::{closure#1} as core[832e9a552fc17241]::ops::function::FnOnce<()>>::call_once::{shim:vtable#0}
[INFO] [stdout]   17:     0x57f648917daf - <std[97b98282bc616a66]::sys::thread::unix::Thread>::new::thread_start
[INFO] [stdout]   18:     0x78b09a87807a - <unknown>
[INFO] [stdout]   19:     0x78b09a90b534 - clone
[INFO] [stdout]   20:                0x0 - <unknown>
[INFO] [stdout] 
[INFO] [stdout] 
[INFO] [stdout] failures:
[INFO] [stdout]     full_svelte_frontend_files_and_proxy
[INFO] [stdout]     generators_entity_fields_and_dry_run
[INFO] [stdout]     micro_scaffold_structure_and_doctor
[INFO] [stdout] 
[INFO] [stdout] test result: FAILED. 0 passed; 3 failed; 1 ignored; 0 measured; 0 filtered out; finished in 0.01s
[INFO] [stdout] 
[INFO] [stderr] error: test failed, to rerun pass `--test scaffold`
[INFO] running `Command { std: "docker" "inspect" "6d7c5fac7e4f3707aeca5979896078c1cacd59a195feb6bd30bbd3f806ec639b", kill_on_drop: false }`
[INFO] running `Command { std: "docker" "rm" "-f" "6d7c5fac7e4f3707aeca5979896078c1cacd59a195feb6bd30bbd3f806ec639b", kill_on_drop: false }`
[INFO] [stdout] 6d7c5fac7e4f3707aeca5979896078c1cacd59a195feb6bd30bbd3f806ec639b
